{"id":9393,"date":"2013-02-19T15:07:21","date_gmt":"2013-02-19T14:07:21","guid":{"rendered":"http:\/\/wordpress-24506-nenadlekan.vpsapps.net\/?post_type=tribe_events&#038;p=9393"},"modified":"2013-02-19T15:07:21","modified_gmt":"2013-02-19T14:07:21","slug":"beogradska-regata","status":"publish","type":"tribe_events","link":"https:\/\/serbia.com\/srpski\/event\/beogradska-regata\/","title":{"rendered":"Beogradska regata"},"content":{"rendered":"<p><strong>\u010cetvrta Beogradska regata odr\u017eava se 12. avgusta na istoj ruti kao i prethodnih godina- od Maki\u0161a do starog kupali\u0161ta na Adi Ciganliji u ukupnoj du\u017eini od 6,5km.<\/strong><\/p>\n<p>Manifestacija po\u010dinje u 9h kada se plovila okupljaju na startu regate, registruju i pripremaju za ulazak u reku. Regata startuje u 11h, a predvi\u0111eno je da se na cilj stigne u 14h.<\/p>\n<p>Sportsko-rekreativni deo regate po\u010dinje u 14:30h rafting trkom discipline head-to-head. Nakon progla\u0161enja pobednika trke po\u010dinje turnir u odbojci na pesku.<\/p>\n<p>Po zavr\u0161etku regate, izabra\u0107e se najveselija posada koja \u0107e svojom pozitivnom energijom osvojiti \u017eiri i publiku.<\/p>\n<p>Ukoliko ne posedujete svoje plovilo, a \u017eeleli biste da u\u010destvujete na regati, mo\u017eete rezervisati mesto u nekom od \u010damaca organizatora po ceni od 500 dinara po osobi.<\/p>\n","protected":false},"excerpt":{"rendered":"<p>\u010cetvrta Beogradska regata odr\u017eava se 12. avgusta na istoj ruti kao i prethodnih godina- od Maki\u0161a do starog kupali\u0161ta na Adi Ciganliji u ukupnoj du\u017eini od 6,5km. Manifestacija po\u010dinje u [&hellip;]<\/p>\n","protected":false},"author":9,"featured_media":9391,"template":"","meta":{"_acf_changed":false,"inline_featured_image":false,"_monsterinsights_skip_tracking":false,"_monsterinsights_sitenote_active":false,"_monsterinsights_sitenote_note":"","_monsterinsights_sitenote_category":0,"_tribe_events_status":"","_tribe_events_status_reason":"","footnotes":""},"tags":[],"tribe_events_cat":[],"class_list":["post-9393","tribe_events","type-tribe_events","status-publish","has-post-thumbnail","hentry"],"acf":[],"yoast_head":"<!-- This site is optimized with the Yoast SEO plugin v27.4 - https:\/\/yoast.com\/product\/yoast-seo-wordpress\/ -->\n<title>Beogradska regata - Serbia.com<\/title>\n<meta name=\"description\" content=\"\u010cetvrta Beogradska regata odr\u017eava se 12. avgusta na istoj ruti kao i prethodnih godina- od Maki\u0161a do starog kupali\u0161ta na Adi Ciganliji u ukupnoj du\u017eini od 6,5km.\" \/>\n<meta name=\"robots\" content=\"index, follow, max-snippet:-1, max-image-preview:large, max-video-preview:-1\" \/>\n<link rel=\"canonical\" href=\"https:\/\/serbia.com\/srpski\/event\/beogradska-regata\/\" \/>\n<meta property=\"og:locale\" content=\"en_US\" \/>\n<meta property=\"og:type\" content=\"article\" \/>\n<meta property=\"og:title\" content=\"Beogradska regata - Serbia.com\" \/>\n<meta property=\"og:description\" content=\"\u010cetvrta Beogradska regata odr\u017eava se 12. avgusta na istoj ruti kao i prethodnih godina- od Maki\u0161a do starog kupali\u0161ta na Adi Ciganliji u ukupnoj du\u017eini od 6,5km.\" \/>\n<meta property=\"og:url\" content=\"https:\/\/serbia.com\/srpski\/event\/beogradska-regata\/\" \/>\n<meta property=\"og:site_name\" content=\"Serbia.com\" \/>\n<meta property=\"og:image\" content=\"https:\/\/serbia.com\/wp-content\/uploads\/2013\/02\/beogradska-regata.jpg\" \/>\n\t<meta property=\"og:image:width\" content=\"236\" \/>\n\t<meta property=\"og:image:height\" content=\"140\" \/>\n\t<meta property=\"og:image:type\" content=\"image\/jpeg\" \/>\n<meta name=\"twitter:label1\" content=\"Est. reading time\" \/>\n\t<meta name=\"twitter:data1\" content=\"1 minute\" \/>\n<script type=\"application\/ld+json\" class=\"yoast-schema-graph\">{\"@context\":\"https:\\\/\\\/schema.org\",\"@graph\":[{\"@type\":\"WebPage\",\"@id\":\"https:\\\/\\\/serbia.com\\\/srpski\\\/event\\\/beogradska-regata\\\/\",\"url\":\"https:\\\/\\\/serbia.com\\\/srpski\\\/event\\\/beogradska-regata\\\/\",\"name\":\"Beogradska regata - Serbia.com\",\"isPartOf\":{\"@id\":\"https:\\\/\\\/serbia.com\\\/#website\"},\"primaryImageOfPage\":{\"@id\":\"https:\\\/\\\/serbia.com\\\/srpski\\\/event\\\/beogradska-regata\\\/#primaryimage\"},\"image\":{\"@id\":\"https:\\\/\\\/serbia.com\\\/srpski\\\/event\\\/beogradska-regata\\\/#primaryimage\"},\"thumbnailUrl\":\"https:\\\/\\\/serbia.com\\\/wp-content\\\/uploads\\\/2013\\\/02\\\/beogradska-regata.jpg\",\"datePublished\":\"2013-02-19T14:07:21+00:00\",\"description\":\"\u010cetvrta Beogradska regata odr\u017eava se 12. avgusta na istoj ruti kao i prethodnih godina- od Maki\u0161a do starog kupali\u0161ta na Adi Ciganliji u ukupnoj du\u017eini od 6,5km.\",\"breadcrumb\":{\"@id\":\"https:\\\/\\\/serbia.com\\\/srpski\\\/event\\\/beogradska-regata\\\/#breadcrumb\"},\"inLanguage\":\"srpski\",\"potentialAction\":[{\"@type\":\"ReadAction\",\"target\":[\"https:\\\/\\\/serbia.com\\\/srpski\\\/event\\\/beogradska-regata\\\/\"]}]},{\"@type\":\"ImageObject\",\"inLanguage\":\"srpski\",\"@id\":\"https:\\\/\\\/serbia.com\\\/srpski\\\/event\\\/beogradska-regata\\\/#primaryimage\",\"url\":\"https:\\\/\\\/serbia.com\\\/wp-content\\\/uploads\\\/2013\\\/02\\\/beogradska-regata.jpg\",\"contentUrl\":\"https:\\\/\\\/serbia.com\\\/wp-content\\\/uploads\\\/2013\\\/02\\\/beogradska-regata.jpg\",\"width\":236,\"height\":140},{\"@type\":\"BreadcrumbList\",\"@id\":\"https:\\\/\\\/serbia.com\\\/srpski\\\/event\\\/beogradska-regata\\\/#breadcrumb\",\"itemListElement\":[{\"@type\":\"ListItem\",\"position\":1,\"name\":\"Home\",\"item\":\"https:\\\/\\\/serbia.com\\\/srpski\\\/\"},{\"@type\":\"ListItem\",\"position\":2,\"name\":\"Events\",\"item\":\"https:\\\/\\\/serbia.com\\\/events\\\/\"},{\"@type\":\"ListItem\",\"position\":3,\"name\":\"Beogradska regata\"}]},{\"@type\":\"WebSite\",\"@id\":\"https:\\\/\\\/serbia.com\\\/#website\",\"url\":\"https:\\\/\\\/serbia.com\\\/\",\"name\":\"Serbia.com\",\"description\":\"Your Gateway to Serbia\",\"potentialAction\":[{\"@type\":\"SearchAction\",\"target\":{\"@type\":\"EntryPoint\",\"urlTemplate\":\"https:\\\/\\\/serbia.com\\\/?s={search_term_string}\"},\"query-input\":{\"@type\":\"PropertyValueSpecification\",\"valueRequired\":true,\"valueName\":\"search_term_string\"}}],\"inLanguage\":\"srpski\"}]}<\/script>\n<!-- \/ Yoast SEO plugin. -->","yoast_head_json":{"title":"Beogradska regata - Serbia.com","description":"\u010cetvrta Beogradska regata odr\u017eava se 12. avgusta na istoj ruti kao i prethodnih godina- od Maki\u0161a do starog kupali\u0161ta na Adi Ciganliji u ukupnoj du\u017eini od 6,5km.","robots":{"index":"index","follow":"follow","max-snippet":"max-snippet:-1","max-image-preview":"max-image-preview:large","max-video-preview":"max-video-preview:-1"},"canonical":"https:\/\/serbia.com\/srpski\/event\/beogradska-regata\/","og_locale":"en_US","og_type":"article","og_title":"Beogradska regata - Serbia.com","og_description":"\u010cetvrta Beogradska regata odr\u017eava se 12. avgusta na istoj ruti kao i prethodnih godina- od Maki\u0161a do starog kupali\u0161ta na Adi Ciganliji u ukupnoj du\u017eini od 6,5km.","og_url":"https:\/\/serbia.com\/srpski\/event\/beogradska-regata\/","og_site_name":"Serbia.com","og_image":[{"width":236,"height":140,"url":"https:\/\/serbia.com\/wp-content\/uploads\/2013\/02\/beogradska-regata.jpg","type":"image\/jpeg"}],"twitter_misc":{"Est. reading time":"1 minute"},"schema":{"@context":"https:\/\/schema.org","@graph":[{"@type":"WebPage","@id":"https:\/\/serbia.com\/srpski\/event\/beogradska-regata\/","url":"https:\/\/serbia.com\/srpski\/event\/beogradska-regata\/","name":"Beogradska regata - Serbia.com","isPartOf":{"@id":"https:\/\/serbia.com\/#website"},"primaryImageOfPage":{"@id":"https:\/\/serbia.com\/srpski\/event\/beogradska-regata\/#primaryimage"},"image":{"@id":"https:\/\/serbia.com\/srpski\/event\/beogradska-regata\/#primaryimage"},"thumbnailUrl":"https:\/\/serbia.com\/wp-content\/uploads\/2013\/02\/beogradska-regata.jpg","datePublished":"2013-02-19T14:07:21+00:00","description":"\u010cetvrta Beogradska regata odr\u017eava se 12. avgusta na istoj ruti kao i prethodnih godina- od Maki\u0161a do starog kupali\u0161ta na Adi Ciganliji u ukupnoj du\u017eini od 6,5km.","breadcrumb":{"@id":"https:\/\/serbia.com\/srpski\/event\/beogradska-regata\/#breadcrumb"},"inLanguage":"srpski","potentialAction":[{"@type":"ReadAction","target":["https:\/\/serbia.com\/srpski\/event\/beogradska-regata\/"]}]},{"@type":"ImageObject","inLanguage":"srpski","@id":"https:\/\/serbia.com\/srpski\/event\/beogradska-regata\/#primaryimage","url":"https:\/\/serbia.com\/wp-content\/uploads\/2013\/02\/beogradska-regata.jpg","contentUrl":"https:\/\/serbia.com\/wp-content\/uploads\/2013\/02\/beogradska-regata.jpg","width":236,"height":140},{"@type":"BreadcrumbList","@id":"https:\/\/serbia.com\/srpski\/event\/beogradska-regata\/#breadcrumb","itemListElement":[{"@type":"ListItem","position":1,"name":"Home","item":"https:\/\/serbia.com\/srpski\/"},{"@type":"ListItem","position":2,"name":"Events","item":"https:\/\/serbia.com\/events\/"},{"@type":"ListItem","position":3,"name":"Beogradska regata"}]},{"@type":"WebSite","@id":"https:\/\/serbia.com\/#website","url":"https:\/\/serbia.com\/","name":"Serbia.com","description":"Your Gateway to Serbia","potentialAction":[{"@type":"SearchAction","target":{"@type":"EntryPoint","urlTemplate":"https:\/\/serbia.com\/?s={search_term_string}"},"query-input":{"@type":"PropertyValueSpecification","valueRequired":true,"valueName":"search_term_string"}}],"inLanguage":"srpski"}]}},"_links":{"self":[{"href":"https:\/\/serbia.com\/srpski\/wp-json\/wp\/v2\/tribe_events\/9393","targetHints":{"allow":["GET"]}}],"collection":[{"href":"https:\/\/serbia.com\/srpski\/wp-json\/wp\/v2\/tribe_events"}],"about":[{"href":"https:\/\/serbia.com\/srpski\/wp-json\/wp\/v2\/types\/tribe_events"}],"author":[{"embeddable":true,"href":"https:\/\/serbia.com\/srpski\/wp-json\/wp\/v2\/users\/9"}],"version-history":[{"count":0,"href":"https:\/\/serbia.com\/srpski\/wp-json\/wp\/v2\/tribe_events\/9393\/revisions"}],"wp:featuredmedia":[{"embeddable":true,"href":"https:\/\/serbia.com\/srpski\/wp-json\/wp\/v2\/media\/9391"}],"wp:attachment":[{"href":"https:\/\/serbia.com\/srpski\/wp-json\/wp\/v2\/media?parent=9393"}],"wp:term":[{"taxonomy":"post_tag","embeddable":true,"href":"https:\/\/serbia.com\/srpski\/wp-json\/wp\/v2\/tags?post=9393"},{"taxonomy":"tribe_events_cat","embeddable":true,"href":"https:\/\/serbia.com\/srpski\/wp-json\/wp\/v2\/tribe_events_cat?post=9393"}],"curies":[{"name":"wp","href":"https:\/\/api.w.org\/{rel}","templated":true}]}}

<p><strong>Četvrta Beogradska regata održava se 12. avgusta na istoj ruti kao i prethodnih godina- od Makiša do starog kupališta na Adi Ciganliji u ukupnoj dužini od 6,5km.</strong></p>
<p>Manifestacija počinje u 9h kada se plovila okupljaju na startu regate, registruju i pripremaju za ulazak u reku. Regata startuje u 11h, a predviđeno je da se na cilj stigne u 14h.</p>
<p>Sportsko-rekreativni deo regate počinje u 14:30h rafting trkom discipline head-to-head. Nakon proglašenja pobednika trke počinje turnir u odbojci na pesku.</p>
<p>Po završetku regate, izabraće se najveselija posada koja će svojom pozitivnom energijom osvojiti žiri i publiku.</p>
<p>Ukoliko ne posedujete svoje plovilo, a želeli biste da učestvujete na regati, možete rezervisati mesto u nekom od čamaca organizatora po ceni od 500 dinara po osobi.</p>

<p>Četvrta Beogradska regata održava se 12. avgusta na istoj ruti kao i prethodnih godina- od Makiša do starog kupališta na Adi Ciganliji u ukupnoj dužini od 6,5km. Manifestacija počinje u [&hellip;]</p>

<!-- This site is optimized with the Yoast SEO plugin v27.4 - https://yoast.com/product/yoast-seo-wordpress/ -->
<title>Beogradska regata - Serbia.com</title>
<meta name="description" content="Četvrta Beogradska regata održava se 12. avgusta na istoj ruti kao i prethodnih godina- od Makiša do starog kupališta na Adi Ciganliji u ukupnoj dužini od 6,5km." />
<meta name="robots" content="index, follow, max-snippet:-1, max-image-preview:large, max-video-preview:-1" />
<link rel="canonical" href="https://serbia.com/srpski/event/beogradska-regata/" />
<meta property="og:locale" content="en_US" />
<meta property="og:type" content="article" />
<meta property="og:title" content="Beogradska regata - Serbia.com" />
<meta property="og:description" content="Četvrta Beogradska regata održava se 12. avgusta na istoj ruti kao i prethodnih godina- od Makiša do starog kupališta na Adi Ciganliji u ukupnoj dužini od 6,5km." />
<meta property="og:url" content="https://serbia.com/srpski/event/beogradska-regata/" />
<meta property="og:site_name" content="Serbia.com" />
<meta property="og:image" content="https://serbia.com/wp-content/uploads/2013/02/beogradska-regata.jpg" />
	<meta property="og:image:width" content="236" />
	<meta property="og:image:height" content="140" />
	<meta property="og:image:type" content="image/jpeg" />
<meta name="twitter:label1" content="Est. reading time" />
	<meta name="twitter:data1" content="1 minute" />
<script type="application/ld+json" class="yoast-schema-graph">{"@context":"https:\/\/schema.org","@graph":[{"@type":"WebPage","@id":"https:\/\/serbia.com\/srpski\/event\/beogradska-regata\/","url":"https:\/\/serbia.com\/srpski\/event\/beogradska-regata\/","name":"Beogradska regata - Serbia.com","isPartOf":{"@id":"https:\/\/serbia.com\/#website"},"primaryImageOfPage":{"@id":"https:\/\/serbia.com\/srpski\/event\/beogradska-regata\/#primaryimage"},"image":{"@id":"https:\/\/serbia.com\/srpski\/event\/beogradska-regata\/#primaryimage"},"thumbnailUrl":"https:\/\/serbia.com\/wp-content\/uploads\/2013\/02\/beogradska-regata.jpg","datePublished":"2013-02-19T14:07:21+00:00","description":"Četvrta Beogradska regata održava se 12. avgusta na istoj ruti kao i prethodnih godina- od Makiša do starog kupališta na Adi Ciganliji u ukupnoj dužini od 6,5km.","breadcrumb":{"@id":"https:\/\/serbia.com\/srpski\/event\/beogradska-regata\/#breadcrumb"},"inLanguage":"srpski","potentialAction":[{"@type":"ReadAction","target":["https:\/\/serbia.com\/srpski\/event\/beogradska-regata\/"]}]},{"@type":"ImageObject","inLanguage":"srpski","@id":"https:\/\/serbia.com\/srpski\/event\/beogradska-regata\/#primaryimage","url":"https:\/\/serbia.com\/wp-content\/uploads\/2013\/02\/beogradska-regata.jpg","contentUrl":"https:\/\/serbia.com\/wp-content\/uploads\/2013\/02\/beogradska-regata.jpg","width":236,"height":140},{"@type":"BreadcrumbList","@id":"https:\/\/serbia.com\/srpski\/event\/beogradska-regata\/#breadcrumb","itemListElement":[{"@type":"ListItem","position":1,"name":"Home","item":"https:\/\/serbia.com\/srpski\/"},{"@type":"ListItem","position":2,"name":"Events","item":"https:\/\/serbia.com\/events\/"},{"@type":"ListItem","position":3,"name":"Beogradska regata"}]},{"@type":"WebSite","@id":"https:\/\/serbia.com\/#website","url":"https:\/\/serbia.com\/","name":"Serbia.com","description":"Your Gateway to Serbia","potentialAction":[{"@type":"SearchAction","target":{"@type":"EntryPoint","urlTemplate":"https:\/\/serbia.com\/?s={search_term_string}"},"query-input":{"@type":"PropertyValueSpecification","valueRequired":true,"valueName":"search_term_string"}}],"inLanguage":"srpski"}]}</script>
<!-- / Yoast SEO plugin. -->

Četvrta Beogradska regata održava se 12. avgusta na istoj ruti kao i prethodnih godina- od Makiša do starog kupališta na Adi Ciganliji u ukupnoj dužini od 6,5km.
