{"id":8301,"date":"2013-01-24T15:28:33","date_gmt":"2013-01-24T14:28:33","guid":{"rendered":"http:\/\/wordpress-24506-nenadlekan.vpsapps.net\/?post_type=tribe_events&#038;p=8301"},"modified":"2013-01-24T15:29:02","modified_gmt":"2013-01-24T14:29:02","slug":"teslina-vizija-interneta","status":"publish","type":"tribe_events","link":"https:\/\/serbia.com\/srpski\/event\/teslina-vizija-interneta\/","title":{"rendered":"Teslina vizija interneta"},"content":{"rendered":"<p><strong>Izlo\u017eba &#8220;Teslina vizija interneta&#8221; odr\u017eava se u beogradskoj galeriji &#8220;O3one&#8221; od 9. do 13. jula, a postavljena je povodom 10. jula, ro\u0111endana Nikole Tesle, jednog od najve\u0107ih umova 20. veka.<\/strong><\/p>\n<p>Nikola Tesla je u svom projektu &#8220;Svetski sistem&#8221; iz 1900. godine, govore\u0107i onda\u0161njim tehni\u010dkim re\u010dnikom, opisao u 12 ta\u010daka ono \u0161to se danas zove be\u017ei\u010dni Internet, mobilna telefonija i GPS.<\/p>\n<p>Potom je 1908. to konkretnije opisao \u010dasopisu &#8220;Wireless Telegraphy &amp; Telephony&#8221;, u \u010dlanku &#8220;The Future of the Wireless Art&#8221;.<\/p>\n<p>Njegovo kasnije predvi\u0111anje budu\u0107nosti komunikacija iz 1909. za &#8220;New York Times&#8221;, koje je preneo \u010dasopis &#8220;Popular Mechanics&#8221; u \u010dlanku &#8220;Wireless of the future&#8221;, neki proizvo\u0111a\u010di mobilnih telefona poslednjih par godina koriste kao Teslinu viziju pojave pametnih mobilnih ure\u0111aja.<\/p>\n<p>Ipak, kada se sveobuhvatnije sagleda \u0161ta je Tesla pisao i govorio po\u010detkom 20. veka, zaklju\u010dak je da njegove re\u010di vi\u0161e govore o tehnologiji dana\u0161njice koja objedinjuje sve aspekte komunikacije i prenosa informacija, a to je upravo Internet, bez obzira na konkretni ure\u0111aj putem koga se to odvija.<\/p>\n<p>Ideja izlo\u017ebe &#8220;Teslina vizija Interneta&#8221; je da poka\u017ee na koji na\u010din je sve \u0161to je Tesla pomenuo, svakom dana\u0161njem korisniku Interneta dostupno &#8211; bilo putem ra\u010dunara, bilo preko mobilnog telefona.<\/p>\n<p style=\"text-align: center\"><a href=\"http:\/\/serbia.com\/wp-content\/uploads\/2012\/12\/nikola-tesla-internet-02.jpg\"><img loading=\"lazy\" decoding=\"async\" class=\"size-full wp-image-3517 aligncenter\" alt=\"nikola tesla internet 02\" src=\"http:\/\/serbia.com\/wp-content\/uploads\/2012\/12\/nikola-tesla-internet-02.jpg\" width=\"700\" height=\"362\" srcset=\"https:\/\/serbia.com\/wp-content\/uploads\/2012\/12\/nikola-tesla-internet-02.jpg 700w, https:\/\/serbia.com\/wp-content\/uploads\/2012\/12\/nikola-tesla-internet-02-300x155.jpg 300w\" sizes=\"auto, (max-width: 700px) 100vw, 700px\" \/><\/a><\/p>\n<p>Autor projekta &#8220;Teslina vizija Interneta&#8221; je Lazar Bo\u0161kovi\u0107, multimedijalni stvaralac iz Beograda, a projekat pored izlo\u017ebe zasada obuhvata i internet sajt. Dizajn izlo\u017ebe delo je Du\u0161ana Vojnova, iz &#8220;Orange&#8221; studija.<\/p>\n<p>Otvaranje izlo\u017ebe &#8220;Teslina vizija Interneta&#8221; je 9. jula, u 20h u Galeriji &#8220;O3one&#8221;, a organizatori su Registar nacionalnog internet domena Srbije (RNIDS) i Muzej Nikole Tesle.<\/p>\n","protected":false},"excerpt":{"rendered":"<p>Izlo\u017eba &#8220;Teslina vizija interneta&#8221; odr\u017eava se u beogradskoj galeriji &#8220;O3one&#8221; od 9. do 13. jula, a postavljena je povodom 10. jula, ro\u0111endana Nikole Tesle, jednog od najve\u0107ih umova 20. veka. [&hellip;]<\/p>\n","protected":false},"author":9,"featured_media":3506,"template":"","meta":{"_acf_changed":false,"inline_featured_image":false,"_monsterinsights_skip_tracking":false,"_monsterinsights_sitenote_active":false,"_monsterinsights_sitenote_note":"","_monsterinsights_sitenote_category":0,"_tribe_events_status":"","_tribe_events_status_reason":"","footnotes":""},"tags":[],"tribe_events_cat":[],"class_list":["post-8301","tribe_events","type-tribe_events","status-publish","has-post-thumbnail","hentry"],"acf":[],"yoast_head":"<!-- This site is optimized with the Yoast SEO plugin v27.4 - https:\/\/yoast.com\/product\/yoast-seo-wordpress\/ -->\n<title>Teslina vizija interneta - Serbia.com<\/title>\n<meta name=\"description\" content=\"Izlo\u017eba &quot;Teslina vizija interneta&quot; odr\u017eava se u beogradskoj galeriji &quot;O3one&quot; od 9. do 13. jula, a postavljena je povodom 10. jula, ro\u0111endana Nikole Tesle, jednog od najve\u0107ih umova 20. veka.\" \/>\n<meta name=\"robots\" content=\"index, follow, max-snippet:-1, max-image-preview:large, max-video-preview:-1\" \/>\n<link rel=\"canonical\" href=\"https:\/\/serbia.com\/srpski\/event\/teslina-vizija-interneta\/\" \/>\n<meta property=\"og:locale\" content=\"en_US\" \/>\n<meta property=\"og:type\" content=\"article\" \/>\n<meta property=\"og:title\" content=\"Teslina vizija interneta - Serbia.com\" \/>\n<meta property=\"og:description\" content=\"Izlo\u017eba &quot;Teslina vizija interneta&quot; odr\u017eava se u beogradskoj galeriji &quot;O3one&quot; od 9. do 13. jula, a postavljena je povodom 10. jula, ro\u0111endana Nikole Tesle, jednog od najve\u0107ih umova 20. veka.\" \/>\n<meta property=\"og:url\" content=\"https:\/\/serbia.com\/srpski\/event\/teslina-vizija-interneta\/\" \/>\n<meta property=\"og:site_name\" content=\"Serbia.com\" \/>\n<meta property=\"article:modified_time\" content=\"2013-01-24T14:29:02+00:00\" \/>\n<meta property=\"og:image\" content=\"https:\/\/serbia.com\/wp-content\/uploads\/2012\/12\/nikola-tesla-internet-01.jpg\" \/>\n\t<meta property=\"og:image:width\" content=\"320\" \/>\n\t<meta property=\"og:image:height\" content=\"208\" \/>\n\t<meta property=\"og:image:type\" content=\"image\/jpeg\" \/>\n<meta name=\"twitter:label1\" content=\"Est. reading time\" \/>\n\t<meta name=\"twitter:data1\" content=\"1 minute\" \/>\n<script type=\"application\/ld+json\" class=\"yoast-schema-graph\">{\"@context\":\"https:\\\/\\\/schema.org\",\"@graph\":[{\"@type\":\"WebPage\",\"@id\":\"https:\\\/\\\/serbia.com\\\/srpski\\\/event\\\/teslina-vizija-interneta\\\/\",\"url\":\"https:\\\/\\\/serbia.com\\\/srpski\\\/event\\\/teslina-vizija-interneta\\\/\",\"name\":\"Teslina vizija interneta - Serbia.com\",\"isPartOf\":{\"@id\":\"https:\\\/\\\/serbia.com\\\/#website\"},\"primaryImageOfPage\":{\"@id\":\"https:\\\/\\\/serbia.com\\\/srpski\\\/event\\\/teslina-vizija-interneta\\\/#primaryimage\"},\"image\":{\"@id\":\"https:\\\/\\\/serbia.com\\\/srpski\\\/event\\\/teslina-vizija-interneta\\\/#primaryimage\"},\"thumbnailUrl\":\"https:\\\/\\\/serbia.com\\\/wp-content\\\/uploads\\\/2012\\\/12\\\/nikola-tesla-internet-01.jpg\",\"datePublished\":\"2013-01-24T14:28:33+00:00\",\"dateModified\":\"2013-01-24T14:29:02+00:00\",\"description\":\"Izlo\u017eba \\\"Teslina vizija interneta\\\" odr\u017eava se u beogradskoj galeriji \\\"O3one\\\" od 9. do 13. jula, a postavljena je povodom 10. jula, ro\u0111endana Nikole Tesle, jednog od najve\u0107ih umova 20. veka.\",\"breadcrumb\":{\"@id\":\"https:\\\/\\\/serbia.com\\\/srpski\\\/event\\\/teslina-vizija-interneta\\\/#breadcrumb\"},\"inLanguage\":\"srpski\",\"potentialAction\":[{\"@type\":\"ReadAction\",\"target\":[\"https:\\\/\\\/serbia.com\\\/srpski\\\/event\\\/teslina-vizija-interneta\\\/\"]}]},{\"@type\":\"ImageObject\",\"inLanguage\":\"srpski\",\"@id\":\"https:\\\/\\\/serbia.com\\\/srpski\\\/event\\\/teslina-vizija-interneta\\\/#primaryimage\",\"url\":\"https:\\\/\\\/serbia.com\\\/wp-content\\\/uploads\\\/2012\\\/12\\\/nikola-tesla-internet-01.jpg\",\"contentUrl\":\"https:\\\/\\\/serbia.com\\\/wp-content\\\/uploads\\\/2012\\\/12\\\/nikola-tesla-internet-01.jpg\",\"width\":320,\"height\":208},{\"@type\":\"BreadcrumbList\",\"@id\":\"https:\\\/\\\/serbia.com\\\/srpski\\\/event\\\/teslina-vizija-interneta\\\/#breadcrumb\",\"itemListElement\":[{\"@type\":\"ListItem\",\"position\":1,\"name\":\"Home\",\"item\":\"https:\\\/\\\/serbia.com\\\/srpski\\\/srbija\\\/\"},{\"@type\":\"ListItem\",\"position\":2,\"name\":\"Events\",\"item\":\"https:\\\/\\\/serbia.com\\\/events\\\/\"},{\"@type\":\"ListItem\",\"position\":3,\"name\":\"Teslina vizija interneta\"}]},{\"@type\":\"WebSite\",\"@id\":\"https:\\\/\\\/serbia.com\\\/#website\",\"url\":\"https:\\\/\\\/serbia.com\\\/\",\"name\":\"Serbia.com\",\"description\":\"Your Gateway to Serbia\",\"potentialAction\":[{\"@type\":\"SearchAction\",\"target\":{\"@type\":\"EntryPoint\",\"urlTemplate\":\"https:\\\/\\\/serbia.com\\\/?s={search_term_string}\"},\"query-input\":{\"@type\":\"PropertyValueSpecification\",\"valueRequired\":true,\"valueName\":\"search_term_string\"}}],\"inLanguage\":\"srpski\"}]}<\/script>\n<!-- \/ Yoast SEO plugin. -->","yoast_head_json":{"title":"Teslina vizija interneta - Serbia.com","description":"Izlo\u017eba \"Teslina vizija interneta\" odr\u017eava se u beogradskoj galeriji \"O3one\" od 9. do 13. jula, a postavljena je povodom 10. jula, ro\u0111endana Nikole Tesle, jednog od najve\u0107ih umova 20. veka.","robots":{"index":"index","follow":"follow","max-snippet":"max-snippet:-1","max-image-preview":"max-image-preview:large","max-video-preview":"max-video-preview:-1"},"canonical":"https:\/\/serbia.com\/srpski\/event\/teslina-vizija-interneta\/","og_locale":"en_US","og_type":"article","og_title":"Teslina vizija interneta - Serbia.com","og_description":"Izlo\u017eba \"Teslina vizija interneta\" odr\u017eava se u beogradskoj galeriji \"O3one\" od 9. do 13. jula, a postavljena je povodom 10. jula, ro\u0111endana Nikole Tesle, jednog od najve\u0107ih umova 20. veka.","og_url":"https:\/\/serbia.com\/srpski\/event\/teslina-vizija-interneta\/","og_site_name":"Serbia.com","article_modified_time":"2013-01-24T14:29:02+00:00","og_image":[{"width":320,"height":208,"url":"https:\/\/serbia.com\/wp-content\/uploads\/2012\/12\/nikola-tesla-internet-01.jpg","type":"image\/jpeg"}],"twitter_misc":{"Est. reading time":"1 minute"},"schema":{"@context":"https:\/\/schema.org","@graph":[{"@type":"WebPage","@id":"https:\/\/serbia.com\/srpski\/event\/teslina-vizija-interneta\/","url":"https:\/\/serbia.com\/srpski\/event\/teslina-vizija-interneta\/","name":"Teslina vizija interneta - Serbia.com","isPartOf":{"@id":"https:\/\/serbia.com\/#website"},"primaryImageOfPage":{"@id":"https:\/\/serbia.com\/srpski\/event\/teslina-vizija-interneta\/#primaryimage"},"image":{"@id":"https:\/\/serbia.com\/srpski\/event\/teslina-vizija-interneta\/#primaryimage"},"thumbnailUrl":"https:\/\/serbia.com\/wp-content\/uploads\/2012\/12\/nikola-tesla-internet-01.jpg","datePublished":"2013-01-24T14:28:33+00:00","dateModified":"2013-01-24T14:29:02+00:00","description":"Izlo\u017eba \"Teslina vizija interneta\" odr\u017eava se u beogradskoj galeriji \"O3one\" od 9. do 13. jula, a postavljena je povodom 10. jula, ro\u0111endana Nikole Tesle, jednog od najve\u0107ih umova 20. veka.","breadcrumb":{"@id":"https:\/\/serbia.com\/srpski\/event\/teslina-vizija-interneta\/#breadcrumb"},"inLanguage":"srpski","potentialAction":[{"@type":"ReadAction","target":["https:\/\/serbia.com\/srpski\/event\/teslina-vizija-interneta\/"]}]},{"@type":"ImageObject","inLanguage":"srpski","@id":"https:\/\/serbia.com\/srpski\/event\/teslina-vizija-interneta\/#primaryimage","url":"https:\/\/serbia.com\/wp-content\/uploads\/2012\/12\/nikola-tesla-internet-01.jpg","contentUrl":"https:\/\/serbia.com\/wp-content\/uploads\/2012\/12\/nikola-tesla-internet-01.jpg","width":320,"height":208},{"@type":"BreadcrumbList","@id":"https:\/\/serbia.com\/srpski\/event\/teslina-vizija-interneta\/#breadcrumb","itemListElement":[{"@type":"ListItem","position":1,"name":"Home","item":"https:\/\/serbia.com\/srpski\/srbija\/"},{"@type":"ListItem","position":2,"name":"Events","item":"https:\/\/serbia.com\/events\/"},{"@type":"ListItem","position":3,"name":"Teslina vizija interneta"}]},{"@type":"WebSite","@id":"https:\/\/serbia.com\/#website","url":"https:\/\/serbia.com\/","name":"Serbia.com","description":"Your Gateway to Serbia","potentialAction":[{"@type":"SearchAction","target":{"@type":"EntryPoint","urlTemplate":"https:\/\/serbia.com\/?s={search_term_string}"},"query-input":{"@type":"PropertyValueSpecification","valueRequired":true,"valueName":"search_term_string"}}],"inLanguage":"srpski"}]}},"_links":{"self":[{"href":"https:\/\/serbia.com\/srpski\/wp-json\/wp\/v2\/tribe_events\/8301","targetHints":{"allow":["GET"]}}],"collection":[{"href":"https:\/\/serbia.com\/srpski\/wp-json\/wp\/v2\/tribe_events"}],"about":[{"href":"https:\/\/serbia.com\/srpski\/wp-json\/wp\/v2\/types\/tribe_events"}],"author":[{"embeddable":true,"href":"https:\/\/serbia.com\/srpski\/wp-json\/wp\/v2\/users\/9"}],"version-history":[{"count":0,"href":"https:\/\/serbia.com\/srpski\/wp-json\/wp\/v2\/tribe_events\/8301\/revisions"}],"wp:featuredmedia":[{"embeddable":true,"href":"https:\/\/serbia.com\/srpski\/wp-json\/wp\/v2\/media\/3506"}],"wp:attachment":[{"href":"https:\/\/serbia.com\/srpski\/wp-json\/wp\/v2\/media?parent=8301"}],"wp:term":[{"taxonomy":"post_tag","embeddable":true,"href":"https:\/\/serbia.com\/srpski\/wp-json\/wp\/v2\/tags?post=8301"},{"taxonomy":"tribe_events_cat","embeddable":true,"href":"https:\/\/serbia.com\/srpski\/wp-json\/wp\/v2\/tribe_events_cat?post=8301"}],"curies":[{"name":"wp","href":"https:\/\/api.w.org\/{rel}","templated":true}]}}

<p><strong>Izložba &#8220;Teslina vizija interneta&#8221; održava se u beogradskoj galeriji &#8220;O3one&#8221; od 9. do 13. jula, a postavljena je povodom 10. jula, rođendana Nikole Tesle, jednog od najvećih umova 20. veka.</strong></p>
<p>Nikola Tesla je u svom projektu &#8220;Svetski sistem&#8221; iz 1900. godine, govoreći ondašnjim tehničkim rečnikom, opisao u 12 tačaka ono što se danas zove bežični Internet, mobilna telefonija i GPS.</p>
<p>Potom je 1908. to konkretnije opisao časopisu &#8220;Wireless Telegraphy &amp; Telephony&#8221;, u članku &#8220;The Future of the Wireless Art&#8221;.</p>
<p>Njegovo kasnije predviđanje budućnosti komunikacija iz 1909. za &#8220;New York Times&#8221;, koje je preneo časopis &#8220;Popular Mechanics&#8221; u članku &#8220;Wireless of the future&#8221;, neki proizvođači mobilnih telefona poslednjih par godina koriste kao Teslinu viziju pojave pametnih mobilnih uređaja.</p>
<p>Ipak, kada se sveobuhvatnije sagleda šta je Tesla pisao i govorio početkom 20. veka, zaključak je da njegove reči više govore o tehnologiji današnjice koja objedinjuje sve aspekte komunikacije i prenosa informacija, a to je upravo Internet, bez obzira na konkretni uređaj putem koga se to odvija.</p>
<p>Ideja izložbe &#8220;Teslina vizija Interneta&#8221; je da pokaže na koji način je sve što je Tesla pomenuo, svakom današnjem korisniku Interneta dostupno &#8211; bilo putem računara, bilo preko mobilnog telefona.</p>
<p style="text-align: center"><a href="http://serbia.com/wp-content/uploads/2012/12/nikola-tesla-internet-02.jpg"><img loading="lazy" decoding="async" class="size-full wp-image-3517 aligncenter" alt="nikola tesla internet 02" src="http://serbia.com/wp-content/uploads/2012/12/nikola-tesla-internet-02.jpg" width="700" height="362" srcset="https://serbia.com/wp-content/uploads/2012/12/nikola-tesla-internet-02.jpg 700w, https://serbia.com/wp-content/uploads/2012/12/nikola-tesla-internet-02-300x155.jpg 300w" sizes="auto, (max-width: 700px) 100vw, 700px" /></a></p>
<p>Autor projekta &#8220;Teslina vizija Interneta&#8221; je Lazar Bošković, multimedijalni stvaralac iz Beograda, a projekat pored izložbe zasada obuhvata i internet sajt. Dizajn izložbe delo je Dušana Vojnova, iz &#8220;Orange&#8221; studija.</p>
<p>Otvaranje izložbe &#8220;Teslina vizija Interneta&#8221; je 9. jula, u 20h u Galeriji &#8220;O3one&#8221;, a organizatori su Registar nacionalnog internet domena Srbije (RNIDS) i Muzej Nikole Tesle.</p>

<p>Izložba &#8220;Teslina vizija interneta&#8221; održava se u beogradskoj galeriji &#8220;O3one&#8221; od 9. do 13. jula, a postavljena je povodom 10. jula, rođendana Nikole Tesle, jednog od najvećih umova 20. veka. [&hellip;]</p>

<!-- This site is optimized with the Yoast SEO plugin v27.4 - https://yoast.com/product/yoast-seo-wordpress/ -->
<title>Teslina vizija interneta - Serbia.com</title>
<meta name="description" content="Izložba &quot;Teslina vizija interneta&quot; održava se u beogradskoj galeriji &quot;O3one&quot; od 9. do 13. jula, a postavljena je povodom 10. jula, rođendana Nikole Tesle, jednog od najvećih umova 20. veka." />
<meta name="robots" content="index, follow, max-snippet:-1, max-image-preview:large, max-video-preview:-1" />
<link rel="canonical" href="https://serbia.com/srpski/event/teslina-vizija-interneta/" />
<meta property="og:locale" content="en_US" />
<meta property="og:type" content="article" />
<meta property="og:title" content="Teslina vizija interneta - Serbia.com" />
<meta property="og:description" content="Izložba &quot;Teslina vizija interneta&quot; održava se u beogradskoj galeriji &quot;O3one&quot; od 9. do 13. jula, a postavljena je povodom 10. jula, rođendana Nikole Tesle, jednog od najvećih umova 20. veka." />
<meta property="og:url" content="https://serbia.com/srpski/event/teslina-vizija-interneta/" />
<meta property="og:site_name" content="Serbia.com" />
<meta property="article:modified_time" content="2013-01-24T14:29:02+00:00" />
<meta property="og:image" content="https://serbia.com/wp-content/uploads/2012/12/nikola-tesla-internet-01.jpg" />
	<meta property="og:image:width" content="320" />
	<meta property="og:image:height" content="208" />
	<meta property="og:image:type" content="image/jpeg" />
<meta name="twitter:label1" content="Est. reading time" />
	<meta name="twitter:data1" content="1 minute" />
<script type="application/ld+json" class="yoast-schema-graph">{"@context":"https:\/\/schema.org","@graph":[{"@type":"WebPage","@id":"https:\/\/serbia.com\/srpski\/event\/teslina-vizija-interneta\/","url":"https:\/\/serbia.com\/srpski\/event\/teslina-vizija-interneta\/","name":"Teslina vizija interneta - Serbia.com","isPartOf":{"@id":"https:\/\/serbia.com\/#website"},"primaryImageOfPage":{"@id":"https:\/\/serbia.com\/srpski\/event\/teslina-vizija-interneta\/#primaryimage"},"image":{"@id":"https:\/\/serbia.com\/srpski\/event\/teslina-vizija-interneta\/#primaryimage"},"thumbnailUrl":"https:\/\/serbia.com\/wp-content\/uploads\/2012\/12\/nikola-tesla-internet-01.jpg","datePublished":"2013-01-24T14:28:33+00:00","dateModified":"2013-01-24T14:29:02+00:00","description":"Izložba \"Teslina vizija interneta\" održava se u beogradskoj galeriji \"O3one\" od 9. do 13. jula, a postavljena je povodom 10. jula, rođendana Nikole Tesle, jednog od najvećih umova 20. veka.","breadcrumb":{"@id":"https:\/\/serbia.com\/srpski\/event\/teslina-vizija-interneta\/#breadcrumb"},"inLanguage":"srpski","potentialAction":[{"@type":"ReadAction","target":["https:\/\/serbia.com\/srpski\/event\/teslina-vizija-interneta\/"]}]},{"@type":"ImageObject","inLanguage":"srpski","@id":"https:\/\/serbia.com\/srpski\/event\/teslina-vizija-interneta\/#primaryimage","url":"https:\/\/serbia.com\/wp-content\/uploads\/2012\/12\/nikola-tesla-internet-01.jpg","contentUrl":"https:\/\/serbia.com\/wp-content\/uploads\/2012\/12\/nikola-tesla-internet-01.jpg","width":320,"height":208},{"@type":"BreadcrumbList","@id":"https:\/\/serbia.com\/srpski\/event\/teslina-vizija-interneta\/#breadcrumb","itemListElement":[{"@type":"ListItem","position":1,"name":"Home","item":"https:\/\/serbia.com\/srpski\/srbija\/"},{"@type":"ListItem","position":2,"name":"Events","item":"https:\/\/serbia.com\/events\/"},{"@type":"ListItem","position":3,"name":"Teslina vizija interneta"}]},{"@type":"WebSite","@id":"https:\/\/serbia.com\/#website","url":"https:\/\/serbia.com\/","name":"Serbia.com","description":"Your Gateway to Serbia","potentialAction":[{"@type":"SearchAction","target":{"@type":"EntryPoint","urlTemplate":"https:\/\/serbia.com\/?s={search_term_string}"},"query-input":{"@type":"PropertyValueSpecification","valueRequired":true,"valueName":"search_term_string"}}],"inLanguage":"srpski"}]}</script>
<!-- / Yoast SEO plugin. -->

Izložba "Teslina vizija interneta" održava se u beogradskoj galeriji "O3one" od 9. do 13. jula, a postavljena je povodom 10. jula, rođendana Nikole Tesle, jednog od najvećih umova 20. veka.
