{"id":13711,"date":"2014-02-07T12:09:31","date_gmt":"2014-02-07T11:09:31","guid":{"rendered":"http:\/\/www.serbia.com\/?post_type=tribe_events&#038;p=13711"},"modified":"2014-02-07T12:15:46","modified_gmt":"2014-02-07T11:15:46","slug":"kragujevacki-sajam-lepote","status":"publish","type":"tribe_events","link":"https:\/\/serbia.com\/srpski\/event\/kragujevacki-sajam-lepote\/","title":{"rendered":"Kragujeva\u010dki sajam lepote"},"content":{"rendered":"<h2>Kragujeva\u010dki sajam lepote odr\u017eava se od 12. do 14. februara na \u0160umadija sajmu gde \u0107e najve\u0107e kompanije iz oblasti kozmetike, estetike i zdravlja na ovim prostorima predstaviti svoje proizvode.<\/h2>\n<p>Kragujeva\u010dki sajam lepote 2014 \u0107e na dve \u0161ou bine sa LED ekranima predstaviti trodnevni HAIR SHOW, kao i mno\u0161tvo besplatnih edukativnih tribina i prezentacija u modernom Biznis Medija Centru. Posetioce o\u010dekuju najve\u0107a svetska frizerska imena iz Amerike, Australije, Gr\u010dke, Italije i Nema\u010dke koji \u0107e predstaviti svoja profesionalna i svetska dostignu\u0107a na Centralnoj revijalnoj bini.<\/p>\n<p>U okviru festivala, 12. februara, odr\u017ea\u0107e se i takmi\u010denje timova \u0161kola \u2018\u2019JUNIOR CREATIVE STAR AWARD\u2019\u2019, kao i takmi\u010denje frizerskih salona \u2018\u2019SALON STAR AWARD\u2019\u2019, 13. februara.<\/p>\n<p>U okviru sajma odr\u017ea\u0107e se i takmi\u010denje u modeliranju i dizajnu noktiju \u201cMAGIC &amp; NAILS \u2013 SRBIJA 2014\u201d u organizaciji \u0160umadija sajma i ATELIER LK (12. i 13. Februara).<\/p>\n<p>Radno vreme sajma tokom manifestacije je od 10.00 do 21.00. Ulaz na sajam je besplatan, kao i u\u010destvovanje na svim edukativnim tribinama.<\/p>\n<p>&nbsp;<\/p>\n","protected":false},"excerpt":{"rendered":"<p>Kragujeva\u010dki sajam lepote odr\u017eava se od 12. do 14. februara na \u0160umadija sajmu gde \u0107e najve\u0107e kompanije iz oblasti kozmetike, estetike i zdravlja na ovim prostorima predstaviti svoje proizvode. Kragujeva\u010dki [&hellip;]<\/p>\n","protected":false},"author":9,"featured_media":13712,"template":"","meta":{"_acf_changed":false,"inline_featured_image":false,"_monsterinsights_skip_tracking":false,"_monsterinsights_sitenote_active":false,"_monsterinsights_sitenote_note":"","_monsterinsights_sitenote_category":0,"_tribe_events_status":"","_tribe_events_status_reason":"","footnotes":""},"tags":[],"tribe_events_cat":[],"class_list":["post-13711","tribe_events","type-tribe_events","status-publish","has-post-thumbnail","hentry"],"acf":[],"yoast_head":"<!-- This site is optimized with the Yoast SEO plugin v27.4 - https:\/\/yoast.com\/product\/yoast-seo-wordpress\/ -->\n<title>Kragujeva\u010dki sajam lepote - Serbia.com<\/title>\n<meta name=\"description\" content=\"Kragujeva\u010dki sajam lepote odr\u017eava se od 12. do 14. februara na \u0160umadija sajmu gde \u0107e najve\u0107e kompanije iz oblasti kozmetike, estetike i zdravlja na ovim prostorima predstaviti svoje proizvode.\" \/>\n<meta name=\"robots\" content=\"index, follow, max-snippet:-1, max-image-preview:large, max-video-preview:-1\" \/>\n<link rel=\"canonical\" href=\"https:\/\/serbia.com\/srpski\/event\/kragujevacki-sajam-lepote\/\" \/>\n<meta property=\"og:locale\" content=\"en_US\" \/>\n<meta property=\"og:type\" content=\"article\" \/>\n<meta property=\"og:title\" content=\"Kragujeva\u010dki sajam lepote - Serbia.com\" \/>\n<meta property=\"og:description\" content=\"Kragujeva\u010dki sajam lepote odr\u017eava se od 12. do 14. februara na \u0160umadija sajmu gde \u0107e najve\u0107e kompanije iz oblasti kozmetike, estetike i zdravlja na ovim prostorima predstaviti svoje proizvode.\" \/>\n<meta property=\"og:url\" content=\"https:\/\/serbia.com\/srpski\/event\/kragujevacki-sajam-lepote\/\" \/>\n<meta property=\"og:site_name\" content=\"Serbia.com\" \/>\n<meta property=\"article:modified_time\" content=\"2014-02-07T11:15:46+00:00\" \/>\n<meta property=\"og:image\" content=\"https:\/\/serbia.com\/wp-content\/uploads\/2014\/02\/kg1.jpg\" \/>\n\t<meta property=\"og:image:width\" content=\"336\" \/>\n\t<meta property=\"og:image:height\" content=\"336\" \/>\n\t<meta property=\"og:image:type\" content=\"image\/jpeg\" \/>\n<meta name=\"twitter:label1\" content=\"Est. reading time\" \/>\n\t<meta name=\"twitter:data1\" content=\"1 minute\" \/>\n<script type=\"application\/ld+json\" class=\"yoast-schema-graph\">{\"@context\":\"https:\\\/\\\/schema.org\",\"@graph\":[{\"@type\":\"WebPage\",\"@id\":\"https:\\\/\\\/serbia.com\\\/srpski\\\/event\\\/kragujevacki-sajam-lepote\\\/\",\"url\":\"https:\\\/\\\/serbia.com\\\/srpski\\\/event\\\/kragujevacki-sajam-lepote\\\/\",\"name\":\"Kragujeva\u010dki sajam lepote - Serbia.com\",\"isPartOf\":{\"@id\":\"https:\\\/\\\/serbia.com\\\/#website\"},\"primaryImageOfPage\":{\"@id\":\"https:\\\/\\\/serbia.com\\\/srpski\\\/event\\\/kragujevacki-sajam-lepote\\\/#primaryimage\"},\"image\":{\"@id\":\"https:\\\/\\\/serbia.com\\\/srpski\\\/event\\\/kragujevacki-sajam-lepote\\\/#primaryimage\"},\"thumbnailUrl\":\"https:\\\/\\\/serbia.com\\\/wp-content\\\/uploads\\\/2014\\\/02\\\/kg1.jpg\",\"datePublished\":\"2014-02-07T11:09:31+00:00\",\"dateModified\":\"2014-02-07T11:15:46+00:00\",\"description\":\"Kragujeva\u010dki sajam lepote odr\u017eava se od 12. do 14. februara na \u0160umadija sajmu gde \u0107e najve\u0107e kompanije iz oblasti kozmetike, estetike i zdravlja na ovim prostorima predstaviti svoje proizvode.\",\"breadcrumb\":{\"@id\":\"https:\\\/\\\/serbia.com\\\/srpski\\\/event\\\/kragujevacki-sajam-lepote\\\/#breadcrumb\"},\"inLanguage\":\"srpski\",\"potentialAction\":[{\"@type\":\"ReadAction\",\"target\":[\"https:\\\/\\\/serbia.com\\\/srpski\\\/event\\\/kragujevacki-sajam-lepote\\\/\"]}]},{\"@type\":\"ImageObject\",\"inLanguage\":\"srpski\",\"@id\":\"https:\\\/\\\/serbia.com\\\/srpski\\\/event\\\/kragujevacki-sajam-lepote\\\/#primaryimage\",\"url\":\"https:\\\/\\\/serbia.com\\\/wp-content\\\/uploads\\\/2014\\\/02\\\/kg1.jpg\",\"contentUrl\":\"https:\\\/\\\/serbia.com\\\/wp-content\\\/uploads\\\/2014\\\/02\\\/kg1.jpg\",\"width\":336,\"height\":336},{\"@type\":\"BreadcrumbList\",\"@id\":\"https:\\\/\\\/serbia.com\\\/srpski\\\/event\\\/kragujevacki-sajam-lepote\\\/#breadcrumb\",\"itemListElement\":[{\"@type\":\"ListItem\",\"position\":1,\"name\":\"Home\",\"item\":\"https:\\\/\\\/serbia.com\\\/srpski\\\/srbija\\\/\"},{\"@type\":\"ListItem\",\"position\":2,\"name\":\"Events\",\"item\":\"https:\\\/\\\/serbia.com\\\/events\\\/\"},{\"@type\":\"ListItem\",\"position\":3,\"name\":\"Kragujeva\u010dki sajam lepote\"}]},{\"@type\":\"WebSite\",\"@id\":\"https:\\\/\\\/serbia.com\\\/#website\",\"url\":\"https:\\\/\\\/serbia.com\\\/\",\"name\":\"Serbia.com\",\"description\":\"Your Gateway to Serbia\",\"potentialAction\":[{\"@type\":\"SearchAction\",\"target\":{\"@type\":\"EntryPoint\",\"urlTemplate\":\"https:\\\/\\\/serbia.com\\\/?s={search_term_string}\"},\"query-input\":{\"@type\":\"PropertyValueSpecification\",\"valueRequired\":true,\"valueName\":\"search_term_string\"}}],\"inLanguage\":\"srpski\"}]}<\/script>\n<!-- \/ Yoast SEO plugin. -->","yoast_head_json":{"title":"Kragujeva\u010dki sajam lepote - Serbia.com","description":"Kragujeva\u010dki sajam lepote odr\u017eava se od 12. do 14. februara na \u0160umadija sajmu gde \u0107e najve\u0107e kompanije iz oblasti kozmetike, estetike i zdravlja na ovim prostorima predstaviti svoje proizvode.","robots":{"index":"index","follow":"follow","max-snippet":"max-snippet:-1","max-image-preview":"max-image-preview:large","max-video-preview":"max-video-preview:-1"},"canonical":"https:\/\/serbia.com\/srpski\/event\/kragujevacki-sajam-lepote\/","og_locale":"en_US","og_type":"article","og_title":"Kragujeva\u010dki sajam lepote - Serbia.com","og_description":"Kragujeva\u010dki sajam lepote odr\u017eava se od 12. do 14. februara na \u0160umadija sajmu gde \u0107e najve\u0107e kompanije iz oblasti kozmetike, estetike i zdravlja na ovim prostorima predstaviti svoje proizvode.","og_url":"https:\/\/serbia.com\/srpski\/event\/kragujevacki-sajam-lepote\/","og_site_name":"Serbia.com","article_modified_time":"2014-02-07T11:15:46+00:00","og_image":[{"width":336,"height":336,"url":"https:\/\/serbia.com\/wp-content\/uploads\/2014\/02\/kg1.jpg","type":"image\/jpeg"}],"twitter_misc":{"Est. reading time":"1 minute"},"schema":{"@context":"https:\/\/schema.org","@graph":[{"@type":"WebPage","@id":"https:\/\/serbia.com\/srpski\/event\/kragujevacki-sajam-lepote\/","url":"https:\/\/serbia.com\/srpski\/event\/kragujevacki-sajam-lepote\/","name":"Kragujeva\u010dki sajam lepote - Serbia.com","isPartOf":{"@id":"https:\/\/serbia.com\/#website"},"primaryImageOfPage":{"@id":"https:\/\/serbia.com\/srpski\/event\/kragujevacki-sajam-lepote\/#primaryimage"},"image":{"@id":"https:\/\/serbia.com\/srpski\/event\/kragujevacki-sajam-lepote\/#primaryimage"},"thumbnailUrl":"https:\/\/serbia.com\/wp-content\/uploads\/2014\/02\/kg1.jpg","datePublished":"2014-02-07T11:09:31+00:00","dateModified":"2014-02-07T11:15:46+00:00","description":"Kragujeva\u010dki sajam lepote odr\u017eava se od 12. do 14. februara na \u0160umadija sajmu gde \u0107e najve\u0107e kompanije iz oblasti kozmetike, estetike i zdravlja na ovim prostorima predstaviti svoje proizvode.","breadcrumb":{"@id":"https:\/\/serbia.com\/srpski\/event\/kragujevacki-sajam-lepote\/#breadcrumb"},"inLanguage":"srpski","potentialAction":[{"@type":"ReadAction","target":["https:\/\/serbia.com\/srpski\/event\/kragujevacki-sajam-lepote\/"]}]},{"@type":"ImageObject","inLanguage":"srpski","@id":"https:\/\/serbia.com\/srpski\/event\/kragujevacki-sajam-lepote\/#primaryimage","url":"https:\/\/serbia.com\/wp-content\/uploads\/2014\/02\/kg1.jpg","contentUrl":"https:\/\/serbia.com\/wp-content\/uploads\/2014\/02\/kg1.jpg","width":336,"height":336},{"@type":"BreadcrumbList","@id":"https:\/\/serbia.com\/srpski\/event\/kragujevacki-sajam-lepote\/#breadcrumb","itemListElement":[{"@type":"ListItem","position":1,"name":"Home","item":"https:\/\/serbia.com\/srpski\/srbija\/"},{"@type":"ListItem","position":2,"name":"Events","item":"https:\/\/serbia.com\/events\/"},{"@type":"ListItem","position":3,"name":"Kragujeva\u010dki sajam lepote"}]},{"@type":"WebSite","@id":"https:\/\/serbia.com\/#website","url":"https:\/\/serbia.com\/","name":"Serbia.com","description":"Your Gateway to Serbia","potentialAction":[{"@type":"SearchAction","target":{"@type":"EntryPoint","urlTemplate":"https:\/\/serbia.com\/?s={search_term_string}"},"query-input":{"@type":"PropertyValueSpecification","valueRequired":true,"valueName":"search_term_string"}}],"inLanguage":"srpski"}]}},"_links":{"self":[{"href":"https:\/\/serbia.com\/srpski\/wp-json\/wp\/v2\/tribe_events\/13711","targetHints":{"allow":["GET"]}}],"collection":[{"href":"https:\/\/serbia.com\/srpski\/wp-json\/wp\/v2\/tribe_events"}],"about":[{"href":"https:\/\/serbia.com\/srpski\/wp-json\/wp\/v2\/types\/tribe_events"}],"author":[{"embeddable":true,"href":"https:\/\/serbia.com\/srpski\/wp-json\/wp\/v2\/users\/9"}],"version-history":[{"count":0,"href":"https:\/\/serbia.com\/srpski\/wp-json\/wp\/v2\/tribe_events\/13711\/revisions"}],"wp:featuredmedia":[{"embeddable":true,"href":"https:\/\/serbia.com\/srpski\/wp-json\/wp\/v2\/media\/13712"}],"wp:attachment":[{"href":"https:\/\/serbia.com\/srpski\/wp-json\/wp\/v2\/media?parent=13711"}],"wp:term":[{"taxonomy":"post_tag","embeddable":true,"href":"https:\/\/serbia.com\/srpski\/wp-json\/wp\/v2\/tags?post=13711"},{"taxonomy":"tribe_events_cat","embeddable":true,"href":"https:\/\/serbia.com\/srpski\/wp-json\/wp\/v2\/tribe_events_cat?post=13711"}],"curies":[{"name":"wp","href":"https:\/\/api.w.org\/{rel}","templated":true}]}}

Kragujevački sajam lepote

<h2>Kragujevački sajam lepote održava se od 12. do 14. februara na Šumadija sajmu gde će najveće kompanije iz oblasti kozmetike, estetike i zdravlja na ovim prostorima predstaviti svoje proizvode.</h2>
<p>Kragujevački sajam lepote 2014 će na dve šou bine sa LED ekranima predstaviti trodnevni HAIR SHOW, kao i mnoštvo besplatnih edukativnih tribina i prezentacija u modernom Biznis Medija Centru. Posetioce očekuju najveća svetska frizerska imena iz Amerike, Australije, Grčke, Italije i Nemačke koji će predstaviti svoja profesionalna i svetska dostignuća na Centralnoj revijalnoj bini.</p>
<p>U okviru festivala, 12. februara, održaće se i takmičenje timova škola ‘’JUNIOR CREATIVE STAR AWARD’’, kao i takmičenje frizerskih salona ‘’SALON STAR AWARD’’, 13. februara.</p>
<p>U okviru sajma održaće se i takmičenje u modeliranju i dizajnu noktiju “MAGIC &amp; NAILS – SRBIJA 2014” u organizaciji Šumadija sajma i ATELIER LK (12. i 13. Februara).</p>
<p>Radno vreme sajma tokom manifestacije je od 10.00 do 21.00. Ulaz na sajam je besplatan, kao i učestvovanje na svim edukativnim tribinama.</p>
<p>&nbsp;</p>

<p>Kragujevački sajam lepote održava se od 12. do 14. februara na Šumadija sajmu gde će najveće kompanije iz oblasti kozmetike, estetike i zdravlja na ovim prostorima predstaviti svoje proizvode. Kragujevački [&hellip;]</p>

<!-- This site is optimized with the Yoast SEO plugin v27.4 - https://yoast.com/product/yoast-seo-wordpress/ -->
<title>Kragujevački sajam lepote - Serbia.com</title>
<meta name="description" content="Kragujevački sajam lepote održava se od 12. do 14. februara na Šumadija sajmu gde će najveće kompanije iz oblasti kozmetike, estetike i zdravlja na ovim prostorima predstaviti svoje proizvode." />
<meta name="robots" content="index, follow, max-snippet:-1, max-image-preview:large, max-video-preview:-1" />
<link rel="canonical" href="https://serbia.com/srpski/event/kragujevacki-sajam-lepote/" />
<meta property="og:locale" content="en_US" />
<meta property="og:type" content="article" />
<meta property="og:title" content="Kragujevački sajam lepote - Serbia.com" />
<meta property="og:description" content="Kragujevački sajam lepote održava se od 12. do 14. februara na Šumadija sajmu gde će najveće kompanije iz oblasti kozmetike, estetike i zdravlja na ovim prostorima predstaviti svoje proizvode." />
<meta property="og:url" content="https://serbia.com/srpski/event/kragujevacki-sajam-lepote/" />
<meta property="og:site_name" content="Serbia.com" />
<meta property="article:modified_time" content="2014-02-07T11:15:46+00:00" />
<meta property="og:image" content="https://serbia.com/wp-content/uploads/2014/02/kg1.jpg" />
	<meta property="og:image:width" content="336" />
	<meta property="og:image:height" content="336" />
	<meta property="og:image:type" content="image/jpeg" />
<meta name="twitter:label1" content="Est. reading time" />
	<meta name="twitter:data1" content="1 minute" />
<script type="application/ld+json" class="yoast-schema-graph">{"@context":"https:\/\/schema.org","@graph":[{"@type":"WebPage","@id":"https:\/\/serbia.com\/srpski\/event\/kragujevacki-sajam-lepote\/","url":"https:\/\/serbia.com\/srpski\/event\/kragujevacki-sajam-lepote\/","name":"Kragujevački sajam lepote - Serbia.com","isPartOf":{"@id":"https:\/\/serbia.com\/#website"},"primaryImageOfPage":{"@id":"https:\/\/serbia.com\/srpski\/event\/kragujevacki-sajam-lepote\/#primaryimage"},"image":{"@id":"https:\/\/serbia.com\/srpski\/event\/kragujevacki-sajam-lepote\/#primaryimage"},"thumbnailUrl":"https:\/\/serbia.com\/wp-content\/uploads\/2014\/02\/kg1.jpg","datePublished":"2014-02-07T11:09:31+00:00","dateModified":"2014-02-07T11:15:46+00:00","description":"Kragujevački sajam lepote održava se od 12. do 14. februara na Šumadija sajmu gde će najveće kompanije iz oblasti kozmetike, estetike i zdravlja na ovim prostorima predstaviti svoje proizvode.","breadcrumb":{"@id":"https:\/\/serbia.com\/srpski\/event\/kragujevacki-sajam-lepote\/#breadcrumb"},"inLanguage":"srpski","potentialAction":[{"@type":"ReadAction","target":["https:\/\/serbia.com\/srpski\/event\/kragujevacki-sajam-lepote\/"]}]},{"@type":"ImageObject","inLanguage":"srpski","@id":"https:\/\/serbia.com\/srpski\/event\/kragujevacki-sajam-lepote\/#primaryimage","url":"https:\/\/serbia.com\/wp-content\/uploads\/2014\/02\/kg1.jpg","contentUrl":"https:\/\/serbia.com\/wp-content\/uploads\/2014\/02\/kg1.jpg","width":336,"height":336},{"@type":"BreadcrumbList","@id":"https:\/\/serbia.com\/srpski\/event\/kragujevacki-sajam-lepote\/#breadcrumb","itemListElement":[{"@type":"ListItem","position":1,"name":"Home","item":"https:\/\/serbia.com\/srpski\/srbija\/"},{"@type":"ListItem","position":2,"name":"Events","item":"https:\/\/serbia.com\/events\/"},{"@type":"ListItem","position":3,"name":"Kragujevački sajam lepote"}]},{"@type":"WebSite","@id":"https:\/\/serbia.com\/#website","url":"https:\/\/serbia.com\/","name":"Serbia.com","description":"Your Gateway to Serbia","potentialAction":[{"@type":"SearchAction","target":{"@type":"EntryPoint","urlTemplate":"https:\/\/serbia.com\/?s={search_term_string}"},"query-input":{"@type":"PropertyValueSpecification","valueRequired":true,"valueName":"search_term_string"}}],"inLanguage":"srpski"}]}</script>
<!-- / Yoast SEO plugin. -->

Kragujevački sajam lepote - Serbia.com

Kragujevački sajam lepote održava se od 12. do 14. februara na Šumadija sajmu gde će najveće kompanije iz oblasti kozmetike, estetike i zdravlja na ovim prostorima predstaviti svoje proizvode.
