{"id":13384,"date":"2014-01-24T15:52:52","date_gmt":"2014-01-24T14:52:52","guid":{"rendered":"http:\/\/www.serbia.com\/?post_type=tribe_events&#038;p=13384"},"modified":"2014-01-24T16:06:23","modified_gmt":"2014-01-24T15:06:23","slug":"sajam-pirotske-peglane-kobasice","status":"publish","type":"tribe_events","link":"https:\/\/serbia.com\/srpski\/event\/sajam-pirotske-peglane-kobasice\/","title":{"rendered":"Sajam pirotske peglane kobasice"},"content":{"rendered":"<h2>Drugi sajam pirotske &#8220;peglane kobasice&#8221;, odr\u017eava se 25. januara u hali \u201cKej\u201d u Pirotu.<\/h2>\n<p>Ova specifi\u010dna vrsta kobasice ima poseban sastav i proceduru su\u0161enja i pravi se samo u pirotskom kraju. Zbog navodno afrodizija\u010dkih svojstava, tu kobasicu \u010desto nazivaju &#8220;pirotskom vijagrom&#8221;.<\/p>\n<p>Promoter Sajma je glumac Milan &#8211; Lane Gutovi\u0107.<\/p>\n<p>Za titulu &#8220;majstora pirotske peglane kobasice&#8221; nadmeta\u0107e se 40 prijavljenih proizvo\u0111a\u010da, a ove godine \u0107e biti dodeljeno i priznanje &#8220;apsolutni pobednik&#8221;.<\/p>\n<p>Sajam organizuju Udru\u017eenje proizvo\u0111a\u010da pirotske peglane kobasice, Turisti\u010dka organizacija Pirota, Dom kulture i Sportski centar, a pokrovitelj je Op\u0161tina Pirot.<\/p>\n<p><strong><em>Recept<\/em><\/strong><\/p>\n<p><strong><em>Peglana kobasica pravi se zimi i to od kozjeg, june\u0107eg i ov\u010dijeg mesa s mnogo belog luka i paprike, a bez ikakvih aditiva, konzervansa i dodatne masno\u0107e. Su\u0161e se na promaji na tavanu, i svaki dan &#8220;peglaju&#8221; fla\u0161om, zbog \u010dega su i dobile naziv &#8220;peglane kobasice&#8221;. Kobasice savijene u &#8220;potkovice&#8221; se &#8220;peglaju&#8221; da bi se istisnuli gasovi iz njih i spre\u010dilo kvarenje mesa.<\/em><\/strong><\/p>\n<p>Foto: <a href=\"http:\/\/peglanakobasica.net\/\" target=\"_blank\">peglanakobasica.net<\/a><\/p>\n<p>&nbsp;<\/p>\n","protected":false},"excerpt":{"rendered":"<p>Drugi sajam pirotske &#8220;peglane kobasice&#8221;, odr\u017eava se 25. januara u hali \u201cKej\u201d u Pirotu. Ova specifi\u010dna vrsta kobasice ima poseban sastav i proceduru su\u0161enja i pravi se samo u pirotskom [&hellip;]<\/p>\n","protected":false},"author":9,"featured_media":13385,"template":"","meta":{"_acf_changed":false,"inline_featured_image":false,"_monsterinsights_skip_tracking":false,"_monsterinsights_sitenote_active":false,"_monsterinsights_sitenote_note":"","_monsterinsights_sitenote_category":0,"_tribe_events_status":"","_tribe_events_status_reason":"","footnotes":""},"tags":[],"tribe_events_cat":[],"class_list":["post-13384","tribe_events","type-tribe_events","status-publish","has-post-thumbnail","hentry"],"acf":[],"yoast_head":"<!-- This site is optimized with the Yoast SEO plugin v27.4 - https:\/\/yoast.com\/product\/yoast-seo-wordpress\/ -->\n<title>Sajam pirotske peglane kobasice - Serbia.com<\/title>\n<meta name=\"description\" content=\"Drugi sajam pirotske &quot;peglane kobasice&quot;, odr\u017eava se 25. januara u hali \u201cKej\u201d u Pirotu.\" \/>\n<meta name=\"robots\" content=\"index, follow, max-snippet:-1, max-image-preview:large, max-video-preview:-1\" \/>\n<link rel=\"canonical\" href=\"https:\/\/serbia.com\/srpski\/event\/sajam-pirotske-peglane-kobasice\/\" \/>\n<meta property=\"og:locale\" content=\"en_US\" \/>\n<meta property=\"og:type\" content=\"article\" \/>\n<meta property=\"og:title\" content=\"Sajam pirotske peglane kobasice - Serbia.com\" \/>\n<meta property=\"og:description\" content=\"Drugi sajam pirotske &quot;peglane kobasice&quot;, odr\u017eava se 25. januara u hali \u201cKej\u201d u Pirotu.\" \/>\n<meta property=\"og:url\" content=\"https:\/\/serbia.com\/srpski\/event\/sajam-pirotske-peglane-kobasice\/\" \/>\n<meta property=\"og:site_name\" content=\"Serbia.com\" \/>\n<meta property=\"article:modified_time\" content=\"2014-01-24T15:06:23+00:00\" \/>\n<meta property=\"og:image\" content=\"https:\/\/serbia.com\/wp-content\/uploads\/2014\/01\/pirotska1.png\" \/>\n\t<meta property=\"og:image:width\" content=\"660\" \/>\n\t<meta property=\"og:image:height\" content=\"495\" \/>\n\t<meta property=\"og:image:type\" content=\"image\/png\" \/>\n<meta name=\"twitter:label1\" content=\"Est. reading time\" \/>\n\t<meta name=\"twitter:data1\" content=\"1 minute\" \/>\n<script type=\"application\/ld+json\" class=\"yoast-schema-graph\">{\"@context\":\"https:\\\/\\\/schema.org\",\"@graph\":[{\"@type\":\"WebPage\",\"@id\":\"https:\\\/\\\/serbia.com\\\/srpski\\\/event\\\/sajam-pirotske-peglane-kobasice\\\/\",\"url\":\"https:\\\/\\\/serbia.com\\\/srpski\\\/event\\\/sajam-pirotske-peglane-kobasice\\\/\",\"name\":\"Sajam pirotske peglane kobasice - Serbia.com\",\"isPartOf\":{\"@id\":\"https:\\\/\\\/serbia.com\\\/#website\"},\"primaryImageOfPage\":{\"@id\":\"https:\\\/\\\/serbia.com\\\/srpski\\\/event\\\/sajam-pirotske-peglane-kobasice\\\/#primaryimage\"},\"image\":{\"@id\":\"https:\\\/\\\/serbia.com\\\/srpski\\\/event\\\/sajam-pirotske-peglane-kobasice\\\/#primaryimage\"},\"thumbnailUrl\":\"https:\\\/\\\/serbia.com\\\/wp-content\\\/uploads\\\/2014\\\/01\\\/pirotska1.png\",\"datePublished\":\"2014-01-24T14:52:52+00:00\",\"dateModified\":\"2014-01-24T15:06:23+00:00\",\"description\":\"Drugi sajam pirotske \\\"peglane kobasice\\\", odr\u017eava se 25. januara u hali \u201cKej\u201d u Pirotu.\",\"breadcrumb\":{\"@id\":\"https:\\\/\\\/serbia.com\\\/srpski\\\/event\\\/sajam-pirotske-peglane-kobasice\\\/#breadcrumb\"},\"inLanguage\":\"srpski\",\"potentialAction\":[{\"@type\":\"ReadAction\",\"target\":[\"https:\\\/\\\/serbia.com\\\/srpski\\\/event\\\/sajam-pirotske-peglane-kobasice\\\/\"]}]},{\"@type\":\"ImageObject\",\"inLanguage\":\"srpski\",\"@id\":\"https:\\\/\\\/serbia.com\\\/srpski\\\/event\\\/sajam-pirotske-peglane-kobasice\\\/#primaryimage\",\"url\":\"https:\\\/\\\/serbia.com\\\/wp-content\\\/uploads\\\/2014\\\/01\\\/pirotska1.png\",\"contentUrl\":\"https:\\\/\\\/serbia.com\\\/wp-content\\\/uploads\\\/2014\\\/01\\\/pirotska1.png\",\"width\":660,\"height\":495},{\"@type\":\"BreadcrumbList\",\"@id\":\"https:\\\/\\\/serbia.com\\\/srpski\\\/event\\\/sajam-pirotske-peglane-kobasice\\\/#breadcrumb\",\"itemListElement\":[{\"@type\":\"ListItem\",\"position\":1,\"name\":\"Home\",\"item\":\"https:\\\/\\\/serbia.com\\\/srpski\\\/srbija\\\/\"},{\"@type\":\"ListItem\",\"position\":2,\"name\":\"Events\",\"item\":\"https:\\\/\\\/serbia.com\\\/events\\\/\"},{\"@type\":\"ListItem\",\"position\":3,\"name\":\"Sajam pirotske peglane kobasice\"}]},{\"@type\":\"WebSite\",\"@id\":\"https:\\\/\\\/serbia.com\\\/#website\",\"url\":\"https:\\\/\\\/serbia.com\\\/\",\"name\":\"Serbia.com\",\"description\":\"Your Gateway to Serbia\",\"potentialAction\":[{\"@type\":\"SearchAction\",\"target\":{\"@type\":\"EntryPoint\",\"urlTemplate\":\"https:\\\/\\\/serbia.com\\\/?s={search_term_string}\"},\"query-input\":{\"@type\":\"PropertyValueSpecification\",\"valueRequired\":true,\"valueName\":\"search_term_string\"}}],\"inLanguage\":\"srpski\"}]}<\/script>\n<!-- \/ Yoast SEO plugin. -->","yoast_head_json":{"title":"Sajam pirotske peglane kobasice - Serbia.com","description":"Drugi sajam pirotske \"peglane kobasice\", odr\u017eava se 25. januara u hali \u201cKej\u201d u Pirotu.","robots":{"index":"index","follow":"follow","max-snippet":"max-snippet:-1","max-image-preview":"max-image-preview:large","max-video-preview":"max-video-preview:-1"},"canonical":"https:\/\/serbia.com\/srpski\/event\/sajam-pirotske-peglane-kobasice\/","og_locale":"en_US","og_type":"article","og_title":"Sajam pirotske peglane kobasice - Serbia.com","og_description":"Drugi sajam pirotske \"peglane kobasice\", odr\u017eava se 25. januara u hali \u201cKej\u201d u Pirotu.","og_url":"https:\/\/serbia.com\/srpski\/event\/sajam-pirotske-peglane-kobasice\/","og_site_name":"Serbia.com","article_modified_time":"2014-01-24T15:06:23+00:00","og_image":[{"width":660,"height":495,"url":"https:\/\/serbia.com\/wp-content\/uploads\/2014\/01\/pirotska1.png","type":"image\/png"}],"twitter_misc":{"Est. reading time":"1 minute"},"schema":{"@context":"https:\/\/schema.org","@graph":[{"@type":"WebPage","@id":"https:\/\/serbia.com\/srpski\/event\/sajam-pirotske-peglane-kobasice\/","url":"https:\/\/serbia.com\/srpski\/event\/sajam-pirotske-peglane-kobasice\/","name":"Sajam pirotske peglane kobasice - Serbia.com","isPartOf":{"@id":"https:\/\/serbia.com\/#website"},"primaryImageOfPage":{"@id":"https:\/\/serbia.com\/srpski\/event\/sajam-pirotske-peglane-kobasice\/#primaryimage"},"image":{"@id":"https:\/\/serbia.com\/srpski\/event\/sajam-pirotske-peglane-kobasice\/#primaryimage"},"thumbnailUrl":"https:\/\/serbia.com\/wp-content\/uploads\/2014\/01\/pirotska1.png","datePublished":"2014-01-24T14:52:52+00:00","dateModified":"2014-01-24T15:06:23+00:00","description":"Drugi sajam pirotske \"peglane kobasice\", odr\u017eava se 25. januara u hali \u201cKej\u201d u Pirotu.","breadcrumb":{"@id":"https:\/\/serbia.com\/srpski\/event\/sajam-pirotske-peglane-kobasice\/#breadcrumb"},"inLanguage":"srpski","potentialAction":[{"@type":"ReadAction","target":["https:\/\/serbia.com\/srpski\/event\/sajam-pirotske-peglane-kobasice\/"]}]},{"@type":"ImageObject","inLanguage":"srpski","@id":"https:\/\/serbia.com\/srpski\/event\/sajam-pirotske-peglane-kobasice\/#primaryimage","url":"https:\/\/serbia.com\/wp-content\/uploads\/2014\/01\/pirotska1.png","contentUrl":"https:\/\/serbia.com\/wp-content\/uploads\/2014\/01\/pirotska1.png","width":660,"height":495},{"@type":"BreadcrumbList","@id":"https:\/\/serbia.com\/srpski\/event\/sajam-pirotske-peglane-kobasice\/#breadcrumb","itemListElement":[{"@type":"ListItem","position":1,"name":"Home","item":"https:\/\/serbia.com\/srpski\/srbija\/"},{"@type":"ListItem","position":2,"name":"Events","item":"https:\/\/serbia.com\/events\/"},{"@type":"ListItem","position":3,"name":"Sajam pirotske peglane kobasice"}]},{"@type":"WebSite","@id":"https:\/\/serbia.com\/#website","url":"https:\/\/serbia.com\/","name":"Serbia.com","description":"Your Gateway to Serbia","potentialAction":[{"@type":"SearchAction","target":{"@type":"EntryPoint","urlTemplate":"https:\/\/serbia.com\/?s={search_term_string}"},"query-input":{"@type":"PropertyValueSpecification","valueRequired":true,"valueName":"search_term_string"}}],"inLanguage":"srpski"}]}},"_links":{"self":[{"href":"https:\/\/serbia.com\/srpski\/wp-json\/wp\/v2\/tribe_events\/13384","targetHints":{"allow":["GET"]}}],"collection":[{"href":"https:\/\/serbia.com\/srpski\/wp-json\/wp\/v2\/tribe_events"}],"about":[{"href":"https:\/\/serbia.com\/srpski\/wp-json\/wp\/v2\/types\/tribe_events"}],"author":[{"embeddable":true,"href":"https:\/\/serbia.com\/srpski\/wp-json\/wp\/v2\/users\/9"}],"version-history":[{"count":0,"href":"https:\/\/serbia.com\/srpski\/wp-json\/wp\/v2\/tribe_events\/13384\/revisions"}],"wp:featuredmedia":[{"embeddable":true,"href":"https:\/\/serbia.com\/srpski\/wp-json\/wp\/v2\/media\/13385"}],"wp:attachment":[{"href":"https:\/\/serbia.com\/srpski\/wp-json\/wp\/v2\/media?parent=13384"}],"wp:term":[{"taxonomy":"post_tag","embeddable":true,"href":"https:\/\/serbia.com\/srpski\/wp-json\/wp\/v2\/tags?post=13384"},{"taxonomy":"tribe_events_cat","embeddable":true,"href":"https:\/\/serbia.com\/srpski\/wp-json\/wp\/v2\/tribe_events_cat?post=13384"}],"curies":[{"name":"wp","href":"https:\/\/api.w.org\/{rel}","templated":true}]}}

<h2>Drugi sajam pirotske &#8220;peglane kobasice&#8221;, održava se 25. januara u hali “Kej” u Pirotu.</h2>
<p>Ova specifična vrsta kobasice ima poseban sastav i proceduru sušenja i pravi se samo u pirotskom kraju. Zbog navodno afrodizijačkih svojstava, tu kobasicu često nazivaju &#8220;pirotskom vijagrom&#8221;.</p>
<p>Promoter Sajma je glumac Milan &#8211; Lane Gutović.</p>
<p>Za titulu &#8220;majstora pirotske peglane kobasice&#8221; nadmetaće se 40 prijavljenih proizvođača, a ove godine će biti dodeljeno i priznanje &#8220;apsolutni pobednik&#8221;.</p>
<p>Sajam organizuju Udruženje proizvođača pirotske peglane kobasice, Turistička organizacija Pirota, Dom kulture i Sportski centar, a pokrovitelj je Opština Pirot.</p>
<p><strong><em>Recept</em></strong></p>
<p><strong><em>Peglana kobasica pravi se zimi i to od kozjeg, junećeg i ovčijeg mesa s mnogo belog luka i paprike, a bez ikakvih aditiva, konzervansa i dodatne masnoće. Suše se na promaji na tavanu, i svaki dan &#8220;peglaju&#8221; flašom, zbog čega su i dobile naziv &#8220;peglane kobasice&#8221;. Kobasice savijene u &#8220;potkovice&#8221; se &#8220;peglaju&#8221; da bi se istisnuli gasovi iz njih i sprečilo kvarenje mesa.</em></strong></p>
<p>Foto: <a href="http://peglanakobasica.net/" target="_blank">peglanakobasica.net</a></p>
<p>&nbsp;</p>

<p>Drugi sajam pirotske &#8220;peglane kobasice&#8221;, održava se 25. januara u hali “Kej” u Pirotu. Ova specifična vrsta kobasice ima poseban sastav i proceduru sušenja i pravi se samo u pirotskom [&hellip;]</p>

<!-- This site is optimized with the Yoast SEO plugin v27.4 - https://yoast.com/product/yoast-seo-wordpress/ -->
<title>Sajam pirotske peglane kobasice - Serbia.com</title>
<meta name="description" content="Drugi sajam pirotske &quot;peglane kobasice&quot;, održava se 25. januara u hali “Kej” u Pirotu." />
<meta name="robots" content="index, follow, max-snippet:-1, max-image-preview:large, max-video-preview:-1" />
<link rel="canonical" href="https://serbia.com/srpski/event/sajam-pirotske-peglane-kobasice/" />
<meta property="og:locale" content="en_US" />
<meta property="og:type" content="article" />
<meta property="og:title" content="Sajam pirotske peglane kobasice - Serbia.com" />
<meta property="og:description" content="Drugi sajam pirotske &quot;peglane kobasice&quot;, održava se 25. januara u hali “Kej” u Pirotu." />
<meta property="og:url" content="https://serbia.com/srpski/event/sajam-pirotske-peglane-kobasice/" />
<meta property="og:site_name" content="Serbia.com" />
<meta property="article:modified_time" content="2014-01-24T15:06:23+00:00" />
<meta property="og:image" content="https://serbia.com/wp-content/uploads/2014/01/pirotska1.png" />
	<meta property="og:image:width" content="660" />
	<meta property="og:image:height" content="495" />
	<meta property="og:image:type" content="image/png" />
<meta name="twitter:label1" content="Est. reading time" />
	<meta name="twitter:data1" content="1 minute" />
<script type="application/ld+json" class="yoast-schema-graph">{"@context":"https:\/\/schema.org","@graph":[{"@type":"WebPage","@id":"https:\/\/serbia.com\/srpski\/event\/sajam-pirotske-peglane-kobasice\/","url":"https:\/\/serbia.com\/srpski\/event\/sajam-pirotske-peglane-kobasice\/","name":"Sajam pirotske peglane kobasice - Serbia.com","isPartOf":{"@id":"https:\/\/serbia.com\/#website"},"primaryImageOfPage":{"@id":"https:\/\/serbia.com\/srpski\/event\/sajam-pirotske-peglane-kobasice\/#primaryimage"},"image":{"@id":"https:\/\/serbia.com\/srpski\/event\/sajam-pirotske-peglane-kobasice\/#primaryimage"},"thumbnailUrl":"https:\/\/serbia.com\/wp-content\/uploads\/2014\/01\/pirotska1.png","datePublished":"2014-01-24T14:52:52+00:00","dateModified":"2014-01-24T15:06:23+00:00","description":"Drugi sajam pirotske \"peglane kobasice\", održava se 25. januara u hali “Kej” u Pirotu.","breadcrumb":{"@id":"https:\/\/serbia.com\/srpski\/event\/sajam-pirotske-peglane-kobasice\/#breadcrumb"},"inLanguage":"srpski","potentialAction":[{"@type":"ReadAction","target":["https:\/\/serbia.com\/srpski\/event\/sajam-pirotske-peglane-kobasice\/"]}]},{"@type":"ImageObject","inLanguage":"srpski","@id":"https:\/\/serbia.com\/srpski\/event\/sajam-pirotske-peglane-kobasice\/#primaryimage","url":"https:\/\/serbia.com\/wp-content\/uploads\/2014\/01\/pirotska1.png","contentUrl":"https:\/\/serbia.com\/wp-content\/uploads\/2014\/01\/pirotska1.png","width":660,"height":495},{"@type":"BreadcrumbList","@id":"https:\/\/serbia.com\/srpski\/event\/sajam-pirotske-peglane-kobasice\/#breadcrumb","itemListElement":[{"@type":"ListItem","position":1,"name":"Home","item":"https:\/\/serbia.com\/srpski\/srbija\/"},{"@type":"ListItem","position":2,"name":"Events","item":"https:\/\/serbia.com\/events\/"},{"@type":"ListItem","position":3,"name":"Sajam pirotske peglane kobasice"}]},{"@type":"WebSite","@id":"https:\/\/serbia.com\/#website","url":"https:\/\/serbia.com\/","name":"Serbia.com","description":"Your Gateway to Serbia","potentialAction":[{"@type":"SearchAction","target":{"@type":"EntryPoint","urlTemplate":"https:\/\/serbia.com\/?s={search_term_string}"},"query-input":{"@type":"PropertyValueSpecification","valueRequired":true,"valueName":"search_term_string"}}],"inLanguage":"srpski"}]}</script>
<!-- / Yoast SEO plugin. -->

Drugi sajam pirotske "peglane kobasice", održava se 25. januara u hali “Kej” u Pirotu.
