{"id":12258,"date":"2013-11-18T14:22:33","date_gmt":"2013-11-18T13:22:33","guid":{"rendered":"http:\/\/www.serbia.com\/?post_type=tribe_events&#038;p=12258"},"modified":"2013-11-18T15:08:47","modified_gmt":"2013-11-18T14:08:47","slug":"medunarodni-novogodisnji-vasar","status":"publish","type":"tribe_events","link":"https:\/\/serbia.com\/srpski\/event\/medunarodni-novogodisnji-vasar\/","title":{"rendered":"Me\u0111unarodni novogodi\u0161nji va\u0161ar"},"content":{"rendered":"<h2>Tradicionalni 53. Novogodi\u0161nji va\u0161ar na Beogradskom sajmu koji najavljuje kraj stare i dolazak Nove godine i predstavlja uvod u novogodi\u0161nje raspolo\u017eenje i veselje, traja\u0107e od 14. do 30. decembra.<\/h2>\n<p>Oko 380 izlaga\u010da iz zemlje i inostranstva izlaga\u0107e najraznovrsnije artikale robe \u0161iroke potro\u0161nje koje \u0107e mo\u0107i da se kupe po znatno ni\u017eim cenama na 53. po redu Novogodi\u0161njem va\u0161aru. Osim toga, mnogo zabave o\u010dekuje posetioce Sajma.<\/p>\n<p>Zabavni park tradicionalno zauzima centralnu poziciju u Hali 1. Oko 40 najmodernijih objekata za zabavu, namenjeno je deci i omladini, ali i starijima koji su raspolo\u017eeni za u\u017eivanje u uzbudljivim adrenalinskim vo\u017enjama.<\/p>\n<p>Deo zatvorenog i otvorenog prostora namenjen je restoranima i kafi\u0107ima. Na otvorenom prostoru bi\u0107e sme\u0161tene su i tezge sa konditorskim proizvodima, \u0161e\u0107ernom penom, u\u0161e\u0107erenim vo\u0107em, krofnicama, ukrasima za jelku, raznobojnim helijumskim balonima.<\/p>\n<p>&nbsp;<\/p>\n","protected":false},"excerpt":{"rendered":"<p>Tradicionalni 53. Novogodi\u0161nji va\u0161ar na Beogradskom sajmu koji najavljuje kraj stare i dolazak Nove godine i predstavlja uvod u novogodi\u0161nje raspolo\u017eenje i veselje, traja\u0107e od 14. do 30. decembra. Oko [&hellip;]<\/p>\n","protected":false},"author":9,"featured_media":12259,"template":"","meta":{"_acf_changed":false,"inline_featured_image":false,"_monsterinsights_skip_tracking":false,"_monsterinsights_sitenote_active":false,"_monsterinsights_sitenote_note":"","_monsterinsights_sitenote_category":0,"_tribe_events_status":"","_tribe_events_status_reason":"","footnotes":""},"tags":[],"tribe_events_cat":[],"class_list":["post-12258","tribe_events","type-tribe_events","status-publish","has-post-thumbnail","hentry"],"acf":[],"yoast_head":"<!-- This site is optimized with the Yoast SEO plugin v27.4 - https:\/\/yoast.com\/product\/yoast-seo-wordpress\/ -->\n<title>Me\u0111unarodni novogodi\u0161nji va\u0161ar - Serbia.com<\/title>\n<meta name=\"description\" content=\"Tradicionalni 53. Novogodi\u0161nji va\u0161ar na Beogradskom sajmu koji najavljuje kraj stare i dolazak Nove godine i predstavlja uvod u novogodi\u0161nje raspolo\u017eenje i veselje traja\u0107e od 14. do 30. decembra.\" \/>\n<meta name=\"robots\" content=\"index, follow, max-snippet:-1, max-image-preview:large, max-video-preview:-1\" \/>\n<link rel=\"canonical\" href=\"https:\/\/serbia.com\/srpski\/event\/medunarodni-novogodisnji-vasar\/\" \/>\n<meta property=\"og:locale\" content=\"en_US\" \/>\n<meta property=\"og:type\" content=\"article\" \/>\n<meta property=\"og:title\" content=\"Me\u0111unarodni novogodi\u0161nji va\u0161ar - Serbia.com\" \/>\n<meta property=\"og:description\" content=\"Tradicionalni 53. Novogodi\u0161nji va\u0161ar na Beogradskom sajmu koji najavljuje kraj stare i dolazak Nove godine i predstavlja uvod u novogodi\u0161nje raspolo\u017eenje i veselje traja\u0107e od 14. do 30. decembra.\" \/>\n<meta property=\"og:url\" content=\"https:\/\/serbia.com\/srpski\/event\/medunarodni-novogodisnji-vasar\/\" \/>\n<meta property=\"og:site_name\" content=\"Serbia.com\" \/>\n<meta property=\"article:modified_time\" content=\"2013-11-18T14:08:47+00:00\" \/>\n<meta property=\"og:image\" content=\"https:\/\/serbia.com\/wp-content\/uploads\/2013\/11\/vasar_2001.jpg\" \/>\n\t<meta property=\"og:image:width\" content=\"200\" \/>\n\t<meta property=\"og:image:height\" content=\"200\" \/>\n\t<meta property=\"og:image:type\" content=\"image\/jpeg\" \/>\n<meta name=\"twitter:label1\" content=\"Est. reading time\" \/>\n\t<meta name=\"twitter:data1\" content=\"1 minute\" \/>\n<script type=\"application\/ld+json\" class=\"yoast-schema-graph\">{\"@context\":\"https:\\\/\\\/schema.org\",\"@graph\":[{\"@type\":\"WebPage\",\"@id\":\"https:\\\/\\\/serbia.com\\\/srpski\\\/event\\\/medunarodni-novogodisnji-vasar\\\/\",\"url\":\"https:\\\/\\\/serbia.com\\\/srpski\\\/event\\\/medunarodni-novogodisnji-vasar\\\/\",\"name\":\"Me\u0111unarodni novogodi\u0161nji va\u0161ar - Serbia.com\",\"isPartOf\":{\"@id\":\"https:\\\/\\\/serbia.com\\\/#website\"},\"primaryImageOfPage\":{\"@id\":\"https:\\\/\\\/serbia.com\\\/srpski\\\/event\\\/medunarodni-novogodisnji-vasar\\\/#primaryimage\"},\"image\":{\"@id\":\"https:\\\/\\\/serbia.com\\\/srpski\\\/event\\\/medunarodni-novogodisnji-vasar\\\/#primaryimage\"},\"thumbnailUrl\":\"https:\\\/\\\/serbia.com\\\/wp-content\\\/uploads\\\/2013\\\/11\\\/vasar_2001.jpg\",\"datePublished\":\"2013-11-18T13:22:33+00:00\",\"dateModified\":\"2013-11-18T14:08:47+00:00\",\"description\":\"Tradicionalni 53. Novogodi\u0161nji va\u0161ar na Beogradskom sajmu koji najavljuje kraj stare i dolazak Nove godine i predstavlja uvod u novogodi\u0161nje raspolo\u017eenje i veselje traja\u0107e od 14. do 30. decembra.\",\"breadcrumb\":{\"@id\":\"https:\\\/\\\/serbia.com\\\/srpski\\\/event\\\/medunarodni-novogodisnji-vasar\\\/#breadcrumb\"},\"inLanguage\":\"srpski\",\"potentialAction\":[{\"@type\":\"ReadAction\",\"target\":[\"https:\\\/\\\/serbia.com\\\/srpski\\\/event\\\/medunarodni-novogodisnji-vasar\\\/\"]}]},{\"@type\":\"ImageObject\",\"inLanguage\":\"srpski\",\"@id\":\"https:\\\/\\\/serbia.com\\\/srpski\\\/event\\\/medunarodni-novogodisnji-vasar\\\/#primaryimage\",\"url\":\"https:\\\/\\\/serbia.com\\\/wp-content\\\/uploads\\\/2013\\\/11\\\/vasar_2001.jpg\",\"contentUrl\":\"https:\\\/\\\/serbia.com\\\/wp-content\\\/uploads\\\/2013\\\/11\\\/vasar_2001.jpg\",\"width\":200,\"height\":200},{\"@type\":\"BreadcrumbList\",\"@id\":\"https:\\\/\\\/serbia.com\\\/srpski\\\/event\\\/medunarodni-novogodisnji-vasar\\\/#breadcrumb\",\"itemListElement\":[{\"@type\":\"ListItem\",\"position\":1,\"name\":\"Home\",\"item\":\"https:\\\/\\\/serbia.com\\\/srpski\\\/srbija\\\/\"},{\"@type\":\"ListItem\",\"position\":2,\"name\":\"Events\",\"item\":\"https:\\\/\\\/serbia.com\\\/events\\\/\"},{\"@type\":\"ListItem\",\"position\":3,\"name\":\"Me\u0111unarodni novogodi\u0161nji va\u0161ar\"}]},{\"@type\":\"WebSite\",\"@id\":\"https:\\\/\\\/serbia.com\\\/#website\",\"url\":\"https:\\\/\\\/serbia.com\\\/\",\"name\":\"Serbia.com\",\"description\":\"Your Gateway to Serbia\",\"potentialAction\":[{\"@type\":\"SearchAction\",\"target\":{\"@type\":\"EntryPoint\",\"urlTemplate\":\"https:\\\/\\\/serbia.com\\\/?s={search_term_string}\"},\"query-input\":{\"@type\":\"PropertyValueSpecification\",\"valueRequired\":true,\"valueName\":\"search_term_string\"}}],\"inLanguage\":\"srpski\"}]}<\/script>\n<!-- \/ Yoast SEO plugin. -->","yoast_head_json":{"title":"Me\u0111unarodni novogodi\u0161nji va\u0161ar - Serbia.com","description":"Tradicionalni 53. Novogodi\u0161nji va\u0161ar na Beogradskom sajmu koji najavljuje kraj stare i dolazak Nove godine i predstavlja uvod u novogodi\u0161nje raspolo\u017eenje i veselje traja\u0107e od 14. do 30. decembra.","robots":{"index":"index","follow":"follow","max-snippet":"max-snippet:-1","max-image-preview":"max-image-preview:large","max-video-preview":"max-video-preview:-1"},"canonical":"https:\/\/serbia.com\/srpski\/event\/medunarodni-novogodisnji-vasar\/","og_locale":"en_US","og_type":"article","og_title":"Me\u0111unarodni novogodi\u0161nji va\u0161ar - Serbia.com","og_description":"Tradicionalni 53. Novogodi\u0161nji va\u0161ar na Beogradskom sajmu koji najavljuje kraj stare i dolazak Nove godine i predstavlja uvod u novogodi\u0161nje raspolo\u017eenje i veselje traja\u0107e od 14. do 30. decembra.","og_url":"https:\/\/serbia.com\/srpski\/event\/medunarodni-novogodisnji-vasar\/","og_site_name":"Serbia.com","article_modified_time":"2013-11-18T14:08:47+00:00","og_image":[{"width":200,"height":200,"url":"https:\/\/serbia.com\/wp-content\/uploads\/2013\/11\/vasar_2001.jpg","type":"image\/jpeg"}],"twitter_misc":{"Est. reading time":"1 minute"},"schema":{"@context":"https:\/\/schema.org","@graph":[{"@type":"WebPage","@id":"https:\/\/serbia.com\/srpski\/event\/medunarodni-novogodisnji-vasar\/","url":"https:\/\/serbia.com\/srpski\/event\/medunarodni-novogodisnji-vasar\/","name":"Me\u0111unarodni novogodi\u0161nji va\u0161ar - Serbia.com","isPartOf":{"@id":"https:\/\/serbia.com\/#website"},"primaryImageOfPage":{"@id":"https:\/\/serbia.com\/srpski\/event\/medunarodni-novogodisnji-vasar\/#primaryimage"},"image":{"@id":"https:\/\/serbia.com\/srpski\/event\/medunarodni-novogodisnji-vasar\/#primaryimage"},"thumbnailUrl":"https:\/\/serbia.com\/wp-content\/uploads\/2013\/11\/vasar_2001.jpg","datePublished":"2013-11-18T13:22:33+00:00","dateModified":"2013-11-18T14:08:47+00:00","description":"Tradicionalni 53. Novogodi\u0161nji va\u0161ar na Beogradskom sajmu koji najavljuje kraj stare i dolazak Nove godine i predstavlja uvod u novogodi\u0161nje raspolo\u017eenje i veselje traja\u0107e od 14. do 30. decembra.","breadcrumb":{"@id":"https:\/\/serbia.com\/srpski\/event\/medunarodni-novogodisnji-vasar\/#breadcrumb"},"inLanguage":"srpski","potentialAction":[{"@type":"ReadAction","target":["https:\/\/serbia.com\/srpski\/event\/medunarodni-novogodisnji-vasar\/"]}]},{"@type":"ImageObject","inLanguage":"srpski","@id":"https:\/\/serbia.com\/srpski\/event\/medunarodni-novogodisnji-vasar\/#primaryimage","url":"https:\/\/serbia.com\/wp-content\/uploads\/2013\/11\/vasar_2001.jpg","contentUrl":"https:\/\/serbia.com\/wp-content\/uploads\/2013\/11\/vasar_2001.jpg","width":200,"height":200},{"@type":"BreadcrumbList","@id":"https:\/\/serbia.com\/srpski\/event\/medunarodni-novogodisnji-vasar\/#breadcrumb","itemListElement":[{"@type":"ListItem","position":1,"name":"Home","item":"https:\/\/serbia.com\/srpski\/srbija\/"},{"@type":"ListItem","position":2,"name":"Events","item":"https:\/\/serbia.com\/events\/"},{"@type":"ListItem","position":3,"name":"Me\u0111unarodni novogodi\u0161nji va\u0161ar"}]},{"@type":"WebSite","@id":"https:\/\/serbia.com\/#website","url":"https:\/\/serbia.com\/","name":"Serbia.com","description":"Your Gateway to Serbia","potentialAction":[{"@type":"SearchAction","target":{"@type":"EntryPoint","urlTemplate":"https:\/\/serbia.com\/?s={search_term_string}"},"query-input":{"@type":"PropertyValueSpecification","valueRequired":true,"valueName":"search_term_string"}}],"inLanguage":"srpski"}]}},"_links":{"self":[{"href":"https:\/\/serbia.com\/srpski\/wp-json\/wp\/v2\/tribe_events\/12258","targetHints":{"allow":["GET"]}}],"collection":[{"href":"https:\/\/serbia.com\/srpski\/wp-json\/wp\/v2\/tribe_events"}],"about":[{"href":"https:\/\/serbia.com\/srpski\/wp-json\/wp\/v2\/types\/tribe_events"}],"author":[{"embeddable":true,"href":"https:\/\/serbia.com\/srpski\/wp-json\/wp\/v2\/users\/9"}],"version-history":[{"count":0,"href":"https:\/\/serbia.com\/srpski\/wp-json\/wp\/v2\/tribe_events\/12258\/revisions"}],"wp:featuredmedia":[{"embeddable":true,"href":"https:\/\/serbia.com\/srpski\/wp-json\/wp\/v2\/media\/12259"}],"wp:attachment":[{"href":"https:\/\/serbia.com\/srpski\/wp-json\/wp\/v2\/media?parent=12258"}],"wp:term":[{"taxonomy":"post_tag","embeddable":true,"href":"https:\/\/serbia.com\/srpski\/wp-json\/wp\/v2\/tags?post=12258"},{"taxonomy":"tribe_events_cat","embeddable":true,"href":"https:\/\/serbia.com\/srpski\/wp-json\/wp\/v2\/tribe_events_cat?post=12258"}],"curies":[{"name":"wp","href":"https:\/\/api.w.org\/{rel}","templated":true}]}}

Međunarodni novogodišnji vašar

<h2>Tradicionalni 53. Novogodišnji vašar na Beogradskom sajmu koji najavljuje kraj stare i dolazak Nove godine i predstavlja uvod u novogodišnje raspoloženje i veselje, trajaće od 14. do 30. decembra.</h2>
<p>Oko 380 izlagača iz zemlje i inostranstva izlagaće najraznovrsnije artikale robe široke potrošnje koje će moći da se kupe po znatno nižim cenama na 53. po redu Novogodišnjem vašaru. Osim toga, mnogo zabave očekuje posetioce Sajma.</p>
<p>Zabavni park tradicionalno zauzima centralnu poziciju u Hali 1. Oko 40 najmodernijih objekata za zabavu, namenjeno je deci i omladini, ali i starijima koji su raspoloženi za uživanje u uzbudljivim adrenalinskim vožnjama.</p>
<p>Deo zatvorenog i otvorenog prostora namenjen je restoranima i kafićima. Na otvorenom prostoru biće smeštene su i tezge sa konditorskim proizvodima, šećernom penom, ušećerenim voćem, krofnicama, ukrasima za jelku, raznobojnim helijumskim balonima.</p>
<p>&nbsp;</p>

<p>Tradicionalni 53. Novogodišnji vašar na Beogradskom sajmu koji najavljuje kraj stare i dolazak Nove godine i predstavlja uvod u novogodišnje raspoloženje i veselje, trajaće od 14. do 30. decembra. Oko [&hellip;]</p>

<!-- This site is optimized with the Yoast SEO plugin v27.4 - https://yoast.com/product/yoast-seo-wordpress/ -->
<title>Međunarodni novogodišnji vašar - Serbia.com</title>
<meta name="description" content="Tradicionalni 53. Novogodišnji vašar na Beogradskom sajmu koji najavljuje kraj stare i dolazak Nove godine i predstavlja uvod u novogodišnje raspoloženje i veselje trajaće od 14. do 30. decembra." />
<meta name="robots" content="index, follow, max-snippet:-1, max-image-preview:large, max-video-preview:-1" />
<link rel="canonical" href="https://serbia.com/srpski/event/medunarodni-novogodisnji-vasar/" />
<meta property="og:locale" content="en_US" />
<meta property="og:type" content="article" />
<meta property="og:title" content="Međunarodni novogodišnji vašar - Serbia.com" />
<meta property="og:description" content="Tradicionalni 53. Novogodišnji vašar na Beogradskom sajmu koji najavljuje kraj stare i dolazak Nove godine i predstavlja uvod u novogodišnje raspoloženje i veselje trajaće od 14. do 30. decembra." />
<meta property="og:url" content="https://serbia.com/srpski/event/medunarodni-novogodisnji-vasar/" />
<meta property="og:site_name" content="Serbia.com" />
<meta property="article:modified_time" content="2013-11-18T14:08:47+00:00" />
<meta property="og:image" content="https://serbia.com/wp-content/uploads/2013/11/vasar_2001.jpg" />
	<meta property="og:image:width" content="200" />
	<meta property="og:image:height" content="200" />
	<meta property="og:image:type" content="image/jpeg" />
<meta name="twitter:label1" content="Est. reading time" />
	<meta name="twitter:data1" content="1 minute" />
<script type="application/ld+json" class="yoast-schema-graph">{"@context":"https:\/\/schema.org","@graph":[{"@type":"WebPage","@id":"https:\/\/serbia.com\/srpski\/event\/medunarodni-novogodisnji-vasar\/","url":"https:\/\/serbia.com\/srpski\/event\/medunarodni-novogodisnji-vasar\/","name":"Međunarodni novogodišnji vašar - Serbia.com","isPartOf":{"@id":"https:\/\/serbia.com\/#website"},"primaryImageOfPage":{"@id":"https:\/\/serbia.com\/srpski\/event\/medunarodni-novogodisnji-vasar\/#primaryimage"},"image":{"@id":"https:\/\/serbia.com\/srpski\/event\/medunarodni-novogodisnji-vasar\/#primaryimage"},"thumbnailUrl":"https:\/\/serbia.com\/wp-content\/uploads\/2013\/11\/vasar_2001.jpg","datePublished":"2013-11-18T13:22:33+00:00","dateModified":"2013-11-18T14:08:47+00:00","description":"Tradicionalni 53. Novogodišnji vašar na Beogradskom sajmu koji najavljuje kraj stare i dolazak Nove godine i predstavlja uvod u novogodišnje raspoloženje i veselje trajaće od 14. do 30. decembra.","breadcrumb":{"@id":"https:\/\/serbia.com\/srpski\/event\/medunarodni-novogodisnji-vasar\/#breadcrumb"},"inLanguage":"srpski","potentialAction":[{"@type":"ReadAction","target":["https:\/\/serbia.com\/srpski\/event\/medunarodni-novogodisnji-vasar\/"]}]},{"@type":"ImageObject","inLanguage":"srpski","@id":"https:\/\/serbia.com\/srpski\/event\/medunarodni-novogodisnji-vasar\/#primaryimage","url":"https:\/\/serbia.com\/wp-content\/uploads\/2013\/11\/vasar_2001.jpg","contentUrl":"https:\/\/serbia.com\/wp-content\/uploads\/2013\/11\/vasar_2001.jpg","width":200,"height":200},{"@type":"BreadcrumbList","@id":"https:\/\/serbia.com\/srpski\/event\/medunarodni-novogodisnji-vasar\/#breadcrumb","itemListElement":[{"@type":"ListItem","position":1,"name":"Home","item":"https:\/\/serbia.com\/srpski\/srbija\/"},{"@type":"ListItem","position":2,"name":"Events","item":"https:\/\/serbia.com\/events\/"},{"@type":"ListItem","position":3,"name":"Međunarodni novogodišnji vašar"}]},{"@type":"WebSite","@id":"https:\/\/serbia.com\/#website","url":"https:\/\/serbia.com\/","name":"Serbia.com","description":"Your Gateway to Serbia","potentialAction":[{"@type":"SearchAction","target":{"@type":"EntryPoint","urlTemplate":"https:\/\/serbia.com\/?s={search_term_string}"},"query-input":{"@type":"PropertyValueSpecification","valueRequired":true,"valueName":"search_term_string"}}],"inLanguage":"srpski"}]}</script>
<!-- / Yoast SEO plugin. -->

Međunarodni novogodišnji vašar - Serbia.com

Tradicionalni 53. Novogodišnji vašar na Beogradskom sajmu koji najavljuje kraj stare i dolazak Nove godine i predstavlja uvod u novogodišnje raspoloženje i veselje trajaće od 14. do 30. decembra.
