{"id":11823,"date":"2013-10-09T12:25:15","date_gmt":"2013-10-09T10:25:15","guid":{"rendered":"http:\/\/www.serbia.com\/?post_type=tribe_events&#038;p=11823"},"modified":"2013-10-09T12:25:55","modified_gmt":"2013-10-09T10:25:55","slug":"58-beogradski-sajam-knjiga","status":"publish","type":"tribe_events","link":"https:\/\/serbia.com\/srpski\/event\/58-beogradski-sajam-knjiga\/","title":{"rendered":"58. Beogradski sajam knjiga"},"content":{"rendered":"<h2>Od 20. do 27. oktobra odr\u017eava se 58. Beogradski sajam knjiga na Beogradskom sajmu. Po\u010dasni gost Beogradkog sajma knjiga je Poljska.<\/h2>\n<p>Izlaga\u010dki koncept i ove godine obuhvata savremenu svetsku i doma\u0107u izdava\u010dku produkciju, predstavljanje pisaca, promocije knjiga i druge prate\u0107e programe. Na Sajmu knjiga \u0107e se predstaviti oko 500 izlaga\u010da, od toga oko 60 iz inostranstva.<\/p>\n<figure id=\"attachment_11825\" aria-describedby=\"caption-attachment-11825\" style=\"width: 480px\" class=\"wp-caption alignright\"><a href=\"http:\/\/www.serbia.com\/wp-content\/uploads\/2013\/10\/Sajam-knjiga-za-text1.jpg\"><img loading=\"lazy\" decoding=\"async\" class=\" wp-image-11825\" alt=\"Sajam-knjiga-za-text\" src=\"http:\/\/www.serbia.com\/wp-content\/uploads\/2013\/10\/Sajam-knjiga-za-text1.jpg\" width=\"480\" height=\"320\" srcset=\"https:\/\/serbia.com\/wp-content\/uploads\/2013\/10\/Sajam-knjiga-za-text1.jpg 800w, https:\/\/serbia.com\/wp-content\/uploads\/2013\/10\/Sajam-knjiga-za-text1-300x199.jpg 300w\" sizes=\"auto, (max-width: 480px) 100vw, 480px\" \/><\/a><figcaption id=\"caption-attachment-11825\" class=\"wp-caption-text\">Beogradski sajam knjiga<\/figcaption><\/figure>\n<p>U ime po\u010dasnog gosta Sajmu knjiga \u0107e se obratiti poznata poljska knji\u017eevnica srednje generacije Olga Tokar\u010duk.<\/p>\n<p>I ove godine bi\u0107e dodeljene nagrade izdava\u010du godine, kao i nagrade za izdava\u010dki poduhvat i za najbolju de\u010dju knjigu. Pored tradicionalnih nagrada za izdava\u0161tvo, dodeljuje se i nagrada \u201eDositej Obradovi\u0107\u201d stranom izdava\u010du sa kontinuiranim doprinosom u objavljivanju i promociji srpske knji\u017eevnosti.<\/p>\n<p>Poslednjeg dana sajma, \u201cotvorena knjiga\u201d bi\u0107e predata predstavniku Kine, koja \u0107e biti po\u010dasni gost 59. Me\u0111unarodnog beogradskog sajma knjiga 2014. godine<\/p>\n<p>Kao i svake godine jedan dan bi\u0107e posve\u0107en \u0161kolarcima i studentima, a jedan porodicama.<\/p>\n<p><strong>Cena pojedina\u010dnih ulaznica<\/strong> je 250 din, a <strong>grupne<\/strong> 150 din.<\/p>\n<p><strong>Radno vreme sajma<\/strong> je od 10h do 21h.<\/p>\n<p>&nbsp;<\/p>\n<p>Za vi\u0161e informacija posetite zvani\u010dni sajt Beogradskog sajma knjiga: <a href=\"http:\/\/www.beogradskisajamknjiga.com\/active\/sr-latin\/home.html\" target=\"_blank\">www.beogradskisajamknjiga.com\/active\/sr-latin\/home<\/a><\/p>\n<p>Fotografija: www.beogradskisajamknjiga.com<\/p>\n","protected":false},"excerpt":{"rendered":"<p>Od 20. do 27. oktobra odr\u017eava se 58. Beogradski sajam knjiga na Beogradskom sajmu. Po\u010dasni gost Beogradkog sajma knjiga je Poljska. Izlaga\u010dki koncept i ove godine obuhvata savremenu svetsku i [&hellip;]<\/p>\n","protected":false},"author":9,"featured_media":11824,"template":"","meta":{"_acf_changed":false,"inline_featured_image":false,"_monsterinsights_skip_tracking":false,"_monsterinsights_sitenote_active":false,"_monsterinsights_sitenote_note":"","_monsterinsights_sitenote_category":0,"_tribe_events_status":"","_tribe_events_status_reason":"","footnotes":""},"tags":[],"tribe_events_cat":[],"class_list":["post-11823","tribe_events","type-tribe_events","status-publish","has-post-thumbnail","hentry"],"acf":[],"yoast_head":"<!-- This site is optimized with the Yoast SEO plugin v27.4 - https:\/\/yoast.com\/product\/yoast-seo-wordpress\/ -->\n<title>58. Beogradski sajam knjiga - Serbia.com<\/title>\n<meta name=\"description\" content=\"Od 20. do 27. oktobra odr\u017eava se 58. Beogradski sajam knjiga na Beogradskom sajmu. Po\u010dasni gost Beogradkog sajma knjiga je Poljska.\" \/>\n<meta name=\"robots\" content=\"index, follow, max-snippet:-1, max-image-preview:large, max-video-preview:-1\" \/>\n<link rel=\"canonical\" href=\"https:\/\/serbia.com\/srpski\/event\/58-beogradski-sajam-knjiga\/\" \/>\n<meta property=\"og:locale\" content=\"en_US\" \/>\n<meta property=\"og:type\" content=\"article\" \/>\n<meta property=\"og:title\" content=\"58. Beogradski sajam knjiga - Serbia.com\" \/>\n<meta property=\"og:description\" content=\"Od 20. do 27. oktobra odr\u017eava se 58. Beogradski sajam knjiga na Beogradskom sajmu. Po\u010dasni gost Beogradkog sajma knjiga je Poljska.\" \/>\n<meta property=\"og:url\" content=\"https:\/\/serbia.com\/srpski\/event\/58-beogradski-sajam-knjiga\/\" \/>\n<meta property=\"og:site_name\" content=\"Serbia.com\" \/>\n<meta property=\"article:modified_time\" content=\"2013-10-09T10:25:55+00:00\" \/>\n<meta property=\"og:image\" content=\"https:\/\/serbia.com\/wp-content\/uploads\/2013\/10\/logo_20131.png\" \/>\n\t<meta property=\"og:image:width\" content=\"151\" \/>\n\t<meta property=\"og:image:height\" content=\"134\" \/>\n\t<meta property=\"og:image:type\" content=\"image\/png\" \/>\n<meta name=\"twitter:label1\" content=\"Est. reading time\" \/>\n\t<meta name=\"twitter:data1\" content=\"1 minute\" \/>\n<script type=\"application\/ld+json\" class=\"yoast-schema-graph\">{\"@context\":\"https:\\\/\\\/schema.org\",\"@graph\":[{\"@type\":\"WebPage\",\"@id\":\"https:\\\/\\\/serbia.com\\\/srpski\\\/event\\\/58-beogradski-sajam-knjiga\\\/\",\"url\":\"https:\\\/\\\/serbia.com\\\/srpski\\\/event\\\/58-beogradski-sajam-knjiga\\\/\",\"name\":\"58. Beogradski sajam knjiga - Serbia.com\",\"isPartOf\":{\"@id\":\"https:\\\/\\\/serbia.com\\\/#website\"},\"primaryImageOfPage\":{\"@id\":\"https:\\\/\\\/serbia.com\\\/srpski\\\/event\\\/58-beogradski-sajam-knjiga\\\/#primaryimage\"},\"image\":{\"@id\":\"https:\\\/\\\/serbia.com\\\/srpski\\\/event\\\/58-beogradski-sajam-knjiga\\\/#primaryimage\"},\"thumbnailUrl\":\"https:\\\/\\\/serbia.com\\\/wp-content\\\/uploads\\\/2013\\\/10\\\/logo_20131.png\",\"datePublished\":\"2013-10-09T10:25:15+00:00\",\"dateModified\":\"2013-10-09T10:25:55+00:00\",\"description\":\"Od 20. do 27. oktobra odr\u017eava se 58. Beogradski sajam knjiga na Beogradskom sajmu. Po\u010dasni gost Beogradkog sajma knjiga je Poljska.\",\"breadcrumb\":{\"@id\":\"https:\\\/\\\/serbia.com\\\/srpski\\\/event\\\/58-beogradski-sajam-knjiga\\\/#breadcrumb\"},\"inLanguage\":\"srpski\",\"potentialAction\":[{\"@type\":\"ReadAction\",\"target\":[\"https:\\\/\\\/serbia.com\\\/srpski\\\/event\\\/58-beogradski-sajam-knjiga\\\/\"]}]},{\"@type\":\"ImageObject\",\"inLanguage\":\"srpski\",\"@id\":\"https:\\\/\\\/serbia.com\\\/srpski\\\/event\\\/58-beogradski-sajam-knjiga\\\/#primaryimage\",\"url\":\"https:\\\/\\\/serbia.com\\\/wp-content\\\/uploads\\\/2013\\\/10\\\/logo_20131.png\",\"contentUrl\":\"https:\\\/\\\/serbia.com\\\/wp-content\\\/uploads\\\/2013\\\/10\\\/logo_20131.png\",\"width\":151,\"height\":134},{\"@type\":\"BreadcrumbList\",\"@id\":\"https:\\\/\\\/serbia.com\\\/srpski\\\/event\\\/58-beogradski-sajam-knjiga\\\/#breadcrumb\",\"itemListElement\":[{\"@type\":\"ListItem\",\"position\":1,\"name\":\"Home\",\"item\":\"https:\\\/\\\/serbia.com\\\/srpski\\\/srbija\\\/\"},{\"@type\":\"ListItem\",\"position\":2,\"name\":\"Events\",\"item\":\"https:\\\/\\\/serbia.com\\\/events\\\/\"},{\"@type\":\"ListItem\",\"position\":3,\"name\":\"58. Beogradski sajam knjiga\"}]},{\"@type\":\"WebSite\",\"@id\":\"https:\\\/\\\/serbia.com\\\/#website\",\"url\":\"https:\\\/\\\/serbia.com\\\/\",\"name\":\"Serbia.com\",\"description\":\"Your Gateway to Serbia\",\"potentialAction\":[{\"@type\":\"SearchAction\",\"target\":{\"@type\":\"EntryPoint\",\"urlTemplate\":\"https:\\\/\\\/serbia.com\\\/?s={search_term_string}\"},\"query-input\":{\"@type\":\"PropertyValueSpecification\",\"valueRequired\":true,\"valueName\":\"search_term_string\"}}],\"inLanguage\":\"srpski\"}]}<\/script>\n<!-- \/ Yoast SEO plugin. -->","yoast_head_json":{"title":"58. Beogradski sajam knjiga - Serbia.com","description":"Od 20. do 27. oktobra odr\u017eava se 58. Beogradski sajam knjiga na Beogradskom sajmu. Po\u010dasni gost Beogradkog sajma knjiga je Poljska.","robots":{"index":"index","follow":"follow","max-snippet":"max-snippet:-1","max-image-preview":"max-image-preview:large","max-video-preview":"max-video-preview:-1"},"canonical":"https:\/\/serbia.com\/srpski\/event\/58-beogradski-sajam-knjiga\/","og_locale":"en_US","og_type":"article","og_title":"58. Beogradski sajam knjiga - Serbia.com","og_description":"Od 20. do 27. oktobra odr\u017eava se 58. Beogradski sajam knjiga na Beogradskom sajmu. Po\u010dasni gost Beogradkog sajma knjiga je Poljska.","og_url":"https:\/\/serbia.com\/srpski\/event\/58-beogradski-sajam-knjiga\/","og_site_name":"Serbia.com","article_modified_time":"2013-10-09T10:25:55+00:00","og_image":[{"width":151,"height":134,"url":"https:\/\/serbia.com\/wp-content\/uploads\/2013\/10\/logo_20131.png","type":"image\/png"}],"twitter_misc":{"Est. reading time":"1 minute"},"schema":{"@context":"https:\/\/schema.org","@graph":[{"@type":"WebPage","@id":"https:\/\/serbia.com\/srpski\/event\/58-beogradski-sajam-knjiga\/","url":"https:\/\/serbia.com\/srpski\/event\/58-beogradski-sajam-knjiga\/","name":"58. Beogradski sajam knjiga - Serbia.com","isPartOf":{"@id":"https:\/\/serbia.com\/#website"},"primaryImageOfPage":{"@id":"https:\/\/serbia.com\/srpski\/event\/58-beogradski-sajam-knjiga\/#primaryimage"},"image":{"@id":"https:\/\/serbia.com\/srpski\/event\/58-beogradski-sajam-knjiga\/#primaryimage"},"thumbnailUrl":"https:\/\/serbia.com\/wp-content\/uploads\/2013\/10\/logo_20131.png","datePublished":"2013-10-09T10:25:15+00:00","dateModified":"2013-10-09T10:25:55+00:00","description":"Od 20. do 27. oktobra odr\u017eava se 58. Beogradski sajam knjiga na Beogradskom sajmu. Po\u010dasni gost Beogradkog sajma knjiga je Poljska.","breadcrumb":{"@id":"https:\/\/serbia.com\/srpski\/event\/58-beogradski-sajam-knjiga\/#breadcrumb"},"inLanguage":"srpski","potentialAction":[{"@type":"ReadAction","target":["https:\/\/serbia.com\/srpski\/event\/58-beogradski-sajam-knjiga\/"]}]},{"@type":"ImageObject","inLanguage":"srpski","@id":"https:\/\/serbia.com\/srpski\/event\/58-beogradski-sajam-knjiga\/#primaryimage","url":"https:\/\/serbia.com\/wp-content\/uploads\/2013\/10\/logo_20131.png","contentUrl":"https:\/\/serbia.com\/wp-content\/uploads\/2013\/10\/logo_20131.png","width":151,"height":134},{"@type":"BreadcrumbList","@id":"https:\/\/serbia.com\/srpski\/event\/58-beogradski-sajam-knjiga\/#breadcrumb","itemListElement":[{"@type":"ListItem","position":1,"name":"Home","item":"https:\/\/serbia.com\/srpski\/srbija\/"},{"@type":"ListItem","position":2,"name":"Events","item":"https:\/\/serbia.com\/events\/"},{"@type":"ListItem","position":3,"name":"58. Beogradski sajam knjiga"}]},{"@type":"WebSite","@id":"https:\/\/serbia.com\/#website","url":"https:\/\/serbia.com\/","name":"Serbia.com","description":"Your Gateway to Serbia","potentialAction":[{"@type":"SearchAction","target":{"@type":"EntryPoint","urlTemplate":"https:\/\/serbia.com\/?s={search_term_string}"},"query-input":{"@type":"PropertyValueSpecification","valueRequired":true,"valueName":"search_term_string"}}],"inLanguage":"srpski"}]}},"_links":{"self":[{"href":"https:\/\/serbia.com\/srpski\/wp-json\/wp\/v2\/tribe_events\/11823","targetHints":{"allow":["GET"]}}],"collection":[{"href":"https:\/\/serbia.com\/srpski\/wp-json\/wp\/v2\/tribe_events"}],"about":[{"href":"https:\/\/serbia.com\/srpski\/wp-json\/wp\/v2\/types\/tribe_events"}],"author":[{"embeddable":true,"href":"https:\/\/serbia.com\/srpski\/wp-json\/wp\/v2\/users\/9"}],"version-history":[{"count":0,"href":"https:\/\/serbia.com\/srpski\/wp-json\/wp\/v2\/tribe_events\/11823\/revisions"}],"wp:featuredmedia":[{"embeddable":true,"href":"https:\/\/serbia.com\/srpski\/wp-json\/wp\/v2\/media\/11824"}],"wp:attachment":[{"href":"https:\/\/serbia.com\/srpski\/wp-json\/wp\/v2\/media?parent=11823"}],"wp:term":[{"taxonomy":"post_tag","embeddable":true,"href":"https:\/\/serbia.com\/srpski\/wp-json\/wp\/v2\/tags?post=11823"},{"taxonomy":"tribe_events_cat","embeddable":true,"href":"https:\/\/serbia.com\/srpski\/wp-json\/wp\/v2\/tribe_events_cat?post=11823"}],"curies":[{"name":"wp","href":"https:\/\/api.w.org\/{rel}","templated":true}]}}

<h2>Od 20. do 27. oktobra održava se 58. Beogradski sajam knjiga na Beogradskom sajmu. Počasni gost Beogradkog sajma knjiga je Poljska.</h2>
<p>Izlagački koncept i ove godine obuhvata savremenu svetsku i domaću izdavačku produkciju, predstavljanje pisaca, promocije knjiga i druge prateće programe. Na Sajmu knjiga će se predstaviti oko 500 izlagača, od toga oko 60 iz inostranstva.</p>
<figure id="attachment_11825" aria-describedby="caption-attachment-11825" style="width: 480px" class="wp-caption alignright"><a href="http://www.serbia.com/wp-content/uploads/2013/10/Sajam-knjiga-za-text1.jpg"><img loading="lazy" decoding="async" class=" wp-image-11825" alt="Sajam-knjiga-za-text" src="http://www.serbia.com/wp-content/uploads/2013/10/Sajam-knjiga-za-text1.jpg" width="480" height="320" srcset="https://serbia.com/wp-content/uploads/2013/10/Sajam-knjiga-za-text1.jpg 800w, https://serbia.com/wp-content/uploads/2013/10/Sajam-knjiga-za-text1-300x199.jpg 300w" sizes="auto, (max-width: 480px) 100vw, 480px" /></a><figcaption id="caption-attachment-11825" class="wp-caption-text">Beogradski sajam knjiga</figcaption></figure>
<p>U ime počasnog gosta Sajmu knjiga će se obratiti poznata poljska književnica srednje generacije Olga Tokarčuk.</p>
<p>I ove godine biće dodeljene nagrade izdavaču godine, kao i nagrade za izdavački poduhvat i za najbolju dečju knjigu. Pored tradicionalnih nagrada za izdavaštvo, dodeljuje se i nagrada „Dositej Obradović” stranom izdavaču sa kontinuiranim doprinosom u objavljivanju i promociji srpske književnosti.</p>
<p>Poslednjeg dana sajma, “otvorena knjiga” biće predata predstavniku Kine, koja će biti počasni gost 59. Međunarodnog beogradskog sajma knjiga 2014. godine</p>
<p>Kao i svake godine jedan dan biće posvećen školarcima i studentima, a jedan porodicama.</p>
<p><strong>Cena pojedinačnih ulaznica</strong> je 250 din, a <strong>grupne</strong> 150 din.</p>
<p><strong>Radno vreme sajma</strong> je od 10h do 21h.</p>
<p>&nbsp;</p>
<p>Za više informacija posetite zvanični sajt Beogradskog sajma knjiga: <a href="http://www.beogradskisajamknjiga.com/active/sr-latin/home.html" target="_blank">www.beogradskisajamknjiga.com/active/sr-latin/home</a></p>
<p>Fotografija: www.beogradskisajamknjiga.com</p>

<p>Od 20. do 27. oktobra održava se 58. Beogradski sajam knjiga na Beogradskom sajmu. Počasni gost Beogradkog sajma knjiga je Poljska. Izlagački koncept i ove godine obuhvata savremenu svetsku i [&hellip;]</p>

<!-- This site is optimized with the Yoast SEO plugin v27.4 - https://yoast.com/product/yoast-seo-wordpress/ -->
<title>58. Beogradski sajam knjiga - Serbia.com</title>
<meta name="description" content="Od 20. do 27. oktobra održava se 58. Beogradski sajam knjiga na Beogradskom sajmu. Počasni gost Beogradkog sajma knjiga je Poljska." />
<meta name="robots" content="index, follow, max-snippet:-1, max-image-preview:large, max-video-preview:-1" />
<link rel="canonical" href="https://serbia.com/srpski/event/58-beogradski-sajam-knjiga/" />
<meta property="og:locale" content="en_US" />
<meta property="og:type" content="article" />
<meta property="og:title" content="58. Beogradski sajam knjiga - Serbia.com" />
<meta property="og:description" content="Od 20. do 27. oktobra održava se 58. Beogradski sajam knjiga na Beogradskom sajmu. Počasni gost Beogradkog sajma knjiga je Poljska." />
<meta property="og:url" content="https://serbia.com/srpski/event/58-beogradski-sajam-knjiga/" />
<meta property="og:site_name" content="Serbia.com" />
<meta property="article:modified_time" content="2013-10-09T10:25:55+00:00" />
<meta property="og:image" content="https://serbia.com/wp-content/uploads/2013/10/logo_20131.png" />
	<meta property="og:image:width" content="151" />
	<meta property="og:image:height" content="134" />
	<meta property="og:image:type" content="image/png" />
<meta name="twitter:label1" content="Est. reading time" />
	<meta name="twitter:data1" content="1 minute" />
<script type="application/ld+json" class="yoast-schema-graph">{"@context":"https:\/\/schema.org","@graph":[{"@type":"WebPage","@id":"https:\/\/serbia.com\/srpski\/event\/58-beogradski-sajam-knjiga\/","url":"https:\/\/serbia.com\/srpski\/event\/58-beogradski-sajam-knjiga\/","name":"58. Beogradski sajam knjiga - Serbia.com","isPartOf":{"@id":"https:\/\/serbia.com\/#website"},"primaryImageOfPage":{"@id":"https:\/\/serbia.com\/srpski\/event\/58-beogradski-sajam-knjiga\/#primaryimage"},"image":{"@id":"https:\/\/serbia.com\/srpski\/event\/58-beogradski-sajam-knjiga\/#primaryimage"},"thumbnailUrl":"https:\/\/serbia.com\/wp-content\/uploads\/2013\/10\/logo_20131.png","datePublished":"2013-10-09T10:25:15+00:00","dateModified":"2013-10-09T10:25:55+00:00","description":"Od 20. do 27. oktobra održava se 58. Beogradski sajam knjiga na Beogradskom sajmu. Počasni gost Beogradkog sajma knjiga je Poljska.","breadcrumb":{"@id":"https:\/\/serbia.com\/srpski\/event\/58-beogradski-sajam-knjiga\/#breadcrumb"},"inLanguage":"srpski","potentialAction":[{"@type":"ReadAction","target":["https:\/\/serbia.com\/srpski\/event\/58-beogradski-sajam-knjiga\/"]}]},{"@type":"ImageObject","inLanguage":"srpski","@id":"https:\/\/serbia.com\/srpski\/event\/58-beogradski-sajam-knjiga\/#primaryimage","url":"https:\/\/serbia.com\/wp-content\/uploads\/2013\/10\/logo_20131.png","contentUrl":"https:\/\/serbia.com\/wp-content\/uploads\/2013\/10\/logo_20131.png","width":151,"height":134},{"@type":"BreadcrumbList","@id":"https:\/\/serbia.com\/srpski\/event\/58-beogradski-sajam-knjiga\/#breadcrumb","itemListElement":[{"@type":"ListItem","position":1,"name":"Home","item":"https:\/\/serbia.com\/srpski\/srbija\/"},{"@type":"ListItem","position":2,"name":"Events","item":"https:\/\/serbia.com\/events\/"},{"@type":"ListItem","position":3,"name":"58. Beogradski sajam knjiga"}]},{"@type":"WebSite","@id":"https:\/\/serbia.com\/#website","url":"https:\/\/serbia.com\/","name":"Serbia.com","description":"Your Gateway to Serbia","potentialAction":[{"@type":"SearchAction","target":{"@type":"EntryPoint","urlTemplate":"https:\/\/serbia.com\/?s={search_term_string}"},"query-input":{"@type":"PropertyValueSpecification","valueRequired":true,"valueName":"search_term_string"}}],"inLanguage":"srpski"}]}</script>
<!-- / Yoast SEO plugin. -->

Od 20. do 27. oktobra održava se 58. Beogradski sajam knjiga na Beogradskom sajmu. Počasni gost Beogradkog sajma knjiga je Poljska.
