{"id":11638,"date":"2013-09-19T14:04:59","date_gmt":"2013-09-19T12:04:59","guid":{"rendered":"http:\/\/www.serbia.com\/?post_type=tribe_events&#038;p=11638"},"modified":"2013-09-19T14:04:59","modified_gmt":"2013-09-19T12:04:59","slug":"54-oktobarski-salon-2","status":"publish","type":"tribe_events","link":"https:\/\/serbia.com\/srpski\/event\/54-oktobarski-salon-2\/","title":{"rendered":"54. Oktobarski salon"},"content":{"rendered":"<h2>Oktobarski salon, najve\u0107a me\u0111unarodna izlo\u017eba savremene umetnosti u Srbiji, odr\u017eava se po 54. put od 11. oktobra do 17. novembra pod sloganom &#8220;Niko ne pripada tu vi\u0161e nego ti&#8221;. Mesto odr\u017eavanje ovogodi\u0161njeg Oktobarskog salona je robna ku\u0107a &#8220;Kluz&#8221;, Zepter Expo.<\/h2>\n<p>Na ovogodi\u0161njem Oktobarskom salonu u\u010destvova\u0107e oko 40 umetnika iz Finske, Nema\u010dke, \u0160vedske, Slova\u010dke, Turske, Bugarske, Hrvatske, Estonije, Holandije, Velike Britanije i Srbije.<\/p>\n<p>Radovi u\u010desnika 54. Salona predstavi\u0107e fuziju razli\u010ditih oblasti umetnosti \u2013 skulpture, instalacije, filmove, slike, fotografije, pri\u010de, eseje, intervjue, stripove, dokumente, istra\u017eivanja, javne diskusije i umetni\u010dke intervencije, kao i jedan \u010ditav parlament.<\/p>\n<p>Koncept i struktura me\u0111unarodne izlo\u017ebe savremene umetnosti Niko ne pripada tu vi\u0161e nego ti zasnovani su na specifi\u010dnom i utemeljenom razumevanju singularnih subjektivnosti, kolektivno povezanim i usmerenim ka spolja kroz feministi\u010dki koncept \u2018odr\u017eivosti\u2019. Koncept ovogodi\u0161njeg Salona je osmislia feministi\u010dka kustoska grupa Red Min(e)d.<\/p>\n<p>Oktobarski salon je manifestacija koju je 1960. godine osnovao Grad Beograd kao izlo\u017ebu najboljih ostvarenja iz oblasti likovnih i primenjenih umetnosti lokalnog karatkera, a po ugledu na izlo\u017ebe Pariskog salona. Oktobarski salon je jedna od najstarijih manifestacija iz oblasti vizuelnih umetnosti u Srbiji, koja je kroz vi\u0161egodi\u0161nju veoma dinami\u010dnu transformaciju prerasla od lokalne revijalne izlo\u017ebe do me\u0111unarodne manifestacije sa izrazitim autorskim karakterom. Oktobarski salon tokom \u0161est nedelja trajanja poseti oko pedeset hiljada ljudi.<\/p>\n<p>Za vi\u0161e informacija posetite zvani\u010dni portal Oktobarskog salona: <a href=\"http:\/\/54.oktobarskisalon.org\/\" target=\"_blank\">54.oktobarskisalon.org<\/a><\/p>\n<p>&nbsp;<\/p>\n","protected":false},"excerpt":{"rendered":"<p>Oktobarski salon, najve\u0107a me\u0111unarodna izlo\u017eba savremene umetnosti u Srbiji, odr\u017eava se po 54. put od 11. oktobra do 17. novembra pod sloganom &#8220;Niko ne pripada tu vi\u0161e nego ti&#8221;. Mesto [&hellip;]<\/p>\n","protected":false},"author":9,"featured_media":11639,"template":"","meta":{"_acf_changed":false,"inline_featured_image":false,"_monsterinsights_skip_tracking":false,"_monsterinsights_sitenote_active":false,"_monsterinsights_sitenote_note":"","_monsterinsights_sitenote_category":0,"_tribe_events_status":"","_tribe_events_status_reason":"","footnotes":""},"tags":[],"tribe_events_cat":[],"class_list":["post-11638","tribe_events","type-tribe_events","status-publish","has-post-thumbnail","hentry"],"acf":[],"yoast_head":"<!-- This site is optimized with the Yoast SEO plugin v27.4 - https:\/\/yoast.com\/product\/yoast-seo-wordpress\/ -->\n<title>54. Oktobarski salon<\/title>\n<meta name=\"description\" content=\"Oktobarski salon, najve\u0107a me\u0111unarodna izlo\u017eba savremene umetnosti u Srbiji, odr\u017eava se po 54. put od 11. oktobra do 17. novembra pod sloganom &quot;Niko ne pripada tu vi\u0161e nego ti&quot;. Mesto odr\u017eavanje ovogodi\u0161njeg Oktobarskog salona je robna ku\u0107a &quot;Kluz&quot;, Zepter Expo.\" \/>\n<meta name=\"robots\" content=\"index, follow, max-snippet:-1, max-image-preview:large, max-video-preview:-1\" \/>\n<link rel=\"canonical\" href=\"https:\/\/serbia.com\/srpski\/event\/54-oktobarski-salon-2\/\" \/>\n<meta property=\"og:locale\" content=\"en_US\" \/>\n<meta property=\"og:type\" content=\"article\" \/>\n<meta property=\"og:title\" content=\"54. Oktobarski salon\" \/>\n<meta property=\"og:description\" content=\"Oktobarski salon, najve\u0107a me\u0111unarodna izlo\u017eba savremene umetnosti u Srbiji, odr\u017eava se po 54. put od 11. oktobra do 17. novembra pod sloganom &quot;Niko ne pripada tu vi\u0161e nego ti&quot;. Mesto odr\u017eavanje ovogodi\u0161njeg Oktobarskog salona je robna ku\u0107a &quot;Kluz&quot;, Zepter Expo.\" \/>\n<meta property=\"og:url\" content=\"https:\/\/serbia.com\/srpski\/event\/54-oktobarski-salon-2\/\" \/>\n<meta property=\"og:site_name\" content=\"Serbia.com\" \/>\n<meta property=\"og:image\" content=\"https:\/\/serbia.com\/wp-content\/uploads\/2013\/09\/oktobar3.jpg\" \/>\n\t<meta property=\"og:image:width\" content=\"300\" \/>\n\t<meta property=\"og:image:height\" content=\"311\" \/>\n\t<meta property=\"og:image:type\" content=\"image\/jpeg\" \/>\n<meta name=\"twitter:label1\" content=\"Est. reading time\" \/>\n\t<meta name=\"twitter:data1\" content=\"1 minute\" \/>\n<script type=\"application\/ld+json\" class=\"yoast-schema-graph\">{\"@context\":\"https:\\\/\\\/schema.org\",\"@graph\":[{\"@type\":\"WebPage\",\"@id\":\"https:\\\/\\\/serbia.com\\\/srpski\\\/event\\\/54-oktobarski-salon-2\\\/\",\"url\":\"https:\\\/\\\/serbia.com\\\/srpski\\\/event\\\/54-oktobarski-salon-2\\\/\",\"name\":\"54. Oktobarski salon\",\"isPartOf\":{\"@id\":\"https:\\\/\\\/serbia.com\\\/#website\"},\"primaryImageOfPage\":{\"@id\":\"https:\\\/\\\/serbia.com\\\/srpski\\\/event\\\/54-oktobarski-salon-2\\\/#primaryimage\"},\"image\":{\"@id\":\"https:\\\/\\\/serbia.com\\\/srpski\\\/event\\\/54-oktobarski-salon-2\\\/#primaryimage\"},\"thumbnailUrl\":\"https:\\\/\\\/serbia.com\\\/wp-content\\\/uploads\\\/2013\\\/09\\\/oktobar3.jpg\",\"datePublished\":\"2013-09-19T12:04:59+00:00\",\"description\":\"Oktobarski salon, najve\u0107a me\u0111unarodna izlo\u017eba savremene umetnosti u Srbiji, odr\u017eava se po 54. put od 11. oktobra do 17. novembra pod sloganom \\\"Niko ne pripada tu vi\u0161e nego ti\\\". Mesto odr\u017eavanje ovogodi\u0161njeg Oktobarskog salona je robna ku\u0107a \\\"Kluz\\\", Zepter Expo.\",\"breadcrumb\":{\"@id\":\"https:\\\/\\\/serbia.com\\\/srpski\\\/event\\\/54-oktobarski-salon-2\\\/#breadcrumb\"},\"inLanguage\":\"srpski\",\"potentialAction\":[{\"@type\":\"ReadAction\",\"target\":[\"https:\\\/\\\/serbia.com\\\/srpski\\\/event\\\/54-oktobarski-salon-2\\\/\"]}]},{\"@type\":\"ImageObject\",\"inLanguage\":\"srpski\",\"@id\":\"https:\\\/\\\/serbia.com\\\/srpski\\\/event\\\/54-oktobarski-salon-2\\\/#primaryimage\",\"url\":\"https:\\\/\\\/serbia.com\\\/wp-content\\\/uploads\\\/2013\\\/09\\\/oktobar3.jpg\",\"contentUrl\":\"https:\\\/\\\/serbia.com\\\/wp-content\\\/uploads\\\/2013\\\/09\\\/oktobar3.jpg\",\"width\":300,\"height\":311},{\"@type\":\"BreadcrumbList\",\"@id\":\"https:\\\/\\\/serbia.com\\\/srpski\\\/event\\\/54-oktobarski-salon-2\\\/#breadcrumb\",\"itemListElement\":[{\"@type\":\"ListItem\",\"position\":1,\"name\":\"Home\",\"item\":\"https:\\\/\\\/serbia.com\\\/srpski\\\/srbija\\\/\"},{\"@type\":\"ListItem\",\"position\":2,\"name\":\"Events\",\"item\":\"https:\\\/\\\/serbia.com\\\/events\\\/\"},{\"@type\":\"ListItem\",\"position\":3,\"name\":\"54. Oktobarski salon\"}]},{\"@type\":\"WebSite\",\"@id\":\"https:\\\/\\\/serbia.com\\\/#website\",\"url\":\"https:\\\/\\\/serbia.com\\\/\",\"name\":\"Serbia.com\",\"description\":\"Your Gateway to Serbia\",\"potentialAction\":[{\"@type\":\"SearchAction\",\"target\":{\"@type\":\"EntryPoint\",\"urlTemplate\":\"https:\\\/\\\/serbia.com\\\/?s={search_term_string}\"},\"query-input\":{\"@type\":\"PropertyValueSpecification\",\"valueRequired\":true,\"valueName\":\"search_term_string\"}}],\"inLanguage\":\"srpski\"}]}<\/script>\n<!-- \/ Yoast SEO plugin. -->","yoast_head_json":{"title":"54. Oktobarski salon","description":"Oktobarski salon, najve\u0107a me\u0111unarodna izlo\u017eba savremene umetnosti u Srbiji, odr\u017eava se po 54. put od 11. oktobra do 17. novembra pod sloganom \"Niko ne pripada tu vi\u0161e nego ti\". Mesto odr\u017eavanje ovogodi\u0161njeg Oktobarskog salona je robna ku\u0107a \"Kluz\", Zepter Expo.","robots":{"index":"index","follow":"follow","max-snippet":"max-snippet:-1","max-image-preview":"max-image-preview:large","max-video-preview":"max-video-preview:-1"},"canonical":"https:\/\/serbia.com\/srpski\/event\/54-oktobarski-salon-2\/","og_locale":"en_US","og_type":"article","og_title":"54. Oktobarski salon","og_description":"Oktobarski salon, najve\u0107a me\u0111unarodna izlo\u017eba savremene umetnosti u Srbiji, odr\u017eava se po 54. put od 11. oktobra do 17. novembra pod sloganom \"Niko ne pripada tu vi\u0161e nego ti\". Mesto odr\u017eavanje ovogodi\u0161njeg Oktobarskog salona je robna ku\u0107a \"Kluz\", Zepter Expo.","og_url":"https:\/\/serbia.com\/srpski\/event\/54-oktobarski-salon-2\/","og_site_name":"Serbia.com","og_image":[{"width":300,"height":311,"url":"https:\/\/serbia.com\/wp-content\/uploads\/2013\/09\/oktobar3.jpg","type":"image\/jpeg"}],"twitter_misc":{"Est. reading time":"1 minute"},"schema":{"@context":"https:\/\/schema.org","@graph":[{"@type":"WebPage","@id":"https:\/\/serbia.com\/srpski\/event\/54-oktobarski-salon-2\/","url":"https:\/\/serbia.com\/srpski\/event\/54-oktobarski-salon-2\/","name":"54. Oktobarski salon","isPartOf":{"@id":"https:\/\/serbia.com\/#website"},"primaryImageOfPage":{"@id":"https:\/\/serbia.com\/srpski\/event\/54-oktobarski-salon-2\/#primaryimage"},"image":{"@id":"https:\/\/serbia.com\/srpski\/event\/54-oktobarski-salon-2\/#primaryimage"},"thumbnailUrl":"https:\/\/serbia.com\/wp-content\/uploads\/2013\/09\/oktobar3.jpg","datePublished":"2013-09-19T12:04:59+00:00","description":"Oktobarski salon, najve\u0107a me\u0111unarodna izlo\u017eba savremene umetnosti u Srbiji, odr\u017eava se po 54. put od 11. oktobra do 17. novembra pod sloganom \"Niko ne pripada tu vi\u0161e nego ti\". Mesto odr\u017eavanje ovogodi\u0161njeg Oktobarskog salona je robna ku\u0107a \"Kluz\", Zepter Expo.","breadcrumb":{"@id":"https:\/\/serbia.com\/srpski\/event\/54-oktobarski-salon-2\/#breadcrumb"},"inLanguage":"srpski","potentialAction":[{"@type":"ReadAction","target":["https:\/\/serbia.com\/srpski\/event\/54-oktobarski-salon-2\/"]}]},{"@type":"ImageObject","inLanguage":"srpski","@id":"https:\/\/serbia.com\/srpski\/event\/54-oktobarski-salon-2\/#primaryimage","url":"https:\/\/serbia.com\/wp-content\/uploads\/2013\/09\/oktobar3.jpg","contentUrl":"https:\/\/serbia.com\/wp-content\/uploads\/2013\/09\/oktobar3.jpg","width":300,"height":311},{"@type":"BreadcrumbList","@id":"https:\/\/serbia.com\/srpski\/event\/54-oktobarski-salon-2\/#breadcrumb","itemListElement":[{"@type":"ListItem","position":1,"name":"Home","item":"https:\/\/serbia.com\/srpski\/srbija\/"},{"@type":"ListItem","position":2,"name":"Events","item":"https:\/\/serbia.com\/events\/"},{"@type":"ListItem","position":3,"name":"54. Oktobarski salon"}]},{"@type":"WebSite","@id":"https:\/\/serbia.com\/#website","url":"https:\/\/serbia.com\/","name":"Serbia.com","description":"Your Gateway to Serbia","potentialAction":[{"@type":"SearchAction","target":{"@type":"EntryPoint","urlTemplate":"https:\/\/serbia.com\/?s={search_term_string}"},"query-input":{"@type":"PropertyValueSpecification","valueRequired":true,"valueName":"search_term_string"}}],"inLanguage":"srpski"}]}},"_links":{"self":[{"href":"https:\/\/serbia.com\/srpski\/wp-json\/wp\/v2\/tribe_events\/11638","targetHints":{"allow":["GET"]}}],"collection":[{"href":"https:\/\/serbia.com\/srpski\/wp-json\/wp\/v2\/tribe_events"}],"about":[{"href":"https:\/\/serbia.com\/srpski\/wp-json\/wp\/v2\/types\/tribe_events"}],"author":[{"embeddable":true,"href":"https:\/\/serbia.com\/srpski\/wp-json\/wp\/v2\/users\/9"}],"version-history":[{"count":0,"href":"https:\/\/serbia.com\/srpski\/wp-json\/wp\/v2\/tribe_events\/11638\/revisions"}],"wp:featuredmedia":[{"embeddable":true,"href":"https:\/\/serbia.com\/srpski\/wp-json\/wp\/v2\/media\/11639"}],"wp:attachment":[{"href":"https:\/\/serbia.com\/srpski\/wp-json\/wp\/v2\/media?parent=11638"}],"wp:term":[{"taxonomy":"post_tag","embeddable":true,"href":"https:\/\/serbia.com\/srpski\/wp-json\/wp\/v2\/tags?post=11638"},{"taxonomy":"tribe_events_cat","embeddable":true,"href":"https:\/\/serbia.com\/srpski\/wp-json\/wp\/v2\/tribe_events_cat?post=11638"}],"curies":[{"name":"wp","href":"https:\/\/api.w.org\/{rel}","templated":true}]}}

<h2>Oktobarski salon, najveća međunarodna izložba savremene umetnosti u Srbiji, održava se po 54. put od 11. oktobra do 17. novembra pod sloganom &#8220;Niko ne pripada tu više nego ti&#8221;. Mesto održavanje ovogodišnjeg Oktobarskog salona je robna kuća &#8220;Kluz&#8221;, Zepter Expo.</h2>
<p>Na ovogodišnjem Oktobarskom salonu učestvovaće oko 40 umetnika iz Finske, Nemačke, Švedske, Slovačke, Turske, Bugarske, Hrvatske, Estonije, Holandije, Velike Britanije i Srbije.</p>
<p>Radovi učesnika 54. Salona predstaviće fuziju različitih oblasti umetnosti – skulpture, instalacije, filmove, slike, fotografije, priče, eseje, intervjue, stripove, dokumente, istraživanja, javne diskusije i umetničke intervencije, kao i jedan čitav parlament.</p>
<p>Koncept i struktura međunarodne izložbe savremene umetnosti Niko ne pripada tu više nego ti zasnovani su na specifičnom i utemeljenom razumevanju singularnih subjektivnosti, kolektivno povezanim i usmerenim ka spolja kroz feministički koncept ‘održivosti’. Koncept ovogodišnjeg Salona je osmislia feministička kustoska grupa Red Min(e)d.</p>
<p>Oktobarski salon je manifestacija koju je 1960. godine osnovao Grad Beograd kao izložbu najboljih ostvarenja iz oblasti likovnih i primenjenih umetnosti lokalnog karatkera, a po ugledu na izložbe Pariskog salona. Oktobarski salon je jedna od najstarijih manifestacija iz oblasti vizuelnih umetnosti u Srbiji, koja je kroz višegodišnju veoma dinamičnu transformaciju prerasla od lokalne revijalne izložbe do međunarodne manifestacije sa izrazitim autorskim karakterom. Oktobarski salon tokom šest nedelja trajanja poseti oko pedeset hiljada ljudi.</p>
<p>Za više informacija posetite zvanični portal Oktobarskog salona: <a href="http://54.oktobarskisalon.org/" target="_blank">54.oktobarskisalon.org</a></p>
<p>&nbsp;</p>

<p>Oktobarski salon, najveća međunarodna izložba savremene umetnosti u Srbiji, održava se po 54. put od 11. oktobra do 17. novembra pod sloganom &#8220;Niko ne pripada tu više nego ti&#8221;. Mesto [&hellip;]</p>

<!-- This site is optimized with the Yoast SEO plugin v27.4 - https://yoast.com/product/yoast-seo-wordpress/ -->
<title>54. Oktobarski salon</title>
<meta name="description" content="Oktobarski salon, najveća međunarodna izložba savremene umetnosti u Srbiji, održava se po 54. put od 11. oktobra do 17. novembra pod sloganom &quot;Niko ne pripada tu više nego ti&quot;. Mesto održavanje ovogodišnjeg Oktobarskog salona je robna kuća &quot;Kluz&quot;, Zepter Expo." />
<meta name="robots" content="index, follow, max-snippet:-1, max-image-preview:large, max-video-preview:-1" />
<link rel="canonical" href="https://serbia.com/srpski/event/54-oktobarski-salon-2/" />
<meta property="og:locale" content="en_US" />
<meta property="og:type" content="article" />
<meta property="og:title" content="54. Oktobarski salon" />
<meta property="og:description" content="Oktobarski salon, najveća međunarodna izložba savremene umetnosti u Srbiji, održava se po 54. put od 11. oktobra do 17. novembra pod sloganom &quot;Niko ne pripada tu više nego ti&quot;. Mesto održavanje ovogodišnjeg Oktobarskog salona je robna kuća &quot;Kluz&quot;, Zepter Expo." />
<meta property="og:url" content="https://serbia.com/srpski/event/54-oktobarski-salon-2/" />
<meta property="og:site_name" content="Serbia.com" />
<meta property="og:image" content="https://serbia.com/wp-content/uploads/2013/09/oktobar3.jpg" />
	<meta property="og:image:width" content="300" />
	<meta property="og:image:height" content="311" />
	<meta property="og:image:type" content="image/jpeg" />
<meta name="twitter:label1" content="Est. reading time" />
	<meta name="twitter:data1" content="1 minute" />
<script type="application/ld+json" class="yoast-schema-graph">{"@context":"https:\/\/schema.org","@graph":[{"@type":"WebPage","@id":"https:\/\/serbia.com\/srpski\/event\/54-oktobarski-salon-2\/","url":"https:\/\/serbia.com\/srpski\/event\/54-oktobarski-salon-2\/","name":"54. Oktobarski salon","isPartOf":{"@id":"https:\/\/serbia.com\/#website"},"primaryImageOfPage":{"@id":"https:\/\/serbia.com\/srpski\/event\/54-oktobarski-salon-2\/#primaryimage"},"image":{"@id":"https:\/\/serbia.com\/srpski\/event\/54-oktobarski-salon-2\/#primaryimage"},"thumbnailUrl":"https:\/\/serbia.com\/wp-content\/uploads\/2013\/09\/oktobar3.jpg","datePublished":"2013-09-19T12:04:59+00:00","description":"Oktobarski salon, najveća međunarodna izložba savremene umetnosti u Srbiji, održava se po 54. put od 11. oktobra do 17. novembra pod sloganom \"Niko ne pripada tu više nego ti\". Mesto održavanje ovogodišnjeg Oktobarskog salona je robna kuća \"Kluz\", Zepter Expo.","breadcrumb":{"@id":"https:\/\/serbia.com\/srpski\/event\/54-oktobarski-salon-2\/#breadcrumb"},"inLanguage":"srpski","potentialAction":[{"@type":"ReadAction","target":["https:\/\/serbia.com\/srpski\/event\/54-oktobarski-salon-2\/"]}]},{"@type":"ImageObject","inLanguage":"srpski","@id":"https:\/\/serbia.com\/srpski\/event\/54-oktobarski-salon-2\/#primaryimage","url":"https:\/\/serbia.com\/wp-content\/uploads\/2013\/09\/oktobar3.jpg","contentUrl":"https:\/\/serbia.com\/wp-content\/uploads\/2013\/09\/oktobar3.jpg","width":300,"height":311},{"@type":"BreadcrumbList","@id":"https:\/\/serbia.com\/srpski\/event\/54-oktobarski-salon-2\/#breadcrumb","itemListElement":[{"@type":"ListItem","position":1,"name":"Home","item":"https:\/\/serbia.com\/srpski\/srbija\/"},{"@type":"ListItem","position":2,"name":"Events","item":"https:\/\/serbia.com\/events\/"},{"@type":"ListItem","position":3,"name":"54. Oktobarski salon"}]},{"@type":"WebSite","@id":"https:\/\/serbia.com\/#website","url":"https:\/\/serbia.com\/","name":"Serbia.com","description":"Your Gateway to Serbia","potentialAction":[{"@type":"SearchAction","target":{"@type":"EntryPoint","urlTemplate":"https:\/\/serbia.com\/?s={search_term_string}"},"query-input":{"@type":"PropertyValueSpecification","valueRequired":true,"valueName":"search_term_string"}}],"inLanguage":"srpski"}]}</script>
<!-- / Yoast SEO plugin. -->

Oktobarski salon, najveća međunarodna izložba savremene umetnosti u Srbiji, održava se po 54. put od 11. oktobra do 17. novembra pod sloganom "Niko ne pripada tu više nego ti". Mesto održavanje ovogodišnjeg Oktobarskog salona je robna kuća "Kluz", Zepter Expo.
