{"id":11491,"date":"2013-08-30T14:38:43","date_gmt":"2013-08-30T12:38:43","guid":{"rendered":"http:\/\/www.serbia.com\/?post_type=tribe_events&#038;p=11491"},"modified":"2013-09-26T15:00:19","modified_gmt":"2013-09-26T13:00:19","slug":"medunarodni-salon-stripa-2013","status":"publish","type":"tribe_events","link":"https:\/\/serbia.com\/srpski\/event\/medunarodni-salon-stripa-2013\/","title":{"rendered":"Me\u0111unarodni salon stripa 2013"},"content":{"rendered":"<h2>Jedanaesti Me\u0111unarodni salon stripa odr\u017eava se od 26. do 29. septembra u Beogradu na vi\u0161e lokacija uz gostovanja brojnih ilustratora iz zemlje i sveta.<\/h2>\n<p>Kao i svake godine, i ovogodi\u0161nji salon stripa objedinjuje takmi\u010darski i raznovrsni festivalski program, u okviru kojeg se odr\u017eavaju radionice stripa i ilustracije, strip berza, predavanja istaknutih strip autora, susreti sa specijalnim gostima salona, predstavljanje izdava\u010dkih ku\u0107a, kao i brojne izlo\u017ebe nagra\u0111enih radova.<\/p>\n<p>Sve\u010dano otvaranje izlo\u017ebe nagra\u0111enih radova zakazano je za \u010detvrtak, 26. septembar u 19 \u010dasova, nakon \u010dega \u0107e uslediti sve\u010dana dodela nagrada.<\/p>\n<p>Celokupan program Salona 2013 mo\u017eete prona\u0107i <strong><a href=\"http:\/\/www.skc.org.rs\/salon-stripa-11\/2317-salon-stripa-2013.html\" target=\"_blank\">OVDE<\/a>.<\/strong><\/p>\n","protected":false},"excerpt":{"rendered":"<p>Jedanaesti Me\u0111unarodni salon stripa odr\u017eava se od 26. do 29. septembra u Beogradu na vi\u0161e lokacija uz gostovanja brojnih ilustratora iz zemlje i sveta. Kao i svake godine, i ovogodi\u0161nji [&hellip;]<\/p>\n","protected":false},"author":9,"featured_media":11493,"template":"","meta":{"_acf_changed":false,"inline_featured_image":false,"_monsterinsights_skip_tracking":false,"_monsterinsights_sitenote_active":false,"_monsterinsights_sitenote_note":"","_monsterinsights_sitenote_category":0,"_tribe_events_status":"","_tribe_events_status_reason":"","footnotes":""},"tags":[],"tribe_events_cat":[],"class_list":["post-11491","tribe_events","type-tribe_events","status-publish","has-post-thumbnail","hentry"],"acf":[],"yoast_head":"<!-- This site is optimized with the Yoast SEO plugin v27.4 - https:\/\/yoast.com\/product\/yoast-seo-wordpress\/ -->\n<title>Me\u0111unarodni salon stripa 2013 - Serbia.com<\/title>\n<meta name=\"description\" content=\"Jedanaesti Me\u0111unarodni salon stripa odr\u017eava se od 26. do 29. septembra u Beogradu na vi\u0161e lokacija uz gostovanja brojnih ilustratora iz zemlje i sveta.\" \/>\n<meta name=\"robots\" content=\"index, follow, max-snippet:-1, max-image-preview:large, max-video-preview:-1\" \/>\n<link rel=\"canonical\" href=\"https:\/\/serbia.com\/srpski\/event\/medunarodni-salon-stripa-2013\/\" \/>\n<meta property=\"og:locale\" content=\"en_US\" \/>\n<meta property=\"og:type\" content=\"article\" \/>\n<meta property=\"og:title\" content=\"Me\u0111unarodni salon stripa 2013 - Serbia.com\" \/>\n<meta property=\"og:description\" content=\"Jedanaesti Me\u0111unarodni salon stripa odr\u017eava se od 26. do 29. septembra u Beogradu na vi\u0161e lokacija uz gostovanja brojnih ilustratora iz zemlje i sveta.\" \/>\n<meta property=\"og:url\" content=\"https:\/\/serbia.com\/srpski\/event\/medunarodni-salon-stripa-2013\/\" \/>\n<meta property=\"og:site_name\" content=\"Serbia.com\" \/>\n<meta property=\"article:modified_time\" content=\"2013-09-26T13:00:19+00:00\" \/>\n<meta property=\"og:image\" content=\"https:\/\/serbia.com\/wp-content\/uploads\/2013\/08\/salon-stripa1.jpg\" \/>\n\t<meta property=\"og:image:width\" content=\"245\" \/>\n\t<meta property=\"og:image:height\" content=\"159\" \/>\n\t<meta property=\"og:image:type\" content=\"image\/jpeg\" \/>\n<meta name=\"twitter:label1\" content=\"Est. reading time\" \/>\n\t<meta name=\"twitter:data1\" content=\"1 minute\" \/>\n<script type=\"application\/ld+json\" class=\"yoast-schema-graph\">{\"@context\":\"https:\\\/\\\/schema.org\",\"@graph\":[{\"@type\":\"WebPage\",\"@id\":\"https:\\\/\\\/serbia.com\\\/srpski\\\/event\\\/medunarodni-salon-stripa-2013\\\/\",\"url\":\"https:\\\/\\\/serbia.com\\\/srpski\\\/event\\\/medunarodni-salon-stripa-2013\\\/\",\"name\":\"Me\u0111unarodni salon stripa 2013 - Serbia.com\",\"isPartOf\":{\"@id\":\"https:\\\/\\\/serbia.com\\\/#website\"},\"primaryImageOfPage\":{\"@id\":\"https:\\\/\\\/serbia.com\\\/srpski\\\/event\\\/medunarodni-salon-stripa-2013\\\/#primaryimage\"},\"image\":{\"@id\":\"https:\\\/\\\/serbia.com\\\/srpski\\\/event\\\/medunarodni-salon-stripa-2013\\\/#primaryimage\"},\"thumbnailUrl\":\"https:\\\/\\\/serbia.com\\\/wp-content\\\/uploads\\\/2013\\\/08\\\/salon-stripa1.jpg\",\"datePublished\":\"2013-08-30T12:38:43+00:00\",\"dateModified\":\"2013-09-26T13:00:19+00:00\",\"description\":\"Jedanaesti Me\u0111unarodni salon stripa odr\u017eava se od 26. do 29. septembra u Beogradu na vi\u0161e lokacija uz gostovanja brojnih ilustratora iz zemlje i sveta.\",\"breadcrumb\":{\"@id\":\"https:\\\/\\\/serbia.com\\\/srpski\\\/event\\\/medunarodni-salon-stripa-2013\\\/#breadcrumb\"},\"inLanguage\":\"srpski\",\"potentialAction\":[{\"@type\":\"ReadAction\",\"target\":[\"https:\\\/\\\/serbia.com\\\/srpski\\\/event\\\/medunarodni-salon-stripa-2013\\\/\"]}]},{\"@type\":\"ImageObject\",\"inLanguage\":\"srpski\",\"@id\":\"https:\\\/\\\/serbia.com\\\/srpski\\\/event\\\/medunarodni-salon-stripa-2013\\\/#primaryimage\",\"url\":\"https:\\\/\\\/serbia.com\\\/wp-content\\\/uploads\\\/2013\\\/08\\\/salon-stripa1.jpg\",\"contentUrl\":\"https:\\\/\\\/serbia.com\\\/wp-content\\\/uploads\\\/2013\\\/08\\\/salon-stripa1.jpg\",\"width\":245,\"height\":159},{\"@type\":\"BreadcrumbList\",\"@id\":\"https:\\\/\\\/serbia.com\\\/srpski\\\/event\\\/medunarodni-salon-stripa-2013\\\/#breadcrumb\",\"itemListElement\":[{\"@type\":\"ListItem\",\"position\":1,\"name\":\"Home\",\"item\":\"https:\\\/\\\/serbia.com\\\/srpski\\\/srbija\\\/\"},{\"@type\":\"ListItem\",\"position\":2,\"name\":\"Events\",\"item\":\"https:\\\/\\\/serbia.com\\\/events\\\/\"},{\"@type\":\"ListItem\",\"position\":3,\"name\":\"Me\u0111unarodni salon stripa 2013\"}]},{\"@type\":\"WebSite\",\"@id\":\"https:\\\/\\\/serbia.com\\\/#website\",\"url\":\"https:\\\/\\\/serbia.com\\\/\",\"name\":\"Serbia.com\",\"description\":\"Your Gateway to Serbia\",\"potentialAction\":[{\"@type\":\"SearchAction\",\"target\":{\"@type\":\"EntryPoint\",\"urlTemplate\":\"https:\\\/\\\/serbia.com\\\/?s={search_term_string}\"},\"query-input\":{\"@type\":\"PropertyValueSpecification\",\"valueRequired\":true,\"valueName\":\"search_term_string\"}}],\"inLanguage\":\"srpski\"}]}<\/script>\n<!-- \/ Yoast SEO plugin. -->","yoast_head_json":{"title":"Me\u0111unarodni salon stripa 2013 - Serbia.com","description":"Jedanaesti Me\u0111unarodni salon stripa odr\u017eava se od 26. do 29. septembra u Beogradu na vi\u0161e lokacija uz gostovanja brojnih ilustratora iz zemlje i sveta.","robots":{"index":"index","follow":"follow","max-snippet":"max-snippet:-1","max-image-preview":"max-image-preview:large","max-video-preview":"max-video-preview:-1"},"canonical":"https:\/\/serbia.com\/srpski\/event\/medunarodni-salon-stripa-2013\/","og_locale":"en_US","og_type":"article","og_title":"Me\u0111unarodni salon stripa 2013 - Serbia.com","og_description":"Jedanaesti Me\u0111unarodni salon stripa odr\u017eava se od 26. do 29. septembra u Beogradu na vi\u0161e lokacija uz gostovanja brojnih ilustratora iz zemlje i sveta.","og_url":"https:\/\/serbia.com\/srpski\/event\/medunarodni-salon-stripa-2013\/","og_site_name":"Serbia.com","article_modified_time":"2013-09-26T13:00:19+00:00","og_image":[{"width":245,"height":159,"url":"https:\/\/serbia.com\/wp-content\/uploads\/2013\/08\/salon-stripa1.jpg","type":"image\/jpeg"}],"twitter_misc":{"Est. reading time":"1 minute"},"schema":{"@context":"https:\/\/schema.org","@graph":[{"@type":"WebPage","@id":"https:\/\/serbia.com\/srpski\/event\/medunarodni-salon-stripa-2013\/","url":"https:\/\/serbia.com\/srpski\/event\/medunarodni-salon-stripa-2013\/","name":"Me\u0111unarodni salon stripa 2013 - Serbia.com","isPartOf":{"@id":"https:\/\/serbia.com\/#website"},"primaryImageOfPage":{"@id":"https:\/\/serbia.com\/srpski\/event\/medunarodni-salon-stripa-2013\/#primaryimage"},"image":{"@id":"https:\/\/serbia.com\/srpski\/event\/medunarodni-salon-stripa-2013\/#primaryimage"},"thumbnailUrl":"https:\/\/serbia.com\/wp-content\/uploads\/2013\/08\/salon-stripa1.jpg","datePublished":"2013-08-30T12:38:43+00:00","dateModified":"2013-09-26T13:00:19+00:00","description":"Jedanaesti Me\u0111unarodni salon stripa odr\u017eava se od 26. do 29. septembra u Beogradu na vi\u0161e lokacija uz gostovanja brojnih ilustratora iz zemlje i sveta.","breadcrumb":{"@id":"https:\/\/serbia.com\/srpski\/event\/medunarodni-salon-stripa-2013\/#breadcrumb"},"inLanguage":"srpski","potentialAction":[{"@type":"ReadAction","target":["https:\/\/serbia.com\/srpski\/event\/medunarodni-salon-stripa-2013\/"]}]},{"@type":"ImageObject","inLanguage":"srpski","@id":"https:\/\/serbia.com\/srpski\/event\/medunarodni-salon-stripa-2013\/#primaryimage","url":"https:\/\/serbia.com\/wp-content\/uploads\/2013\/08\/salon-stripa1.jpg","contentUrl":"https:\/\/serbia.com\/wp-content\/uploads\/2013\/08\/salon-stripa1.jpg","width":245,"height":159},{"@type":"BreadcrumbList","@id":"https:\/\/serbia.com\/srpski\/event\/medunarodni-salon-stripa-2013\/#breadcrumb","itemListElement":[{"@type":"ListItem","position":1,"name":"Home","item":"https:\/\/serbia.com\/srpski\/srbija\/"},{"@type":"ListItem","position":2,"name":"Events","item":"https:\/\/serbia.com\/events\/"},{"@type":"ListItem","position":3,"name":"Me\u0111unarodni salon stripa 2013"}]},{"@type":"WebSite","@id":"https:\/\/serbia.com\/#website","url":"https:\/\/serbia.com\/","name":"Serbia.com","description":"Your Gateway to Serbia","potentialAction":[{"@type":"SearchAction","target":{"@type":"EntryPoint","urlTemplate":"https:\/\/serbia.com\/?s={search_term_string}"},"query-input":{"@type":"PropertyValueSpecification","valueRequired":true,"valueName":"search_term_string"}}],"inLanguage":"srpski"}]}},"_links":{"self":[{"href":"https:\/\/serbia.com\/srpski\/wp-json\/wp\/v2\/tribe_events\/11491","targetHints":{"allow":["GET"]}}],"collection":[{"href":"https:\/\/serbia.com\/srpski\/wp-json\/wp\/v2\/tribe_events"}],"about":[{"href":"https:\/\/serbia.com\/srpski\/wp-json\/wp\/v2\/types\/tribe_events"}],"author":[{"embeddable":true,"href":"https:\/\/serbia.com\/srpski\/wp-json\/wp\/v2\/users\/9"}],"version-history":[{"count":0,"href":"https:\/\/serbia.com\/srpski\/wp-json\/wp\/v2\/tribe_events\/11491\/revisions"}],"wp:featuredmedia":[{"embeddable":true,"href":"https:\/\/serbia.com\/srpski\/wp-json\/wp\/v2\/media\/11493"}],"wp:attachment":[{"href":"https:\/\/serbia.com\/srpski\/wp-json\/wp\/v2\/media?parent=11491"}],"wp:term":[{"taxonomy":"post_tag","embeddable":true,"href":"https:\/\/serbia.com\/srpski\/wp-json\/wp\/v2\/tags?post=11491"},{"taxonomy":"tribe_events_cat","embeddable":true,"href":"https:\/\/serbia.com\/srpski\/wp-json\/wp\/v2\/tribe_events_cat?post=11491"}],"curies":[{"name":"wp","href":"https:\/\/api.w.org\/{rel}","templated":true}]}}

Međunarodni salon stripa 2013

<h2>Jedanaesti Međunarodni salon stripa održava se od 26. do 29. septembra u Beogradu na više lokacija uz gostovanja brojnih ilustratora iz zemlje i sveta.</h2>
<p>Kao i svake godine, i ovogodišnji salon stripa objedinjuje takmičarski i raznovrsni festivalski program, u okviru kojeg se održavaju radionice stripa i ilustracije, strip berza, predavanja istaknutih strip autora, susreti sa specijalnim gostima salona, predstavljanje izdavačkih kuća, kao i brojne izložbe nagrađenih radova.</p>
<p>Svečano otvaranje izložbe nagrađenih radova zakazano je za četvrtak, 26. septembar u 19 časova, nakon čega će uslediti svečana dodela nagrada.</p>
<p>Celokupan program Salona 2013 možete pronaći <strong><a href="http://www.skc.org.rs/salon-stripa-11/2317-salon-stripa-2013.html" target="_blank">OVDE</a>.</strong></p>

<p>Jedanaesti Međunarodni salon stripa održava se od 26. do 29. septembra u Beogradu na više lokacija uz gostovanja brojnih ilustratora iz zemlje i sveta. Kao i svake godine, i ovogodišnji [&hellip;]</p>

<!-- This site is optimized with the Yoast SEO plugin v27.4 - https://yoast.com/product/yoast-seo-wordpress/ -->
<title>Međunarodni salon stripa 2013 - Serbia.com</title>
<meta name="description" content="Jedanaesti Međunarodni salon stripa održava se od 26. do 29. septembra u Beogradu na više lokacija uz gostovanja brojnih ilustratora iz zemlje i sveta." />
<meta name="robots" content="index, follow, max-snippet:-1, max-image-preview:large, max-video-preview:-1" />
<link rel="canonical" href="https://serbia.com/srpski/event/medunarodni-salon-stripa-2013/" />
<meta property="og:locale" content="en_US" />
<meta property="og:type" content="article" />
<meta property="og:title" content="Međunarodni salon stripa 2013 - Serbia.com" />
<meta property="og:description" content="Jedanaesti Međunarodni salon stripa održava se od 26. do 29. septembra u Beogradu na više lokacija uz gostovanja brojnih ilustratora iz zemlje i sveta." />
<meta property="og:url" content="https://serbia.com/srpski/event/medunarodni-salon-stripa-2013/" />
<meta property="og:site_name" content="Serbia.com" />
<meta property="article:modified_time" content="2013-09-26T13:00:19+00:00" />
<meta property="og:image" content="https://serbia.com/wp-content/uploads/2013/08/salon-stripa1.jpg" />
	<meta property="og:image:width" content="245" />
	<meta property="og:image:height" content="159" />
	<meta property="og:image:type" content="image/jpeg" />
<meta name="twitter:label1" content="Est. reading time" />
	<meta name="twitter:data1" content="1 minute" />
<script type="application/ld+json" class="yoast-schema-graph">{"@context":"https:\/\/schema.org","@graph":[{"@type":"WebPage","@id":"https:\/\/serbia.com\/srpski\/event\/medunarodni-salon-stripa-2013\/","url":"https:\/\/serbia.com\/srpski\/event\/medunarodni-salon-stripa-2013\/","name":"Međunarodni salon stripa 2013 - Serbia.com","isPartOf":{"@id":"https:\/\/serbia.com\/#website"},"primaryImageOfPage":{"@id":"https:\/\/serbia.com\/srpski\/event\/medunarodni-salon-stripa-2013\/#primaryimage"},"image":{"@id":"https:\/\/serbia.com\/srpski\/event\/medunarodni-salon-stripa-2013\/#primaryimage"},"thumbnailUrl":"https:\/\/serbia.com\/wp-content\/uploads\/2013\/08\/salon-stripa1.jpg","datePublished":"2013-08-30T12:38:43+00:00","dateModified":"2013-09-26T13:00:19+00:00","description":"Jedanaesti Međunarodni salon stripa održava se od 26. do 29. septembra u Beogradu na više lokacija uz gostovanja brojnih ilustratora iz zemlje i sveta.","breadcrumb":{"@id":"https:\/\/serbia.com\/srpski\/event\/medunarodni-salon-stripa-2013\/#breadcrumb"},"inLanguage":"srpski","potentialAction":[{"@type":"ReadAction","target":["https:\/\/serbia.com\/srpski\/event\/medunarodni-salon-stripa-2013\/"]}]},{"@type":"ImageObject","inLanguage":"srpski","@id":"https:\/\/serbia.com\/srpski\/event\/medunarodni-salon-stripa-2013\/#primaryimage","url":"https:\/\/serbia.com\/wp-content\/uploads\/2013\/08\/salon-stripa1.jpg","contentUrl":"https:\/\/serbia.com\/wp-content\/uploads\/2013\/08\/salon-stripa1.jpg","width":245,"height":159},{"@type":"BreadcrumbList","@id":"https:\/\/serbia.com\/srpski\/event\/medunarodni-salon-stripa-2013\/#breadcrumb","itemListElement":[{"@type":"ListItem","position":1,"name":"Home","item":"https:\/\/serbia.com\/srpski\/srbija\/"},{"@type":"ListItem","position":2,"name":"Events","item":"https:\/\/serbia.com\/events\/"},{"@type":"ListItem","position":3,"name":"Međunarodni salon stripa 2013"}]},{"@type":"WebSite","@id":"https:\/\/serbia.com\/#website","url":"https:\/\/serbia.com\/","name":"Serbia.com","description":"Your Gateway to Serbia","potentialAction":[{"@type":"SearchAction","target":{"@type":"EntryPoint","urlTemplate":"https:\/\/serbia.com\/?s={search_term_string}"},"query-input":{"@type":"PropertyValueSpecification","valueRequired":true,"valueName":"search_term_string"}}],"inLanguage":"srpski"}]}</script>
<!-- / Yoast SEO plugin. -->

Međunarodni salon stripa 2013 - Serbia.com

Jedanaesti Međunarodni salon stripa održava se od 26. do 29. septembra u Beogradu na više lokacija uz gostovanja brojnih ilustratora iz zemlje i sveta.
