{"id":9404,"date":"2013-02-20T16:07:45","date_gmt":"2013-02-20T15:07:45","guid":{"rendered":"http:\/\/wordpress-24506-nenadlekan.vpsapps.net\/?page_id=9404"},"modified":"2019-05-21T23:05:57","modified_gmt":"2019-05-21T21:05:57","slug":"uslovi-koriscenja","status":"publish","type":"page","link":"https:\/\/serbia.com\/srpski\/uslovi-koriscenja\/","title":{"rendered":"Uslovi kori\u0161\u0107enja"},"content":{"rendered":"<p><strong>Dobrodo\u0161li na Internet portal Serbia.com!<\/strong><\/p>\n<p>Serbia.com (u daljem tekstu: Portal), je vlasni\u0161tvo kompanije Smart Creatives LLC (u daljem tekstu Smart Creatives).<\/p>\n<p>Portal omogu\u0107ava kori\u0161\u0107enje sadr\u017eaja, usluga ili drugih servisa koji su dostupni na Portalu i koji su podlo\u017eni dolenavedenim uslovima i pravilima (u daljem tekstu: Uslovi kori\u0161\u0107enja).<\/p>\n<p>Kori\u0161\u0107enjem i preuzimanjem materijala sa Portala, smatra se da su korisnici upoznati sa Uslovima kori\u0161\u0107enja, kao i da ih u potpunosti prihvataju, te prihvataju kori\u0161\u0107enje sadr\u017eaja ovog Portala isklju\u010divo za li\u010dnu upotrebu i na sopstvenu odgovornost. Korisnici su du\u017eni da redovno \u010ditaju Uslove kori\u0161\u0107enja, te se smatra da su upoznati s aktuelnim uslovima i pravilima koje oni sadr\u017ee.<\/p>\n<p>Uredni\u0161tvo Portala ula\u017ee maksimalne napore da objavljeni podaci budu ta\u010dni i a\u017eurni, ali ne mo\u017ee da preuzme odgovornost za eventualne gre\u0161ke nastale prilikom unosa.<\/p>\n<p>Portal objavljuje sadr\u017eaje u dobroj nameri. Svi sadr\u017eaji i informacije na Portalu predstavljaju vlastite sadr\u017eaje, sadr\u017eaje partnera i ogla\u0161iva\u010da, besplatne sadr\u017eaje, sadr\u017eaje kreirane od strane posetilaca i linkove na spoljne stranice.<\/p>\n<p>Smart Creatives se ne mo\u017ee smatrati odgovornim za sadr\u017eaje izvan portala, uklju\u010duju\u0107i i komentare koji se nalaze na serverima kompanije Facebook, a korisnici Portala ih objavljuju putem \u201eFacebook comments plugin\u201c servisa.<\/p>\n<p>Sadr\u017eaji i informacije na Portalu koji su za\u0161ti\u0107eni autorskim pravima ne smeju biti kopirani, preno\u0161eni, reprodukovani, publikovani ili distribuirani bez prethodnog odobrenja njihovih autora. Nije dozvoljeno \u201epreslikavanje\u201c (mirror) po\u010detne strane Portala, ili bilo koje druge strane Portala na nekom drugom sajtu bez prethodne saglasnosti. Nepo\u0161tovanje ovog pravila povla\u010di krivi\u010dnu i materijalnu odgovornost, te svaki korisnik koji na ovaj na\u010din povredi tu\u0111a autorska prava mo\u017ee odgovorati za svu \u0161tetu koju autor i\/ili Smart Creatives pretrpi.<\/p>\n<p>Svi logotipi na Portalu za\u0161ti\u0107ena su imena u vlasni\u0161tvu Smart Creatives, te ne mogu biti kori\u0161\u0107eni na drugim Veb sajtovima bez pisanog odobrenja.<\/p>\n<p>Materijali koje Portal sadr\u017ei, a na\u010dinila su ih ili publikovala tre\u0107a lica u vidu \u010dlanaka, komentara, poruka i linkova, smatraju se privatnim mi\u0161ljenjem autora i komentatora i ne predstavljaju mi\u0161ljenje i stavove vlasnika, administracije i redakcije Portala. Stoga Smart Creatives ne mo\u017ee snositi odgovornost za potpunost i istinitost sadr\u017eine materijala objavljenog od strane tre\u0107ih lica.<\/p>\n<p>Svi oblici nacionalne, verske, rasne, rodne, seksualne i bilo kakve druge mr\u017enje i\/ili netolerancije su izri\u010dito zabranjeni. Korisnici Portala se obavezuju da ne\u0107e postavljati poruke ili komentare koji sadr\u017ee uvrede, pretnje, pozive na nasilje, vulgarne izraze, i izraze mr\u017enje i netolerancije, niti na bilo koji drugi na\u010din kr\u0161iti zakone Republike Srbije.<\/p>\n<p>Komercijalno ogla\u0161avanje bilo koje vrste nije dozvoljeno. Ovo pravilo se odnosi i na sve vidove politi\u010dkog i religioznog ogla\u0161avanja i propagiranja.<\/p>\n<p>Informacije na ovom portalu mogu da sadr\u017ee tehni\u010dke neta\u010dnosti ili \u0161tamparske gre\u0161ke. Informacije i sadr\u017eaji mogu biti izmenjeni bez prethodnog obave\u0161tenja.<\/p>\n<p>U granicama predvi\u0111enim Zakonom, ni u kakvim okolnostima, Smart Creatives ne prihvata odgovornost za eventualnu \u0161tetu bilo koje vrste nastalu usled pravilne ili nepravilne upotrebe Portala ili bilo kog njegovog dela, zbog nemogu\u0107nosti kori\u0161\u0107enja servisa i usluga Portala, obustavljanja ili okon\u010danja rada Portala, uklju\u010duju\u0107i i slu\u010dajeve gde je razlog za to tre\u0107e lice.<\/p>\n<p>Ovo ograni\u010denje odgovornosti primenjuje se i u slu\u010daju \u0161tete koja nastaje zbog informacija, servisa, proizvoda i usluga do kojih je korisnik do\u0161ao preko linkova i\/ili reklama na Portalu.<\/p>\n<p>Portal zadr\u017eava sva prava izmene Uslova kori\u0161\u0107enja, bez najave. Korisnici se obavezuju da se redovno informi\u0161u o eventualnim promenama, te se smatra da su korisnici adekvatno upoznati sa Uslovima kori\u0161\u0107enja I da su saglasni sa svim odredbama Uslova kori\u0161\u0107enja.<\/p>\n","protected":false},"excerpt":{"rendered":"<p>Dobrodo\u0161li na Internet portal Serbia.com! Serbia.com (u daljem tekstu: Portal), je vlasni\u0161tvo kompanije Smart Creatives LLC (u daljem tekstu Smart Creatives). Portal omogu\u0107ava kori\u0161\u0107enje sadr\u017eaja, usluga ili drugih servisa koji [&hellip;]<\/p>\n","protected":false},"author":17,"featured_media":0,"parent":0,"menu_order":0,"comment_status":"open","ping_status":"open","template":"","meta":{"_acf_changed":false,"inline_featured_image":false,"_monsterinsights_skip_tracking":false,"_monsterinsights_sitenote_active":false,"_monsterinsights_sitenote_note":"","_monsterinsights_sitenote_category":0,"footnotes":""},"categories":[],"tags":[],"class_list":["post-9404","page","type-page","status-publish","hentry"],"acf":[],"yoast_head":"<!-- This site is optimized with the Yoast SEO plugin v27.5 - https:\/\/yoast.com\/product\/yoast-seo-wordpress\/ -->\n<title>Uslovi kori\u0161\u0107enja<\/title>\n<meta name=\"robots\" content=\"index, follow, max-snippet:-1, max-image-preview:large, max-video-preview:-1\" \/>\n<link rel=\"canonical\" href=\"https:\/\/serbia.com\/srpski\/uslovi-koriscenja\/\" \/>\n<meta property=\"og:locale\" content=\"en_US\" \/>\n<meta property=\"og:type\" content=\"article\" \/>\n<meta property=\"og:title\" content=\"Uslovi kori\u0161\u0107enja\" \/>\n<meta property=\"og:description\" content=\"Dobrodo\u0161li na Internet portal Serbia.com! Serbia.com (u daljem tekstu: Portal), je vlasni\u0161tvo kompanije Smart Creatives LLC (u daljem tekstu Smart Creatives). Portal omogu\u0107ava kori\u0161\u0107enje sadr\u017eaja, usluga ili drugih servisa koji [&hellip;]\" \/>\n<meta property=\"og:url\" content=\"https:\/\/serbia.com\/srpski\/uslovi-koriscenja\/\" \/>\n<meta property=\"og:site_name\" content=\"Serbia.com\" \/>\n<meta property=\"article:modified_time\" content=\"2019-05-21T21:05:57+00:00\" \/>\n<meta name=\"twitter:label1\" content=\"Est. reading time\" \/>\n\t<meta name=\"twitter:data1\" content=\"3 minutes\" \/>\n<script type=\"application\/ld+json\" class=\"yoast-schema-graph\">{\"@context\":\"https:\\\/\\\/schema.org\",\"@graph\":[{\"@type\":\"WebPage\",\"@id\":\"https:\\\/\\\/serbia.com\\\/srpski\\\/uslovi-koriscenja\\\/\",\"url\":\"https:\\\/\\\/serbia.com\\\/srpski\\\/uslovi-koriscenja\\\/\",\"name\":\"Uslovi kori\u0161\u0107enja\",\"isPartOf\":{\"@id\":\"https:\\\/\\\/serbia.com\\\/#website\"},\"datePublished\":\"2013-02-20T15:07:45+00:00\",\"dateModified\":\"2019-05-21T21:05:57+00:00\",\"breadcrumb\":{\"@id\":\"https:\\\/\\\/serbia.com\\\/srpski\\\/uslovi-koriscenja\\\/#breadcrumb\"},\"inLanguage\":\"srpski\",\"potentialAction\":[{\"@type\":\"ReadAction\",\"target\":[\"https:\\\/\\\/serbia.com\\\/srpski\\\/uslovi-koriscenja\\\/\"]}]},{\"@type\":\"BreadcrumbList\",\"@id\":\"https:\\\/\\\/serbia.com\\\/srpski\\\/uslovi-koriscenja\\\/#breadcrumb\",\"itemListElement\":[{\"@type\":\"ListItem\",\"position\":1,\"name\":\"Home\",\"item\":\"https:\\\/\\\/serbia.com\\\/srpski\\\/\"},{\"@type\":\"ListItem\",\"position\":2,\"name\":\"Uslovi kori\u0161\u0107enja\"}]},{\"@type\":\"WebSite\",\"@id\":\"https:\\\/\\\/serbia.com\\\/#website\",\"url\":\"https:\\\/\\\/serbia.com\\\/\",\"name\":\"Serbia.com\",\"description\":\"Your Gateway to Serbia\",\"potentialAction\":[{\"@type\":\"SearchAction\",\"target\":{\"@type\":\"EntryPoint\",\"urlTemplate\":\"https:\\\/\\\/serbia.com\\\/?s={search_term_string}\"},\"query-input\":{\"@type\":\"PropertyValueSpecification\",\"valueRequired\":true,\"valueName\":\"search_term_string\"}}],\"inLanguage\":\"srpski\"}]}<\/script>\n<!-- \/ Yoast SEO plugin. -->","yoast_head_json":{"title":"Uslovi kori\u0161\u0107enja","robots":{"index":"index","follow":"follow","max-snippet":"max-snippet:-1","max-image-preview":"max-image-preview:large","max-video-preview":"max-video-preview:-1"},"canonical":"https:\/\/serbia.com\/srpski\/uslovi-koriscenja\/","og_locale":"en_US","og_type":"article","og_title":"Uslovi kori\u0161\u0107enja","og_description":"Dobrodo\u0161li na Internet portal Serbia.com! Serbia.com (u daljem tekstu: Portal), je vlasni\u0161tvo kompanije Smart Creatives LLC (u daljem tekstu Smart Creatives). Portal omogu\u0107ava kori\u0161\u0107enje sadr\u017eaja, usluga ili drugih servisa koji [&hellip;]","og_url":"https:\/\/serbia.com\/srpski\/uslovi-koriscenja\/","og_site_name":"Serbia.com","article_modified_time":"2019-05-21T21:05:57+00:00","twitter_misc":{"Est. reading time":"3 minutes"},"schema":{"@context":"https:\/\/schema.org","@graph":[{"@type":"WebPage","@id":"https:\/\/serbia.com\/srpski\/uslovi-koriscenja\/","url":"https:\/\/serbia.com\/srpski\/uslovi-koriscenja\/","name":"Uslovi kori\u0161\u0107enja","isPartOf":{"@id":"https:\/\/serbia.com\/#website"},"datePublished":"2013-02-20T15:07:45+00:00","dateModified":"2019-05-21T21:05:57+00:00","breadcrumb":{"@id":"https:\/\/serbia.com\/srpski\/uslovi-koriscenja\/#breadcrumb"},"inLanguage":"srpski","potentialAction":[{"@type":"ReadAction","target":["https:\/\/serbia.com\/srpski\/uslovi-koriscenja\/"]}]},{"@type":"BreadcrumbList","@id":"https:\/\/serbia.com\/srpski\/uslovi-koriscenja\/#breadcrumb","itemListElement":[{"@type":"ListItem","position":1,"name":"Home","item":"https:\/\/serbia.com\/srpski\/"},{"@type":"ListItem","position":2,"name":"Uslovi kori\u0161\u0107enja"}]},{"@type":"WebSite","@id":"https:\/\/serbia.com\/#website","url":"https:\/\/serbia.com\/","name":"Serbia.com","description":"Your Gateway to Serbia","potentialAction":[{"@type":"SearchAction","target":{"@type":"EntryPoint","urlTemplate":"https:\/\/serbia.com\/?s={search_term_string}"},"query-input":{"@type":"PropertyValueSpecification","valueRequired":true,"valueName":"search_term_string"}}],"inLanguage":"srpski"}]}},"brizy_media":[],"_links":{"self":[{"href":"https:\/\/serbia.com\/srpski\/wp-json\/wp\/v2\/pages\/9404","targetHints":{"allow":["GET"]}}],"collection":[{"href":"https:\/\/serbia.com\/srpski\/wp-json\/wp\/v2\/pages"}],"about":[{"href":"https:\/\/serbia.com\/srpski\/wp-json\/wp\/v2\/types\/page"}],"author":[{"embeddable":true,"href":"https:\/\/serbia.com\/srpski\/wp-json\/wp\/v2\/users\/17"}],"replies":[{"embeddable":true,"href":"https:\/\/serbia.com\/srpski\/wp-json\/wp\/v2\/comments?post=9404"}],"version-history":[{"count":0,"href":"https:\/\/serbia.com\/srpski\/wp-json\/wp\/v2\/pages\/9404\/revisions"}],"wp:attachment":[{"href":"https:\/\/serbia.com\/srpski\/wp-json\/wp\/v2\/media?parent=9404"}],"wp:term":[{"taxonomy":"category","embeddable":true,"href":"https:\/\/serbia.com\/srpski\/wp-json\/wp\/v2\/categories?post=9404"},{"taxonomy":"post_tag","embeddable":true,"href":"https:\/\/serbia.com\/srpski\/wp-json\/wp\/v2\/tags?post=9404"}],"curies":[{"name":"wp","href":"https:\/\/api.w.org\/{rel}","templated":true}]}}