{"id":53771,"date":"2024-06-10T14:55:48","date_gmt":"2024-06-10T12:55:48","guid":{"rendered":"https:\/\/staging.serbia.com\/custom-travel\/"},"modified":"2024-09-14T10:18:41","modified_gmt":"2024-09-14T08:18:41","slug":"personalizovano-putovanje","status":"publish","type":"page","link":"https:\/\/serbia.com\/srpski\/personalizovano-putovanje\/","title":{"rendered":"Personalizovano Putovanje"},"content":{"rendered":"\n<h2 class=\"wp-block-heading has-text-align-center\">Kreirajte svoje putovanje<\/h2>\n\n\n\n<p class=\"has-text-align-center\">Srbija je pravi neotkriveni dragulj i ima mnogo toga da ponudi. Fascinatna priroda, turbulentna istorija i bogato kulturno nasle\u0111e, ukusna hrana i kvalitetna vina, sjajan no\u0107ni provod i autenti\u010dna etno sela, samo su neke od stvari u kojima mo\u017eete u\u017eivati. Na vama je samo da nam ka\u017eete kako zami\u0161ljate va\u0161e savr\u0161eno putovanje i na\u0161 tim \u0107e osmisliti uzbudljivu avanturu kreiranu prema va\u0161im preferencijama i \u017eeljama.<\/p>\n","protected":false},"excerpt":{"rendered":"<p>Kreirajte svoje putovanje Srbija je pravi neotkriveni dragulj i ima mnogo toga da ponudi. Fascinatna priroda, turbulentna istorija i bogato kulturno nasle\u0111e, ukusna hrana i kvalitetna vina, sjajan no\u0107ni provod [&hellip;]<\/p>\n","protected":false},"author":35,"featured_media":53539,"parent":0,"menu_order":0,"comment_status":"closed","ping_status":"closed","template":"template-form-page.php","meta":{"_acf_changed":false,"inline_featured_image":false,"_monsterinsights_skip_tracking":false,"_monsterinsights_sitenote_active":false,"_monsterinsights_sitenote_note":"","_monsterinsights_sitenote_category":0,"footnotes":""},"categories":[],"tags":[],"class_list":["post-53771","page","type-page","status-publish","has-post-thumbnail","hentry"],"acf":[],"yoast_head":"<!-- This site is optimized with the Yoast SEO plugin v27.4 - https:\/\/yoast.com\/product\/yoast-seo-wordpress\/ -->\n<title>Personalizovano Putovanje - Serbia.com<\/title>\n<meta name=\"description\" content=\"Fascinatna priroda, turbulentna istorija i bogato kulturno nasle\u0111e, ukusna hrana i kvalitetna vina, sjajan no\u0107ni provod i autenti\u010dna etno sela, samo su neke od stvari u kojima mo\u017eete u\u017eivati. Na vama je samo da nam ka\u017eete kako zami\u0161ljate va\u0161e savr\u0161eno putovanje i na\u0161 tim \u0107e osmisliti uzbudljivu avanturu kreiranu prema va\u0161im preferencijama i \u017eeljama.\" \/>\n<meta name=\"robots\" content=\"index, follow, max-snippet:-1, max-image-preview:large, max-video-preview:-1\" \/>\n<link rel=\"canonical\" href=\"https:\/\/serbia.com\/srpski\/personalizovano-putovanje\/\" \/>\n<meta property=\"og:locale\" content=\"en_US\" \/>\n<meta property=\"og:type\" content=\"article\" \/>\n<meta property=\"og:title\" content=\"Personalizovano Putovanje - Serbia.com\" \/>\n<meta property=\"og:description\" content=\"Fascinatna priroda, turbulentna istorija i bogato kulturno nasle\u0111e, ukusna hrana i kvalitetna vina, sjajan no\u0107ni provod i autenti\u010dna etno sela, samo su neke od stvari u kojima mo\u017eete u\u017eivati. Na vama je samo da nam ka\u017eete kako zami\u0161ljate va\u0161e savr\u0161eno putovanje i na\u0161 tim \u0107e osmisliti uzbudljivu avanturu kreiranu prema va\u0161im preferencijama i \u017eeljama.\" \/>\n<meta property=\"og:url\" content=\"https:\/\/serbia.com\/srpski\/personalizovano-putovanje\/\" \/>\n<meta property=\"og:site_name\" content=\"Serbia.com\" \/>\n<meta property=\"article:modified_time\" content=\"2024-09-14T08:18:41+00:00\" \/>\n<meta property=\"og:image\" content=\"https:\/\/serbia.com\/wp-content\/uploads\/2024\/07\/belgrade-888332_1920-1.jpg\" \/>\n\t<meta property=\"og:image:width\" content=\"1920\" \/>\n\t<meta property=\"og:image:height\" content=\"1280\" \/>\n\t<meta property=\"og:image:type\" content=\"image\/jpeg\" \/>\n<meta name=\"twitter:label1\" content=\"Est. reading time\" \/>\n\t<meta name=\"twitter:data1\" content=\"1 minute\" \/>\n<script type=\"application\/ld+json\" class=\"yoast-schema-graph\">{\"@context\":\"https:\\\/\\\/schema.org\",\"@graph\":[{\"@type\":\"WebPage\",\"@id\":\"https:\\\/\\\/serbia.com\\\/srpski\\\/personalizovano-putovanje\\\/\",\"url\":\"https:\\\/\\\/serbia.com\\\/srpski\\\/personalizovano-putovanje\\\/\",\"name\":\"Personalizovano Putovanje - Serbia.com\",\"isPartOf\":{\"@id\":\"https:\\\/\\\/serbia.com\\\/#website\"},\"primaryImageOfPage\":{\"@id\":\"https:\\\/\\\/serbia.com\\\/srpski\\\/personalizovano-putovanje\\\/#primaryimage\"},\"image\":{\"@id\":\"https:\\\/\\\/serbia.com\\\/srpski\\\/personalizovano-putovanje\\\/#primaryimage\"},\"thumbnailUrl\":\"https:\\\/\\\/serbia.com\\\/wp-content\\\/uploads\\\/2024\\\/07\\\/belgrade-888332_1920-1.jpg\",\"datePublished\":\"2024-06-10T12:55:48+00:00\",\"dateModified\":\"2024-09-14T08:18:41+00:00\",\"description\":\"Fascinatna priroda, turbulentna istorija i bogato kulturno nasle\u0111e, ukusna hrana i kvalitetna vina, sjajan no\u0107ni provod i autenti\u010dna etno sela, samo su neke od stvari u kojima mo\u017eete u\u017eivati. Na vama je samo da nam ka\u017eete kako zami\u0161ljate va\u0161e savr\u0161eno putovanje i na\u0161 tim \u0107e osmisliti uzbudljivu avanturu kreiranu prema va\u0161im preferencijama i \u017eeljama.\",\"breadcrumb\":{\"@id\":\"https:\\\/\\\/serbia.com\\\/srpski\\\/personalizovano-putovanje\\\/#breadcrumb\"},\"inLanguage\":\"srpski\",\"potentialAction\":[{\"@type\":\"ReadAction\",\"target\":[\"https:\\\/\\\/serbia.com\\\/srpski\\\/personalizovano-putovanje\\\/\"]}]},{\"@type\":\"ImageObject\",\"inLanguage\":\"srpski\",\"@id\":\"https:\\\/\\\/serbia.com\\\/srpski\\\/personalizovano-putovanje\\\/#primaryimage\",\"url\":\"https:\\\/\\\/serbia.com\\\/wp-content\\\/uploads\\\/2024\\\/07\\\/belgrade-888332_1920-1.jpg\",\"contentUrl\":\"https:\\\/\\\/serbia.com\\\/wp-content\\\/uploads\\\/2024\\\/07\\\/belgrade-888332_1920-1.jpg\",\"width\":1920,\"height\":1280},{\"@type\":\"BreadcrumbList\",\"@id\":\"https:\\\/\\\/serbia.com\\\/srpski\\\/personalizovano-putovanje\\\/#breadcrumb\",\"itemListElement\":[{\"@type\":\"ListItem\",\"position\":1,\"name\":\"Home\",\"item\":\"https:\\\/\\\/serbia.com\\\/srpski\\\/\"},{\"@type\":\"ListItem\",\"position\":2,\"name\":\"Personalizovano Putovanje\"}]},{\"@type\":\"WebSite\",\"@id\":\"https:\\\/\\\/serbia.com\\\/#website\",\"url\":\"https:\\\/\\\/serbia.com\\\/\",\"name\":\"Serbia.com\",\"description\":\"Your Gateway to Serbia\",\"potentialAction\":[{\"@type\":\"SearchAction\",\"target\":{\"@type\":\"EntryPoint\",\"urlTemplate\":\"https:\\\/\\\/serbia.com\\\/?s={search_term_string}\"},\"query-input\":{\"@type\":\"PropertyValueSpecification\",\"valueRequired\":true,\"valueName\":\"search_term_string\"}}],\"inLanguage\":\"srpski\"}]}<\/script>\n<!-- \/ Yoast SEO plugin. -->","yoast_head_json":{"title":"Personalizovano Putovanje - Serbia.com","description":"Fascinatna priroda, turbulentna istorija i bogato kulturno nasle\u0111e, ukusna hrana i kvalitetna vina, sjajan no\u0107ni provod i autenti\u010dna etno sela, samo su neke od stvari u kojima mo\u017eete u\u017eivati. Na vama je samo da nam ka\u017eete kako zami\u0161ljate va\u0161e savr\u0161eno putovanje i na\u0161 tim \u0107e osmisliti uzbudljivu avanturu kreiranu prema va\u0161im preferencijama i \u017eeljama.","robots":{"index":"index","follow":"follow","max-snippet":"max-snippet:-1","max-image-preview":"max-image-preview:large","max-video-preview":"max-video-preview:-1"},"canonical":"https:\/\/serbia.com\/srpski\/personalizovano-putovanje\/","og_locale":"en_US","og_type":"article","og_title":"Personalizovano Putovanje - Serbia.com","og_description":"Fascinatna priroda, turbulentna istorija i bogato kulturno nasle\u0111e, ukusna hrana i kvalitetna vina, sjajan no\u0107ni provod i autenti\u010dna etno sela, samo su neke od stvari u kojima mo\u017eete u\u017eivati. Na vama je samo da nam ka\u017eete kako zami\u0161ljate va\u0161e savr\u0161eno putovanje i na\u0161 tim \u0107e osmisliti uzbudljivu avanturu kreiranu prema va\u0161im preferencijama i \u017eeljama.","og_url":"https:\/\/serbia.com\/srpski\/personalizovano-putovanje\/","og_site_name":"Serbia.com","article_modified_time":"2024-09-14T08:18:41+00:00","og_image":[{"width":1920,"height":1280,"url":"https:\/\/serbia.com\/wp-content\/uploads\/2024\/07\/belgrade-888332_1920-1.jpg","type":"image\/jpeg"}],"twitter_misc":{"Est. reading time":"1 minute"},"schema":{"@context":"https:\/\/schema.org","@graph":[{"@type":"WebPage","@id":"https:\/\/serbia.com\/srpski\/personalizovano-putovanje\/","url":"https:\/\/serbia.com\/srpski\/personalizovano-putovanje\/","name":"Personalizovano Putovanje - Serbia.com","isPartOf":{"@id":"https:\/\/serbia.com\/#website"},"primaryImageOfPage":{"@id":"https:\/\/serbia.com\/srpski\/personalizovano-putovanje\/#primaryimage"},"image":{"@id":"https:\/\/serbia.com\/srpski\/personalizovano-putovanje\/#primaryimage"},"thumbnailUrl":"https:\/\/serbia.com\/wp-content\/uploads\/2024\/07\/belgrade-888332_1920-1.jpg","datePublished":"2024-06-10T12:55:48+00:00","dateModified":"2024-09-14T08:18:41+00:00","description":"Fascinatna priroda, turbulentna istorija i bogato kulturno nasle\u0111e, ukusna hrana i kvalitetna vina, sjajan no\u0107ni provod i autenti\u010dna etno sela, samo su neke od stvari u kojima mo\u017eete u\u017eivati. Na vama je samo da nam ka\u017eete kako zami\u0161ljate va\u0161e savr\u0161eno putovanje i na\u0161 tim \u0107e osmisliti uzbudljivu avanturu kreiranu prema va\u0161im preferencijama i \u017eeljama.","breadcrumb":{"@id":"https:\/\/serbia.com\/srpski\/personalizovano-putovanje\/#breadcrumb"},"inLanguage":"srpski","potentialAction":[{"@type":"ReadAction","target":["https:\/\/serbia.com\/srpski\/personalizovano-putovanje\/"]}]},{"@type":"ImageObject","inLanguage":"srpski","@id":"https:\/\/serbia.com\/srpski\/personalizovano-putovanje\/#primaryimage","url":"https:\/\/serbia.com\/wp-content\/uploads\/2024\/07\/belgrade-888332_1920-1.jpg","contentUrl":"https:\/\/serbia.com\/wp-content\/uploads\/2024\/07\/belgrade-888332_1920-1.jpg","width":1920,"height":1280},{"@type":"BreadcrumbList","@id":"https:\/\/serbia.com\/srpski\/personalizovano-putovanje\/#breadcrumb","itemListElement":[{"@type":"ListItem","position":1,"name":"Home","item":"https:\/\/serbia.com\/srpski\/"},{"@type":"ListItem","position":2,"name":"Personalizovano Putovanje"}]},{"@type":"WebSite","@id":"https:\/\/serbia.com\/#website","url":"https:\/\/serbia.com\/","name":"Serbia.com","description":"Your Gateway to Serbia","potentialAction":[{"@type":"SearchAction","target":{"@type":"EntryPoint","urlTemplate":"https:\/\/serbia.com\/?s={search_term_string}"},"query-input":{"@type":"PropertyValueSpecification","valueRequired":true,"valueName":"search_term_string"}}],"inLanguage":"srpski"}]}},"brizy_media":[],"_links":{"self":[{"href":"https:\/\/serbia.com\/srpski\/wp-json\/wp\/v2\/pages\/53771","targetHints":{"allow":["GET"]}}],"collection":[{"href":"https:\/\/serbia.com\/srpski\/wp-json\/wp\/v2\/pages"}],"about":[{"href":"https:\/\/serbia.com\/srpski\/wp-json\/wp\/v2\/types\/page"}],"author":[{"embeddable":true,"href":"https:\/\/serbia.com\/srpski\/wp-json\/wp\/v2\/users\/35"}],"replies":[{"embeddable":true,"href":"https:\/\/serbia.com\/srpski\/wp-json\/wp\/v2\/comments?post=53771"}],"version-history":[{"count":1,"href":"https:\/\/serbia.com\/srpski\/wp-json\/wp\/v2\/pages\/53771\/revisions"}],"predecessor-version":[{"id":53786,"href":"https:\/\/serbia.com\/srpski\/wp-json\/wp\/v2\/pages\/53771\/revisions\/53786"}],"wp:featuredmedia":[{"embeddable":true,"href":"https:\/\/serbia.com\/srpski\/wp-json\/wp\/v2\/media\/53539"}],"wp:attachment":[{"href":"https:\/\/serbia.com\/srpski\/wp-json\/wp\/v2\/media?parent=53771"}],"wp:term":[{"taxonomy":"category","embeddable":true,"href":"https:\/\/serbia.com\/srpski\/wp-json\/wp\/v2\/categories?post=53771"},{"taxonomy":"post_tag","embeddable":true,"href":"https:\/\/serbia.com\/srpski\/wp-json\/wp\/v2\/tags?post=53771"}],"curies":[{"name":"wp","href":"https:\/\/api.w.org\/{rel}","templated":true}]}}