{"id":45355,"date":"2016-02-04T20:11:31","date_gmt":"2016-02-04T19:11:31","guid":{"rendered":"http:\/\/www.serbia.com\/srpski\/?page_id=45355"},"modified":"2024-10-20T20:19:41","modified_gmt":"2024-10-20T18:19:41","slug":"krupajsko-vrelo-kao-ekoloska-oaza","status":"publish","type":"page","link":"https:\/\/serbia.com\/srpski\/posetite-srbiju\/prirodne-lepote\/jedinstvena-priroda\/krupajsko-vrelo-kao-ekoloska-oaza\/","title":{"rendered":"Krupajsko vrelo kao ekolo\u0161ka oaza"},"content":{"rendered":"<p>U isto\u010dnoj Srbiji, u podno\u017eju planine Beljanice, nalaze se dragulji prirode kakvi se na prvu pomisao mogu na\u0107i samo u bajkama. U pitanju su kra\u0161ka vrela. Od ovih dragulja, dva zaslu\u017euju da im se posveti posebna pa\u017enja. U \u017dagubici, na mestu gde se Beljanica spu\u0161ta u Homoljsku kotlinu, nalazi se vrelo Mlave, i na oko 35 kilometara od \u017dagubice, u zapadnom podno\u017eju planine, u dolini Krupajske reke, le\u017ei skriveno Krupajsko vrelo.<\/p>\n<p>Danas imate priliku da se upoznate sa jednim od ta dva dragulja &#8211; sa Krupajskim vrelom.<\/p>\n<p>Na nadmorskoj visini od 220 m, za\u0161ti\u0107eno netaknutom prirodom zapadne strane Beljanice, izbija Krupajsko vrelo. Iako je i sam homoljski kraj poznat kao velika ekolo\u0161ka oaza, Krupajsko vrelo se i dalje smatra jedinstvenom pojavom.\u00a0Za\u0161to pitate se?<\/p>\n<h4>Puteljkom iz bajke<\/h4>\n<p>Po\u010dnimo od prilaza samom vrelu. Nakon \u0161to pro\u0111ete staru vodenicu, prepunu kojekakvih starudija, izme\u0111u nje i \u0161umovitog brda\u0161ca dolazite do gotovo nevidljivog uskog prolaza i par kamenih stepenica. Silazite niz njih i nailazite na bazen\u010di\u0107 ispunjen duguljastim pastrmkama. Na njega se odmah nadovezuje drugi bazen, u kome su dom na\u0161le omanje, crne i \u017eute ribice. Dok kora\u010date uz zid od stene, pogled vam luta na drugu stranu gde se nalazi \u010ditav sistem vodopada i jezeraca. Prolazite pored ve\u0107 tre\u0107eg bazena sa ribicama, koji je delom ogra\u0111en delom u steni. Kada pro\u0111ete stenu, kre\u0107ete se pravo uzanom \u0161umskom stazicom. Ova stazica vas dovodi do krajnje bajkovitog odredi\u0161ta.<\/p>\n<h4>Carstvo koje krije Krupajsko vrelo<\/h4>\n<p>Okru\u017eeno \u0161umskim rastinjem, puzavicama i granjem drve\u0107a koje se spu\u0161taju sve do vode, le\u017ei Krupajsko vrelo. Plavo zelena voda, promenljivih nijansa koje skoro da hipnoti\u0161u posmatra\u010da, ispunjava duboko, ledeno jezero. Tirkizna voda ista\u010dkana je opalim li\u0161\u0107em.<\/p>\n<p><img loading=\"lazy\" decoding=\"async\" class=\"aligncenter size-full wp-image-45343\" src=\"http:\/\/www.serbia.com\/wp-content\/uploads\/2016\/02\/bpa4.jpg\" alt=\"bpa4\" width=\"800\" height=\"530\" srcset=\"https:\/\/serbia.com\/wp-content\/uploads\/2016\/02\/bpa4.jpg 800w, https:\/\/serbia.com\/wp-content\/uploads\/2016\/02\/bpa4-300x199.jpg 300w, https:\/\/serbia.com\/wp-content\/uploads\/2016\/02\/bpa4-768x509.jpg 768w\" sizes=\"(max-width: 800px) 100vw, 800px\" \/><\/p>\n<p>\u010cuje se cvrkut ptica, \u0161u\u0161tanje granja i ubrzo iz kro\u0161nji izle\u0107u pomenute ptice. Njihov let vodi va\u0161 pogled do jo\u0161 jedne stvari koja \u010dini Krupajsko vrelo tako jedinstvenim. U pitanju je pe\u0107ina koja izbija iz samog jezera. Dopola u vodi, stvarno izgleda kao prizor iz knjige za decu.<\/p>\n<h4>Tajna ispod povr\u0161ine jezera<\/h4>\n<p>Osim skrovitog prilaza i o\u010daravaju\u0107eg izgleda samog izvori\u0161ta, Krupajsko vrelo ispod svoje povr\u0161ine krije jo\u0161 fascinantniju pri\u010du. Prema pri\u010dama ronioca, koji su uspeli da se spuste do 123 metara dubine, kada zaronite nailazite na \u010ditav lavirint podzemnih kanala. Prolazak kroz &#8220;\u017deludac&#8221;, &#8220;Tobogan&#8221;, &#8220;Malu sobu&#8221;, &#8220;6 metara&#8221;, &#8220;Veliku sobu&#8221;, &#8220;Glavu ovna&#8221; polupotopljene pre\u0107ine mogu\u0107 je samo uz arijadnu bez koje bi i najiskusniji ronioci bili izgubljeni. Na kraju, prolaskom \u201cKanala\u201d ulazite u tamni bezdan. Na 123 metra nalazi se delimi\u010dno potopljena podvodna pe\u0107ina, a duboko u utrobi zemlje ve\u0107 prokopani tuneli koji su vode ka povr\u0161ini zemlje.<\/p>\n<p>Ali za\u0161to bi neko kopao tunele u podvodnoj pe\u0107ini?<\/p>\n<h4>Vodena legenda misti\u010dnog Homolja<\/h4>\n<p>Zato \u0161to Homolje i Krupajsko vrelo kriju legendu obavijenu velom vla\u0161ke magije. Legenda ka\u017ee da je u Homoljskim planinama postoji skriveno blago. \u010cak se i veruje da ga je sama planina progutala i da se sad nalazi na dnu zlatne pe\u0107ine. Pe\u0107inu navodno \u010duva Tartor, vodeni duh, nazvan jo\u0161 i Staracem ili Albatrnom, zbog kog me\u0161tani ne smeju da ulaze u vodu tokom svojih neumornih potraga za zakopanim blagom.<\/p>\n<p>Iako jo\u0161 niko nije na\u0161ao blago o kome govori legenda, jedno blago Krupajskog vrela je svima nama dostupno, a to je voda koja izvire iz planine i koja daje \u017eivot \u010ditavoj ovoj oazi.<\/p>\n<h4>Koji je ekolo\u0161ki zna\u010daj Krupajskog vrela?<\/h4>\n<p>Potok vrela, du\u017eine 435 metara, prvo oti\u010de prema severu, a zatim skre\u0107e prema zapadu i uliva se u Krupajsku reku. Te\u010de sve od brane do mlina. Kod zgrade mlina, nalazi se betonska \u010desma sa pet metalnih cevi na kojima isti\u010de topla voda temperature 26\u02d9C. Ova voda poti\u010de iz prirodnog termalnog izvora koji je kaptiran i podzemno sproveden do \u010desme. Desetak metara od \u010desme je drugi termalni izvor u obliku minijaturnog vodoskoka koji je nastao na samoizlivnoj geolo\u0161koj bu\u0161otini.<\/p>\n<p><img loading=\"lazy\" decoding=\"async\" class=\"aligncenter size-full wp-image-45346\" src=\"http:\/\/www.serbia.com\/wp-content\/uploads\/2016\/02\/uofh-e1454609828249.jpg\" alt=\"uofh\" width=\"800\" height=\"485\" \/><\/p>\n<blockquote><p><em>Spomenik prirode &#8220;Krupajsko vrelo&#8221;, ustanovljen uredbom Vlade Republike Srbije , a na osnovu Zakona o za\u0161titi \u017eivotne sredine, za za\u0161ti\u0107eno prirodno dobro od izuzetnog zna\u010daja predstavlja jedan od najja\u010dih kra\u0161kih izvora u Srbiji i po morfologiji svog izvori\u0161ta, hidrolo\u0161kim funkcijama i prate\u0107im prirodnim obele\u017ejima pripada grupi najreprezentativnijih gravitacionih vrela.<\/em><\/p><\/blockquote>\n<p>Ako skrivenoj \u0161umskoj stazi, tirkiznom jezeru, misti\u010dnoj pe\u0107ini, atraktivnom vodopadu dodate i lekovite vode termalnog izvora koje se me\u0161aju sa hladnom izvorskom vodom Krupajskog vrela, shvati\u0107ete da je pri\u010da ovog bajkovitog predela zaista upotpunjena.<\/p>\n<p>I jednostavno vam ne preostaje ni\u0161ta drugo no da posetite Krupajsko vrelo i njegovu neodoljivu ekolo\u0161ku oazu sa\u010dinjenu od \u010distog planinskog vazduha i vode, kao i prelepih planinskih vrhova.<\/p>\n<h4>Kako sti\u0107i do Krupajskog vrela?<\/h4>\n<p>Od <a href=\"http:\/\/www.serbia.com\/srpski\/posetite-srbiju\/gradovi\/beograd\/\" target=\"_blank\" rel=\"noopener\">Beograda<\/a>, ide se preko <a href=\"http:\/\/www.serbia.com\/srpski\/posetite-srbiju\/gradovi\/pozarevac-grad-mira\/\" target=\"_blank\" rel=\"noopener\">Po\u017earevca<\/a> i Kamenova, sela p\u010delara koje nalazi se odmah ispred Petrovca na Mlavi. Sa desne strane puta (iz Petrovca) je ulaz u Gornja\u010dku klisuru. Po izlasku iz klisure brzo se sti\u017ee do sela Krepoljin. Tu se put razdvaja, pravo se ide za \u017dagubicu, a desno za Krupajsko vrelo, koje se nalazi izme\u0111u sela Milanovac i Krupaja.<\/p>\n<h4>Kada ste ve\u0107 ovde, ne propustite\u2026<\/h4>\n<p>Da u\u017eivate u prirodi koja okru\u017euje \u017dagubicu. Udaljena od <a href=\"http:\/\/www.serbia.com\/srpski\/posetite-srbiju\/gradovi\/beograd\/\" target=\"_blank\" rel=\"noopener\">Beograda<\/a> 120 kilometara nalazi se teritorija \u017dagubice, koja obuhvata gornji deo prekrasne doline Mlave i njene pritoke, \u017dagubi\u010dku kotlinu, kao i Gornja\u010dke i Homoljske planine.<\/p>\n<p>Da se u <strong>manastiru Gornjak<\/strong> upoznate sa <a href=\"http:\/\/www.serbia.com\/srpski\/o-srbiji\/istorija\/\" target=\"_blank\" rel=\"noopener\">srpskom istorijom<\/a>. Manastir Gornjak se nalazi u dolini reke Mlave, izme\u0111u Petrovca na Mlavi i \u017dagubice. Izgra\u0111en je u periodu od 1376 &#8211; 1380. godine kao zadu\u017ebina kneza Lazara. Za sve one koje zanima srednji vek, u okviru ovog manastira na\u0107i \u0107e o\u010duvane srednjovekovne gra\u0111evine kao \u0161to su glavna manastirska crkva i kapela u pe\u0107ini, koja je posve\u0107ena <a href=\"http:\/\/www.serbia.com\/srpski\/danas-je-sveti-nikola-cudotvorac-i-cuvar-srpskog-naroda\/\" target=\"_blank\" rel=\"noopener\">Svetom Nikoli<\/a>, kao i <strong>ostatke srednjovekovnog manastira Blagove\u0161tenje<\/strong>, zadu\u017ebine <a href=\"http:\/\/www.serbia.com\/srpski\/o-srbiji\/poznati-srbi\/istorijske-licnosti\/despot-stefan-lazarevic\/\" target=\"_blank\" rel=\"noopener\">despota Stefana Lazarevi\u0107a<\/a>, o\u010duvane u stenama.<\/p>\n<p>Da vidite najstariji crkveni spomenik u isto\u010dnom delu Srbije. <strong>Tr\u0161ka crkva<\/strong> je prema predanju izgra\u0111ena jo\u0161 u 9. veku. Me\u0111utim, na osnovu sa\u010duvanih materijalnih ostataka procenjeno je da je hram izgra\u0111en verovatno krajem 13. veka i da je bio posve\u0107en Sv. Nikoli.<\/p>\n<p><strong>Da se uverite u lepotu vrela Mlave<\/strong>. Ovom vrelu, koje se nalazi u jugoisto\u010dnom delu naselja \u017dagubica, tamno zelenu boju daje \u010detinarska \u0161uma planina Beljanice koja se spu\u0161ta do njegovog oboda. Radi o\u010duvanja ovog prirodnog spomenika, ovo vrelo je pod za\u0161titom dr\u017eave kao vredan Hidrolo\u0161ki spomenik prve kategorije.<\/p>\n<p>Da posetite jedan od najzna\u010dajnijih spomenika srpske srednjovekovne kulture. <strong><a href=\"http:\/\/www.serbia.com\/srpski\/manastir-manasija-biser-srpske-srednjovekovne-kulture\/\" target=\"_blank\" rel=\"noopener\">Manastir Manasija<\/a><\/strong> (Resava), koji je je podigao <a href=\"http:\/\/www.serbia.com\/srpski\/o-srbiji\/poznati-srbi\/istorijske-licnosti\/despot-stefan-lazarevic\/\" target=\"_blank\" rel=\"noopener\">despot Stefan Lazarevi\u0107<\/a>, je najzna\u010dajnija gra\u0111evina koja pripada takozvanoj \u201eMoravskoj \u0161koli\u201c. \u201eResavska \u0161kola\u201c je kroz ceo 15. i 16. vek bila prepisiva\u010dka radionica i izvor pisanih dela i prevoda.<\/p>\n<p>Da otkrijete <strong><a href=\"http:\/\/www.serbia.com\/srpski\/posetite-srbiju\/prirodne-lepote\/pecine\/resavska-pecina-pogled-u-ledeno-doba\/\" target=\"_blank\" rel=\"noopener\">Resavsku pe\u0107inu<\/a><\/strong>. Spada u najlep\u0161e <a href=\"http:\/\/www.serbia.com\/srpski\/posetite-srbiju\/prirodne-lepote\/pecine\/\" target=\"_blank\" rel=\"noopener\">pe\u0107ine u Srbiji<\/a>. Nekada su za nju znali samo \u010dobani, ali je 10 godina nakon njenog otkri\u0107a, 1972. godine, ova pe\u0107ina otvorena za posetioce. Resavska pe\u0107ina se nalazi na 20 km od <strong><a href=\"http:\/\/www.serbia.com\/srpski\/posetite-srbiju\/prirodne-lepote\/jedinstvena-priroda\/despotovac-grad-despota-stefana-lazarevica\/\" target=\"_blank\" rel=\"noopener\">Despotovca<\/a><\/strong>, u kre\u010dnja\u010dkom brdu zvanom Babina glava.<\/p>\n<p><strong>Ukoliko \u017eelite da obi\u0111ete Krupajsko vrelo, turu mo\u017eete zakazati <a href=\"https:\/\/serbia.com\/tour\/the-eastern-serbia-jewels\/\">OVDE<\/a>.<\/strong><\/p>\n<p>Autor: Ma\u0161a Maksimovi\u0107<\/p>\n","protected":false},"excerpt":{"rendered":"<p>U isto\u010dnoj Srbiji, u podno\u017eju planine Beljanice, nalaze se dragulji prirode kakvi se na prvu pomisao mogu na\u0107i samo u bajkama. U pitanju su kra\u0161ka vrela. Od ovih dragulja, dva [&hellip;]<\/p>\n","protected":false},"author":9,"featured_media":45328,"parent":20470,"menu_order":0,"comment_status":"closed","ping_status":"closed","template":"","meta":{"_acf_changed":false,"inline_featured_image":false,"_monsterinsights_skip_tracking":false,"_monsterinsights_sitenote_active":false,"_monsterinsights_sitenote_note":"","_monsterinsights_sitenote_category":0,"footnotes":""},"categories":[1661],"tags":[],"class_list":["post-45355","page","type-page","status-publish","has-post-thumbnail","hentry","category-jedinstvena-priroda-prirodne-lepote-sta-posetiti"],"acf":[],"yoast_head":"<!-- This site is optimized with the Yoast SEO plugin v23.8 - https:\/\/yoast.com\/wordpress\/plugins\/seo\/ -->\n<title>Krupajsko vrelo kao ekolo\u0161ka oaza - Serbia.com<\/title>\n<meta name=\"robots\" content=\"index, follow, max-snippet:-1, max-image-preview:large, max-video-preview:-1\" \/>\n<link rel=\"canonical\" href=\"https:\/\/serbia.com\/srpski\/posetite-srbiju\/prirodne-lepote\/jedinstvena-priroda\/krupajsko-vrelo-kao-ekoloska-oaza\/\" \/>\n<meta property=\"og:locale\" content=\"en_US\" \/>\n<meta property=\"og:type\" content=\"article\" \/>\n<meta property=\"og:title\" content=\"Krupajsko vrelo kao ekolo\u0161ka oaza - Serbia.com\" \/>\n<meta property=\"og:description\" content=\"U isto\u010dnoj Srbiji, u podno\u017eju planine Beljanice, nalaze se dragulji prirode kakvi se na prvu pomisao mogu na\u0107i samo u bajkama. U pitanju su kra\u0161ka vrela. Od ovih dragulja, dva [&hellip;]\" \/>\n<meta property=\"og:url\" content=\"https:\/\/serbia.com\/srpski\/posetite-srbiju\/prirodne-lepote\/jedinstvena-priroda\/krupajsko-vrelo-kao-ekoloska-oaza\/\" \/>\n<meta property=\"og:site_name\" content=\"Serbia.com\" \/>\n<meta property=\"article:modified_time\" content=\"2024-10-20T18:19:41+00:00\" \/>\n<meta property=\"og:image\" content=\"https:\/\/serbia.com\/wp-content\/uploads\/2016\/02\/Krupajsko_vrelo_Z\u030cagubica_01.jpg\" \/>\n\t<meta property=\"og:image:width\" content=\"1600\" \/>\n\t<meta property=\"og:image:height\" content=\"905\" \/>\n\t<meta property=\"og:image:type\" content=\"image\/jpeg\" \/>\n<meta name=\"twitter:label1\" content=\"Est. reading time\" \/>\n\t<meta name=\"twitter:data1\" content=\"6 minutes\" \/>\n<script type=\"application\/ld+json\" class=\"yoast-schema-graph\">{\"@context\":\"https:\/\/schema.org\",\"@graph\":[{\"@type\":\"WebPage\",\"@id\":\"https:\/\/serbia.com\/srpski\/posetite-srbiju\/prirodne-lepote\/jedinstvena-priroda\/krupajsko-vrelo-kao-ekoloska-oaza\/\",\"url\":\"https:\/\/serbia.com\/srpski\/posetite-srbiju\/prirodne-lepote\/jedinstvena-priroda\/krupajsko-vrelo-kao-ekoloska-oaza\/\",\"name\":\"Krupajsko vrelo kao ekolo\u0161ka oaza - Serbia.com\",\"isPartOf\":{\"@id\":\"https:\/\/serbia.com\/#website\"},\"primaryImageOfPage\":{\"@id\":\"https:\/\/serbia.com\/srpski\/posetite-srbiju\/prirodne-lepote\/jedinstvena-priroda\/krupajsko-vrelo-kao-ekoloska-oaza\/#primaryimage\"},\"image\":{\"@id\":\"https:\/\/serbia.com\/srpski\/posetite-srbiju\/prirodne-lepote\/jedinstvena-priroda\/krupajsko-vrelo-kao-ekoloska-oaza\/#primaryimage\"},\"thumbnailUrl\":\"https:\/\/serbia.com\/wp-content\/uploads\/2016\/02\/Krupajsko_vrelo_Z\u030cagubica_01.jpg\",\"datePublished\":\"2016-02-04T19:11:31+00:00\",\"dateModified\":\"2024-10-20T18:19:41+00:00\",\"breadcrumb\":{\"@id\":\"https:\/\/serbia.com\/srpski\/posetite-srbiju\/prirodne-lepote\/jedinstvena-priroda\/krupajsko-vrelo-kao-ekoloska-oaza\/#breadcrumb\"},\"inLanguage\":\"srpski\",\"potentialAction\":[{\"@type\":\"ReadAction\",\"target\":[\"https:\/\/serbia.com\/srpski\/posetite-srbiju\/prirodne-lepote\/jedinstvena-priroda\/krupajsko-vrelo-kao-ekoloska-oaza\/\"]}]},{\"@type\":\"ImageObject\",\"inLanguage\":\"srpski\",\"@id\":\"https:\/\/serbia.com\/srpski\/posetite-srbiju\/prirodne-lepote\/jedinstvena-priroda\/krupajsko-vrelo-kao-ekoloska-oaza\/#primaryimage\",\"url\":\"https:\/\/serbia.com\/wp-content\/uploads\/2016\/02\/Krupajsko_vrelo_Z\u030cagubica_01.jpg\",\"contentUrl\":\"https:\/\/serbia.com\/wp-content\/uploads\/2016\/02\/Krupajsko_vrelo_Z\u030cagubica_01.jpg\",\"width\":1600,\"height\":905},{\"@type\":\"BreadcrumbList\",\"@id\":\"https:\/\/serbia.com\/srpski\/posetite-srbiju\/prirodne-lepote\/jedinstvena-priroda\/krupajsko-vrelo-kao-ekoloska-oaza\/#breadcrumb\",\"itemListElement\":[{\"@type\":\"ListItem\",\"position\":1,\"name\":\"Home\",\"item\":\"https:\/\/serbia.com\/srpski\/\"},{\"@type\":\"ListItem\",\"position\":2,\"name\":\"Poseti Srbiju\",\"item\":\"https:\/\/serbia.com\/srpski\/posetite-srbiju\/\"},{\"@type\":\"ListItem\",\"position\":3,\"name\":\"Prirodne lepote\",\"item\":\"https:\/\/serbia.com\/srpski\/posetite-srbiju\/prirodne-lepote\/\"},{\"@type\":\"ListItem\",\"position\":4,\"name\":\"Jedinstvena priroda\",\"item\":\"https:\/\/serbia.com\/srpski\/posetite-srbiju\/prirodne-lepote\/jedinstvena-priroda\/\"},{\"@type\":\"ListItem\",\"position\":5,\"name\":\"Krupajsko vrelo kao ekolo\u0161ka oaza\"}]},{\"@type\":\"WebSite\",\"@id\":\"https:\/\/serbia.com\/#website\",\"url\":\"https:\/\/serbia.com\/\",\"name\":\"Serbia.com\",\"description\":\"Your Gateway to Serbia\",\"potentialAction\":[{\"@type\":\"SearchAction\",\"target\":{\"@type\":\"EntryPoint\",\"urlTemplate\":\"https:\/\/serbia.com\/?s={search_term_string}\"},\"query-input\":{\"@type\":\"PropertyValueSpecification\",\"valueRequired\":true,\"valueName\":\"search_term_string\"}}],\"inLanguage\":\"srpski\"}]}<\/script>\n<!-- \/ Yoast SEO plugin. -->","yoast_head_json":{"title":"Krupajsko vrelo kao ekolo\u0161ka oaza - Serbia.com","robots":{"index":"index","follow":"follow","max-snippet":"max-snippet:-1","max-image-preview":"max-image-preview:large","max-video-preview":"max-video-preview:-1"},"canonical":"https:\/\/serbia.com\/srpski\/posetite-srbiju\/prirodne-lepote\/jedinstvena-priroda\/krupajsko-vrelo-kao-ekoloska-oaza\/","og_locale":"en_US","og_type":"article","og_title":"Krupajsko vrelo kao ekolo\u0161ka oaza - Serbia.com","og_description":"U isto\u010dnoj Srbiji, u podno\u017eju planine Beljanice, nalaze se dragulji prirode kakvi se na prvu pomisao mogu na\u0107i samo u bajkama. U pitanju su kra\u0161ka vrela. Od ovih dragulja, dva [&hellip;]","og_url":"https:\/\/serbia.com\/srpski\/posetite-srbiju\/prirodne-lepote\/jedinstvena-priroda\/krupajsko-vrelo-kao-ekoloska-oaza\/","og_site_name":"Serbia.com","article_modified_time":"2024-10-20T18:19:41+00:00","og_image":[{"width":1600,"height":905,"url":"https:\/\/serbia.com\/wp-content\/uploads\/2016\/02\/Krupajsko_vrelo_Z\u030cagubica_01.jpg","type":"image\/jpeg"}],"twitter_misc":{"Est. reading time":"6 minutes"},"schema":{"@context":"https:\/\/schema.org","@graph":[{"@type":"WebPage","@id":"https:\/\/serbia.com\/srpski\/posetite-srbiju\/prirodne-lepote\/jedinstvena-priroda\/krupajsko-vrelo-kao-ekoloska-oaza\/","url":"https:\/\/serbia.com\/srpski\/posetite-srbiju\/prirodne-lepote\/jedinstvena-priroda\/krupajsko-vrelo-kao-ekoloska-oaza\/","name":"Krupajsko vrelo kao ekolo\u0161ka oaza - Serbia.com","isPartOf":{"@id":"https:\/\/serbia.com\/#website"},"primaryImageOfPage":{"@id":"https:\/\/serbia.com\/srpski\/posetite-srbiju\/prirodne-lepote\/jedinstvena-priroda\/krupajsko-vrelo-kao-ekoloska-oaza\/#primaryimage"},"image":{"@id":"https:\/\/serbia.com\/srpski\/posetite-srbiju\/prirodne-lepote\/jedinstvena-priroda\/krupajsko-vrelo-kao-ekoloska-oaza\/#primaryimage"},"thumbnailUrl":"https:\/\/serbia.com\/wp-content\/uploads\/2016\/02\/Krupajsko_vrelo_Z\u030cagubica_01.jpg","datePublished":"2016-02-04T19:11:31+00:00","dateModified":"2024-10-20T18:19:41+00:00","breadcrumb":{"@id":"https:\/\/serbia.com\/srpski\/posetite-srbiju\/prirodne-lepote\/jedinstvena-priroda\/krupajsko-vrelo-kao-ekoloska-oaza\/#breadcrumb"},"inLanguage":"srpski","potentialAction":[{"@type":"ReadAction","target":["https:\/\/serbia.com\/srpski\/posetite-srbiju\/prirodne-lepote\/jedinstvena-priroda\/krupajsko-vrelo-kao-ekoloska-oaza\/"]}]},{"@type":"ImageObject","inLanguage":"srpski","@id":"https:\/\/serbia.com\/srpski\/posetite-srbiju\/prirodne-lepote\/jedinstvena-priroda\/krupajsko-vrelo-kao-ekoloska-oaza\/#primaryimage","url":"https:\/\/serbia.com\/wp-content\/uploads\/2016\/02\/Krupajsko_vrelo_Z\u030cagubica_01.jpg","contentUrl":"https:\/\/serbia.com\/wp-content\/uploads\/2016\/02\/Krupajsko_vrelo_Z\u030cagubica_01.jpg","width":1600,"height":905},{"@type":"BreadcrumbList","@id":"https:\/\/serbia.com\/srpski\/posetite-srbiju\/prirodne-lepote\/jedinstvena-priroda\/krupajsko-vrelo-kao-ekoloska-oaza\/#breadcrumb","itemListElement":[{"@type":"ListItem","position":1,"name":"Home","item":"https:\/\/serbia.com\/srpski\/"},{"@type":"ListItem","position":2,"name":"Poseti Srbiju","item":"https:\/\/serbia.com\/srpski\/posetite-srbiju\/"},{"@type":"ListItem","position":3,"name":"Prirodne lepote","item":"https:\/\/serbia.com\/srpski\/posetite-srbiju\/prirodne-lepote\/"},{"@type":"ListItem","position":4,"name":"Jedinstvena priroda","item":"https:\/\/serbia.com\/srpski\/posetite-srbiju\/prirodne-lepote\/jedinstvena-priroda\/"},{"@type":"ListItem","position":5,"name":"Krupajsko vrelo kao ekolo\u0161ka oaza"}]},{"@type":"WebSite","@id":"https:\/\/serbia.com\/#website","url":"https:\/\/serbia.com\/","name":"Serbia.com","description":"Your Gateway to Serbia","potentialAction":[{"@type":"SearchAction","target":{"@type":"EntryPoint","urlTemplate":"https:\/\/serbia.com\/?s={search_term_string}"},"query-input":{"@type":"PropertyValueSpecification","valueRequired":true,"valueName":"search_term_string"}}],"inLanguage":"srpski"}]}},"_links":{"self":[{"href":"https:\/\/serbia.com\/srpski\/wp-json\/wp\/v2\/pages\/45355"}],"collection":[{"href":"https:\/\/serbia.com\/srpski\/wp-json\/wp\/v2\/pages"}],"about":[{"href":"https:\/\/serbia.com\/srpski\/wp-json\/wp\/v2\/types\/page"}],"author":[{"embeddable":true,"href":"https:\/\/serbia.com\/srpski\/wp-json\/wp\/v2\/users\/9"}],"replies":[{"embeddable":true,"href":"https:\/\/serbia.com\/srpski\/wp-json\/wp\/v2\/comments?post=45355"}],"version-history":[{"count":1,"href":"https:\/\/serbia.com\/srpski\/wp-json\/wp\/v2\/pages\/45355\/revisions"}],"predecessor-version":[{"id":55764,"href":"https:\/\/serbia.com\/srpski\/wp-json\/wp\/v2\/pages\/45355\/revisions\/55764"}],"up":[{"embeddable":true,"href":"https:\/\/serbia.com\/srpski\/wp-json\/wp\/v2\/pages\/20470"}],"wp:featuredmedia":[{"embeddable":true,"href":"https:\/\/serbia.com\/srpski\/wp-json\/wp\/v2\/media\/45328"}],"wp:attachment":[{"href":"https:\/\/serbia.com\/srpski\/wp-json\/wp\/v2\/media?parent=45355"}],"wp:term":[{"taxonomy":"category","embeddable":true,"href":"https:\/\/serbia.com\/srpski\/wp-json\/wp\/v2\/categories?post=45355"},{"taxonomy":"post_tag","embeddable":true,"href":"https:\/\/serbia.com\/srpski\/wp-json\/wp\/v2\/tags?post=45355"}],"curies":[{"name":"wp","href":"https:\/\/api.w.org\/{rel}","templated":true}]}}