{"id":35771,"date":"2015-09-15T00:52:13","date_gmt":"2015-09-14T22:52:13","guid":{"rendered":"http:\/\/www.serbia.com\/?page_id=35771"},"modified":"2024-06-06T10:49:57","modified_gmt":"2024-06-06T08:49:57","slug":"frulaska-praksa","status":"publish","type":"page","link":"https:\/\/serbia.com\/srpski\/o-srbiji\/kultura\/nematerijalno-kulturno-nasledje-srbije\/nematerijalno-kulturno-naslede-kao-cuvar-srpskog-identiteta\/frulaska-praksa\/","title":{"rendered":"Frula\u0161ka praksa"},"content":{"rendered":"<h2>Bez frule, jednog od simbola Srbije, ne mo\u017ee se zamisliti ni srpska muzika. Zvuci drevnog intrumenta koji se najvi\u0161e koristio u pastirskoj delatnosti, i danas se mogu \u010duti na mnogobrojnim manifestacijama koje \u010duvaju i neguju bogatu kulturnu ba\u0161tinu nasle\u0111enu od predaka.<\/h2>\n<p><em>Sviralo<\/em> ili <em>duduk<\/em>, danas poznatiji kao frula, oduvek je bio obele\u017eje seoskih, ali i urbanih zajednica \u0161irom Srbije. Frule se prave od razli\u010ditih vrsta drveta \u2013 <strong>\u0161ljive, javora, bagrema, drena i \u0161im\u0161ra<\/strong>, a nekada su se izra\u0111ivale od bilo \u010dega \u0161to se moglo na\u0107i u prirodi. Govorilo se da je, da bi se napravila dobra svirala, neophodno nabaviti \u201cjednu granu u jesen ise\u010denu da bi se tokom zime dobro osu\u0161ila, i jedan o\u0161tar no\u017e za skidanje kore\u201d.<\/p>\n<p><img loading=\"lazy\" decoding=\"async\" class=\"alignleft size-medium wp-image-35766\" src=\"http:\/\/www.serbia.com\/wp-content\/uploads\/2015\/09\/frula1-300x247.jpg\" alt=\"frula1\" width=\"300\" height=\"247\" srcset=\"https:\/\/serbia.com\/wp-content\/uploads\/2015\/09\/frula1-300x247.jpg 300w, https:\/\/serbia.com\/wp-content\/uploads\/2015\/09\/frula1.jpg 350w\" sizes=\"(max-width: 300px) 100vw, 300px\" \/>Prema istoj tehnologiji, za pravljenje lepka bilo je potrebno \u201cjedno belance, tri do \u010detiri \u010dena utucanog belog luka i smola veli\u010dine jajeta sa \u0161ljivinog drveta\u201d.<\/p>\n<p>Kad se grana pripremi, prelije se mlekom i dobro osu\u0161i tokom zime, zatim se vi\u0161e puta prema\u017ee uljem i sir\u0107etom, a onda stavi u ov\u010dije pe\u010denje da se natopi masno\u0107om i tako impregnira.<\/p>\n<p>U novije vreme koriste se modernije tehnike, a \u010desto se izra\u0111uju i frule manjih dimenzija sa sedmim otvorom na pole\u0111ini.<\/p>\n<p>Iako su se nekada svirale svakodnevno, na seoskim skupovima ali i za sebe i svoju du\u0161u, danas se zvuk drevnog duva\u010dkog instrumenta naj\u010de\u0161\u0107e mo\u017ee \u010duti na <strong>saborima, smotrama i takmi\u010denjima frula\u0161a \u0161irom Srbije.<\/strong><\/p>\n<p><em>U grupu elemenata nematerijalnog kulturnog nasle\u0111a koji su povezani sa preno\u0161enjem tradicionalne \u201esvirke na fruli\u201c spadaju i: zanatski postupak izrade frule, ve\u0161tina usmenog preno\u0161enja znanja o sviranju na fruli, razli\u010dite izvo\u0111a\u010dke tehnike, tehnike cirkularnog disanja, kao i tradicionalne igre.<\/em><\/p>\n<p>Neke od najpoznatijih manifestacija koje \u010duvaju frula\u0161ku praksu i narodno muzi\u010dko stvarala\u0161tvo u Srbiji su: <strong>Sabor frula\u0161a Srbije \u201cOj, Moravo\u201d<\/strong> u Prislonici, <strong>Festival instrumentalne tradicije Balkana \u2013 Grljan<\/strong>, <strong>Sabor frula\u0161a Vojvodine \u201c\u0160kripi \u0111eram\u201d<\/strong> u Malom I\u0111o\u0161u, <strong>Sabor frula\u0161a u Sopotu<\/strong> i dr. Na njima u\u010destvuju izvo\u0111a\u010di starije, srednje i nove generacije koje znanja u vezi sa frula\u0161kom praksom prenose usmenim putem.<\/p>\n<p>Zna\u010daj ovih manifestacija je ne samo u odr\u017eavanju i \u010duvanju frula\u0161ke prakse, ve\u0107 i u prezentaciji i promociji drugih svira\u010da tradicionalnih instrumenata, graditelja frula, majstora razli\u010ditih starih zanata i autenti\u010dnog na\u010dina pripremanja <a href=\"http:\/\/www.serbia.com\/srpski\/o-srbiji\/tradicionalna-kuhinja\/\">specijaliteta doma\u0107e kuhinje<\/a>. Pored toga, organizuju se \u0161kola frule i mnogobrojne umetni\u010dke kolonije, koje saborima daju obrazovni i stvarala\u010dki karakter.<\/p>\n<p><em>Jedan od najpoznatijih frula\u0161a u Srbiji je <strong>Bora Dugi\u0107<\/strong>. Preko \u010detrdeset godina, ovaj majstor frule radi na popularizaciji narodne svirke na fruli uz stalnu kreativnu igru sa tradicionalnim muzi\u010dkim motivima. Poznat po plodnom i bogatom muzi\u010dkom stvarala\u0161tvu, Dugi\u0107 je uspeo da obele\u017eja tradicionalne muzike spoji sa savremenim muzi\u010dkim izvo\u0111a\u0161tvom.<\/em><\/p>\n<p>U rad na aktivnoj za\u0161titi frula\u0161ke prakse u Srbiji uklju\u010dene su lokalne zajednice, udru\u017eenja frula\u0161a, kulturno \u2013 umetni\u010dka dru\u0161tva, ustanove kulture i muzi\u010dke \u0161kole. Ipak, odr\u017eivosti ovog va\u017enog elementa <a href=\"http:\/\/www.serbia.com\/srpski\/o-srbiji\/kultura\/nematerijalno-kulturno-nasledje-srbije\/\">nematerijalnog kulturnog nasle\u0111a<\/a>, doprinela bi i bolja povezanost pojedinaca, grupa i profesionalnih asocijacija na dr\u017eavnom i regionalnom nivou.<\/p>\n<h4>Zvuci frule u dijaspori<\/h4>\n<p>Prepoznatljiv zvuk koji budi uspomene i vra\u0107a u domovinu, u dijaspori se rado slu\u0161a. <strong>Na gostovanjima razli\u010ditih ansamlova, udru\u017eenja i muzi\u010dkih grupa \u0161irom Evrope i sveta, mesta su uvek popunjena.<\/strong> Organizatori i u\u010desnici sabora u Srbiji, isti\u010du da su \u010desti gosti frula\u0161kih smotri i takmi\u010denja upravo Srbi iz dijaspore, koji na ovaj na\u010din \u010duvaju nacionalni identitet i odr\u017eavaju vezu sa mati\u010dnom dr\u017eavom.<\/p>\n<p><em>\u201eZa nas je jedan od najradosnijih doga\u0111aja u toku godine, poseta Saboru frula\u0161a u Vojvodini. Tu je na\u0161e rodno mesto, tu su na\u0161a rodbina i prijatelji. Tada zajedno zapevamo i u\u017eivamo u zvucima najlep\u0161eg instrumenta na svetu \u2013 frule\u201c<\/em>, ka\u017ee Jadranka Popovi\u0107 koja se pre tri godine odselila u Nema\u010dku.<\/p>\n","protected":false},"excerpt":{"rendered":"<p>Bez frule, jednog od simbola Srbije, ne mo\u017ee se zamisliti ni srpska muzika. Zvuci drevnog intrumenta koji se najvi\u0161e koristio u pastirskoj delatnosti, i danas se mogu \u010duti na mnogobrojnim [&hellip;]<\/p>\n","protected":false},"author":27,"featured_media":35763,"parent":34018,"menu_order":0,"comment_status":"closed","ping_status":"closed","template":"","meta":{"_acf_changed":false,"inline_featured_image":false,"_monsterinsights_skip_tracking":false,"_monsterinsights_sitenote_active":false,"_monsterinsights_sitenote_note":"","_monsterinsights_sitenote_category":0,"footnotes":""},"categories":[977],"tags":[],"class_list":["post-35771","page","type-page","status-publish","has-post-thumbnail","hentry","category-muzika-kultura-otkrijte-srbiju"],"acf":[],"yoast_head":"<!-- This site is optimized with the Yoast SEO plugin v23.8 - https:\/\/yoast.com\/wordpress\/plugins\/seo\/ -->\n<title>Frula\u0161ka praksa - Serbia.com<\/title>\n<meta name=\"robots\" content=\"index, follow, max-snippet:-1, max-image-preview:large, max-video-preview:-1\" \/>\n<link rel=\"canonical\" href=\"https:\/\/serbia.com\/srpski\/o-srbiji\/kultura\/nematerijalno-kulturno-nasledje-srbije\/nematerijalno-kulturno-naslede-kao-cuvar-srpskog-identiteta\/frulaska-praksa\/\" \/>\n<meta property=\"og:locale\" content=\"en_US\" \/>\n<meta property=\"og:type\" content=\"article\" \/>\n<meta property=\"og:title\" content=\"Frula\u0161ka praksa - Serbia.com\" \/>\n<meta property=\"og:description\" content=\"Bez frule, jednog od simbola Srbije, ne mo\u017ee se zamisliti ni srpska muzika. Zvuci drevnog intrumenta koji se najvi\u0161e koristio u pastirskoj delatnosti, i danas se mogu \u010duti na mnogobrojnim [&hellip;]\" \/>\n<meta property=\"og:url\" content=\"https:\/\/serbia.com\/srpski\/o-srbiji\/kultura\/nematerijalno-kulturno-nasledje-srbije\/nematerijalno-kulturno-naslede-kao-cuvar-srpskog-identiteta\/frulaska-praksa\/\" \/>\n<meta property=\"og:site_name\" content=\"Serbia.com\" \/>\n<meta property=\"article:modified_time\" content=\"2024-06-06T08:49:57+00:00\" \/>\n<meta property=\"og:image\" content=\"https:\/\/serbia.com\/wp-content\/uploads\/2015\/09\/frula-e1717663736469.jpg\" \/>\n\t<meta property=\"og:image:width\" content=\"1600\" \/>\n\t<meta property=\"og:image:height\" content=\"805\" \/>\n\t<meta property=\"og:image:type\" content=\"image\/jpeg\" \/>\n<meta name=\"twitter:label1\" content=\"Est. reading time\" \/>\n\t<meta name=\"twitter:data1\" content=\"3 minutes\" \/>\n<script type=\"application\/ld+json\" class=\"yoast-schema-graph\">{\"@context\":\"https:\/\/schema.org\",\"@graph\":[{\"@type\":\"WebPage\",\"@id\":\"https:\/\/serbia.com\/srpski\/o-srbiji\/kultura\/nematerijalno-kulturno-nasledje-srbije\/nematerijalno-kulturno-naslede-kao-cuvar-srpskog-identiteta\/frulaska-praksa\/\",\"url\":\"https:\/\/serbia.com\/srpski\/o-srbiji\/kultura\/nematerijalno-kulturno-nasledje-srbije\/nematerijalno-kulturno-naslede-kao-cuvar-srpskog-identiteta\/frulaska-praksa\/\",\"name\":\"Frula\u0161ka praksa - Serbia.com\",\"isPartOf\":{\"@id\":\"https:\/\/serbia.com\/#website\"},\"primaryImageOfPage\":{\"@id\":\"https:\/\/serbia.com\/srpski\/o-srbiji\/kultura\/nematerijalno-kulturno-nasledje-srbije\/nematerijalno-kulturno-naslede-kao-cuvar-srpskog-identiteta\/frulaska-praksa\/#primaryimage\"},\"image\":{\"@id\":\"https:\/\/serbia.com\/srpski\/o-srbiji\/kultura\/nematerijalno-kulturno-nasledje-srbije\/nematerijalno-kulturno-naslede-kao-cuvar-srpskog-identiteta\/frulaska-praksa\/#primaryimage\"},\"thumbnailUrl\":\"https:\/\/serbia.com\/wp-content\/uploads\/2015\/09\/frula-e1717663736469.jpg\",\"datePublished\":\"2015-09-14T22:52:13+00:00\",\"dateModified\":\"2024-06-06T08:49:57+00:00\",\"breadcrumb\":{\"@id\":\"https:\/\/serbia.com\/srpski\/o-srbiji\/kultura\/nematerijalno-kulturno-nasledje-srbije\/nematerijalno-kulturno-naslede-kao-cuvar-srpskog-identiteta\/frulaska-praksa\/#breadcrumb\"},\"inLanguage\":\"srpski\",\"potentialAction\":[{\"@type\":\"ReadAction\",\"target\":[\"https:\/\/serbia.com\/srpski\/o-srbiji\/kultura\/nematerijalno-kulturno-nasledje-srbije\/nematerijalno-kulturno-naslede-kao-cuvar-srpskog-identiteta\/frulaska-praksa\/\"]}]},{\"@type\":\"ImageObject\",\"inLanguage\":\"srpski\",\"@id\":\"https:\/\/serbia.com\/srpski\/o-srbiji\/kultura\/nematerijalno-kulturno-nasledje-srbije\/nematerijalno-kulturno-naslede-kao-cuvar-srpskog-identiteta\/frulaska-praksa\/#primaryimage\",\"url\":\"https:\/\/serbia.com\/wp-content\/uploads\/2015\/09\/frula-e1717663736469.jpg\",\"contentUrl\":\"https:\/\/serbia.com\/wp-content\/uploads\/2015\/09\/frula-e1717663736469.jpg\",\"width\":1600,\"height\":805},{\"@type\":\"BreadcrumbList\",\"@id\":\"https:\/\/serbia.com\/srpski\/o-srbiji\/kultura\/nematerijalno-kulturno-nasledje-srbije\/nematerijalno-kulturno-naslede-kao-cuvar-srpskog-identiteta\/frulaska-praksa\/#breadcrumb\",\"itemListElement\":[{\"@type\":\"ListItem\",\"position\":1,\"name\":\"Home\",\"item\":\"https:\/\/serbia.com\/srpski\/\"},{\"@type\":\"ListItem\",\"position\":2,\"name\":\"O Srbiji\",\"item\":\"https:\/\/serbia.com\/srpski\/o-srbiji\/\"},{\"@type\":\"ListItem\",\"position\":3,\"name\":\"Kultura\",\"item\":\"https:\/\/serbia.com\/srpski\/o-srbiji\/kultura\/\"},{\"@type\":\"ListItem\",\"position\":4,\"name\":\"Nematerijalno kulturno nasle\u0111e Srbije\",\"item\":\"https:\/\/serbia.com\/srpski\/o-srbiji\/kultura\/nematerijalno-kulturno-nasledje-srbije\/\"},{\"@type\":\"ListItem\",\"position\":5,\"name\":\"Nematerijalno kulturno nasle\u0111e kao \u010duvar srpskog identiteta\",\"item\":\"https:\/\/serbia.com\/srpski\/o-srbiji\/kultura\/nematerijalno-kulturno-nasledje-srbije\/nematerijalno-kulturno-naslede-kao-cuvar-srpskog-identiteta\/\"},{\"@type\":\"ListItem\",\"position\":6,\"name\":\"Frula\u0161ka praksa\"}]},{\"@type\":\"WebSite\",\"@id\":\"https:\/\/serbia.com\/#website\",\"url\":\"https:\/\/serbia.com\/\",\"name\":\"Serbia.com\",\"description\":\"Your Gateway to Serbia\",\"potentialAction\":[{\"@type\":\"SearchAction\",\"target\":{\"@type\":\"EntryPoint\",\"urlTemplate\":\"https:\/\/serbia.com\/?s={search_term_string}\"},\"query-input\":{\"@type\":\"PropertyValueSpecification\",\"valueRequired\":true,\"valueName\":\"search_term_string\"}}],\"inLanguage\":\"srpski\"}]}<\/script>\n<!-- \/ Yoast SEO plugin. -->","yoast_head_json":{"title":"Frula\u0161ka praksa - Serbia.com","robots":{"index":"index","follow":"follow","max-snippet":"max-snippet:-1","max-image-preview":"max-image-preview:large","max-video-preview":"max-video-preview:-1"},"canonical":"https:\/\/serbia.com\/srpski\/o-srbiji\/kultura\/nematerijalno-kulturno-nasledje-srbije\/nematerijalno-kulturno-naslede-kao-cuvar-srpskog-identiteta\/frulaska-praksa\/","og_locale":"en_US","og_type":"article","og_title":"Frula\u0161ka praksa - Serbia.com","og_description":"Bez frule, jednog od simbola Srbije, ne mo\u017ee se zamisliti ni srpska muzika. Zvuci drevnog intrumenta koji se najvi\u0161e koristio u pastirskoj delatnosti, i danas se mogu \u010duti na mnogobrojnim [&hellip;]","og_url":"https:\/\/serbia.com\/srpski\/o-srbiji\/kultura\/nematerijalno-kulturno-nasledje-srbije\/nematerijalno-kulturno-naslede-kao-cuvar-srpskog-identiteta\/frulaska-praksa\/","og_site_name":"Serbia.com","article_modified_time":"2024-06-06T08:49:57+00:00","og_image":[{"width":1600,"height":805,"url":"https:\/\/serbia.com\/wp-content\/uploads\/2015\/09\/frula-e1717663736469.jpg","type":"image\/jpeg"}],"twitter_misc":{"Est. reading time":"3 minutes"},"schema":{"@context":"https:\/\/schema.org","@graph":[{"@type":"WebPage","@id":"https:\/\/serbia.com\/srpski\/o-srbiji\/kultura\/nematerijalno-kulturno-nasledje-srbije\/nematerijalno-kulturno-naslede-kao-cuvar-srpskog-identiteta\/frulaska-praksa\/","url":"https:\/\/serbia.com\/srpski\/o-srbiji\/kultura\/nematerijalno-kulturno-nasledje-srbije\/nematerijalno-kulturno-naslede-kao-cuvar-srpskog-identiteta\/frulaska-praksa\/","name":"Frula\u0161ka praksa - Serbia.com","isPartOf":{"@id":"https:\/\/serbia.com\/#website"},"primaryImageOfPage":{"@id":"https:\/\/serbia.com\/srpski\/o-srbiji\/kultura\/nematerijalno-kulturno-nasledje-srbije\/nematerijalno-kulturno-naslede-kao-cuvar-srpskog-identiteta\/frulaska-praksa\/#primaryimage"},"image":{"@id":"https:\/\/serbia.com\/srpski\/o-srbiji\/kultura\/nematerijalno-kulturno-nasledje-srbije\/nematerijalno-kulturno-naslede-kao-cuvar-srpskog-identiteta\/frulaska-praksa\/#primaryimage"},"thumbnailUrl":"https:\/\/serbia.com\/wp-content\/uploads\/2015\/09\/frula-e1717663736469.jpg","datePublished":"2015-09-14T22:52:13+00:00","dateModified":"2024-06-06T08:49:57+00:00","breadcrumb":{"@id":"https:\/\/serbia.com\/srpski\/o-srbiji\/kultura\/nematerijalno-kulturno-nasledje-srbije\/nematerijalno-kulturno-naslede-kao-cuvar-srpskog-identiteta\/frulaska-praksa\/#breadcrumb"},"inLanguage":"srpski","potentialAction":[{"@type":"ReadAction","target":["https:\/\/serbia.com\/srpski\/o-srbiji\/kultura\/nematerijalno-kulturno-nasledje-srbije\/nematerijalno-kulturno-naslede-kao-cuvar-srpskog-identiteta\/frulaska-praksa\/"]}]},{"@type":"ImageObject","inLanguage":"srpski","@id":"https:\/\/serbia.com\/srpski\/o-srbiji\/kultura\/nematerijalno-kulturno-nasledje-srbije\/nematerijalno-kulturno-naslede-kao-cuvar-srpskog-identiteta\/frulaska-praksa\/#primaryimage","url":"https:\/\/serbia.com\/wp-content\/uploads\/2015\/09\/frula-e1717663736469.jpg","contentUrl":"https:\/\/serbia.com\/wp-content\/uploads\/2015\/09\/frula-e1717663736469.jpg","width":1600,"height":805},{"@type":"BreadcrumbList","@id":"https:\/\/serbia.com\/srpski\/o-srbiji\/kultura\/nematerijalno-kulturno-nasledje-srbije\/nematerijalno-kulturno-naslede-kao-cuvar-srpskog-identiteta\/frulaska-praksa\/#breadcrumb","itemListElement":[{"@type":"ListItem","position":1,"name":"Home","item":"https:\/\/serbia.com\/srpski\/"},{"@type":"ListItem","position":2,"name":"O Srbiji","item":"https:\/\/serbia.com\/srpski\/o-srbiji\/"},{"@type":"ListItem","position":3,"name":"Kultura","item":"https:\/\/serbia.com\/srpski\/o-srbiji\/kultura\/"},{"@type":"ListItem","position":4,"name":"Nematerijalno kulturno nasle\u0111e Srbije","item":"https:\/\/serbia.com\/srpski\/o-srbiji\/kultura\/nematerijalno-kulturno-nasledje-srbije\/"},{"@type":"ListItem","position":5,"name":"Nematerijalno kulturno nasle\u0111e kao \u010duvar srpskog identiteta","item":"https:\/\/serbia.com\/srpski\/o-srbiji\/kultura\/nematerijalno-kulturno-nasledje-srbije\/nematerijalno-kulturno-naslede-kao-cuvar-srpskog-identiteta\/"},{"@type":"ListItem","position":6,"name":"Frula\u0161ka praksa"}]},{"@type":"WebSite","@id":"https:\/\/serbia.com\/#website","url":"https:\/\/serbia.com\/","name":"Serbia.com","description":"Your Gateway to Serbia","potentialAction":[{"@type":"SearchAction","target":{"@type":"EntryPoint","urlTemplate":"https:\/\/serbia.com\/?s={search_term_string}"},"query-input":{"@type":"PropertyValueSpecification","valueRequired":true,"valueName":"search_term_string"}}],"inLanguage":"srpski"}]}},"_links":{"self":[{"href":"https:\/\/serbia.com\/srpski\/wp-json\/wp\/v2\/pages\/35771"}],"collection":[{"href":"https:\/\/serbia.com\/srpski\/wp-json\/wp\/v2\/pages"}],"about":[{"href":"https:\/\/serbia.com\/srpski\/wp-json\/wp\/v2\/types\/page"}],"author":[{"embeddable":true,"href":"https:\/\/serbia.com\/srpski\/wp-json\/wp\/v2\/users\/27"}],"replies":[{"embeddable":true,"href":"https:\/\/serbia.com\/srpski\/wp-json\/wp\/v2\/comments?post=35771"}],"version-history":[{"count":1,"href":"https:\/\/serbia.com\/srpski\/wp-json\/wp\/v2\/pages\/35771\/revisions"}],"predecessor-version":[{"id":53376,"href":"https:\/\/serbia.com\/srpski\/wp-json\/wp\/v2\/pages\/35771\/revisions\/53376"}],"up":[{"embeddable":true,"href":"https:\/\/serbia.com\/srpski\/wp-json\/wp\/v2\/pages\/34018"}],"wp:featuredmedia":[{"embeddable":true,"href":"https:\/\/serbia.com\/srpski\/wp-json\/wp\/v2\/media\/35763"}],"wp:attachment":[{"href":"https:\/\/serbia.com\/srpski\/wp-json\/wp\/v2\/media?parent=35771"}],"wp:term":[{"taxonomy":"category","embeddable":true,"href":"https:\/\/serbia.com\/srpski\/wp-json\/wp\/v2\/categories?post=35771"},{"taxonomy":"post_tag","embeddable":true,"href":"https:\/\/serbia.com\/srpski\/wp-json\/wp\/v2\/tags?post=35771"}],"curies":[{"name":"wp","href":"https:\/\/api.w.org\/{rel}","templated":true}]}}