{"id":35486,"date":"2015-08-10T13:01:44","date_gmt":"2015-08-10T11:01:44","guid":{"rendered":"http:\/\/www.serbia.com\/?page_id=35486"},"modified":"2024-10-20T13:26:07","modified_gmt":"2024-10-20T11:26:07","slug":"golubac","status":"publish","type":"page","link":"https:\/\/serbia.com\/srpski\/posetite-srbiju\/kulturne-atrakcije\/dvorci-i-tvrdave\/golubac\/","title":{"rendered":"Golubac"},"content":{"rendered":"<h4>Tamo gde je osmeh Dunava naj\u0161iri, pred ulazak u tesnac koji mu je izme\u0111u napuklih Karpata izrezao najve\u0107u klisuru u Evropi, Ko\u0161ava razbija njegove talase o zidine veli\u010danstvene Goluba\u010dke tvr\u0111ave.<\/h4>\n<p>Poput tu\u017ene, usamljene vizantijske princeze, poput ve\u010dito budnog stra\u017eara pored kojeg niko neopa\u017eeno ne mo\u017ee da sklizne u <a href=\"http:\/\/www.serbia.com\/srpski\/posetite-srbiju\/prirodne-lepote\/reke-i-jezera\/derdap-magicni-spoj-prirode-i-kulture\/\" target=\"_blank\" rel=\"noopener\">\u0110erdapsku klisuru<\/a>, vekovima prkosi nadaleko poznata tvr\u0111ava nepoznatog graditelja. Samo se naga\u0111a da poti\u010de iz 14. veka.<\/p>\n<p>Svi su je \u017eeleli, svima je bila zna\u010dajna, pa su se mnogi osvaja\u010di \u0161etali njome misle\u0107i da je njihova, ali ona je vekovima pripadala samo <a href=\"http:\/\/www.serbia.com\/srpski\/posetite-srbiju\/prirodne-lepote\/reke-i-jezera\/dunav-mesto-spajanja-i-razdvajanja\/\" target=\"_blank\" rel=\"noopener\">Dunavu<\/a>, koji jedini zna sve njene tajne.\u00a0Voleli bismo da nam Dunav ispri\u010da i ko je sagradio ovo savr\u0161enu gra\u0111evinu na litiici kraj puta, ali i koja je od legendi o nazivu tvr\u0111ave istinita. Jedno je sigurno, sve pri\u010de o njoj su tu\u017ene, a najtu\u017enija nas vra\u0107a u vreme kada je ovaj deo Srbije bio pod turskom vla\u0161\u0107u.<\/p>\n<p><img loading=\"lazy\" decoding=\"async\" class=\"aligncenter size-full wp-image-18881\" src=\"http:\/\/www.serbia.com\/wp-content\/uploads\/2012\/11\/golubac-web3.jpg\" alt=\"golubac-web3\" width=\"640\" height=\"359\" srcset=\"https:\/\/serbia.com\/wp-content\/uploads\/2012\/11\/golubac-web3.jpg 640w, https:\/\/serbia.com\/wp-content\/uploads\/2012\/11\/golubac-web3-300x168.jpg 300w\" sizes=\"auto, (max-width: 640px) 100vw, 640px\" \/><\/p>\n<p>Devojka po imenu <strong>Golubana<\/strong>, bila je najlep\u0161a devojka u tom kraju. Svuda se pri\u010dalo o njenoj lepoti, pa je pri\u010da do\u0161la i do surovog turskog pa\u0161e koji se zaljubio u nju, ali ona je odbijala njegovu ljubav. Zbog osvete, pa\u0161a je vezao devojku za stenu koja je virila iz vode naspram tvr\u0111ave, gde je u velikim mukama umrla gledaju\u0107i u grad koji je dobio njeno ime.<\/p>\n<p>Druga legenda govori o tome kako je <strong>grad nazvan po vizantijskoj princezi Jeleni, \u017eeni Despota \u0110ur\u0111a Brankovi\u0107a<\/strong>. Ona je le\u010dila usamljenost i tugu gaje\u0107i golubove koji su joj sletali na bele ruke i pri\u010dala im o svojoj neste\u0107i i dalekoj Vizantiji za kojom je \u010deznula jer u srpskom narodu ona nije bila omiljena&#8230;<\/p>\n<p>Akteri tre\u0107e legende su samo divlji golubovi koji su nastanili stene oko tvr\u0111ave, pa je zbog toga \u0161to su oni izabrali da ovo bude njihov dom, tvr\u0111ava dobila ime po njima.<\/p>\n<h4>A kakve je pri\u010de o Golupcu ispisala istorija?<\/h4>\n<p>Pretpostavlja se da je ovaj kameni svedok mnogih istorijskijh prevrata i borbi, posle <a href=\"http:\/\/www.serbia.com\/srpski\/boj-na-kosovu-2\/\">Kosovskog boja<\/a> (1389.) pao iz srpskih u turske ruke, i da je od tada Golubac bio popri\u0161te borbe dva velika carstva, Austrugarskog i Otomanskog.<\/p>\n<p>Prvi i pravi graditelj ove tvr\u0111ave darovao joj je devet kula sme\u0161tenih u prednjem, zadnjem i gornjem gradu, ali su Turci dozidali jo\u0161 jednu i pri tom oja\u010dali utvr\u0111enje otvorima za topove. Sve kule su u obliku \u010detvorougla osim don\u017eona (najja\u010da kula u tvr\u0111avi, mesto poslednje odbrane)koji ima poligonalnu osnovu, a u gornjem delu je cilindri\u010dan, pa je zbog toga nazvan <strong>\u201c\u0160e\u0161ir kula\u201d<\/strong>.<\/p>\n<p>Nedaleko od tvr\u0111ave, vremenom je niklo veliko naselje koje je tako\u0111e nazvano Golubac i do njega je vodio stari put koji je zaobilazio tvr\u0111avu. Me\u0111utim, posle prvog svetskog rata, izgra\u0111en je novi put kojim su probijeni bedemi grada, pa magistrala ka Rumuniji danas vodi kroz samu tvr\u0111avu.\u00a0Zbog toga i danas, nepripremljeni putnici ostanu bez daha kada na ovom putu nai\u0111u na neobi\u010dan tunel iznad koga se izdi\u017ee staro utvr\u0111enje dok im pogled tra\u017ei kaj plavog Dunav koji ovde izgleda kao more.<\/p>\n<h4>Kako do\u0107i do Golubanine tvr\u0111ave ?<\/h4>\n<p>Najbr\u017ei i najbolji put do Golupca je magistralni put <a href=\"http:\/\/www.serbia.com\/srpski\/posetite-srbiju\/gradovi\/beograd\/\" target=\"_blank\" rel=\"noopener\">Beograd<\/a> \u2013 Kladovo koji se jo\u0161 zove \u0110erdapska magistrala. Ukoliko dolazite iz Beograda, bi\u0107e potrebno da pre\u0111ete 130 km. Iz pravca <a href=\"http:\/\/www.serbia.com\/srpski\/posetite-srbiju\/gradovi\/nis\/\" target=\"_blank\" rel=\"noopener\">Ni\u0161a<\/a>, je najbolje po\u0107i putem preko <a href=\"http:\/\/www.serbia.com\/srpski\/posetite-srbiju\/gradovi\/zajecar-domacin-najstarijeg-rok-festivala-u-srbiji-2\/\" target=\"_blank\" rel=\"noopener\">Zaje\u010dara<\/a>, Negotina i Kladova.<\/p>\n<p>Iz Beograda su \u010desti autobuski polasci ka Golupcu, a iz drugih gradova Srbije, ukoliko nema direktnih autobusa, preporu\u010dujemo autobus do Kladova ili Donjeg Milanovca, a odatle lokalni autobus do Golupca. Do Goluba\u010dke tvr\u0111eve je, me\u0111utim, najlep\u0161e do\u0107i na talasima Dunava. Postoje organizovanie ture brodovima iz Beograda, ali i kruzerima iz Evrope.<\/p>\n<h4>Kada ste ve\u0107 ovde, ne propustite&#8230;<\/h4>\n<p>Obi\u0111ite veli\u010danstvenu <strong><a href=\"http:\/\/www.serbia.com\/srpski\/posetite-srbiju\/prirodne-lepote\/reke-i-jezera\/derdap-magicni-spoj-prirode-i-kulture\/\" target=\"_blank\" rel=\"noopener\">\u0110erdapsku klisuru<\/a><\/strong>, Nacionalni park &#8211; \u0110erdap i arheolo\u0161kko nalazi\u0161te iz kamenog doba \u2013 <strong><a href=\"http:\/\/www.serbia.com\/srpski\/posetite-srbiju\/kulturne-atrakcije\/arheoloska-nalazista\/lepenski-vir-najstarije-urbano-naselje-u-evropi\/\" target=\"_blank\" rel=\"noopener\">Lepenski Vir<\/a><\/strong>.<\/p>\n<p>Ne propustite da vidite i <strong>tvr\u0111avu Ram<\/strong> koja se nalazi na obali Dunava, 15 km od Velikog Gradi\u0161ta. A kada ste ve\u0107 ovde, odmorite se na <strong>Srebrnom jezeru<\/strong> \u010darobne lepote, koje se, tako\u0111e, nalazi pored ovog grada.<\/p>\n","protected":false},"excerpt":{"rendered":"<p>Tamo gde je osmeh Dunava naj\u0161iri, pred ulazak u tesnac koji mu je izme\u0111u napuklih Karpata izrezao najve\u0107u klisuru u Evropi, Ko\u0161ava razbija njegove talase o zidine veli\u010danstvene Goluba\u010dke tvr\u0111ave. [&hellip;]<\/p>\n","protected":false},"author":27,"featured_media":18196,"parent":20456,"menu_order":0,"comment_status":"closed","ping_status":"closed","template":"","meta":{"_acf_changed":false,"inline_featured_image":false,"_monsterinsights_skip_tracking":false,"_monsterinsights_sitenote_active":false,"_monsterinsights_sitenote_note":"","_monsterinsights_sitenote_category":0,"footnotes":""},"categories":[1666],"tags":[],"class_list":["post-35486","page","type-page","status-publish","has-post-thumbnail","hentry","category-dvorci-tvrdjave"],"acf":[],"yoast_head":"<!-- This site is optimized with the Yoast SEO plugin v27.4 - https:\/\/yoast.com\/product\/yoast-seo-wordpress\/ -->\n<title>Golubac - Serbia.com<\/title>\n<meta name=\"robots\" content=\"index, follow, max-snippet:-1, max-image-preview:large, max-video-preview:-1\" \/>\n<link rel=\"canonical\" href=\"https:\/\/serbia.com\/srpski\/posetite-srbiju\/kulturne-atrakcije\/dvorci-i-tvrdave\/golubac\/\" \/>\n<meta property=\"og:locale\" content=\"en_US\" \/>\n<meta property=\"og:type\" content=\"article\" \/>\n<meta property=\"og:title\" content=\"Golubac - Serbia.com\" \/>\n<meta property=\"og:description\" content=\"Tamo gde je osmeh Dunava naj\u0161iri, pred ulazak u tesnac koji mu je izme\u0111u napuklih Karpata izrezao najve\u0107u klisuru u Evropi, Ko\u0161ava razbija njegove talase o zidine veli\u010danstvene Goluba\u010dke tvr\u0111ave. [&hellip;]\" \/>\n<meta property=\"og:url\" content=\"https:\/\/serbia.com\/srpski\/posetite-srbiju\/kulturne-atrakcije\/dvorci-i-tvrdave\/golubac\/\" \/>\n<meta property=\"og:site_name\" content=\"Serbia.com\" \/>\n<meta property=\"article:modified_time\" content=\"2024-10-20T11:26:07+00:00\" \/>\n<meta property=\"og:image\" content=\"https:\/\/serbia.com\/wp-content\/uploads\/2013\/04\/Golubac1.jpg\" \/>\n\t<meta property=\"og:image:width\" content=\"1920\" \/>\n\t<meta property=\"og:image:height\" content=\"1285\" \/>\n\t<meta property=\"og:image:type\" content=\"image\/jpeg\" \/>\n<meta name=\"twitter:label1\" content=\"Est. reading time\" \/>\n\t<meta name=\"twitter:data1\" content=\"4 minutes\" \/>\n<script type=\"application\/ld+json\" class=\"yoast-schema-graph\">{\"@context\":\"https:\\\/\\\/schema.org\",\"@graph\":[{\"@type\":\"WebPage\",\"@id\":\"https:\\\/\\\/serbia.com\\\/srpski\\\/posetite-srbiju\\\/kulturne-atrakcije\\\/dvorci-i-tvrdave\\\/golubac\\\/\",\"url\":\"https:\\\/\\\/serbia.com\\\/srpski\\\/posetite-srbiju\\\/kulturne-atrakcije\\\/dvorci-i-tvrdave\\\/golubac\\\/\",\"name\":\"Golubac - Serbia.com\",\"isPartOf\":{\"@id\":\"https:\\\/\\\/serbia.com\\\/#website\"},\"primaryImageOfPage\":{\"@id\":\"https:\\\/\\\/serbia.com\\\/srpski\\\/posetite-srbiju\\\/kulturne-atrakcije\\\/dvorci-i-tvrdave\\\/golubac\\\/#primaryimage\"},\"image\":{\"@id\":\"https:\\\/\\\/serbia.com\\\/srpski\\\/posetite-srbiju\\\/kulturne-atrakcije\\\/dvorci-i-tvrdave\\\/golubac\\\/#primaryimage\"},\"thumbnailUrl\":\"https:\\\/\\\/serbia.com\\\/wp-content\\\/uploads\\\/2013\\\/04\\\/Golubac1.jpg\",\"datePublished\":\"2015-08-10T11:01:44+00:00\",\"dateModified\":\"2024-10-20T11:26:07+00:00\",\"breadcrumb\":{\"@id\":\"https:\\\/\\\/serbia.com\\\/srpski\\\/posetite-srbiju\\\/kulturne-atrakcije\\\/dvorci-i-tvrdave\\\/golubac\\\/#breadcrumb\"},\"inLanguage\":\"srpski\",\"potentialAction\":[{\"@type\":\"ReadAction\",\"target\":[\"https:\\\/\\\/serbia.com\\\/srpski\\\/posetite-srbiju\\\/kulturne-atrakcije\\\/dvorci-i-tvrdave\\\/golubac\\\/\"]}]},{\"@type\":\"ImageObject\",\"inLanguage\":\"srpski\",\"@id\":\"https:\\\/\\\/serbia.com\\\/srpski\\\/posetite-srbiju\\\/kulturne-atrakcije\\\/dvorci-i-tvrdave\\\/golubac\\\/#primaryimage\",\"url\":\"https:\\\/\\\/serbia.com\\\/wp-content\\\/uploads\\\/2013\\\/04\\\/Golubac1.jpg\",\"contentUrl\":\"https:\\\/\\\/serbia.com\\\/wp-content\\\/uploads\\\/2013\\\/04\\\/Golubac1.jpg\",\"width\":1920,\"height\":1285},{\"@type\":\"BreadcrumbList\",\"@id\":\"https:\\\/\\\/serbia.com\\\/srpski\\\/posetite-srbiju\\\/kulturne-atrakcije\\\/dvorci-i-tvrdave\\\/golubac\\\/#breadcrumb\",\"itemListElement\":[{\"@type\":\"ListItem\",\"position\":1,\"name\":\"Home\",\"item\":\"https:\\\/\\\/serbia.com\\\/srpski\\\/\"},{\"@type\":\"ListItem\",\"position\":2,\"name\":\"Poseti Srbiju\",\"item\":\"https:\\\/\\\/serbia.com\\\/srpski\\\/posetite-srbiju\\\/\"},{\"@type\":\"ListItem\",\"position\":3,\"name\":\"Kulturne atrakcije\",\"item\":\"https:\\\/\\\/serbia.com\\\/srpski\\\/posetite-srbiju\\\/kulturne-atrakcije\\\/\"},{\"@type\":\"ListItem\",\"position\":4,\"name\":\"Dvorci i tvr\u0111ave\",\"item\":\"https:\\\/\\\/serbia.com\\\/srpski\\\/posetite-srbiju\\\/kulturne-atrakcije\\\/dvorci-i-tvrdave\\\/\"},{\"@type\":\"ListItem\",\"position\":5,\"name\":\"Golubac\"}]},{\"@type\":\"WebSite\",\"@id\":\"https:\\\/\\\/serbia.com\\\/#website\",\"url\":\"https:\\\/\\\/serbia.com\\\/\",\"name\":\"Serbia.com\",\"description\":\"Your Gateway to Serbia\",\"potentialAction\":[{\"@type\":\"SearchAction\",\"target\":{\"@type\":\"EntryPoint\",\"urlTemplate\":\"https:\\\/\\\/serbia.com\\\/?s={search_term_string}\"},\"query-input\":{\"@type\":\"PropertyValueSpecification\",\"valueRequired\":true,\"valueName\":\"search_term_string\"}}],\"inLanguage\":\"srpski\"}]}<\/script>\n<!-- \/ Yoast SEO plugin. -->","yoast_head_json":{"title":"Golubac - Serbia.com","robots":{"index":"index","follow":"follow","max-snippet":"max-snippet:-1","max-image-preview":"max-image-preview:large","max-video-preview":"max-video-preview:-1"},"canonical":"https:\/\/serbia.com\/srpski\/posetite-srbiju\/kulturne-atrakcije\/dvorci-i-tvrdave\/golubac\/","og_locale":"en_US","og_type":"article","og_title":"Golubac - Serbia.com","og_description":"Tamo gde je osmeh Dunava naj\u0161iri, pred ulazak u tesnac koji mu je izme\u0111u napuklih Karpata izrezao najve\u0107u klisuru u Evropi, Ko\u0161ava razbija njegove talase o zidine veli\u010danstvene Goluba\u010dke tvr\u0111ave. [&hellip;]","og_url":"https:\/\/serbia.com\/srpski\/posetite-srbiju\/kulturne-atrakcije\/dvorci-i-tvrdave\/golubac\/","og_site_name":"Serbia.com","article_modified_time":"2024-10-20T11:26:07+00:00","og_image":[{"width":1920,"height":1285,"url":"https:\/\/serbia.com\/wp-content\/uploads\/2013\/04\/Golubac1.jpg","type":"image\/jpeg"}],"twitter_misc":{"Est. reading time":"4 minutes"},"schema":{"@context":"https:\/\/schema.org","@graph":[{"@type":"WebPage","@id":"https:\/\/serbia.com\/srpski\/posetite-srbiju\/kulturne-atrakcije\/dvorci-i-tvrdave\/golubac\/","url":"https:\/\/serbia.com\/srpski\/posetite-srbiju\/kulturne-atrakcije\/dvorci-i-tvrdave\/golubac\/","name":"Golubac - Serbia.com","isPartOf":{"@id":"https:\/\/serbia.com\/#website"},"primaryImageOfPage":{"@id":"https:\/\/serbia.com\/srpski\/posetite-srbiju\/kulturne-atrakcije\/dvorci-i-tvrdave\/golubac\/#primaryimage"},"image":{"@id":"https:\/\/serbia.com\/srpski\/posetite-srbiju\/kulturne-atrakcije\/dvorci-i-tvrdave\/golubac\/#primaryimage"},"thumbnailUrl":"https:\/\/serbia.com\/wp-content\/uploads\/2013\/04\/Golubac1.jpg","datePublished":"2015-08-10T11:01:44+00:00","dateModified":"2024-10-20T11:26:07+00:00","breadcrumb":{"@id":"https:\/\/serbia.com\/srpski\/posetite-srbiju\/kulturne-atrakcije\/dvorci-i-tvrdave\/golubac\/#breadcrumb"},"inLanguage":"srpski","potentialAction":[{"@type":"ReadAction","target":["https:\/\/serbia.com\/srpski\/posetite-srbiju\/kulturne-atrakcije\/dvorci-i-tvrdave\/golubac\/"]}]},{"@type":"ImageObject","inLanguage":"srpski","@id":"https:\/\/serbia.com\/srpski\/posetite-srbiju\/kulturne-atrakcije\/dvorci-i-tvrdave\/golubac\/#primaryimage","url":"https:\/\/serbia.com\/wp-content\/uploads\/2013\/04\/Golubac1.jpg","contentUrl":"https:\/\/serbia.com\/wp-content\/uploads\/2013\/04\/Golubac1.jpg","width":1920,"height":1285},{"@type":"BreadcrumbList","@id":"https:\/\/serbia.com\/srpski\/posetite-srbiju\/kulturne-atrakcije\/dvorci-i-tvrdave\/golubac\/#breadcrumb","itemListElement":[{"@type":"ListItem","position":1,"name":"Home","item":"https:\/\/serbia.com\/srpski\/"},{"@type":"ListItem","position":2,"name":"Poseti Srbiju","item":"https:\/\/serbia.com\/srpski\/posetite-srbiju\/"},{"@type":"ListItem","position":3,"name":"Kulturne atrakcije","item":"https:\/\/serbia.com\/srpski\/posetite-srbiju\/kulturne-atrakcije\/"},{"@type":"ListItem","position":4,"name":"Dvorci i tvr\u0111ave","item":"https:\/\/serbia.com\/srpski\/posetite-srbiju\/kulturne-atrakcije\/dvorci-i-tvrdave\/"},{"@type":"ListItem","position":5,"name":"Golubac"}]},{"@type":"WebSite","@id":"https:\/\/serbia.com\/#website","url":"https:\/\/serbia.com\/","name":"Serbia.com","description":"Your Gateway to Serbia","potentialAction":[{"@type":"SearchAction","target":{"@type":"EntryPoint","urlTemplate":"https:\/\/serbia.com\/?s={search_term_string}"},"query-input":{"@type":"PropertyValueSpecification","valueRequired":true,"valueName":"search_term_string"}}],"inLanguage":"srpski"}]}},"brizy_media":[],"_links":{"self":[{"href":"https:\/\/serbia.com\/srpski\/wp-json\/wp\/v2\/pages\/35486","targetHints":{"allow":["GET"]}}],"collection":[{"href":"https:\/\/serbia.com\/srpski\/wp-json\/wp\/v2\/pages"}],"about":[{"href":"https:\/\/serbia.com\/srpski\/wp-json\/wp\/v2\/types\/page"}],"author":[{"embeddable":true,"href":"https:\/\/serbia.com\/srpski\/wp-json\/wp\/v2\/users\/27"}],"replies":[{"embeddable":true,"href":"https:\/\/serbia.com\/srpski\/wp-json\/wp\/v2\/comments?post=35486"}],"version-history":[{"count":1,"href":"https:\/\/serbia.com\/srpski\/wp-json\/wp\/v2\/pages\/35486\/revisions"}],"predecessor-version":[{"id":55668,"href":"https:\/\/serbia.com\/srpski\/wp-json\/wp\/v2\/pages\/35486\/revisions\/55668"}],"up":[{"embeddable":true,"href":"https:\/\/serbia.com\/srpski\/wp-json\/wp\/v2\/pages\/20456"}],"wp:featuredmedia":[{"embeddable":true,"href":"https:\/\/serbia.com\/srpski\/wp-json\/wp\/v2\/media\/18196"}],"wp:attachment":[{"href":"https:\/\/serbia.com\/srpski\/wp-json\/wp\/v2\/media?parent=35486"}],"wp:term":[{"taxonomy":"category","embeddable":true,"href":"https:\/\/serbia.com\/srpski\/wp-json\/wp\/v2\/categories?post=35486"},{"taxonomy":"post_tag","embeddable":true,"href":"https:\/\/serbia.com\/srpski\/wp-json\/wp\/v2\/tags?post=35486"}],"curies":[{"name":"wp","href":"https:\/\/api.w.org\/{rel}","templated":true}]}}