{"id":34954,"date":"2015-07-09T13:53:46","date_gmt":"2015-07-09T11:53:46","guid":{"rendered":"http:\/\/www.serbia.com\/?page_id=34954"},"modified":"2026-03-23T23:07:25","modified_gmt":"2026-03-23T22:07:25","slug":"milunka-savic","status":"publish","type":"page","link":"https:\/\/serbia.com\/srpski\/o-srbiji\/istorija\/srbija-u-prvom-svetskom-ratu\/milunka-savic\/","title":{"rendered":"Milunka Savi\u0107"},"content":{"rendered":"<h4>Krila je grudi pretvaraju\u0107i se da je mu\u0161karac kako bi se borila za Srbiju, a u narednim godinama iste te grudi okitila je ordenima Legije \u010dasti, Kara\u0111or\u0111evom zvezdom sa ma\u010devima i postala jedina \u017eena nosilac francuskog odlikovanja Ratni krst sa zlatnom palminom granom. Milunka Savi\u0107 je srpska heroina Velikog rata i najodlikovanija \u017eena u istoriji ratovanja.<\/h4>\n<p>Ratovi su se nizali jedan za drugim tih godina koje su na\u010dele 20. vek, a jedna devojka iz sela Koprivnica kod Ra\u0161ke, zamenila je svoju haljinu uniformom srpskog vojnika, <strong>o\u0161i\u0161ala kosu i trude\u0107i se da prikrije grudi, pod imenom \u201cMilun Savi\u0107\u201c,<\/strong> hrabro zakora\u010dila u Balkanske ratove, a nakon njih i u Prvi svetski rat.<\/p>\n<blockquote><p><strong><em>Prijateljica \u0160arla De Gola<\/em><\/strong><\/p>\n<p><em>Od svih saboraca iz Srbije, <strong>francuski predsednik De Gol je na svoju inauguraciju pozvao jedino Milunku Savi\u0107.<\/strong> Francuska vlada joj je nudila da, kao vitez Legije \u010dasti, \u017eivi u Francuskoj, dobije penziju i stan \u0161to je ona odbila, jer nije \u017eelela da napusti Srbiju.<\/em><\/p><\/blockquote>\n<p>Bila je ranjena \u010detiri puta, ali njoj je najte\u017ee palo ranjavanje <strong>u Drugom balkanskom ratu, kada je otkriven njen pol<\/strong>. Kako je kasnije pri\u010dala, rana u predelu grudnog ko\u0161a bila je najte\u017ea no\u0107na mora mladog &#8220;Miluna Savi\u0107a&#8221;. \u201cAli kao za inat, metak udari u grudi,\u201d govorila je srpska heriona godinama nakon tog doga\u0111aja.<\/p>\n<p>Zato je u Veliki rat u\u0161la kao \u017eena-borac, tra\u017ee\u0107i pu\u0161ku od <a href=\"\/?p=11649\" target=\"_blank\" rel=\"noopener\">vojvode Putnika<\/a> li\u010dno, iako joj je on savetovao da bude bolni\u010darka i govorio da je \u0161teta da strada tako mlada.<\/p>\n<p><strong>\u201eVojvodo, ho\u0107u pu\u0161ku\u201c<\/strong>, nepokolebljivo je zahtevala stasita devojka koju ni\u0161ta nije spre\u010dilo da postane deo \u010duvenog &#8220;Gvozdenog puka&#8221;, najelitnijeg Drugog puka srpske vojske &#8220;Knjaz Mihailo&#8221;.<\/p>\n<p><strong><em>Odlikovanja<\/em><\/strong><\/p>\n<p><em>Za ratne zasluge Milunka Savi\u0107 odlikovana je sa <strong>ukupno dvanaest srpskih i savezni\u010dkih ordena<\/strong> za hrabrost na bojnom polju. Najve\u0107a odlikovanja donela su joj juna\u0161tva u Prvom svetskom ratu.<\/em><\/p>\n<p><em>Ceo Topli\u010dki puk je obo\u017eavao Milunku i divio joj se zbog hrabrosti. Nakon Kolubarske bitke, na pitanje komandanta puka, Dimitrija Mili\u0107a: \u201cKo je zaslu\u017eio Kara\u0111or\u0111evu zvezdu s ma\u010devima?\u201d, \u010ditav puk je uzviknuo: \u201cMilunka Savi\u0107\u201d.<\/em><\/p>\n<p><em>Kraj Velikog rata donosi joj najvi\u0161a savezni\u010dka priznanja. Komandant savezni\u010dkih trupa, francuski general Moris Saraj, pred postrojenim pukom oka\u010dio joj je orden <strong>francuske Legije \u010dasti,<\/strong> a general Fran\u0161 d\u2019Epere joj je uru\u010dio orden <strong>Ratni krst sa zlatnom palmom, <\/strong>jedini na svetu koji pao u ruke jedne \u017eene<strong>.<\/strong><\/em><\/p>\n<p><em>U svojoj kolekciji odlikovanja, Milunka ima jo\u0161 jednu <strong>Kara\u0111or\u0111evu zvezdu s ma\u010devima<\/strong>, jo\u0161 jednu Legiju \u010dasti, zlatne i srebrne Medalje za hrabrost \u201eMilo\u0161 Obili\u0107\u201c. Nosilac je Spomenice rata 1913, Albanske spomenice, Spomenice rata za oslobo\u0111enje i ujedinjenje od 1914. do 1918, britanskog odlikovanja Ordena Svetog Majkla i ruskog Krsta Sv. \u0110or\u0111a Pobedonosca.<\/em><\/p>\n<figure id=\"attachment_24449\" aria-describedby=\"caption-attachment-24449\" style=\"width: 736px\" class=\"wp-caption alignleft\"><a href=\"http:\/\/www.serbia.com\/wp-content\/uploads\/2013\/12\/ul-Milunke-Savic-res.jpg\"><img loading=\"lazy\" decoding=\"async\" class=\"  wp-image-24449 size-full\" src=\"https:\/\/serbia.com\/wp-content\/uploads\/2013\/12\/ul-Milunke-Savic-res.jpg\" alt=\"ul Milunke Savic res\" width=\"736\" height=\"491\" srcset=\"https:\/\/serbia.com\/wp-content\/uploads\/2013\/12\/ul-Milunke-Savic-res.jpg 736w, https:\/\/serbia.com\/wp-content\/uploads\/2013\/12\/ul-Milunke-Savic-res-300x200.jpg 300w\" sizes=\"(max-width: 736px) 100vw, 736px\" \/><\/a><figcaption id=\"caption-attachment-24449\" class=\"wp-caption-text\">Ulica Milunke Savi\u0107<\/figcaption><\/figure>\n<p>Za njene bezbrojne podvige ka\u017eu da su se grani\u010dili sa neverovatnim. Umela je da oseti najpogodniji trenutak za napad, da precizno baci bombu u neprijateljski rov. A pripoveda se i o iznena\u0111enju neprijateljskih vojnika kada bi shvatili da ih je jedna \u017eena sasvim sama zarobila, razoru\u017eala i sprovodila do \u0161taba puka. Na Solunskom frontu, u jednom prepadu, zarobila je \u010detrdeset tri, a u drugom \u0161ezdeset bugarskih vojnika.<\/p>\n<p>Neustra\u0161iva ratnica koja je na neprijeteljske snage juri\u0161ala ne \u0161tede\u0107i svoj \u017eivot najte\u017ee je bila ranjena u jesen 1915. godine u Makedoniji kada se sa ranama na glavi povla\u010dila se preko Albanije. Pa iako je izgledala kao avet, iznemogla i gladna, nije dozvoljavala da puk klone duhom. Posle nekoliko meseci oporavka bez razmi\u0161ljanja se vratila na Solunski front i kao komandir juri\u0161nog voda nastavila sa borbama.<\/p>\n<p><em><strong>\u017divot posle rata: Od narodne heroine do zarobljenice i \u010dista\u010dice<\/strong><\/em><\/p>\n<p>Po okon\u010danju Velikog rata, Milunka je u Sarajevu sa \u010dinom narednika srpske vojske dobila i prvu vojnu slu\u017ebu. Te godine donele su joj<strong> ljubav sa bankarskim \u010dinovnikom Veljkom Gligorevi\u0107em<\/strong> za kojeg se udala. U braku sa njim rodila je jednu devoj\u010dicu pored koje je odgajila i tri usvojenice i i\u0161kolovala jo\u0161 trideset dvoje dece.<\/p>\n<figure id=\"attachment_24435\" aria-describedby=\"caption-attachment-24435\" style=\"width: 300px\" class=\"wp-caption alignright\"><a href=\"http:\/\/www.serbia.com\/wp-content\/uploads\/2013\/12\/Kuca-Milunke-Savic-res.jpg\"><img loading=\"lazy\" decoding=\"async\" class=\"wp-image-24435 size-medium\" src=\"https:\/\/serbia.com\/wp-content\/uploads\/2013\/12\/Kuca-Milunke-Savic-res-300x200.jpg\" alt=\"Kuca Milunke Savic res\" width=\"300\" height=\"200\" srcset=\"https:\/\/serbia.com\/wp-content\/uploads\/2013\/12\/Kuca-Milunke-Savic-res-300x200.jpg 300w, https:\/\/serbia.com\/wp-content\/uploads\/2013\/12\/Kuca-Milunke-Savic-res.jpg 736w\" sizes=\"(max-width: 300px) 100vw, 300px\" \/><\/a><figcaption id=\"caption-attachment-24435\" class=\"wp-caption-text\">Ku\u0107a Milunke Savi\u0107 na Vo\u017edovcu<\/figcaption><\/figure>\n<p>Milunkin suprug Veljko je dobio posao u Beogradu, ubrzo zapostavio porodicu i rano umro. Milunka se zaposlila kao sprema\u010dica u Ministarstvu inostranih dela, a kasnije kao <strong>\u010dista\u010dica u Hipotekarnoj banci gde je provela najve\u0107i deo svog radnog veka.<\/strong><\/p>\n<p>Tokom Drugog svetskog rata orgnizovala je ambulantu koja je pru\u017eala medicinsku pomo\u0107 i partizanima i \u010detnicima. Zbog toga je <strong>policija pretukla u prisustvu njene dece i odvela u logor na Banjici,<\/strong> gde je trebalo da bude streljana. Kada je nakon deset meseci saznao ko je Milunka, komandant logora, nema\u010dki general, oslobodio je uz vojne po\u010dasti.<\/p>\n<figure id=\"attachment_24437\" aria-describedby=\"caption-attachment-24437\" style=\"width: 300px\" class=\"wp-caption alignleft\"><a href=\"http:\/\/www.serbia.com\/wp-content\/uploads\/2013\/12\/Grob-Milunke-Savic.jpg\"><img loading=\"lazy\" decoding=\"async\" class=\"wp-image-24437 size-medium\" src=\"https:\/\/serbia.com\/wp-content\/uploads\/2013\/12\/Grob-Milunke-Savic-300x200.jpg\" alt=\"Grob Milunke Savic\" width=\"300\" height=\"200\" srcset=\"https:\/\/serbia.com\/wp-content\/uploads\/2013\/12\/Grob-Milunke-Savic-300x200.jpg 300w, https:\/\/serbia.com\/wp-content\/uploads\/2013\/12\/Grob-Milunke-Savic.jpg 736w\" sizes=\"(max-width: 300px) 100vw, 300px\" \/><\/a><figcaption id=\"caption-attachment-24437\" class=\"wp-caption-text\">Grob Milunke Savi\u0107 u Aleji velikana<\/figcaption><\/figure>\n<p>Umrla je u okotobru 1973. godine i do 2013. godine bila je sahranjena u porodi\u010dnom grobu na Novom groblju. Nakon 40 godina, njeni posmrtni ostaci preneti su u Aleju velikana gde im je oduvek i bilo mesto.<\/p>\n<p><em>Tekst je podr\u017ean od strane <a href=\"http:\/\/www.dijaspora.gov.rs\/\" target=\"_blank\" rel=\"noopener\">Kancelarije za saradnju sa dijasporom i Srbima u regionu<\/a>.<\/em> <a href=\"http:\/\/www.serbia.com\/wp-content\/uploads\/2013\/12\/kancelarija-za-dijasporu-logo11.jpg\"><img loading=\"lazy\" decoding=\"async\" class=\"size-full wp-image-13340 alignleft\" src=\"http:\/\/www.serbia.com\/wp-content\/uploads\/2013\/12\/kancelarija-za-dijasporu-logo11.jpg\" alt=\"kancelarija-za-dijasporu-logo1\" width=\"275\" height=\"100\" \/><\/a><\/p>\n","protected":false},"excerpt":{"rendered":"<p>Krila je grudi pretvaraju\u0107i se da je mu\u0161karac kako bi se borila za Srbiju, a u narednim godinama iste te grudi okitila je ordenima Legije \u010dasti, Kara\u0111or\u0111evom zvezdom sa ma\u010devima [&hellip;]<\/p>\n","protected":false},"author":27,"featured_media":34951,"parent":34850,"menu_order":0,"comment_status":"closed","ping_status":"closed","template":"","meta":{"_acf_changed":false,"inline_featured_image":false,"_monsterinsights_skip_tracking":false,"_monsterinsights_sitenote_active":false,"_monsterinsights_sitenote_note":"","_monsterinsights_sitenote_category":0,"footnotes":""},"categories":[1639,2815,1642],"tags":[2752,1129,6757],"class_list":["post-34954","page","type-page","status-publish","has-post-thumbnail","hentry","category-istorija-kultura-otkrijte-srbiju","category-istorijske-licnosti","category-poznati-srbi","tag-milunka-savic-srpski","tag-prvi-svetski-rat-srpski","tag-srbija-u-i-svetskom-ratu"],"acf":[],"yoast_head":"<!-- This site is optimized with the Yoast SEO plugin v23.8 - https:\/\/yoast.com\/wordpress\/plugins\/seo\/ -->\n<title>Milunka Savi\u0107 - Serbia.com<\/title>\n<meta name=\"description\" content=\"Otkrijte pri\u010du o Milunki Savi\u0107 najve\u0107oj srpskoj heroini i najodlikovanijoj \u017eeni ratniku u istoriji. Saznajte vi\u0161e o njenom \u017eivotu i hrabrosti.\" \/>\n<meta name=\"robots\" content=\"index, follow, max-snippet:-1, max-image-preview:large, max-video-preview:-1\" \/>\n<link rel=\"canonical\" href=\"https:\/\/serbia.com\/srpski\/o-srbiji\/istorija\/srbija-u-prvom-svetskom-ratu\/milunka-savic\/\" \/>\n<meta property=\"og:locale\" content=\"en_US\" \/>\n<meta property=\"og:type\" content=\"article\" \/>\n<meta property=\"og:title\" content=\"Milunka Savi\u0107 - Serbia.com\" \/>\n<meta property=\"og:description\" content=\"Otkrijte pri\u010du o Milunki Savi\u0107 najve\u0107oj srpskoj heroini i najodlikovanijoj \u017eeni ratniku u istoriji. Saznajte vi\u0161e o njenom \u017eivotu i hrabrosti.\" \/>\n<meta property=\"og:url\" content=\"https:\/\/serbia.com\/srpski\/o-srbiji\/istorija\/srbija-u-prvom-svetskom-ratu\/milunka-savic\/\" \/>\n<meta property=\"og:site_name\" content=\"Serbia.com\" \/>\n<meta property=\"article:modified_time\" content=\"2026-03-23T22:07:25+00:00\" \/>\n<meta property=\"og:image\" content=\"https:\/\/serbia.com\/wp-content\/uploads\/2015\/07\/milunka111.jpg\" \/>\n\t<meta property=\"og:image:width\" content=\"1800\" \/>\n\t<meta property=\"og:image:height\" content=\"645\" \/>\n\t<meta property=\"og:image:type\" content=\"image\/jpeg\" \/>\n<meta name=\"twitter:label1\" content=\"Est. reading time\" \/>\n\t<meta name=\"twitter:data1\" content=\"5 minutes\" \/>\n<script type=\"application\/ld+json\" class=\"yoast-schema-graph\">{\"@context\":\"https:\/\/schema.org\",\"@graph\":[{\"@type\":\"WebPage\",\"@id\":\"https:\/\/serbia.com\/srpski\/o-srbiji\/istorija\/srbija-u-prvom-svetskom-ratu\/milunka-savic\/\",\"url\":\"https:\/\/serbia.com\/srpski\/o-srbiji\/istorija\/srbija-u-prvom-svetskom-ratu\/milunka-savic\/\",\"name\":\"Milunka Savi\u0107 - Serbia.com\",\"isPartOf\":{\"@id\":\"https:\/\/serbia.com\/#website\"},\"primaryImageOfPage\":{\"@id\":\"https:\/\/serbia.com\/srpski\/o-srbiji\/istorija\/srbija-u-prvom-svetskom-ratu\/milunka-savic\/#primaryimage\"},\"image\":{\"@id\":\"https:\/\/serbia.com\/srpski\/o-srbiji\/istorija\/srbija-u-prvom-svetskom-ratu\/milunka-savic\/#primaryimage\"},\"thumbnailUrl\":\"https:\/\/serbia.com\/wp-content\/uploads\/2015\/07\/milunka111.jpg\",\"datePublished\":\"2015-07-09T11:53:46+00:00\",\"dateModified\":\"2026-03-23T22:07:25+00:00\",\"description\":\"Otkrijte pri\u010du o Milunki Savi\u0107 najve\u0107oj srpskoj heroini i najodlikovanijoj \u017eeni ratniku u istoriji. Saznajte vi\u0161e o njenom \u017eivotu i hrabrosti.\",\"breadcrumb\":{\"@id\":\"https:\/\/serbia.com\/srpski\/o-srbiji\/istorija\/srbija-u-prvom-svetskom-ratu\/milunka-savic\/#breadcrumb\"},\"inLanguage\":\"srpski\",\"potentialAction\":[{\"@type\":\"ReadAction\",\"target\":[\"https:\/\/serbia.com\/srpski\/o-srbiji\/istorija\/srbija-u-prvom-svetskom-ratu\/milunka-savic\/\"]}]},{\"@type\":\"ImageObject\",\"inLanguage\":\"srpski\",\"@id\":\"https:\/\/serbia.com\/srpski\/o-srbiji\/istorija\/srbija-u-prvom-svetskom-ratu\/milunka-savic\/#primaryimage\",\"url\":\"https:\/\/serbia.com\/wp-content\/uploads\/2015\/07\/milunka111.jpg\",\"contentUrl\":\"https:\/\/serbia.com\/wp-content\/uploads\/2015\/07\/milunka111.jpg\",\"width\":1800,\"height\":645},{\"@type\":\"BreadcrumbList\",\"@id\":\"https:\/\/serbia.com\/srpski\/o-srbiji\/istorija\/srbija-u-prvom-svetskom-ratu\/milunka-savic\/#breadcrumb\",\"itemListElement\":[{\"@type\":\"ListItem\",\"position\":1,\"name\":\"Home\",\"item\":\"https:\/\/serbia.com\/srpski\/\"},{\"@type\":\"ListItem\",\"position\":2,\"name\":\"O Srbiji\",\"item\":\"https:\/\/serbia.com\/srpski\/o-srbiji\/\"},{\"@type\":\"ListItem\",\"position\":3,\"name\":\"Istorija\",\"item\":\"https:\/\/serbia.com\/srpski\/o-srbiji\/istorija\/\"},{\"@type\":\"ListItem\",\"position\":4,\"name\":\"Srbija u Prvom svetskom ratu\",\"item\":\"https:\/\/serbia.com\/srpski\/o-srbiji\/istorija\/srbija-u-prvom-svetskom-ratu\/\"},{\"@type\":\"ListItem\",\"position\":5,\"name\":\"Milunka Savi\u0107\"}]},{\"@type\":\"WebSite\",\"@id\":\"https:\/\/serbia.com\/#website\",\"url\":\"https:\/\/serbia.com\/\",\"name\":\"Serbia.com\",\"description\":\"Your Gateway to Serbia\",\"potentialAction\":[{\"@type\":\"SearchAction\",\"target\":{\"@type\":\"EntryPoint\",\"urlTemplate\":\"https:\/\/serbia.com\/?s={search_term_string}\"},\"query-input\":{\"@type\":\"PropertyValueSpecification\",\"valueRequired\":true,\"valueName\":\"search_term_string\"}}],\"inLanguage\":\"srpski\"}]}<\/script>\n<!-- \/ Yoast SEO plugin. -->","yoast_head_json":{"title":"Milunka Savi\u0107 - Serbia.com","description":"Otkrijte pri\u010du o Milunki Savi\u0107 najve\u0107oj srpskoj heroini i najodlikovanijoj \u017eeni ratniku u istoriji. Saznajte vi\u0161e o njenom \u017eivotu i hrabrosti.","robots":{"index":"index","follow":"follow","max-snippet":"max-snippet:-1","max-image-preview":"max-image-preview:large","max-video-preview":"max-video-preview:-1"},"canonical":"https:\/\/serbia.com\/srpski\/o-srbiji\/istorija\/srbija-u-prvom-svetskom-ratu\/milunka-savic\/","og_locale":"en_US","og_type":"article","og_title":"Milunka Savi\u0107 - Serbia.com","og_description":"Otkrijte pri\u010du o Milunki Savi\u0107 najve\u0107oj srpskoj heroini i najodlikovanijoj \u017eeni ratniku u istoriji. Saznajte vi\u0161e o njenom \u017eivotu i hrabrosti.","og_url":"https:\/\/serbia.com\/srpski\/o-srbiji\/istorija\/srbija-u-prvom-svetskom-ratu\/milunka-savic\/","og_site_name":"Serbia.com","article_modified_time":"2026-03-23T22:07:25+00:00","og_image":[{"width":1800,"height":645,"url":"https:\/\/serbia.com\/wp-content\/uploads\/2015\/07\/milunka111.jpg","type":"image\/jpeg"}],"twitter_misc":{"Est. reading time":"5 minutes"},"schema":{"@context":"https:\/\/schema.org","@graph":[{"@type":"WebPage","@id":"https:\/\/serbia.com\/srpski\/o-srbiji\/istorija\/srbija-u-prvom-svetskom-ratu\/milunka-savic\/","url":"https:\/\/serbia.com\/srpski\/o-srbiji\/istorija\/srbija-u-prvom-svetskom-ratu\/milunka-savic\/","name":"Milunka Savi\u0107 - Serbia.com","isPartOf":{"@id":"https:\/\/serbia.com\/#website"},"primaryImageOfPage":{"@id":"https:\/\/serbia.com\/srpski\/o-srbiji\/istorija\/srbija-u-prvom-svetskom-ratu\/milunka-savic\/#primaryimage"},"image":{"@id":"https:\/\/serbia.com\/srpski\/o-srbiji\/istorija\/srbija-u-prvom-svetskom-ratu\/milunka-savic\/#primaryimage"},"thumbnailUrl":"https:\/\/serbia.com\/wp-content\/uploads\/2015\/07\/milunka111.jpg","datePublished":"2015-07-09T11:53:46+00:00","dateModified":"2026-03-23T22:07:25+00:00","description":"Otkrijte pri\u010du o Milunki Savi\u0107 najve\u0107oj srpskoj heroini i najodlikovanijoj \u017eeni ratniku u istoriji. Saznajte vi\u0161e o njenom \u017eivotu i hrabrosti.","breadcrumb":{"@id":"https:\/\/serbia.com\/srpski\/o-srbiji\/istorija\/srbija-u-prvom-svetskom-ratu\/milunka-savic\/#breadcrumb"},"inLanguage":"srpski","potentialAction":[{"@type":"ReadAction","target":["https:\/\/serbia.com\/srpski\/o-srbiji\/istorija\/srbija-u-prvom-svetskom-ratu\/milunka-savic\/"]}]},{"@type":"ImageObject","inLanguage":"srpski","@id":"https:\/\/serbia.com\/srpski\/o-srbiji\/istorija\/srbija-u-prvom-svetskom-ratu\/milunka-savic\/#primaryimage","url":"https:\/\/serbia.com\/wp-content\/uploads\/2015\/07\/milunka111.jpg","contentUrl":"https:\/\/serbia.com\/wp-content\/uploads\/2015\/07\/milunka111.jpg","width":1800,"height":645},{"@type":"BreadcrumbList","@id":"https:\/\/serbia.com\/srpski\/o-srbiji\/istorija\/srbija-u-prvom-svetskom-ratu\/milunka-savic\/#breadcrumb","itemListElement":[{"@type":"ListItem","position":1,"name":"Home","item":"https:\/\/serbia.com\/srpski\/"},{"@type":"ListItem","position":2,"name":"O Srbiji","item":"https:\/\/serbia.com\/srpski\/o-srbiji\/"},{"@type":"ListItem","position":3,"name":"Istorija","item":"https:\/\/serbia.com\/srpski\/o-srbiji\/istorija\/"},{"@type":"ListItem","position":4,"name":"Srbija u Prvom svetskom ratu","item":"https:\/\/serbia.com\/srpski\/o-srbiji\/istorija\/srbija-u-prvom-svetskom-ratu\/"},{"@type":"ListItem","position":5,"name":"Milunka Savi\u0107"}]},{"@type":"WebSite","@id":"https:\/\/serbia.com\/#website","url":"https:\/\/serbia.com\/","name":"Serbia.com","description":"Your Gateway to Serbia","potentialAction":[{"@type":"SearchAction","target":{"@type":"EntryPoint","urlTemplate":"https:\/\/serbia.com\/?s={search_term_string}"},"query-input":{"@type":"PropertyValueSpecification","valueRequired":true,"valueName":"search_term_string"}}],"inLanguage":"srpski"}]}},"_links":{"self":[{"href":"https:\/\/serbia.com\/srpski\/wp-json\/wp\/v2\/pages\/34954"}],"collection":[{"href":"https:\/\/serbia.com\/srpski\/wp-json\/wp\/v2\/pages"}],"about":[{"href":"https:\/\/serbia.com\/srpski\/wp-json\/wp\/v2\/types\/page"}],"author":[{"embeddable":true,"href":"https:\/\/serbia.com\/srpski\/wp-json\/wp\/v2\/users\/27"}],"replies":[{"embeddable":true,"href":"https:\/\/serbia.com\/srpski\/wp-json\/wp\/v2\/comments?post=34954"}],"version-history":[{"count":1,"href":"https:\/\/serbia.com\/srpski\/wp-json\/wp\/v2\/pages\/34954\/revisions"}],"predecessor-version":[{"id":55234,"href":"https:\/\/serbia.com\/srpski\/wp-json\/wp\/v2\/pages\/34954\/revisions\/55234"}],"up":[{"embeddable":true,"href":"https:\/\/serbia.com\/srpski\/wp-json\/wp\/v2\/pages\/34850"}],"wp:featuredmedia":[{"embeddable":true,"href":"https:\/\/serbia.com\/srpski\/wp-json\/wp\/v2\/media\/34951"}],"wp:attachment":[{"href":"https:\/\/serbia.com\/srpski\/wp-json\/wp\/v2\/media?parent=34954"}],"wp:term":[{"taxonomy":"category","embeddable":true,"href":"https:\/\/serbia.com\/srpski\/wp-json\/wp\/v2\/categories?post=34954"},{"taxonomy":"post_tag","embeddable":true,"href":"https:\/\/serbia.com\/srpski\/wp-json\/wp\/v2\/tags?post=34954"}],"curies":[{"name":"wp","href":"https:\/\/api.w.org\/{rel}","templated":true}]}}