{"id":34946,"date":"2015-07-09T13:41:07","date_gmt":"2015-07-09T11:41:07","guid":{"rendered":"http:\/\/www.serbia.com\/?page_id=34946"},"modified":"2024-10-03T09:47:39","modified_gmt":"2024-10-03T07:47:39","slug":"arcibald-rajs","status":"publish","type":"page","link":"https:\/\/serbia.com\/srpski\/o-srbiji\/istorija\/srbija-u-prvom-svetskom-ratu\/arcibald-rajs\/","title":{"rendered":"Ar\u010dibald Rajs"},"content":{"rendered":"<h4>Dr Ar\u010dibald Rajs, profesor Univerziteta u Lozani i \u0161vajcarski kriminolog do\u0161ao je u Srbiju po\u010detkom Prvog svetskog rata kako bi napravio uvi\u0111aj u nedela austrougarske vojske, a ostao je u njoj do smrti. Zapam\u0107en je kao jedan od najve\u0107ih prijatelja Srba sa kojima je pro\u0161ao i najte\u017ee i najslavnije dane Velikog rata.<\/h4>\n<p>Sin nema\u010dkog zemljoposednika Rajsa, mladi doktor nauka, hemi\u010dar, profesor Univerziteta u Lozani, poznati kriminolog, Ar\u010dibald Rajs, odazvao se pozivu srpske kraljevske vlade da u svojstvu neutralne li\u010dnosti izvr\u0161i uvi\u0111aj u zlo\u010dine koji su po\u010dinjeni u Srbiji od strane austrougarske vojske po\u010detkom Velikog rata.<\/p>\n<figure id=\"attachment_13369\" aria-describedby=\"caption-attachment-13369\" style=\"width: 300px\" class=\"wp-caption alignleft\"><a href=\"http:\/\/www.serbia.com\/wp-content\/uploads\/2014\/01\/0_kuca-dr-arcibalda-rajsa-topcider_v1.jpg\"><img loading=\"lazy\" decoding=\"async\" class=\"  wp-image-13369 size-medium\" src=\"http:\/\/www.serbia.com\/wp-content\/uploads\/2014\/01\/0_kuca-dr-arcibalda-rajsa-topcider_v1-300x184.jpg\" alt=\"0_kuca-dr-arcibalda-rajsa-topcider_v\" width=\"300\" height=\"184\" srcset=\"https:\/\/serbia.com\/wp-content\/uploads\/2014\/01\/0_kuca-dr-arcibalda-rajsa-topcider_v1-300x184.jpg 300w, https:\/\/serbia.com\/wp-content\/uploads\/2014\/01\/0_kuca-dr-arcibalda-rajsa-topcider_v1.jpg 450w\" sizes=\"auto, (max-width: 300px) 100vw, 300px\" \/><\/a><figcaption id=\"caption-attachment-13369\" class=\"wp-caption-text\">Ku\u0107a Ar\u010dibalda Rajsa na Top\u010dideru<\/figcaption><\/figure>\n<p>Iako zbog toga nije bio omiljen u domovini, slao je u svet slike o stradanju Srba na po\u010detku rata. Zavoleo je srpskog seljaka i po\u017eeleo da se kao dobrovoljac pridru\u017ei srpskoj vojsci i sa njom podeli najte\u017ee dane. A to su upravo bili dani prelaska preko Albanije koje je kao verni saborac pro\u017eiveo sa vojnicima Moravske divizije, sa kojom je u\u010destvovao i u proboju <a href=\"\/?p=2736\" target=\"_blank\" rel=\"noopener\">Solunskog fronta<\/a>.<\/p>\n<p>Krajem 1918. godine, napustio je profesorski polo\u017eaj u Lozani koju menja za Beograd i skromnu ku\u0107u na <a href=\"\/?p=10837\" target=\"_blank\" rel=\"noopener\">Top\u010dideru <\/a>koju je nazvao \u201cDobro polje\u201d, u znak se\u0107anja na mesto u Makedoniji gde se odigrala jedna od presudnih bitaka na Solunskom frontu 1918. godine.<\/p>\n<p>Plac na Top\u010dideru Rajs je dobio u znak narodne zahvalnosti, a <strong>ku\u0107a je izgra\u0111ena po ugledu na srpske seoske ku\u0107e<\/strong>: jednostavna, prizemna, sa samo \u010detiri prostorije. Me\u0111utim, na toj sasvim obi\u010dnoj ku\u0107i postojalo je ne\u0161to vrlo posebno: trem sa tri luka na dva drvena stuba obojena bojama srpske dr\u017eavne zastave. Unutra\u0161njost ku\u0107e odgovarala je Rajsovim vi\u0111enjima srpskog sela, njegovog duha i mentaliteta.<\/p>\n<p>Ceo njegov \u017eivotni prostor odisao je zemljom koju je toliko voleo, pa se slobodno mo\u017ee re\u0107i da je Rajs bio Srbin po opredeljenju.<\/p>\n<p><em>\u201cNarod vam je rodoljubiv. Ne znam ni za jedan narod u kojem legendarni nacionalni junaci toliko \u017eive u narodnoj du\u0161i kao kod vas. Narod vam je demokrati\u010dan, i to zaista demokrati\u010dan, a ne na na\u010din politi\u010dara. Me\u0111u va\u0161im ljudima \u010dovek se ceni onoliko koliko je \u010dovek, a ne po onome \u0161to su od njega u\u010dinili odelo i titule. Narod vam je ponosan, ali ne i ohol. Najzad, vi ste bistar narod, jedan od najbistrijih koje sam za \u017eivota video.\u201d<\/em><\/p>\n<p>Bio je \u010dlan delegacije jugoslovenske vlade na Mirovnoj konferenciji u Parizu, anga\u017eovan u Ministarstvu unutra\u0161njih poslova, ali je <strong>ubrzo do\u0161ao u sukob sa Nikolom Pa\u0161i\u0107em<\/strong>. Kako nije \u017eeleo da sara\u0111uje sa ljudima koje nije po\u0161tovao, dr Rajs je odlu\u010dio da se povu\u010de sa javne scene.<\/p>\n<blockquote><p><strong><em>Spomenik u Top\u010dideru<\/em><\/strong><\/p>\n<p><em>U znak zahvalnosti ratnom drugu i prijatelju, Udru\u017eenje rezervnih oficira i ratnika podiglo je spomenik Ar\u010dibaldu Rajsu u avgusta 1931. Godine. Spomenik je delo vajara Marka Bre\u017eanina. Na 80. godi\u0161njicu od smrti Ar\u010dibalda Rajsa, stru\u010dnjaci Zavoda za za\u0161titu spomenika grada Beograda su obnovili spomenik.<\/em><\/p><\/blockquote>\n<figure id=\"attachment_13370\" aria-describedby=\"caption-attachment-13370\" style=\"width: 451px\" class=\"wp-caption alignright\"><a href=\"http:\/\/www.serbia.com\/wp-content\/uploads\/2014\/01\/topciderspomenikarajsu02.jpg\"><img loading=\"lazy\" decoding=\"async\" class=\"size-full wp-image-13370  \" src=\"http:\/\/www.serbia.com\/wp-content\/uploads\/2014\/01\/topciderspomenikarajsu02.jpg\" alt=\"topciderspomenikarajsu0\" width=\"451\" height=\"640\" srcset=\"https:\/\/serbia.com\/wp-content\/uploads\/2014\/01\/topciderspomenikarajsu02.jpg 451w, https:\/\/serbia.com\/wp-content\/uploads\/2014\/01\/topciderspomenikarajsu02-211x300.jpg 211w\" sizes=\"auto, (max-width: 451px) 100vw, 451px\" \/><\/a><figcaption id=\"caption-attachment-13370\" class=\"wp-caption-text\">Spomenik Ar\u010dibaldu Rajsu na Top\u010dideru<\/figcaption><\/figure>\n<p>U miru svog top\u010diderskog doma, napisao je neku vrstu politi\u010dkog testamenta <strong>\u201c\u010cujte Srbi\u201d<\/strong>, u kome je dao svoja zapa\u017eanja o manama i vrlinama srpskog naroda i u kojoj je jasno postavio razliku ime\u0111u prostog naroda, kome je ostao privr\u017een do kraja \u017eivota i funkcionera koje je smatrao lopu\u017eama.<\/p>\n<p>Grube re\u010di jednog takvog funkcionera, biv\u0161eg ministra Kapetanovi\u0107a, ratnog profitera koji je koji je rat proveo u inostranstvu, bolesno srce Ar\u010dibalda Rajsa nije izdr\u017ealo. <strong>Umro je naprasno nakon jedne rasprave sa njim.<\/strong><\/p>\n<p>Sahranjen je na Top\u010dideru, ali je testamentom svoje srce zave\u0161tao Kajmak\u010dalanu, da tamo po\u010diva uz njegove saborce. Ne zaboravljaju\u0107i kako je dokumentovano opisao njihove ratne zlo\u010dine, Bugari su, kako navode istorijski spisi, ukrali njegovo srce sa Kajmak\u010dalana u Drugom svetskom ratu.<\/p>\n<p>Srbi su ostali du\u017eni doktoru Rajsu da osim spomenika i ulice na \u010cukari\u010dkoj padini, nazvane po njemu, preurede njegovu tro\u0161nu ku\u0107u na Top\u010dideru i pretvore je u muzej. Ostali su mu du\u017eni ve\u010dno se\u0107anje i pominjanje.<\/p>\n<p>Dok je, s druge strane, ovaj \u201e\u0161vajcarski dobrovoljac srpske vojske, drug veli\u010danstvenih ratnika \u0160umadije, <a href=\"\/?p=3064\" target=\"_blank\" rel=\"noopener\">Dunava<\/a>, <a href=\"\/?p=3117\" target=\"_blank\" rel=\"noopener\">Morave<\/a>, Timoka i Vardara\u201c, osim svog srca i \u017eivota, srpskom narodu ostavio u amanet i savet za godine koje su dolazile: <strong>\u201c\u010cujte Srbi! \u010cuvajte se sebe!\u201d<\/strong>.<\/p>\n<p>Fotografije: <a href=\"http:\/\/politikin-zabavnik.rs\/pz\/content\/beograd-koga-vise-nema?page=2520\" target=\"_blank\" rel=\"noopener\">Politikin zabavnik<\/a><\/p>\n<p><em>Tekst je podr\u017ean od strane <a href=\"http:\/\/www.dijaspora.gov.rs\/\" target=\"_blank\" rel=\"noopener\">Kancelarije za saradnju sa dijasporom i Srbima u regionu<\/a>.<a href=\"http:\/\/www.serbia.com\/wp-content\/uploads\/2014\/01\/kancelarija-za-dijasporu-logo12.jpg\"><img loading=\"lazy\" decoding=\"async\" class=\"size-full wp-image-13371 alignleft\" src=\"http:\/\/www.serbia.com\/wp-content\/uploads\/2014\/01\/kancelarija-za-dijasporu-logo12.jpg\" alt=\"kancelarija-za-dijasporu-logo1\" width=\"275\" height=\"100\" \/><\/a><\/em><\/p>\n","protected":false},"excerpt":{"rendered":"<p>Dr Ar\u010dibald Rajs, profesor Univerziteta u Lozani i \u0161vajcarski kriminolog do\u0161ao je u Srbiju po\u010detkom Prvog svetskog rata kako bi napravio uvi\u0111aj u nedela austrougarske vojske, a ostao je u [&hellip;]<\/p>\n","protected":false},"author":27,"featured_media":34940,"parent":34850,"menu_order":0,"comment_status":"closed","ping_status":"closed","template":"","meta":{"_acf_changed":false,"inline_featured_image":false,"_monsterinsights_skip_tracking":false,"_monsterinsights_sitenote_active":false,"_monsterinsights_sitenote_note":"","_monsterinsights_sitenote_category":0,"footnotes":""},"categories":[1639,2815],"tags":[3235,6757],"class_list":["post-34946","page","type-page","status-publish","has-post-thumbnail","hentry","category-istorija-kultura-otkrijte-srbiju","category-istorijske-licnosti","tag-arcibald-rajs","tag-srbija-u-i-svetskom-ratu"],"acf":[],"yoast_head":"<!-- This site is optimized with the Yoast SEO plugin v27.4 - https:\/\/yoast.com\/product\/yoast-seo-wordpress\/ -->\n<title>Ar\u010dibald Rajs - Serbia.com<\/title>\n<meta name=\"robots\" content=\"index, follow, max-snippet:-1, max-image-preview:large, max-video-preview:-1\" \/>\n<link rel=\"canonical\" href=\"https:\/\/serbia.com\/srpski\/o-srbiji\/istorija\/srbija-u-prvom-svetskom-ratu\/arcibald-rajs\/\" \/>\n<meta property=\"og:locale\" content=\"en_US\" \/>\n<meta property=\"og:type\" content=\"article\" \/>\n<meta property=\"og:title\" content=\"Ar\u010dibald Rajs - Serbia.com\" \/>\n<meta property=\"og:description\" content=\"Dr Ar\u010dibald Rajs, profesor Univerziteta u Lozani i \u0161vajcarski kriminolog do\u0161ao je u Srbiju po\u010detkom Prvog svetskog rata kako bi napravio uvi\u0111aj u nedela austrougarske vojske, a ostao je u [&hellip;]\" \/>\n<meta property=\"og:url\" content=\"https:\/\/serbia.com\/srpski\/o-srbiji\/istorija\/srbija-u-prvom-svetskom-ratu\/arcibald-rajs\/\" \/>\n<meta property=\"og:site_name\" content=\"Serbia.com\" \/>\n<meta property=\"article:modified_time\" content=\"2024-10-03T07:47:39+00:00\" \/>\n<meta property=\"og:image\" content=\"https:\/\/serbia.com\/wp-content\/uploads\/2015\/07\/rajs1.jpg\" \/>\n\t<meta property=\"og:image:width\" content=\"1281\" \/>\n\t<meta property=\"og:image:height\" content=\"665\" \/>\n\t<meta property=\"og:image:type\" content=\"image\/jpeg\" \/>\n<meta name=\"twitter:label1\" content=\"Est. reading time\" \/>\n\t<meta name=\"twitter:data1\" content=\"4 minutes\" \/>\n<script type=\"application\/ld+json\" class=\"yoast-schema-graph\">{\"@context\":\"https:\\\/\\\/schema.org\",\"@graph\":[{\"@type\":\"WebPage\",\"@id\":\"https:\\\/\\\/serbia.com\\\/srpski\\\/o-srbiji\\\/istorija\\\/srbija-u-prvom-svetskom-ratu\\\/arcibald-rajs\\\/\",\"url\":\"https:\\\/\\\/serbia.com\\\/srpski\\\/o-srbiji\\\/istorija\\\/srbija-u-prvom-svetskom-ratu\\\/arcibald-rajs\\\/\",\"name\":\"Ar\u010dibald Rajs - Serbia.com\",\"isPartOf\":{\"@id\":\"https:\\\/\\\/serbia.com\\\/#website\"},\"primaryImageOfPage\":{\"@id\":\"https:\\\/\\\/serbia.com\\\/srpski\\\/o-srbiji\\\/istorija\\\/srbija-u-prvom-svetskom-ratu\\\/arcibald-rajs\\\/#primaryimage\"},\"image\":{\"@id\":\"https:\\\/\\\/serbia.com\\\/srpski\\\/o-srbiji\\\/istorija\\\/srbija-u-prvom-svetskom-ratu\\\/arcibald-rajs\\\/#primaryimage\"},\"thumbnailUrl\":\"https:\\\/\\\/serbia.com\\\/wp-content\\\/uploads\\\/2015\\\/07\\\/rajs1.jpg\",\"datePublished\":\"2015-07-09T11:41:07+00:00\",\"dateModified\":\"2024-10-03T07:47:39+00:00\",\"breadcrumb\":{\"@id\":\"https:\\\/\\\/serbia.com\\\/srpski\\\/o-srbiji\\\/istorija\\\/srbija-u-prvom-svetskom-ratu\\\/arcibald-rajs\\\/#breadcrumb\"},\"inLanguage\":\"srpski\",\"potentialAction\":[{\"@type\":\"ReadAction\",\"target\":[\"https:\\\/\\\/serbia.com\\\/srpski\\\/o-srbiji\\\/istorija\\\/srbija-u-prvom-svetskom-ratu\\\/arcibald-rajs\\\/\"]}]},{\"@type\":\"ImageObject\",\"inLanguage\":\"srpski\",\"@id\":\"https:\\\/\\\/serbia.com\\\/srpski\\\/o-srbiji\\\/istorija\\\/srbija-u-prvom-svetskom-ratu\\\/arcibald-rajs\\\/#primaryimage\",\"url\":\"https:\\\/\\\/serbia.com\\\/wp-content\\\/uploads\\\/2015\\\/07\\\/rajs1.jpg\",\"contentUrl\":\"https:\\\/\\\/serbia.com\\\/wp-content\\\/uploads\\\/2015\\\/07\\\/rajs1.jpg\",\"width\":1281,\"height\":665},{\"@type\":\"BreadcrumbList\",\"@id\":\"https:\\\/\\\/serbia.com\\\/srpski\\\/o-srbiji\\\/istorija\\\/srbija-u-prvom-svetskom-ratu\\\/arcibald-rajs\\\/#breadcrumb\",\"itemListElement\":[{\"@type\":\"ListItem\",\"position\":1,\"name\":\"Home\",\"item\":\"https:\\\/\\\/serbia.com\\\/srpski\\\/srbija\\\/\"},{\"@type\":\"ListItem\",\"position\":2,\"name\":\"O Srbiji\",\"item\":\"https:\\\/\\\/serbia.com\\\/srpski\\\/o-srbiji\\\/\"},{\"@type\":\"ListItem\",\"position\":3,\"name\":\"Istorija\",\"item\":\"https:\\\/\\\/serbia.com\\\/srpski\\\/o-srbiji\\\/istorija\\\/\"},{\"@type\":\"ListItem\",\"position\":4,\"name\":\"Srbija u Prvom svetskom ratu\",\"item\":\"https:\\\/\\\/serbia.com\\\/srpski\\\/o-srbiji\\\/istorija\\\/srbija-u-prvom-svetskom-ratu\\\/\"},{\"@type\":\"ListItem\",\"position\":5,\"name\":\"Ar\u010dibald Rajs\"}]},{\"@type\":\"WebSite\",\"@id\":\"https:\\\/\\\/serbia.com\\\/#website\",\"url\":\"https:\\\/\\\/serbia.com\\\/\",\"name\":\"Serbia.com\",\"description\":\"Your Gateway to Serbia\",\"potentialAction\":[{\"@type\":\"SearchAction\",\"target\":{\"@type\":\"EntryPoint\",\"urlTemplate\":\"https:\\\/\\\/serbia.com\\\/?s={search_term_string}\"},\"query-input\":{\"@type\":\"PropertyValueSpecification\",\"valueRequired\":true,\"valueName\":\"search_term_string\"}}],\"inLanguage\":\"srpski\"}]}<\/script>\n<!-- \/ Yoast SEO plugin. -->","yoast_head_json":{"title":"Ar\u010dibald Rajs - Serbia.com","robots":{"index":"index","follow":"follow","max-snippet":"max-snippet:-1","max-image-preview":"max-image-preview:large","max-video-preview":"max-video-preview:-1"},"canonical":"https:\/\/serbia.com\/srpski\/o-srbiji\/istorija\/srbija-u-prvom-svetskom-ratu\/arcibald-rajs\/","og_locale":"en_US","og_type":"article","og_title":"Ar\u010dibald Rajs - Serbia.com","og_description":"Dr Ar\u010dibald Rajs, profesor Univerziteta u Lozani i \u0161vajcarski kriminolog do\u0161ao je u Srbiju po\u010detkom Prvog svetskog rata kako bi napravio uvi\u0111aj u nedela austrougarske vojske, a ostao je u [&hellip;]","og_url":"https:\/\/serbia.com\/srpski\/o-srbiji\/istorija\/srbija-u-prvom-svetskom-ratu\/arcibald-rajs\/","og_site_name":"Serbia.com","article_modified_time":"2024-10-03T07:47:39+00:00","og_image":[{"width":1281,"height":665,"url":"https:\/\/serbia.com\/wp-content\/uploads\/2015\/07\/rajs1.jpg","type":"image\/jpeg"}],"twitter_misc":{"Est. reading time":"4 minutes"},"schema":{"@context":"https:\/\/schema.org","@graph":[{"@type":"WebPage","@id":"https:\/\/serbia.com\/srpski\/o-srbiji\/istorija\/srbija-u-prvom-svetskom-ratu\/arcibald-rajs\/","url":"https:\/\/serbia.com\/srpski\/o-srbiji\/istorija\/srbija-u-prvom-svetskom-ratu\/arcibald-rajs\/","name":"Ar\u010dibald Rajs - Serbia.com","isPartOf":{"@id":"https:\/\/serbia.com\/#website"},"primaryImageOfPage":{"@id":"https:\/\/serbia.com\/srpski\/o-srbiji\/istorija\/srbija-u-prvom-svetskom-ratu\/arcibald-rajs\/#primaryimage"},"image":{"@id":"https:\/\/serbia.com\/srpski\/o-srbiji\/istorija\/srbija-u-prvom-svetskom-ratu\/arcibald-rajs\/#primaryimage"},"thumbnailUrl":"https:\/\/serbia.com\/wp-content\/uploads\/2015\/07\/rajs1.jpg","datePublished":"2015-07-09T11:41:07+00:00","dateModified":"2024-10-03T07:47:39+00:00","breadcrumb":{"@id":"https:\/\/serbia.com\/srpski\/o-srbiji\/istorija\/srbija-u-prvom-svetskom-ratu\/arcibald-rajs\/#breadcrumb"},"inLanguage":"srpski","potentialAction":[{"@type":"ReadAction","target":["https:\/\/serbia.com\/srpski\/o-srbiji\/istorija\/srbija-u-prvom-svetskom-ratu\/arcibald-rajs\/"]}]},{"@type":"ImageObject","inLanguage":"srpski","@id":"https:\/\/serbia.com\/srpski\/o-srbiji\/istorija\/srbija-u-prvom-svetskom-ratu\/arcibald-rajs\/#primaryimage","url":"https:\/\/serbia.com\/wp-content\/uploads\/2015\/07\/rajs1.jpg","contentUrl":"https:\/\/serbia.com\/wp-content\/uploads\/2015\/07\/rajs1.jpg","width":1281,"height":665},{"@type":"BreadcrumbList","@id":"https:\/\/serbia.com\/srpski\/o-srbiji\/istorija\/srbija-u-prvom-svetskom-ratu\/arcibald-rajs\/#breadcrumb","itemListElement":[{"@type":"ListItem","position":1,"name":"Home","item":"https:\/\/serbia.com\/srpski\/srbija\/"},{"@type":"ListItem","position":2,"name":"O Srbiji","item":"https:\/\/serbia.com\/srpski\/o-srbiji\/"},{"@type":"ListItem","position":3,"name":"Istorija","item":"https:\/\/serbia.com\/srpski\/o-srbiji\/istorija\/"},{"@type":"ListItem","position":4,"name":"Srbija u Prvom svetskom ratu","item":"https:\/\/serbia.com\/srpski\/o-srbiji\/istorija\/srbija-u-prvom-svetskom-ratu\/"},{"@type":"ListItem","position":5,"name":"Ar\u010dibald Rajs"}]},{"@type":"WebSite","@id":"https:\/\/serbia.com\/#website","url":"https:\/\/serbia.com\/","name":"Serbia.com","description":"Your Gateway to Serbia","potentialAction":[{"@type":"SearchAction","target":{"@type":"EntryPoint","urlTemplate":"https:\/\/serbia.com\/?s={search_term_string}"},"query-input":{"@type":"PropertyValueSpecification","valueRequired":true,"valueName":"search_term_string"}}],"inLanguage":"srpski"}]}},"brizy_media":[],"_links":{"self":[{"href":"https:\/\/serbia.com\/srpski\/wp-json\/wp\/v2\/pages\/34946","targetHints":{"allow":["GET"]}}],"collection":[{"href":"https:\/\/serbia.com\/srpski\/wp-json\/wp\/v2\/pages"}],"about":[{"href":"https:\/\/serbia.com\/srpski\/wp-json\/wp\/v2\/types\/page"}],"author":[{"embeddable":true,"href":"https:\/\/serbia.com\/srpski\/wp-json\/wp\/v2\/users\/27"}],"replies":[{"embeddable":true,"href":"https:\/\/serbia.com\/srpski\/wp-json\/wp\/v2\/comments?post=34946"}],"version-history":[{"count":1,"href":"https:\/\/serbia.com\/srpski\/wp-json\/wp\/v2\/pages\/34946\/revisions"}],"predecessor-version":[{"id":55278,"href":"https:\/\/serbia.com\/srpski\/wp-json\/wp\/v2\/pages\/34946\/revisions\/55278"}],"up":[{"embeddable":true,"href":"https:\/\/serbia.com\/srpski\/wp-json\/wp\/v2\/pages\/34850"}],"wp:featuredmedia":[{"embeddable":true,"href":"https:\/\/serbia.com\/srpski\/wp-json\/wp\/v2\/media\/34940"}],"wp:attachment":[{"href":"https:\/\/serbia.com\/srpski\/wp-json\/wp\/v2\/media?parent=34946"}],"wp:term":[{"taxonomy":"category","embeddable":true,"href":"https:\/\/serbia.com\/srpski\/wp-json\/wp\/v2\/categories?post=34946"},{"taxonomy":"post_tag","embeddable":true,"href":"https:\/\/serbia.com\/srpski\/wp-json\/wp\/v2\/tags?post=34946"}],"curies":[{"name":"wp","href":"https:\/\/api.w.org\/{rel}","templated":true}]}}