{"id":34926,"date":"2015-07-09T12:55:49","date_gmt":"2015-07-09T10:55:49","guid":{"rendered":"http:\/\/www.serbia.com\/?page_id=34926"},"modified":"2024-10-03T08:48:20","modified_gmt":"2024-10-03T06:48:20","slug":"cerska-bitka","status":"publish","type":"page","link":"https:\/\/serbia.com\/srpski\/o-srbiji\/istorija\/srbija-u-prvom-svetskom-ratu\/cerska-bitka\/","title":{"rendered":"Cerska bitka"},"content":{"rendered":"<h4>Nepovoljan strate\u0161ki polo\u017eaj, iscrpljenost balkanskim ratovima kao i znatno manja koli\u010dina municije, nisu spre\u010dili srpsku vojsku da izvojeva prvu i jednu od najslavnijih pobeda u Prvom svetskom ratu, pobedu na Ceru. Ljubav prema otad\u017ebini, slo\u017enost i hrabrost srpskih vojnika, kao i genijalni strate\u0161ki plan generala <a href=\"http:\/\/www.serbia.com\/srpski\/srpske-vojvode-iz-prvog-svetskog-rata\/\" target=\"_blank\" rel=\"noopener\">Stepe Stepanovi\u0107a<\/a>, doprineli su da Kraljevina Srbija pre\u0111e iz strategijske odbrane u kontraofanzivu, i ostvari pobedu koja \u0107e zadiviti ceo svet.<\/h4>\n<p>Ispaljivanjem topovskih hitaca na Beograd u no\u0107i 28. jula 1914. godine, otpo\u010dela je prva austrougraska ofanziva na Srbiju. <a href=\"http:\/\/www.serbia.com\/srpski\/zivot-u-beogradu-u-prvim-danima-velikog-rata\/\" target=\"_blank\" rel=\"noopener\">Te no\u0107i Beograd je nenamerno postao prvi evropski grad koji je bombardovan u XX veku<\/a>. Slede\u0107ih osam dana Beograd nije spavao od metaka, vrisaka i straha koji se \u0161irio vazduhom. Ispostavilo se da je to je bio samo po\u010detak.<\/p>\n<p>Na \u0161irokom prostoru zapadne Srbije, prva ofanziva autrougarske vojske trajala je do 24. avgusta. Austrougraska je glavninu svojih snaga koncentrisala na reci <a href=\"http:\/\/www.serbia.com\/srpski\/drina-divlja-smaragdna-lepotica-2\/\" target=\"_blank\" rel=\"noopener\">Drini<\/a> odakle su 12. avgusta desantom zapo\u010deli udarne operacije. Od tog trenutka, Cerskoj bitci su prethodila \u010detiri dana \u017eestokih borbi u Podrinju.<\/p>\n<p>Znaju\u0107i da je austrougarska vojska brojnija i bolje naoru\u017eana, srpska vojska je prete\u017eno bila rapore\u0111ena u unutra\u0161njosti dr\u017eave, \u010dekaju\u0107i da se jasno uka\u017eu potezi neprijatelja kako bi lak\u0161e preorjentisala jedinice na potrebna popri\u0161ta. Vrhovna komanda srpske vojske \u017eelela je da \u201ckupi\u201c \u0161to vi\u0161e vremena kako bi se ja\u010de srpske snage prebacile na popri\u0161te borbe.<\/p>\n<figure id=\"attachment_25039\" aria-describedby=\"caption-attachment-25039\" style=\"width: 185px\" class=\"wp-caption alignleft\"><a href=\"http:\/\/www.serbia.com\/wp-content\/uploads\/2014\/04\/stepa.jpg\"><img loading=\"lazy\" decoding=\"async\" class=\"size-full wp-image-25039 \" src=\"http:\/\/www.serbia.com\/wp-content\/uploads\/2014\/04\/stepa.jpg\" alt=\"stepa\" width=\"185\" height=\"272\" \/><\/a><figcaption id=\"caption-attachment-25039\" class=\"wp-caption-text\">Vojvoda Stepa Stepanovi\u0107<\/figcaption><\/figure>\n<p>Zadatak zadr\u017eavanja neprijatelja imala je Tre\u0107a armija. Pa iako je bila najmaloljudnija srpska armija, protivnik je tek nakon \u010detiri dana \u017eestoke i krvave borbe uspeo da pre\u0111e Drinu. I dok se austrougarska vojska bli\u017eila, general Stepa Stepanovi\u0107 je uveliko po\u010deo pregrupisavanje srpske vojske.<\/p>\n<p>Uo\u010div\u0161i zna\u010daj Cera za izvo\u0111enje celokupne akcije, <strong>general Stepanovi\u0107<\/strong> nare\u0111uje Kombinovanoj diviziji da jo\u0161 u no\u0107i izme\u0111u 15. i 16. avgusta ovlada vrhom Kosanin grad. Ali tu je srpsku vojsku \u010dekalo jo\u0161 jedno iznena\u0111enje. Delovi austrougraske 21. divizije su ve\u0107 bili tu. U olujnoj i mra\u010dnoj no\u0107i, o\u010di u o\u010di sa autrougarskim vojnicima Cerska bitka je mogla da po\u010dne.<\/p>\n<p>Mnogi od zate\u010denih vojnika su bili na po\u010dinku i iznena\u0111eni posetom srpske vojske, pa nije bilo te\u0161ko odbraniti teritoriju. Me\u0111utim, vrlo brzo se razvila ljuta i ogor\u010dena borba sukcesivnim pristizanjem vojske sa obe strane. U \u017earu no\u0107ne bitke kod Tekeri\u0161a, otpo\u010dela je jedna od najslavnijih pobeda srpske vojske, a do jutra austrougraska vojska je bila primorana na povla\u010denje.<\/p>\n<p>Mir nije trajao dugo. Ve\u0107 sutradan, 16. avgusta bitka za osvajanje Cera se rasplamsala svom \u017eestinom. U sudaru leve kolone srpske Konj\u010dke divizije i leve kolone autsrougarske 21. divizije na severnim padinama Cera, ova udarna neprijateljska jedinica biva u potpunosti razbijena i onesposobljena za dalju borbu.<\/p>\n<blockquote><p>U Cerskoj bitki borilo se oko 180.000 srpskih i oko 200.000 austrougarskih vojnika. Vrhovni komandant srpskih snaga je bio prestolonaslednik princ Aleksandar sa na\u010delnikom general\u0161taba <a href=\"http:\/\/www.serbia.com\/srpski\/srpske-vojvode-iz-prvog-svetskog-rata\/\" target=\"_blank\" rel=\"noopener\">vojvodom<strong> Radomirom Putnikom<\/strong><\/a>, general <a href=\"http:\/\/www.serbia.com\/srpski\/srpske-vojvode-iz-prvog-svetskog-rata\/\" target=\"_blank\" rel=\"noopener\"><strong>Stepa Steanovi\u0107<\/strong><\/a> je komandovao Drugom armijom a Pavle Juri\u0161i\u0107 \u0160turm Tre\u0107om armijom. Na \u010delu austrougarskih snaga bili su general Oskar Po\u0107orek i Liborius Riter fon Frank. Procenjuje se da je Austrougarska izgubila od 6.000-10.000 vojnika, da je ranjeno oko 30.000 i zarobljeno oko 4.500 vojnika. Srbija je imala od 3.000-5.000 poginulih i oko 15.000 ranjenih vojnika.<\/p><\/blockquote>\n<figure id=\"attachment_25064\" aria-describedby=\"caption-attachment-25064\" style=\"width: 411px\" class=\"wp-caption alignright\"><a href=\"http:\/\/www.serbia.com\/wp-content\/uploads\/2014\/04\/\u041f\u0430\u0432\u043b\u0435_\u0408\u0443\u0440\u0438\u0448\u0438\u045b_\u0428\u0442\u0443\u0440\u043c.jpg\"><img loading=\"lazy\" decoding=\"async\" class=\"wp-image-25064 \" src=\"http:\/\/www.serbia.com\/wp-content\/uploads\/2014\/04\/\u041f\u0430\u0432\u043b\u0435_\u0408\u0443\u0440\u0438\u0448\u0438\u045b_\u0428\u0442\u0443\u0440\u043c.jpg\" alt=\"\u041f\u0430\u0432\u043b\u0435_\u0408\u0443\u0440\u0438\u0448\u0438\u045b_\u0428\u0442\u0443\u0440\u043c\" width=\"411\" height=\"336\" srcset=\"https:\/\/serbia.com\/wp-content\/uploads\/2014\/04\/\u041f\u0430\u0432\u043b\u0435_\u0408\u0443\u0440\u0438\u0448\u0438\u045b_\u0428\u0442\u0443\u0440\u043c.jpg 411w, https:\/\/serbia.com\/wp-content\/uploads\/2014\/04\/\u041f\u0430\u0432\u043b\u0435_\u0408\u0443\u0440\u0438\u0448\u0438\u045b_\u0428\u0442\u0443\u0440\u043c-300x245.jpg 300w\" sizes=\"(max-width: 411px) 100vw, 411px\" \/><\/a><figcaption id=\"caption-attachment-25064\" class=\"wp-caption-text\">General Pavle Juri\u0161i\u0107 \u0160trum<\/figcaption><\/figure>\n<p>Za to vreme Konji\u010dka i \u0160umadijska divizija prvog poziva, vrlo ve\u0161tim manevrima u rejonu \u0160apca i Ma\u010dve uspe\u0161no onemogu\u0107avaju spajanje i sadejstvo austrougarske Druge i Pete armije, kada je ova veza bila najpotrebnija za spasavanje 21. divizije na Ceru. U dolini Jadra, srpska Tre\u0107a armija sa promenljivim uspesima odoleva napadima neprijatelja, spre\u010davaju\u0107i njegov prodor ka Valjevu.<\/p>\n<p>U toku 17. i 18. avgusta danono\u0107na bitka izme\u0111u cerske udarne grupe i austrougraske 9. divizije se nastavlja. 19. avgusta srpska vojska je kona\u010dno slomila otpor levog krila neprijateljeve Pete armije, ovladav\u0161i grebenom Cera i prinudiv\u0161i i ovu diviziju na povla\u010denje. Tog i slede\u0107eg dana austrougarskoj vojsci jedino je preostalo da se povu\u010de preko Drine.<\/p>\n<p>Zavr\u0161nim borbama od 21. do 24. avgusta kada je oslobo\u0111en \u0160abac i proteran i poslednji austrougarski vojnik iz Srbije, okon\u010dana je Cerska operacija potpunim neuspehom austrougarske vojske.<\/p>\n<p>Pobedom u Cerskoj bitki, srpska vojska je pokazala ne samo iskustvo i ve\u0161tinu, ve\u0107 i ogromnu hrabrost i odva\u017enost prema domovini. \u010cinjenica da je to bila prva savezni\u010dka pobeda nad Centralnim silama u Velikom ratu, bitno je oja\u010dala moral na\u0161e i savezni\u010dke vojske, podigla ugled Srbiji i dala joj snagu za bitke koje su tek bile pred njom.<\/p>\n<blockquote><p>U izve\u0161taju o porazu austrougarske vojske, austrijski novinar <strong>Ervin Ki\u0161<\/strong> je napisao: \u201cArmija je potu\u010dena i nalazi se u bezobzirnom, divljem i pani\u010dnom bekstvu. Jedna potu\u010dena vojska, ne, jedna razbijena rulja, jurila je u bezumnom strahu prema granici (\u2026) Sjajni su momci ovi Srbi, oni znaju da brane svoju zemlju\u201d.<\/p><\/blockquote>\n<p><em><a href=\"http:\/\/www.serbia.com\/wp-content\/uploads\/2014\/03\/kancelarija-za-dijasporu-logo1.jpg\"><img loading=\"lazy\" decoding=\"async\" class=\"size-full wp-image-21922 alignleft\" src=\"http:\/\/www.serbia.com\/wp-content\/uploads\/2014\/03\/kancelarija-za-dijasporu-logo1.jpg\" alt=\"kancelarija-za-dijasporu-logo1\" width=\"275\" height=\"100\" \/><\/a>Tekst je podr\u017ean od strane <a href=\"http:\/\/www.dijaspora.gov.rs\/\" target=\"_blank\" rel=\"noopener\">Kancelarije za saradnju sa dijasporom i Srbima u regionu<\/a>.<\/em><\/p>\n","protected":false},"excerpt":{"rendered":"<p>Nepovoljan strate\u0161ki polo\u017eaj, iscrpljenost balkanskim ratovima kao i znatno manja koli\u010dina municije, nisu spre\u010dili srpsku vojsku da izvojeva prvu i jednu od najslavnijih pobeda u Prvom svetskom ratu, pobedu na [&hellip;]<\/p>\n","protected":false},"author":27,"featured_media":34917,"parent":34850,"menu_order":0,"comment_status":"closed","ping_status":"closed","template":"","meta":{"_acf_changed":false,"inline_featured_image":false,"_monsterinsights_skip_tracking":false,"_monsterinsights_sitenote_active":false,"_monsterinsights_sitenote_note":"","_monsterinsights_sitenote_category":0,"footnotes":""},"categories":[1639],"tags":[3092,1129,6757],"class_list":["post-34926","page","type-page","status-publish","has-post-thumbnail","hentry","category-istorija-kultura-otkrijte-srbiju","tag-cerska-bitka","tag-prvi-svetski-rat-srpski","tag-srbija-u-i-svetskom-ratu"],"acf":[],"yoast_head":"<!-- This site is optimized with the Yoast SEO plugin v23.8 - https:\/\/yoast.com\/wordpress\/plugins\/seo\/ -->\n<title>Cerska bitka - Serbia.com<\/title>\n<meta name=\"robots\" content=\"index, follow, max-snippet:-1, max-image-preview:large, max-video-preview:-1\" \/>\n<link rel=\"canonical\" href=\"https:\/\/serbia.com\/srpski\/o-srbiji\/istorija\/srbija-u-prvom-svetskom-ratu\/cerska-bitka\/\" \/>\n<meta property=\"og:locale\" content=\"en_US\" \/>\n<meta property=\"og:type\" content=\"article\" \/>\n<meta property=\"og:title\" content=\"Cerska bitka - Serbia.com\" \/>\n<meta property=\"og:description\" content=\"Nepovoljan strate\u0161ki polo\u017eaj, iscrpljenost balkanskim ratovima kao i znatno manja koli\u010dina municije, nisu spre\u010dili srpsku vojsku da izvojeva prvu i jednu od najslavnijih pobeda u Prvom svetskom ratu, pobedu na [&hellip;]\" \/>\n<meta property=\"og:url\" content=\"https:\/\/serbia.com\/srpski\/o-srbiji\/istorija\/srbija-u-prvom-svetskom-ratu\/cerska-bitka\/\" \/>\n<meta property=\"og:site_name\" content=\"Serbia.com\" \/>\n<meta property=\"article:modified_time\" content=\"2024-10-03T06:48:20+00:00\" \/>\n<meta property=\"og:image\" content=\"https:\/\/serbia.com\/wp-content\/uploads\/2015\/07\/cerska_bitka-1728x800_c.jpg\" \/>\n\t<meta property=\"og:image:width\" content=\"1728\" \/>\n\t<meta property=\"og:image:height\" content=\"800\" \/>\n\t<meta property=\"og:image:type\" content=\"image\/jpeg\" \/>\n<meta name=\"twitter:label1\" content=\"Est. reading time\" \/>\n\t<meta name=\"twitter:data1\" content=\"4 minutes\" \/>\n<script type=\"application\/ld+json\" class=\"yoast-schema-graph\">{\"@context\":\"https:\/\/schema.org\",\"@graph\":[{\"@type\":\"WebPage\",\"@id\":\"https:\/\/serbia.com\/srpski\/o-srbiji\/istorija\/srbija-u-prvom-svetskom-ratu\/cerska-bitka\/\",\"url\":\"https:\/\/serbia.com\/srpski\/o-srbiji\/istorija\/srbija-u-prvom-svetskom-ratu\/cerska-bitka\/\",\"name\":\"Cerska bitka - Serbia.com\",\"isPartOf\":{\"@id\":\"https:\/\/serbia.com\/#website\"},\"primaryImageOfPage\":{\"@id\":\"https:\/\/serbia.com\/srpski\/o-srbiji\/istorija\/srbija-u-prvom-svetskom-ratu\/cerska-bitka\/#primaryimage\"},\"image\":{\"@id\":\"https:\/\/serbia.com\/srpski\/o-srbiji\/istorija\/srbija-u-prvom-svetskom-ratu\/cerska-bitka\/#primaryimage\"},\"thumbnailUrl\":\"https:\/\/serbia.com\/wp-content\/uploads\/2015\/07\/cerska_bitka-1728x800_c.jpg\",\"datePublished\":\"2015-07-09T10:55:49+00:00\",\"dateModified\":\"2024-10-03T06:48:20+00:00\",\"breadcrumb\":{\"@id\":\"https:\/\/serbia.com\/srpski\/o-srbiji\/istorija\/srbija-u-prvom-svetskom-ratu\/cerska-bitka\/#breadcrumb\"},\"inLanguage\":\"srpski\",\"potentialAction\":[{\"@type\":\"ReadAction\",\"target\":[\"https:\/\/serbia.com\/srpski\/o-srbiji\/istorija\/srbija-u-prvom-svetskom-ratu\/cerska-bitka\/\"]}]},{\"@type\":\"ImageObject\",\"inLanguage\":\"srpski\",\"@id\":\"https:\/\/serbia.com\/srpski\/o-srbiji\/istorija\/srbija-u-prvom-svetskom-ratu\/cerska-bitka\/#primaryimage\",\"url\":\"https:\/\/serbia.com\/wp-content\/uploads\/2015\/07\/cerska_bitka-1728x800_c.jpg\",\"contentUrl\":\"https:\/\/serbia.com\/wp-content\/uploads\/2015\/07\/cerska_bitka-1728x800_c.jpg\",\"width\":1728,\"height\":800},{\"@type\":\"BreadcrumbList\",\"@id\":\"https:\/\/serbia.com\/srpski\/o-srbiji\/istorija\/srbija-u-prvom-svetskom-ratu\/cerska-bitka\/#breadcrumb\",\"itemListElement\":[{\"@type\":\"ListItem\",\"position\":1,\"name\":\"Home\",\"item\":\"https:\/\/serbia.com\/srpski\/\"},{\"@type\":\"ListItem\",\"position\":2,\"name\":\"O Srbiji\",\"item\":\"https:\/\/serbia.com\/srpski\/o-srbiji\/\"},{\"@type\":\"ListItem\",\"position\":3,\"name\":\"Istorija\",\"item\":\"https:\/\/serbia.com\/srpski\/o-srbiji\/istorija\/\"},{\"@type\":\"ListItem\",\"position\":4,\"name\":\"Srbija u Prvom svetskom ratu\",\"item\":\"https:\/\/serbia.com\/srpski\/o-srbiji\/istorija\/srbija-u-prvom-svetskom-ratu\/\"},{\"@type\":\"ListItem\",\"position\":5,\"name\":\"Cerska bitka\"}]},{\"@type\":\"WebSite\",\"@id\":\"https:\/\/serbia.com\/#website\",\"url\":\"https:\/\/serbia.com\/\",\"name\":\"Serbia.com\",\"description\":\"Your Gateway to Serbia\",\"potentialAction\":[{\"@type\":\"SearchAction\",\"target\":{\"@type\":\"EntryPoint\",\"urlTemplate\":\"https:\/\/serbia.com\/?s={search_term_string}\"},\"query-input\":{\"@type\":\"PropertyValueSpecification\",\"valueRequired\":true,\"valueName\":\"search_term_string\"}}],\"inLanguage\":\"srpski\"}]}<\/script>\n<!-- \/ Yoast SEO plugin. -->","yoast_head_json":{"title":"Cerska bitka - Serbia.com","robots":{"index":"index","follow":"follow","max-snippet":"max-snippet:-1","max-image-preview":"max-image-preview:large","max-video-preview":"max-video-preview:-1"},"canonical":"https:\/\/serbia.com\/srpski\/o-srbiji\/istorija\/srbija-u-prvom-svetskom-ratu\/cerska-bitka\/","og_locale":"en_US","og_type":"article","og_title":"Cerska bitka - Serbia.com","og_description":"Nepovoljan strate\u0161ki polo\u017eaj, iscrpljenost balkanskim ratovima kao i znatno manja koli\u010dina municije, nisu spre\u010dili srpsku vojsku da izvojeva prvu i jednu od najslavnijih pobeda u Prvom svetskom ratu, pobedu na [&hellip;]","og_url":"https:\/\/serbia.com\/srpski\/o-srbiji\/istorija\/srbija-u-prvom-svetskom-ratu\/cerska-bitka\/","og_site_name":"Serbia.com","article_modified_time":"2024-10-03T06:48:20+00:00","og_image":[{"width":1728,"height":800,"url":"https:\/\/serbia.com\/wp-content\/uploads\/2015\/07\/cerska_bitka-1728x800_c.jpg","type":"image\/jpeg"}],"twitter_misc":{"Est. reading time":"4 minutes"},"schema":{"@context":"https:\/\/schema.org","@graph":[{"@type":"WebPage","@id":"https:\/\/serbia.com\/srpski\/o-srbiji\/istorija\/srbija-u-prvom-svetskom-ratu\/cerska-bitka\/","url":"https:\/\/serbia.com\/srpski\/o-srbiji\/istorija\/srbija-u-prvom-svetskom-ratu\/cerska-bitka\/","name":"Cerska bitka - Serbia.com","isPartOf":{"@id":"https:\/\/serbia.com\/#website"},"primaryImageOfPage":{"@id":"https:\/\/serbia.com\/srpski\/o-srbiji\/istorija\/srbija-u-prvom-svetskom-ratu\/cerska-bitka\/#primaryimage"},"image":{"@id":"https:\/\/serbia.com\/srpski\/o-srbiji\/istorija\/srbija-u-prvom-svetskom-ratu\/cerska-bitka\/#primaryimage"},"thumbnailUrl":"https:\/\/serbia.com\/wp-content\/uploads\/2015\/07\/cerska_bitka-1728x800_c.jpg","datePublished":"2015-07-09T10:55:49+00:00","dateModified":"2024-10-03T06:48:20+00:00","breadcrumb":{"@id":"https:\/\/serbia.com\/srpski\/o-srbiji\/istorija\/srbija-u-prvom-svetskom-ratu\/cerska-bitka\/#breadcrumb"},"inLanguage":"srpski","potentialAction":[{"@type":"ReadAction","target":["https:\/\/serbia.com\/srpski\/o-srbiji\/istorija\/srbija-u-prvom-svetskom-ratu\/cerska-bitka\/"]}]},{"@type":"ImageObject","inLanguage":"srpski","@id":"https:\/\/serbia.com\/srpski\/o-srbiji\/istorija\/srbija-u-prvom-svetskom-ratu\/cerska-bitka\/#primaryimage","url":"https:\/\/serbia.com\/wp-content\/uploads\/2015\/07\/cerska_bitka-1728x800_c.jpg","contentUrl":"https:\/\/serbia.com\/wp-content\/uploads\/2015\/07\/cerska_bitka-1728x800_c.jpg","width":1728,"height":800},{"@type":"BreadcrumbList","@id":"https:\/\/serbia.com\/srpski\/o-srbiji\/istorija\/srbija-u-prvom-svetskom-ratu\/cerska-bitka\/#breadcrumb","itemListElement":[{"@type":"ListItem","position":1,"name":"Home","item":"https:\/\/serbia.com\/srpski\/"},{"@type":"ListItem","position":2,"name":"O Srbiji","item":"https:\/\/serbia.com\/srpski\/o-srbiji\/"},{"@type":"ListItem","position":3,"name":"Istorija","item":"https:\/\/serbia.com\/srpski\/o-srbiji\/istorija\/"},{"@type":"ListItem","position":4,"name":"Srbija u Prvom svetskom ratu","item":"https:\/\/serbia.com\/srpski\/o-srbiji\/istorija\/srbija-u-prvom-svetskom-ratu\/"},{"@type":"ListItem","position":5,"name":"Cerska bitka"}]},{"@type":"WebSite","@id":"https:\/\/serbia.com\/#website","url":"https:\/\/serbia.com\/","name":"Serbia.com","description":"Your Gateway to Serbia","potentialAction":[{"@type":"SearchAction","target":{"@type":"EntryPoint","urlTemplate":"https:\/\/serbia.com\/?s={search_term_string}"},"query-input":{"@type":"PropertyValueSpecification","valueRequired":true,"valueName":"search_term_string"}}],"inLanguage":"srpski"}]}},"_links":{"self":[{"href":"https:\/\/serbia.com\/srpski\/wp-json\/wp\/v2\/pages\/34926"}],"collection":[{"href":"https:\/\/serbia.com\/srpski\/wp-json\/wp\/v2\/pages"}],"about":[{"href":"https:\/\/serbia.com\/srpski\/wp-json\/wp\/v2\/types\/page"}],"author":[{"embeddable":true,"href":"https:\/\/serbia.com\/srpski\/wp-json\/wp\/v2\/users\/27"}],"replies":[{"embeddable":true,"href":"https:\/\/serbia.com\/srpski\/wp-json\/wp\/v2\/comments?post=34926"}],"version-history":[{"count":1,"href":"https:\/\/serbia.com\/srpski\/wp-json\/wp\/v2\/pages\/34926\/revisions"}],"predecessor-version":[{"id":55224,"href":"https:\/\/serbia.com\/srpski\/wp-json\/wp\/v2\/pages\/34926\/revisions\/55224"}],"up":[{"embeddable":true,"href":"https:\/\/serbia.com\/srpski\/wp-json\/wp\/v2\/pages\/34850"}],"wp:featuredmedia":[{"embeddable":true,"href":"https:\/\/serbia.com\/srpski\/wp-json\/wp\/v2\/media\/34917"}],"wp:attachment":[{"href":"https:\/\/serbia.com\/srpski\/wp-json\/wp\/v2\/media?parent=34926"}],"wp:term":[{"taxonomy":"category","embeddable":true,"href":"https:\/\/serbia.com\/srpski\/wp-json\/wp\/v2\/categories?post=34926"},{"taxonomy":"post_tag","embeddable":true,"href":"https:\/\/serbia.com\/srpski\/wp-json\/wp\/v2\/tags?post=34926"}],"curies":[{"name":"wp","href":"https:\/\/api.w.org\/{rel}","templated":true}]}}