{"id":34817,"date":"2015-07-07T14:58:39","date_gmt":"2015-07-07T12:58:39","guid":{"rendered":"http:\/\/www.serbia.com\/?page_id=34817"},"modified":"2025-10-10T09:51:01","modified_gmt":"2025-10-10T07:51:01","slug":"vranje-grad-na-raskrscu-istorijskih-puteva","status":"publish","type":"page","link":"https:\/\/serbia.com\/srpski\/posetite-srbiju\/gradovi\/vranje-grad-na-raskrscu-istorijskih-puteva\/","title":{"rendered":"Vranje"},"content":{"rendered":"<h4>Osvaja\u010de, vojskovo\u0111e, svetske putnike i radoznale zanesenjake, od pamtiveka su putevi vodili kroz grad na jugu Srbije. Prolaze\u0107i Vranjskom klisurom, gledaju\u0107i kako se Vranjska reka uliva u Ju\u017enu Moravu i dive\u0107i se nesvakida\u0161njem prizoru tvr\u0111ave Markovo kale, stvarali su istoriju, pri\u010dali su legende i gradili stilove, a njihova preplitanja iznedrila su jedinstvenu vranjansku muziku, igru i pesmu, po kojima je Vranje danas poznato.<\/h4>\n<p>U gradu u kome je istorija ispisala mnogo stranica, gde ritam vranjanskog <strong><em>melosa, sevdaha<\/em> i <em>\u010do\u010deka<\/em><\/strong> u kombinaciji sa specifi\u010danim ukusom lokalne hrane i pi\u0107a, stvara idealnu harmoniju ju\u017enja\u010dkog duha, odvija se jedan specifi\u010dan na\u010din \u017eivjenja.<\/p>\n<p>Ovde su ljudi gostoprimljivi, ljubazni i glasni, uvek raspolo\u017eeni za muziku i igru. Bez <a href=\"http:\/\/www.serbia.com\/srpski\/o-srbiji\/kultura\/nematerijalno-kulturno-nasledje-srbije\/nematerijalno-kulturno-naslede-kao-cuvar-srpskog-identiteta\/vranjska-gradska-pesma\/\">vranjanske gradske pesme<\/a>, koja se na\u0161la i na listi <a href=\"http:\/\/www.serbia.com\/srpski\/o-srbiji\/kultura\/nematerijalno-kulturno-nasledje-srbije\/\">nematerijalnog kulturnog nasle\u0111a Republike Srbije<\/a>, nijedno veselje u Vranju ne mo\u017ee da se zamisli. Tiha, nostalgi\u010dna, puna sevdaha i meraka ova pesma reprezentuje emocije i duh ju\u017enja\u010dkog naroda.<\/p>\n<p>Autenti\u010dnost obi\u010daja i dugo \u010duvanu tradiciju, grad koji je \u010dak 422. godine proveo pod turskom vla\u0161\u0107u, uspeo je da o\u010duva. Kroz svakodnevno obnavljanje i preno\u0161enje izvornih obi\u010daja sa \u201ckolena na koleno\u201d, tradicija je postala sigurni \u010duvar istorije i kulture koje predstavlja svedo\u010danstvo o \u017eivotu i stvarala\u0161tvu ljudi iz ovih krajeva.<\/p>\n<blockquote><p><em>Ekonomski, politi\u010dki i kulturni centar p\u010dinjskog okruga, sme\u0161ten je u podno\u017eju planina Plja\u010dkovice, Krstilovice i Pr\u017eara, a okru\u017eenost neobi\u010dnim kotlinskim reljefom, u\u010dinio je ovaj predeo izuzetno atratikvnim i zanimljivim.<\/em><\/p><\/blockquote>\n<p>Kombinacija prirodnih bogastava i starih, rasko\u0161nih ku\u0107a koje okru\u017euju kaldrmisane ulice i brojni ostaci otomanske arhitekture, \u010dine jo\u0161 jedno obele\u017eje grada gde su se sreli istok i zapad i Orijent i Evropa.<\/p>\n<h4>Beli most, simbol grada Vranja<\/h4>\n<p>\u201c<em>Proklet neka je onaj koji rastavi \u0161to ljubav sastavi<\/em>\u201d, natpis je koji stoji na plo\u010di \u010duvenog belog mosta ili mosta ljubavi. Za kameni most ispod koga proti\u010de Vranjska reka, vezana je legenda koja govori o dugom prisustvu turskog naroda u ovom gradu, o jednoj nesre\u0107noj ljubavi i stradanju.<\/p>\n<p>Legenda ka\u017ee da je lepa Aj\u0161a zavolela mladog, siroma\u0161nog pastira Stojana. Jednom ih je u ljubavnom zagrljaju zatekao Aj\u0161in otac, Selim beg. Poku\u0161av\u0161i da ubije srpskog pastira, Selim beg je usmrtio sopstvenu k\u0107erku koja je svojim telom za\u0161titila mladi\u0107a kojeg je volela.<\/p>\n<p>Na samrti Aj\u0161a je zamolila oca da od novca spremljenog za udaju sagradi most, i na tom mestu podigne spomenik njihovoj ljubavi.<\/p>\n<p>Godine 1844. podignut je Beli most koji i danas intrigira kako me\u0161tane, tako i radoznale turiste koji rado pose\u0107uju most koji se nalazi i na grbu grada Vranja. Stanovnici ovog grada ka\u017eu da most i danas krije tajne zabranjenih ljubavi, a na vama je da proverite da li su ove pri\u010de istinite.<\/p>\n<h4>Pa\u0161in konak<\/h4>\n<p>Nekada konak, a danas Narodni muzej podigao je Raif-beg D\u017eini\u0107 davne 1765. godine. Ovaj izuzetan i dobro o\u010duvan primerak otomanske arhitekture sastoji se od dve zgrade \u2013 selamluka (za mu\u0161karce) i haremluka (za \u017eene). Narodni muzej Vranje jo\u0161 jedan je \u201csvedok\u201d dugog prisustva i velike mo\u0107i turkog naroda na ovom podru\u010dju.<\/p>\n<p>Zanimljiva gra\u0111evina koja privla\u010di dosta pa\u017enje je i<strong> tursko kupatilo ili amam<\/strong>. Zidan kamenim blokovima i tankim opekama, hamam predstalja tipi\u010dno isto\u010dnja\u010dku arhitekturu koja datira iz XVI veka. Posebno je proslavljen u delu \u201cNe\u010dista krv\u201d slavnog pisca Borisava Stankovi\u0107a, u kome pisac detaljno opisuje ovu tursku gra\u0111evinu.<\/p>\n<blockquote><p><em>Muzej \u2013 ku\u0107a Borisava Stankovi\u0107a<\/em><\/p>\n<p><em>Ku\u0107a poznatog <a href=\"http:\/\/www.serbia.com\/srpski\/o-srbiji\/kultura\/knjizevnost\/srpski-pisci\/\">srpskog pisca<\/a> poreklom iz Vranja, Bore Stankovi\u0107a izgra\u0111ena je 1850. godine, a 1967. pretvorena je u muzej. Stari name\u0161taj, posu\u0111e, mno\u0161tvo ukrasa, \u0107ilima, porodi\u010dnih fotografija, kao i Stankovi\u0107evih knjiga krase ku\u0107u iz polovine 19. veka. U dvori\u0161tvu ku\u0107e nalaze se bunar i letnja kuhinja. U Gradskom parku nalazi se spomenik Bore Stankovi\u0107a koji je otkriven 1954. godine.<\/em><\/p><\/blockquote>\n<h4>Markovo kale<\/h4>\n<p>Na 4.5 km od Vranja nalazi se <strong>Markovo kale<\/strong> ili <strong>Markov grad<\/strong>, koji spada u red najstarijih spomenika ovog grada. Pretpostavlja se da je ovo <strong>utvr\u0111enje podignuto u VI veku pod vizantijskim carem Justinijanom I.<\/strong> Za ovu gra\u0111evinu, danas ostatke srednjovekovnog utvr\u0111enja, vezane su mnogobrojne legende i mitovi od kojih je najpoznatiji mit o Marku Kraljevi\u0107u.<\/p>\n<p>Legenda ka\u017ee da je kraljevi\u0107 boravio u zamku i hrabro ga branio od Turaka. Kada je Marko pred turskom premo\u0107i morao da uzmakne, on je sa svojim \u0160arcem sa stene u kojoj je ostao otisak njegovog kopita, presko\u010dio na isto\u010dnu Plja\u010dkovicu koja je tako nazvana jer je Marko tamo zaplakao, i sa nje se prebacio na zapadnu Krstilovicu, gde se kod sada razru\u0161ene crkve Svete Trojice prekrstio.<\/p>\n<p>U potoku koji proti\u010de duboko dole vidi se mesto odnosno udubljenje gde se kupao, a na obali potoka njegova ogromna &#8220;furuna&#8221; pe\u0107.<\/p>\n<p>Nadomak grada nalazi se i izuzetan <strong>vrletni kanjon Vranjske reke<\/strong> koji razdvaja planine <strong>Plja\u010dkovicu<\/strong> i <strong>Krstilovicu<\/strong>. U Kazan\u0111olu se nalazi nekoliko velikih virova (kazana) i na desetine slapova okru\u017eenih divljom, netaknutom prirodom. Ukoliko ste ljubitelj avanture i adrenalinske \u0161etnje, nemojte propustiti da obi\u0111ete ovaj \u010dudesan dar prirode.<\/p>\n<h4>Kako sti\u0107i do Vranja?<\/h4>\n<p>Vranje je od <a href=\"http:\/\/www.serbia.com\/srpski\/posetite-srbiju\/gradovi\/beograd\/\" target=\"_blank\" rel=\"noopener\">Beograda<\/a> auto putem preko <a href=\"http:\/\/www.serbia.com\/srpski\/posetite-srbiju\/gradovi\/nis\/\" target=\"_blank\" rel=\"noopener\">Ni\u0161a<\/a> i <a href=\"http:\/\/www.serbia.com\/srpski\/posetite-srbiju\/gradovi\/leskovac-dom-najboljeg-rostilja-na-svetu\/\" target=\"_blank\" rel=\"noopener\">Leskovca<\/a> udaljeno 347 kilometara. Sa Beogradom kao i sa svim ve\u0107im <a href=\"http:\/\/www.serbia.com\/srpski\/posetite-srbiju\/gradovi\/\" target=\"_blank\" rel=\"noopener\">gradovima u Srbiji<\/a> Vranje je dobro povezano. Iz Beograda svakodnevno kre\u0107e vi\u0161e autobusa, a tu su i oko tri voza dnevno.<\/p>\n<p>Autobuska stanica Vranje \u2013 tel: 017\/21 201<\/p>\n<p>\u017delezni\u010dka stanica Vranje \u2013 tel: 017\/21 714<\/p>\n<h4>Kada ste ve\u0107 ovde, ne propustite&#8230;<\/h4>\n<p><strong>Crkva Svete Petke Trnove<\/strong> je prema predanju sagra\u0111ena u 13. veku, a <strong>poznata je po \u010dudotvornim i isceliteljskim mo\u0107ima<\/strong>. Na Veliki petak na hiljade ljudi \u010deka u kilometarskom redu kako bi se pomolili, celivali ikonu i dobili miropomazanje od sve\u0161tenika. U narodu je poznata i kao Krstata d\u017eamija jer su je Turci sru\u0161ili i na tom mestu podigli d\u017eamiju. Nakon oslobo\u0111enja od njihove vlasti crkva je ponovo podignuta.<\/p>\n<p><strong>Vranjska banja<\/strong> je banja sa <strong>najtoplijom mineralnom vodom u Evropi<\/strong>, \u010dija temperatura dosti\u017ee i 110 Celzijusovih stepeni. Zna\u010daj vode nije samo u visokoj temperaturi, nego i u izuzetnom lekovitom svojstvu. Mineralna, bogata sumporom i blago alkalna, ova voda poma\u017ee u le\u010denju reumatizma, neurolo\u0161kih, ginekolo\u0161kih, ko\u017enih i drugih oboljenja.<\/p>\n<p><strong>Besna kobila<\/strong> je planina koja je od Vranja udaljena 34 km. Najvi\u0161i vrh planine koju karakteri\u0161u <strong>izuzetno biljno bogastvo, veliki broj lekovitog bilja i idealni uslovi za zimske sportove<\/strong>, nalazi se na 1922 m nadmorske visine. Sa ovog vrha mo\u017ee da se vidi <a href=\"http:\/\/www.serbia.com\/srpski\/posetite-srbiju\/prirodne-lepote\/planine\/kopaonik-suncana-planina-puna-srebra\/\" target=\"_blank\" rel=\"noopener\">Kopaonik<\/a>, \u0160ara i planina Rila u Bugarskoj.<\/p>\n","protected":false},"excerpt":{"rendered":"<p>Osvaja\u010de, vojskovo\u0111e, svetske putnike i radoznale zanesenjake, od pamtiveka su putevi vodili kroz grad na jugu Srbije. Prolaze\u0107i Vranjskom klisurom, gledaju\u0107i kako se Vranjska reka uliva u Ju\u017enu Moravu i [&hellip;]<\/p>\n","protected":false},"author":27,"featured_media":34808,"parent":20433,"menu_order":0,"comment_status":"closed","ping_status":"closed","template":"","meta":{"_acf_changed":false,"inline_featured_image":false,"_monsterinsights_skip_tracking":false,"_monsterinsights_sitenote_active":false,"_monsterinsights_sitenote_note":"","_monsterinsights_sitenote_category":0,"footnotes":""},"categories":[1672],"tags":[],"class_list":["post-34817","page","type-page","status-publish","has-post-thumbnail","hentry","category-gradovi"],"acf":[],"yoast_head":"<!-- This site is optimized with the Yoast SEO plugin v27.4 - https:\/\/yoast.com\/product\/yoast-seo-wordpress\/ -->\n<title>Vranje - Serbia.com<\/title>\n<meta name=\"robots\" content=\"index, follow, max-snippet:-1, max-image-preview:large, max-video-preview:-1\" \/>\n<link rel=\"canonical\" href=\"https:\/\/serbia.com\/srpski\/posetite-srbiju\/gradovi\/vranje-grad-na-raskrscu-istorijskih-puteva\/\" \/>\n<meta property=\"og:locale\" content=\"en_US\" \/>\n<meta property=\"og:type\" content=\"article\" \/>\n<meta property=\"og:title\" content=\"Vranje - Serbia.com\" \/>\n<meta property=\"og:description\" content=\"Osvaja\u010de, vojskovo\u0111e, svetske putnike i radoznale zanesenjake, od pamtiveka su putevi vodili kroz grad na jugu Srbije. Prolaze\u0107i Vranjskom klisurom, gledaju\u0107i kako se Vranjska reka uliva u Ju\u017enu Moravu i [&hellip;]\" \/>\n<meta property=\"og:url\" content=\"https:\/\/serbia.com\/srpski\/posetite-srbiju\/gradovi\/vranje-grad-na-raskrscu-istorijskih-puteva\/\" \/>\n<meta property=\"og:site_name\" content=\"Serbia.com\" \/>\n<meta property=\"article:modified_time\" content=\"2025-10-10T07:51:01+00:00\" \/>\n<meta property=\"og:image\" content=\"https:\/\/serbia.com\/wp-content\/uploads\/2015\/07\/vranje111.jpg\" \/>\n\t<meta property=\"og:image:width\" content=\"1800\" \/>\n\t<meta property=\"og:image:height\" content=\"790\" \/>\n\t<meta property=\"og:image:type\" content=\"image\/jpeg\" \/>\n<meta name=\"twitter:label1\" content=\"Est. reading time\" \/>\n\t<meta name=\"twitter:data1\" content=\"5 minutes\" \/>\n<script type=\"application\/ld+json\" class=\"yoast-schema-graph\">{\"@context\":\"https:\\\/\\\/schema.org\",\"@graph\":[{\"@type\":\"WebPage\",\"@id\":\"https:\\\/\\\/serbia.com\\\/srpski\\\/posetite-srbiju\\\/gradovi\\\/vranje-grad-na-raskrscu-istorijskih-puteva\\\/\",\"url\":\"https:\\\/\\\/serbia.com\\\/srpski\\\/posetite-srbiju\\\/gradovi\\\/vranje-grad-na-raskrscu-istorijskih-puteva\\\/\",\"name\":\"Vranje - Serbia.com\",\"isPartOf\":{\"@id\":\"https:\\\/\\\/serbia.com\\\/#website\"},\"primaryImageOfPage\":{\"@id\":\"https:\\\/\\\/serbia.com\\\/srpski\\\/posetite-srbiju\\\/gradovi\\\/vranje-grad-na-raskrscu-istorijskih-puteva\\\/#primaryimage\"},\"image\":{\"@id\":\"https:\\\/\\\/serbia.com\\\/srpski\\\/posetite-srbiju\\\/gradovi\\\/vranje-grad-na-raskrscu-istorijskih-puteva\\\/#primaryimage\"},\"thumbnailUrl\":\"https:\\\/\\\/serbia.com\\\/wp-content\\\/uploads\\\/2015\\\/07\\\/vranje111.jpg\",\"datePublished\":\"2015-07-07T12:58:39+00:00\",\"dateModified\":\"2025-10-10T07:51:01+00:00\",\"breadcrumb\":{\"@id\":\"https:\\\/\\\/serbia.com\\\/srpski\\\/posetite-srbiju\\\/gradovi\\\/vranje-grad-na-raskrscu-istorijskih-puteva\\\/#breadcrumb\"},\"inLanguage\":\"srpski\",\"potentialAction\":[{\"@type\":\"ReadAction\",\"target\":[\"https:\\\/\\\/serbia.com\\\/srpski\\\/posetite-srbiju\\\/gradovi\\\/vranje-grad-na-raskrscu-istorijskih-puteva\\\/\"]}]},{\"@type\":\"ImageObject\",\"inLanguage\":\"srpski\",\"@id\":\"https:\\\/\\\/serbia.com\\\/srpski\\\/posetite-srbiju\\\/gradovi\\\/vranje-grad-na-raskrscu-istorijskih-puteva\\\/#primaryimage\",\"url\":\"https:\\\/\\\/serbia.com\\\/wp-content\\\/uploads\\\/2015\\\/07\\\/vranje111.jpg\",\"contentUrl\":\"https:\\\/\\\/serbia.com\\\/wp-content\\\/uploads\\\/2015\\\/07\\\/vranje111.jpg\",\"width\":1800,\"height\":790},{\"@type\":\"BreadcrumbList\",\"@id\":\"https:\\\/\\\/serbia.com\\\/srpski\\\/posetite-srbiju\\\/gradovi\\\/vranje-grad-na-raskrscu-istorijskih-puteva\\\/#breadcrumb\",\"itemListElement\":[{\"@type\":\"ListItem\",\"position\":1,\"name\":\"Home\",\"item\":\"https:\\\/\\\/serbia.com\\\/srpski\\\/\"},{\"@type\":\"ListItem\",\"position\":2,\"name\":\"Poseti Srbiju\",\"item\":\"https:\\\/\\\/serbia.com\\\/srpski\\\/posetite-srbiju\\\/\"},{\"@type\":\"ListItem\",\"position\":3,\"name\":\"Gradovi\",\"item\":\"https:\\\/\\\/serbia.com\\\/srpski\\\/posetite-srbiju\\\/gradovi\\\/\"},{\"@type\":\"ListItem\",\"position\":4,\"name\":\"Vranje\"}]},{\"@type\":\"WebSite\",\"@id\":\"https:\\\/\\\/serbia.com\\\/#website\",\"url\":\"https:\\\/\\\/serbia.com\\\/\",\"name\":\"Serbia.com\",\"description\":\"Your Gateway to Serbia\",\"potentialAction\":[{\"@type\":\"SearchAction\",\"target\":{\"@type\":\"EntryPoint\",\"urlTemplate\":\"https:\\\/\\\/serbia.com\\\/?s={search_term_string}\"},\"query-input\":{\"@type\":\"PropertyValueSpecification\",\"valueRequired\":true,\"valueName\":\"search_term_string\"}}],\"inLanguage\":\"srpski\"}]}<\/script>\n<!-- \/ Yoast SEO plugin. -->","yoast_head_json":{"title":"Vranje - Serbia.com","robots":{"index":"index","follow":"follow","max-snippet":"max-snippet:-1","max-image-preview":"max-image-preview:large","max-video-preview":"max-video-preview:-1"},"canonical":"https:\/\/serbia.com\/srpski\/posetite-srbiju\/gradovi\/vranje-grad-na-raskrscu-istorijskih-puteva\/","og_locale":"en_US","og_type":"article","og_title":"Vranje - Serbia.com","og_description":"Osvaja\u010de, vojskovo\u0111e, svetske putnike i radoznale zanesenjake, od pamtiveka su putevi vodili kroz grad na jugu Srbije. Prolaze\u0107i Vranjskom klisurom, gledaju\u0107i kako se Vranjska reka uliva u Ju\u017enu Moravu i [&hellip;]","og_url":"https:\/\/serbia.com\/srpski\/posetite-srbiju\/gradovi\/vranje-grad-na-raskrscu-istorijskih-puteva\/","og_site_name":"Serbia.com","article_modified_time":"2025-10-10T07:51:01+00:00","og_image":[{"width":1800,"height":790,"url":"https:\/\/serbia.com\/wp-content\/uploads\/2015\/07\/vranje111.jpg","type":"image\/jpeg"}],"twitter_misc":{"Est. reading time":"5 minutes"},"schema":{"@context":"https:\/\/schema.org","@graph":[{"@type":"WebPage","@id":"https:\/\/serbia.com\/srpski\/posetite-srbiju\/gradovi\/vranje-grad-na-raskrscu-istorijskih-puteva\/","url":"https:\/\/serbia.com\/srpski\/posetite-srbiju\/gradovi\/vranje-grad-na-raskrscu-istorijskih-puteva\/","name":"Vranje - Serbia.com","isPartOf":{"@id":"https:\/\/serbia.com\/#website"},"primaryImageOfPage":{"@id":"https:\/\/serbia.com\/srpski\/posetite-srbiju\/gradovi\/vranje-grad-na-raskrscu-istorijskih-puteva\/#primaryimage"},"image":{"@id":"https:\/\/serbia.com\/srpski\/posetite-srbiju\/gradovi\/vranje-grad-na-raskrscu-istorijskih-puteva\/#primaryimage"},"thumbnailUrl":"https:\/\/serbia.com\/wp-content\/uploads\/2015\/07\/vranje111.jpg","datePublished":"2015-07-07T12:58:39+00:00","dateModified":"2025-10-10T07:51:01+00:00","breadcrumb":{"@id":"https:\/\/serbia.com\/srpski\/posetite-srbiju\/gradovi\/vranje-grad-na-raskrscu-istorijskih-puteva\/#breadcrumb"},"inLanguage":"srpski","potentialAction":[{"@type":"ReadAction","target":["https:\/\/serbia.com\/srpski\/posetite-srbiju\/gradovi\/vranje-grad-na-raskrscu-istorijskih-puteva\/"]}]},{"@type":"ImageObject","inLanguage":"srpski","@id":"https:\/\/serbia.com\/srpski\/posetite-srbiju\/gradovi\/vranje-grad-na-raskrscu-istorijskih-puteva\/#primaryimage","url":"https:\/\/serbia.com\/wp-content\/uploads\/2015\/07\/vranje111.jpg","contentUrl":"https:\/\/serbia.com\/wp-content\/uploads\/2015\/07\/vranje111.jpg","width":1800,"height":790},{"@type":"BreadcrumbList","@id":"https:\/\/serbia.com\/srpski\/posetite-srbiju\/gradovi\/vranje-grad-na-raskrscu-istorijskih-puteva\/#breadcrumb","itemListElement":[{"@type":"ListItem","position":1,"name":"Home","item":"https:\/\/serbia.com\/srpski\/"},{"@type":"ListItem","position":2,"name":"Poseti Srbiju","item":"https:\/\/serbia.com\/srpski\/posetite-srbiju\/"},{"@type":"ListItem","position":3,"name":"Gradovi","item":"https:\/\/serbia.com\/srpski\/posetite-srbiju\/gradovi\/"},{"@type":"ListItem","position":4,"name":"Vranje"}]},{"@type":"WebSite","@id":"https:\/\/serbia.com\/#website","url":"https:\/\/serbia.com\/","name":"Serbia.com","description":"Your Gateway to Serbia","potentialAction":[{"@type":"SearchAction","target":{"@type":"EntryPoint","urlTemplate":"https:\/\/serbia.com\/?s={search_term_string}"},"query-input":{"@type":"PropertyValueSpecification","valueRequired":true,"valueName":"search_term_string"}}],"inLanguage":"srpski"}]}},"brizy_media":[],"_links":{"self":[{"href":"https:\/\/serbia.com\/srpski\/wp-json\/wp\/v2\/pages\/34817","targetHints":{"allow":["GET"]}}],"collection":[{"href":"https:\/\/serbia.com\/srpski\/wp-json\/wp\/v2\/pages"}],"about":[{"href":"https:\/\/serbia.com\/srpski\/wp-json\/wp\/v2\/types\/page"}],"author":[{"embeddable":true,"href":"https:\/\/serbia.com\/srpski\/wp-json\/wp\/v2\/users\/27"}],"replies":[{"embeddable":true,"href":"https:\/\/serbia.com\/srpski\/wp-json\/wp\/v2\/comments?post=34817"}],"version-history":[{"count":2,"href":"https:\/\/serbia.com\/srpski\/wp-json\/wp\/v2\/pages\/34817\/revisions"}],"predecessor-version":[{"id":62972,"href":"https:\/\/serbia.com\/srpski\/wp-json\/wp\/v2\/pages\/34817\/revisions\/62972"}],"up":[{"embeddable":true,"href":"https:\/\/serbia.com\/srpski\/wp-json\/wp\/v2\/pages\/20433"}],"wp:featuredmedia":[{"embeddable":true,"href":"https:\/\/serbia.com\/srpski\/wp-json\/wp\/v2\/media\/34808"}],"wp:attachment":[{"href":"https:\/\/serbia.com\/srpski\/wp-json\/wp\/v2\/media?parent=34817"}],"wp:term":[{"taxonomy":"category","embeddable":true,"href":"https:\/\/serbia.com\/srpski\/wp-json\/wp\/v2\/categories?post=34817"},{"taxonomy":"post_tag","embeddable":true,"href":"https:\/\/serbia.com\/srpski\/wp-json\/wp\/v2\/tags?post=34817"}],"curies":[{"name":"wp","href":"https:\/\/api.w.org\/{rel}","templated":true}]}}