{"id":34560,"date":"2015-06-29T12:49:55","date_gmt":"2015-06-29T10:49:55","guid":{"rendered":"http:\/\/www.serbia.com\/?page_id=34560"},"modified":"2015-06-29T12:49:55","modified_gmt":"2015-06-29T10:49:55","slug":"despot-stefan-lazarevic","status":"publish","type":"page","link":"https:\/\/serbia.com\/srpski\/o-srbiji\/poznati-srbi\/istorijske-licnosti\/despot-stefan-lazarevic\/","title":{"rendered":"Despot Stefan Lazarevi\u0107"},"content":{"rendered":"<h4>Sin kneza Lazara, despot Stefan Lazarevi\u0107, poznat i kao Visoki Stevan je u vreme kada je to bilo gotovo nemogu\u0107e, uspe\u0161no balansirao izme\u0111u Osmanlija i Ugara, zna\u010dajno modernizovao i pro\u0161irio Srbiju i zbog njene dobrobiti svojim naslednikom proglasio dugogodi\u0161njeg rivala, sestri\u0107a \u0110ur\u0111a Brankovi\u0107a.<\/h4>\n<p>Kada je na <a href=\"http:\/\/www.serbia.com\/?p=10876\" target=\"_blank\">Kosovu polju 1389. godine <\/a>poginuo <strong>njegov otac i srpski knez, Lazar Hrebeljanovi\u0107<\/strong>, nejaki de\u010dak Stefan Lazarevi\u0107 imao je tek 12 godina. Sazrevao je znaju\u0107i da ga \u010deka presto i zemlja koju \u017eele dva velika carstva, Osmanlijsko i Ugarsko. Iako vrlo mlad, hrabro je pronalazio na\u010dine da u najgoroj situaciji za Srbiju, diplomatski, lukavo i kontroverznim postupcima za\u0161titi narod i njegovu teritoriju koju je \u010dak i pro\u0161irio.<\/p>\n<p><img loading=\"lazy\" decoding=\"async\" class=\"alignleft size-full wp-image-18507\" src=\"http:\/\/www.serbia.com\/wp-content\/uploads\/2013\/07\/Despot_Stefan_Manasija1.jpg\" alt=\"Despot_Stefan_Manasija1\" width=\"334\" height=\"228\" srcset=\"https:\/\/serbia.com\/wp-content\/uploads\/2013\/07\/Despot_Stefan_Manasija1.jpg 334w, https:\/\/serbia.com\/wp-content\/uploads\/2013\/07\/Despot_Stefan_Manasija1-300x204.jpg 300w\" sizes=\"(max-width: 334px) 100vw, 334px\" \/>Vazalski polo\u017eaj u takvoj situaciji bio je neizbe\u017ean, ali nametalo se pitanje \u010diji vazal postati u uslovima spolja\u0161njih napada i unutra\u0161njeg nejedinstva usled borbe sa <strong>bratom Vukom i sestri\u0107ima Brankovi\u0107ima.<\/strong><\/p>\n<p>Kako su se okolnosti na osmanskom prestolu menjale, menjala se i politika koju je vodio Despot. Njegov savremenik Konstantin Filosof pisao je da je <strong>o upravljanju dr\u017eavom Stefan najvi\u0161e u\u010dio od sultana Bajazita,<\/strong> svog zeta za kojeg je vojevao mnoge bitke. Me\u0111utim,<strong> bitka kod Angore je bila presudna i za Bajazita i za Stefana ali i za Srbiju.<\/strong><\/p>\n<blockquote><p><strong><em>Grob Svetog Stefana, despota srpskog<\/em><\/strong><\/p>\n<p><em>Dugo se mislilo da je grob despota Stefana u manastiru Koporin. Nakon DNK analize koja je obavljena na mo\u0161tima prona\u0111enim u neimenovanom grobu u manastiru Manasiji, njegovoj zadu\u017ebini, utvr\u0111eno je da mo\u0161ti pripadaju osobi koja je u najbli\u017eem srodstvu (99,9378%) sa knezom Lazarom Hrebeljanovi\u0107em. Kako je utvr\u0111eno da je mla\u0111i Lazarev sin Vuk sahranjen u Ravanici, nema nikakve sumnje da skelet iz groba u Manasiji pripada jednom od najumnijih vladara Srbije, Stefanu Lazarevi\u0107u.<\/em><\/p>\n<p><em>Srpska pravoslavna crkva ga je kanonizovala kao Svetog Stefana despota Srpskog, na petstogodi\u0161njicu njegove smrti 19. jula 1927. godine. Slavi se, na dan svoje smrti 1. avgusta (19. jula po starom kalendaru), zajedno sa svojom majkom prepodobnom Evgenijom (knjeginjom Milicom).<\/em><\/p><\/blockquote>\n<p>Bajazit je bio zarobljen, a Stefan je u povratku iz Angore svratio u Carigrad gde mu je car Jovan VII Paleolog dodelio titulu despota, najve\u0107e vladarsko zvanje Istoka posle carskog, a za \u017eenu \u0110enovljanku Jelenu Gatiluzi, \u0107erku gospodara Mitilene.<\/p>\n<p>Na Osmanskom prestolu nastale su nesuglasice, pa je Despot uvideo da je to pravi trenutak da se okrene Ugarskoj i vazalstvom prema njoj pro\u0161iri Srbiju. Tako je <strong>od ugarskog kralja \u017digmunda Luksembur\u0161kog dobio na upravu Ma\u010dvu i <a href=\"http:\/\/www.serbia.com\/srpski\/posetite-srbiju\/sta-videti\/gradovi\/beograd\/\">Beograd<\/a>, a kasnije i Golubac, Srebrenicu i deo dana\u0161nje Vojvodine sa <a href=\"http:\/\/www.serbia.com\/srpski\/zemun-2\/\">Zemunom<\/a>, <a href=\"http:\/\/www.serbia.com\/srpski\/posetite-srbiju\/sta-videti\/gradovi\/zrenjanin-multikulturalni-grad-buducnosti\/\">Zrenjaninom<\/a> i Be\u010dejem sve do Apatina.<\/strong><\/p>\n<p>Despot je za samo nekoliko godina, obnovio zemlju. Gradio je palate, crkve i \u0161kole, reformisao vojsku i zakone o rudarstvu i trgovini, mudro raspolagao bogatim rudnicima u Novom Brdu i Srebrenici i <strong>u\u010dinio Srbiju najve\u0107im proizvo\u0111a\u010dem srebra<\/strong> i jednom od ekonomski najstabilnijih zemalja tada\u0161nje Evrope.<\/p>\n<p><strong>Zajedno sa kraljem \u017digmundom i jo\u0161 dvadeset dvojicom evropskih aristokrata, osnovao je Vite\u0161ki red Zmaja<\/strong> koji je prvobitno bio zadu\u017een za za\u0161titu kraljevske porodice cara Svetog rimskog carstva- \u017digmunda, a kasnije je osnovni zadatak reda bio odbrana krsta od neprijatelja, posebno od Turaka.<\/p>\n<p>Naro\u010dito je interesantno da se u gotovo svim starim spisima koje pominju Despota, uo\u010dava opis njegove fizi\u010dke lepote. Dubrov\u010dani su se obra\u0107ali Stefanu Lazarevi\u0107u kao <strong>\u201egospodaru visokom telesno i umno\u201d<\/strong>, jer Despota opisuju kao vrlo visokog \u010doveka a njegova duhovna i umna visina bila je oboga\u0107ena ljubavlju prema knji\u017eevnosti i lepim umetnostima.<\/p>\n<p>U svojoj zadu\u017ebini, Manasiji (Resavi), Stefan je osnovao prepisiva\u010dko-prevodila\u010dku Resavsku \u0161kolu, opremio je izvanrednom bibliotekom i u njoj okupio u\u010dene ljude. Li\u010dno je prevodio dela sa gr\u010dkog i latinskog jezika me\u0111u kojima i dela Platona, Arstotela i Pitagore. Svom biografu Konstantinu Filosofu je nalo\u017eio da izradi gramatiku srpskog jezika poznatiju kao \u201eSkazanije o pismenih\u201d (Povest o slovima).<\/p>\n<p>Napisao je i jedno od najlep\u0161ih dela srpske srednjovekovne knji\u017eevnosti <strong>\u201eSlovo ljubve\u201c<\/strong> u kome se obra\u0107a neimenovanoj bliskoj osobi sa kojom je u lo\u0161im odnosima. Smatra se da je ta osoba njegov brat Vuk koji je kao i Brankovi\u0107i \u017eeleo vlast i borio se protiv Despota na strani Turaka, pa tako i stradao.<\/p>\n<figure id=\"attachment_11033\" aria-describedby=\"caption-attachment-11033\" style=\"width: 432px\" class=\"wp-caption aligncenter\"><a href=\"http:\/\/www.serbia.com\/wp-content\/uploads\/2013\/07\/Vuk_i_Stefan_Lazarevic1.jpg\"><img loading=\"lazy\" decoding=\"async\" class=\"  wp-image-11033 size-full\" src=\"http:\/\/www.serbia.com\/wp-content\/uploads\/2013\/07\/Vuk_i_Stefan_Lazarevic1.jpg\" alt=\"Vuk Lazarevi\u0107, Stefan Lazarevi\u0107\" width=\"432\" height=\"408\" srcset=\"https:\/\/serbia.com\/wp-content\/uploads\/2013\/07\/Vuk_i_Stefan_Lazarevic1.jpg 432w, https:\/\/serbia.com\/wp-content\/uploads\/2013\/07\/Vuk_i_Stefan_Lazarevic1-300x283.jpg 300w\" sizes=\"(max-width: 432px) 100vw, 432px\" \/><\/a><figcaption id=\"caption-attachment-11033\" class=\"wp-caption-text\">Vuk i Stefan Lazarevi\u0107 na fresci u manastiru Ljubostinja<\/figcaption><\/figure>\n<p><strong>Kada ga je stigla bolest, Despot je jo\u0161 jednom dokazao svoju retku vladarsku odgovornost i mudrost.<\/strong> Svestan da \u0107e posle njegove smrti nastati raskol, <strong>predao je titulu svom doju\u010dera\u0161njem neprijatelju, sestri\u0107u \u0110ura\u0111u Brankovi\u0107u<\/strong>sa kojim se izmirio pred kraj \u017eivota posredstvom \u0110ura\u0111eve majke, a njegove sestre, Mare.<\/p>\n<p>Ovakav primer vladavine oslobo\u0111ene svake sujete i nesebi\u010dna posve\u0107enost interesu svoje zemlje sasvim je redak. Zbog toga je despot Stefan Lazarevi\u0107 jedan od najcenjenijih srpskih vladara.[ultimate_spacer height=&#8221;30&#8243;][dt_fancy_title title=&#8221;Povezani \u010dlanci&#8221; title_align=&#8221;left&#8221; title_size=&#8221;normal&#8221; title_color=&#8221;accent&#8221; el_width=&#8221;100&#8243; title_bg=&#8221;disabled&#8221; separator_color=&#8221;default&#8221;][ultimate_spacer height=&#8221;30&#8243; height_on_tabs=&#8221;&#8221; height_on_tabs_portrait=&#8221;&#8221; height_on_mob_landscape=&#8221;&#8221; height_on_mob=&#8221;&#8221;]<\/p>\n","protected":false},"excerpt":{"rendered":"<p>Sin kneza Lazara, despot Stefan Lazarevi\u0107, poznat i kao Visoki Stevan je u vreme kada je to bilo gotovo nemogu\u0107e, uspe\u0161no balansirao izme\u0111u Osmanlija i Ugara, zna\u010dajno modernizovao i pro\u0161irio [&hellip;]<\/p>\n","protected":false},"author":27,"featured_media":34557,"parent":21045,"menu_order":0,"comment_status":"closed","ping_status":"closed","template":"","meta":{"_acf_changed":false,"inline_featured_image":false,"_monsterinsights_skip_tracking":false,"_monsterinsights_sitenote_active":false,"_monsterinsights_sitenote_note":"","_monsterinsights_sitenote_category":0,"footnotes":""},"categories":[2815],"tags":[],"class_list":["post-34560","page","type-page","status-publish","has-post-thumbnail","hentry","category-istorijske-licnosti"],"acf":[],"yoast_head":"<!-- This site is optimized with the Yoast SEO plugin v23.8 - https:\/\/yoast.com\/wordpress\/plugins\/seo\/ -->\n<title>Despot Stefan Lazarevi\u0107 - Serbia.com<\/title>\n<meta name=\"robots\" content=\"index, follow, max-snippet:-1, max-image-preview:large, max-video-preview:-1\" \/>\n<link rel=\"canonical\" href=\"https:\/\/serbia.com\/srpski\/o-srbiji\/poznati-srbi\/istorijske-licnosti\/despot-stefan-lazarevic\/\" \/>\n<meta property=\"og:locale\" content=\"en_US\" \/>\n<meta property=\"og:type\" content=\"article\" \/>\n<meta property=\"og:title\" content=\"Despot Stefan Lazarevi\u0107 - Serbia.com\" \/>\n<meta property=\"og:description\" content=\"Sin kneza Lazara, despot Stefan Lazarevi\u0107, poznat i kao Visoki Stevan je u vreme kada je to bilo gotovo nemogu\u0107e, uspe\u0161no balansirao izme\u0111u Osmanlija i Ugara, zna\u010dajno modernizovao i pro\u0161irio [&hellip;]\" \/>\n<meta property=\"og:url\" content=\"https:\/\/serbia.com\/srpski\/o-srbiji\/poznati-srbi\/istorijske-licnosti\/despot-stefan-lazarevic\/\" \/>\n<meta property=\"og:site_name\" content=\"Serbia.com\" \/>\n<meta property=\"og:image\" content=\"https:\/\/serbia.com\/wp-content\/uploads\/2015\/06\/despot333.jpg\" \/>\n\t<meta property=\"og:image:width\" content=\"1600\" \/>\n\t<meta property=\"og:image:height\" content=\"633\" \/>\n\t<meta property=\"og:image:type\" content=\"image\/jpeg\" \/>\n<meta name=\"twitter:label1\" content=\"Est. reading time\" \/>\n\t<meta name=\"twitter:data1\" content=\"4 minutes\" \/>\n<script type=\"application\/ld+json\" class=\"yoast-schema-graph\">{\"@context\":\"https:\/\/schema.org\",\"@graph\":[{\"@type\":\"WebPage\",\"@id\":\"https:\/\/serbia.com\/srpski\/o-srbiji\/poznati-srbi\/istorijske-licnosti\/despot-stefan-lazarevic\/\",\"url\":\"https:\/\/serbia.com\/srpski\/o-srbiji\/poznati-srbi\/istorijske-licnosti\/despot-stefan-lazarevic\/\",\"name\":\"Despot Stefan Lazarevi\u0107 - Serbia.com\",\"isPartOf\":{\"@id\":\"https:\/\/serbia.com\/#website\"},\"primaryImageOfPage\":{\"@id\":\"https:\/\/serbia.com\/srpski\/o-srbiji\/poznati-srbi\/istorijske-licnosti\/despot-stefan-lazarevic\/#primaryimage\"},\"image\":{\"@id\":\"https:\/\/serbia.com\/srpski\/o-srbiji\/poznati-srbi\/istorijske-licnosti\/despot-stefan-lazarevic\/#primaryimage\"},\"thumbnailUrl\":\"https:\/\/serbia.com\/wp-content\/uploads\/2015\/06\/despot333.jpg\",\"datePublished\":\"2015-06-29T10:49:55+00:00\",\"dateModified\":\"2015-06-29T10:49:55+00:00\",\"breadcrumb\":{\"@id\":\"https:\/\/serbia.com\/srpski\/o-srbiji\/poznati-srbi\/istorijske-licnosti\/despot-stefan-lazarevic\/#breadcrumb\"},\"inLanguage\":\"srpski\",\"potentialAction\":[{\"@type\":\"ReadAction\",\"target\":[\"https:\/\/serbia.com\/srpski\/o-srbiji\/poznati-srbi\/istorijske-licnosti\/despot-stefan-lazarevic\/\"]}]},{\"@type\":\"ImageObject\",\"inLanguage\":\"srpski\",\"@id\":\"https:\/\/serbia.com\/srpski\/o-srbiji\/poznati-srbi\/istorijske-licnosti\/despot-stefan-lazarevic\/#primaryimage\",\"url\":\"https:\/\/serbia.com\/wp-content\/uploads\/2015\/06\/despot333.jpg\",\"contentUrl\":\"https:\/\/serbia.com\/wp-content\/uploads\/2015\/06\/despot333.jpg\",\"width\":1600,\"height\":633},{\"@type\":\"BreadcrumbList\",\"@id\":\"https:\/\/serbia.com\/srpski\/o-srbiji\/poznati-srbi\/istorijske-licnosti\/despot-stefan-lazarevic\/#breadcrumb\",\"itemListElement\":[{\"@type\":\"ListItem\",\"position\":1,\"name\":\"Home\",\"item\":\"https:\/\/serbia.com\/srpski\/\"},{\"@type\":\"ListItem\",\"position\":2,\"name\":\"O Srbiji\",\"item\":\"https:\/\/serbia.com\/srpski\/o-srbiji\/\"},{\"@type\":\"ListItem\",\"position\":3,\"name\":\"Poznati Srbi\",\"item\":\"https:\/\/serbia.com\/srpski\/o-srbiji\/poznati-srbi\/\"},{\"@type\":\"ListItem\",\"position\":4,\"name\":\"Istorijske li\u010dnosti\",\"item\":\"https:\/\/serbia.com\/srpski\/o-srbiji\/poznati-srbi\/istorijske-licnosti\/\"},{\"@type\":\"ListItem\",\"position\":5,\"name\":\"Despot Stefan Lazarevi\u0107\"}]},{\"@type\":\"WebSite\",\"@id\":\"https:\/\/serbia.com\/#website\",\"url\":\"https:\/\/serbia.com\/\",\"name\":\"Serbia.com\",\"description\":\"Your Gateway to Serbia\",\"potentialAction\":[{\"@type\":\"SearchAction\",\"target\":{\"@type\":\"EntryPoint\",\"urlTemplate\":\"https:\/\/serbia.com\/?s={search_term_string}\"},\"query-input\":{\"@type\":\"PropertyValueSpecification\",\"valueRequired\":true,\"valueName\":\"search_term_string\"}}],\"inLanguage\":\"srpski\"}]}<\/script>\n<!-- \/ Yoast SEO plugin. -->","yoast_head_json":{"title":"Despot Stefan Lazarevi\u0107 - Serbia.com","robots":{"index":"index","follow":"follow","max-snippet":"max-snippet:-1","max-image-preview":"max-image-preview:large","max-video-preview":"max-video-preview:-1"},"canonical":"https:\/\/serbia.com\/srpski\/o-srbiji\/poznati-srbi\/istorijske-licnosti\/despot-stefan-lazarevic\/","og_locale":"en_US","og_type":"article","og_title":"Despot Stefan Lazarevi\u0107 - Serbia.com","og_description":"Sin kneza Lazara, despot Stefan Lazarevi\u0107, poznat i kao Visoki Stevan je u vreme kada je to bilo gotovo nemogu\u0107e, uspe\u0161no balansirao izme\u0111u Osmanlija i Ugara, zna\u010dajno modernizovao i pro\u0161irio [&hellip;]","og_url":"https:\/\/serbia.com\/srpski\/o-srbiji\/poznati-srbi\/istorijske-licnosti\/despot-stefan-lazarevic\/","og_site_name":"Serbia.com","og_image":[{"width":1600,"height":633,"url":"https:\/\/serbia.com\/wp-content\/uploads\/2015\/06\/despot333.jpg","type":"image\/jpeg"}],"twitter_misc":{"Est. reading time":"4 minutes"},"schema":{"@context":"https:\/\/schema.org","@graph":[{"@type":"WebPage","@id":"https:\/\/serbia.com\/srpski\/o-srbiji\/poznati-srbi\/istorijske-licnosti\/despot-stefan-lazarevic\/","url":"https:\/\/serbia.com\/srpski\/o-srbiji\/poznati-srbi\/istorijske-licnosti\/despot-stefan-lazarevic\/","name":"Despot Stefan Lazarevi\u0107 - Serbia.com","isPartOf":{"@id":"https:\/\/serbia.com\/#website"},"primaryImageOfPage":{"@id":"https:\/\/serbia.com\/srpski\/o-srbiji\/poznati-srbi\/istorijske-licnosti\/despot-stefan-lazarevic\/#primaryimage"},"image":{"@id":"https:\/\/serbia.com\/srpski\/o-srbiji\/poznati-srbi\/istorijske-licnosti\/despot-stefan-lazarevic\/#primaryimage"},"thumbnailUrl":"https:\/\/serbia.com\/wp-content\/uploads\/2015\/06\/despot333.jpg","datePublished":"2015-06-29T10:49:55+00:00","dateModified":"2015-06-29T10:49:55+00:00","breadcrumb":{"@id":"https:\/\/serbia.com\/srpski\/o-srbiji\/poznati-srbi\/istorijske-licnosti\/despot-stefan-lazarevic\/#breadcrumb"},"inLanguage":"srpski","potentialAction":[{"@type":"ReadAction","target":["https:\/\/serbia.com\/srpski\/o-srbiji\/poznati-srbi\/istorijske-licnosti\/despot-stefan-lazarevic\/"]}]},{"@type":"ImageObject","inLanguage":"srpski","@id":"https:\/\/serbia.com\/srpski\/o-srbiji\/poznati-srbi\/istorijske-licnosti\/despot-stefan-lazarevic\/#primaryimage","url":"https:\/\/serbia.com\/wp-content\/uploads\/2015\/06\/despot333.jpg","contentUrl":"https:\/\/serbia.com\/wp-content\/uploads\/2015\/06\/despot333.jpg","width":1600,"height":633},{"@type":"BreadcrumbList","@id":"https:\/\/serbia.com\/srpski\/o-srbiji\/poznati-srbi\/istorijske-licnosti\/despot-stefan-lazarevic\/#breadcrumb","itemListElement":[{"@type":"ListItem","position":1,"name":"Home","item":"https:\/\/serbia.com\/srpski\/"},{"@type":"ListItem","position":2,"name":"O Srbiji","item":"https:\/\/serbia.com\/srpski\/o-srbiji\/"},{"@type":"ListItem","position":3,"name":"Poznati Srbi","item":"https:\/\/serbia.com\/srpski\/o-srbiji\/poznati-srbi\/"},{"@type":"ListItem","position":4,"name":"Istorijske li\u010dnosti","item":"https:\/\/serbia.com\/srpski\/o-srbiji\/poznati-srbi\/istorijske-licnosti\/"},{"@type":"ListItem","position":5,"name":"Despot Stefan Lazarevi\u0107"}]},{"@type":"WebSite","@id":"https:\/\/serbia.com\/#website","url":"https:\/\/serbia.com\/","name":"Serbia.com","description":"Your Gateway to Serbia","potentialAction":[{"@type":"SearchAction","target":{"@type":"EntryPoint","urlTemplate":"https:\/\/serbia.com\/?s={search_term_string}"},"query-input":{"@type":"PropertyValueSpecification","valueRequired":true,"valueName":"search_term_string"}}],"inLanguage":"srpski"}]}},"_links":{"self":[{"href":"https:\/\/serbia.com\/srpski\/wp-json\/wp\/v2\/pages\/34560"}],"collection":[{"href":"https:\/\/serbia.com\/srpski\/wp-json\/wp\/v2\/pages"}],"about":[{"href":"https:\/\/serbia.com\/srpski\/wp-json\/wp\/v2\/types\/page"}],"author":[{"embeddable":true,"href":"https:\/\/serbia.com\/srpski\/wp-json\/wp\/v2\/users\/27"}],"replies":[{"embeddable":true,"href":"https:\/\/serbia.com\/srpski\/wp-json\/wp\/v2\/comments?post=34560"}],"version-history":[{"count":0,"href":"https:\/\/serbia.com\/srpski\/wp-json\/wp\/v2\/pages\/34560\/revisions"}],"up":[{"embeddable":true,"href":"https:\/\/serbia.com\/srpski\/wp-json\/wp\/v2\/pages\/21045"}],"wp:featuredmedia":[{"embeddable":true,"href":"https:\/\/serbia.com\/srpski\/wp-json\/wp\/v2\/media\/34557"}],"wp:attachment":[{"href":"https:\/\/serbia.com\/srpski\/wp-json\/wp\/v2\/media?parent=34560"}],"wp:term":[{"taxonomy":"category","embeddable":true,"href":"https:\/\/serbia.com\/srpski\/wp-json\/wp\/v2\/categories?post=34560"},{"taxonomy":"post_tag","embeddable":true,"href":"https:\/\/serbia.com\/srpski\/wp-json\/wp\/v2\/tags?post=34560"}],"curies":[{"name":"wp","href":"https:\/\/api.w.org\/{rel}","templated":true}]}}