{"id":34541,"date":"2015-06-29T12:17:00","date_gmt":"2015-06-29T10:17:00","guid":{"rendered":"http:\/\/www.serbia.com\/?page_id=34541"},"modified":"2015-06-29T12:17:00","modified_gmt":"2015-06-29T10:17:00","slug":"sveti-sava","status":"publish","type":"page","link":"https:\/\/serbia.com\/srpski\/o-srbiji\/poznati-srbi\/istorijske-licnosti\/sveti-sava\/","title":{"rendered":"Sveti Sava"},"content":{"rendered":"<h4>Srpski princ, Rastko Nemanji\u0107 se kao monah Sava izborio za autokefalnost srpske crkve i postao njen prvi poglavar i zakonodavac. Pravio je \u0161kole, bolnice i manastire od kojih je nazna\u010djniji Hilandar na Svetoj Gori, a mnogo godina kasnije progla\u0161en je za sveca i narod ga slavi u najve\u0107oj pravoslavnoj svetinji na Balkanu, hramu svetog Save u Beogradu.<\/h4>\n<p>Kao najmla\u0111i sin velikog srpskog \u017eupana Stefana Nemanje, Rastko je mogao da se bori za vlast sa svojom bra\u0107om, kako su to obi\u010dno prin\u010devi i radili, ali on je izabrao drugi put, put kojim idu retki i posebni ljudi.<\/p>\n<p>Jedne ve\u010deri, kada je Rastko imao 15 godina i kada su njegovi roditelji ve\u0107 brinuli kako \u0107e ga o\u017eeniti, Nemanji\u0107e su posetili ruski kalu\u0111eri sa Svete Gore i zauvek promenili njihove planove. Du\u0161a njihovog najmla\u0111eg de\u010daka prona\u0161la je svoje gnezdo u pri\u010dama monaha sa Svete Gore. Njihov na\u010din \u017eivota bio je Rastkov san i on je po\u0161ao za njim.<\/p>\n<p><img loading=\"lazy\" decoding=\"async\" class=\"alignleft size-full wp-image-18374\" src=\"http:\/\/www.serbia.com\/wp-content\/uploads\/2013\/06\/400px-Temple_Saint_Sava1.jpg\" alt=\"400px-Temple_Saint_Sava\" width=\"299\" height=\"448\" srcset=\"https:\/\/serbia.com\/wp-content\/uploads\/2013\/06\/400px-Temple_Saint_Sava1.jpg 299w, https:\/\/serbia.com\/wp-content\/uploads\/2013\/06\/400px-Temple_Saint_Sava1-200x300.jpg 200w\" sizes=\"(max-width: 299px) 100vw, 299px\" \/>Veliki \u017eupan <a href=\"http:\/\/www.serbia.com\/?p=2725\" target=\"_blank\">Stefan Nemanja<\/a> bio je ljut i tu\u017ean zbog Rastkovog odlaska i poslao je poteru za njim, ali Rastko nije dozvolio da ga vrate u Srbiju. Bio je siguran u svoju odluku, iste ve\u010deri se kri\u0161om zakalu\u0111erio i <strong>dobio mona\u0161ko ima Sava<\/strong>. Roditeljima je poslao svoje svetoveno odelo kao dokaz da je on ve\u0107 duhovnik.<\/p>\n<p>Ljutnja njegovog oca polako se smirivala i kroz nekoliko godina prepiske sa Savom, po\u017eeleo je da ode kod njega na Svetu Goru. Predao je vlast svom sinu Stefanu Nemanji\u0107u, zamona\u0161io se u\u00a0<a href=\"http:\/\/www.serbia.com\/?p=3017\" target=\"_blank\">Studenici <\/a>i kao <strong>monah Simeon<\/strong> oti\u0161ao kod Save.<\/p>\n<p>Simeon i Sava su na putu kroz <strong>Svetu Goru<\/strong> po\u017eeleli da izgrade jedan srpski manastir. Zatra\u017eili su i dobili od gr\u010dkog cara zemlju i dozvolu za izgradnju. Tako je, opasan debelim bedemima, nastao <a href=\"http:\/\/www.serbia.com\/?p=2709\" target=\"_blank\">Hilandar<\/a>,<strong>jedno od najve\u0107ih srpskih svetili\u0161ta<\/strong>. U njemu je Sava napisao\u00a0<strong>\u201cHilandarski tipik\u201d<\/strong> u kome je opisao pravila po kojima bi kalu\u0111eri trebalo da se vladaju i u koji je utkao sve svoje iskustvo i shvatanje mona\u0161kog \u017eivota.<\/p>\n<p>Dok je Sava boravio na Svetoj Gori, u Srbiji je Vukan, najstariji sin ve\u0107 umrlog Stefana Nemanje, oteo presto bratu i dotada\u0161njem \u017eupanu Stefanu Prvoven\u010danom, a u zemlji je nastalo te\u0161ko stanje. Kako bi izmirio bra\u0107u, <strong>Sava je do\u0161ao u Srbiju sa mo\u0161tima Simeona i nad o\u010devim telom u Studenici, pomirio Stefana i Vukana.<\/strong> Tada je sa Stefanom po\u010deo da gradi svoj istorijski doprinos Srbiji, manastir <strong>\u017di\u010du<\/strong>.<\/p>\n<blockquote><p><strong><em>I Bugari slave svetog Savu<\/em><\/strong><\/p>\n<p><em>Bugari su veoma po\u0161tovali Svetog Savu kao diplomatu. Naime, Savin bratanac, srpski kralj Vladislav, bio je zet tada\u0161njeg bugarskog cara Jovana Asena Drugog. On je slao Savu da zavr\u0161ava neke diplomatske poslove bugarske carevine i do\u010dekivao ga sa najve\u0107im po\u010dastima. Sava je umro i bio sahranjen u manastiru Svetih \u010cetrdeset Mu\u010denika u Velikom Trnovu, gde je sahranjeno \u0161est bugarskih careva. Kasnije su njegove mo\u0161ti preba\u010dene u Mile\u0161evu, ali bugarski pravoslavci i dalje u velikom broju slave na\u0161eg sveca.<\/em><\/p><\/blockquote>\n<p>Tokom ovog boravka u Studeni\u010dkoj isposnici, Sava je napisao delo koje oslikava \u017eivot njegovog oca, <strong>\u201c\u017ditije svetog Simeona\u201d<\/strong>, dragoceno delo srpske srednjovekovne knji\u017eevnosti kao i <strong>\u201cStudeni\u010dki tipik\u201c<\/strong> kojim je propisao ure\u0111enje i organizaciju manastirske uprave, molitve, ishrane i posta a koji se smatra \u201cprvim ustavom Srpske pravoslavne crkve\u201c.<\/p>\n<p>Svoju najzn\u010dajniju misiju, Sava je obavio 1219. godine u Nikeji kada je izdejstvovao <strong>autokefalnost srpske pravoslavne crkve<\/strong> kod nikejskog despota Teodora Laskarisa i patrijarha Manojla Sarantena. Kada se vratio u Srbiju, odredio je \u017di\u010du kao sredi\u0161te nove Srpske arhiepiskopije, a njegovi tipici poslu\u017eili su kao putokaz u pona\u0161anju mona\u0161tva.<\/p>\n<p>Sveti Sava je dva puta i\u0161ao na hodo\u010da\u0161\u0107a na kojima je obilazio Palestinu, Jordan, Vitlajem\u2026 Pri povratku sa drugog hodo\u010da\u0161\u0107a, <strong>1236. godine, smrt ga je sa\u010dekala u Trnovu u Bugarskoj<\/strong>, a kralj Vladislav je preneo njegovo telo u manastir Mile\u0161evu.<\/p>\n<p>Mnogo godina kasnije, krajem 16. veka, kada su Osmanlije zavladale ovim prostorima, u \u017eelji da povredi i zastra\u0161i srpski narod i zbog sopstvenog straha od uticaja koji je Sava imao i nakon smrti, <strong>surovi Sinan pa\u0161a, je preneo njegove mo\u0161ti u Beograd i spalio ih<\/strong>. Smatra se da je ruka svetog Sava tada spa\u0161ena i da se \u010duva u <strong><a href=\"http:\/\/www.serbia.com\/srpski\/posetite-srbiju\/sta-videti\/kulturne-atrakcije\/manastiri-i-crkve\/manastir-mileseva-cuvar-srednjovekovnih-freski-vanvremenske-lepote\/\">manastiru Mile\u0161eva<\/a><\/strong>.<\/p>\n<p>Mnogo godina nakon tog doga\u0111aja, 1775. Sava je progla\u0161en za sveca, a od 1823. godine, po naredbi kneza Milo\u0161a Obrenovi\u0107a pa sve do danas, <strong>sveti Sava se slavi kao \u0161kolska slava 27. januara<\/strong>. Tada sve \u0161kole pripreme priredbe i uz Svetosavsku himnu odaju po\u010dast velikom svetitelju, knji\u017eevniku i zakaonodavcu.<\/p>\n<p>U \u010dast svetitalja, na mestu gde su spaljene njegove mo\u0161ti, na Vra\u010daru, podignut je veliki <strong>hram svetog Save<\/strong>, jedno od najve\u0107ih pravoslavnih svetili\u0161ta na planeti, koji zbog svoje veli\u010dine potpuno dominira okolinom. Hram je toliko velik da se vidi i iz mnogih drugih delova Beograda, a posebno je impresivan no\u0107u, pod svetlima reflektora.[ultimate_spacer height=&#8221;30&#8243;][dt_fancy_title title=&#8221;Povezani \u010dlanci&#8221; title_align=&#8221;left&#8221; title_size=&#8221;normal&#8221; title_color=&#8221;accent&#8221; el_width=&#8221;100&#8243; title_bg=&#8221;disabled&#8221; separator_color=&#8221;default&#8221;][ultimate_spacer height=&#8221;30&#8243; height_on_tabs=&#8221;&#8221; height_on_tabs_portrait=&#8221;&#8221; height_on_mob_landscape=&#8221;&#8221; height_on_mob=&#8221;&#8221;]<\/p>\n","protected":false},"excerpt":{"rendered":"<p>Srpski princ, Rastko Nemanji\u0107 se kao monah Sava izborio za autokefalnost srpske crkve i postao njen prvi poglavar i zakonodavac. Pravio je \u0161kole, bolnice i manastire od kojih je nazna\u010djniji [&hellip;]<\/p>\n","protected":false},"author":27,"featured_media":30432,"parent":21045,"menu_order":0,"comment_status":"closed","ping_status":"closed","template":"","meta":{"_acf_changed":false,"inline_featured_image":false,"_monsterinsights_skip_tracking":false,"_monsterinsights_sitenote_active":false,"_monsterinsights_sitenote_note":"","_monsterinsights_sitenote_category":0,"footnotes":""},"categories":[2815],"tags":[],"class_list":["post-34541","page","type-page","status-publish","has-post-thumbnail","hentry","category-istorijske-licnosti"],"acf":[],"yoast_head":"<!-- This site is optimized with the Yoast SEO plugin v23.8 - https:\/\/yoast.com\/wordpress\/plugins\/seo\/ -->\n<title>Sveti Sava - Serbia.com<\/title>\n<meta name=\"robots\" content=\"index, follow, max-snippet:-1, max-image-preview:large, max-video-preview:-1\" \/>\n<link rel=\"canonical\" href=\"https:\/\/serbia.com\/srpski\/o-srbiji\/poznati-srbi\/istorijske-licnosti\/sveti-sava\/\" \/>\n<meta property=\"og:locale\" content=\"en_US\" \/>\n<meta property=\"og:type\" content=\"article\" \/>\n<meta property=\"og:title\" content=\"Sveti Sava - Serbia.com\" \/>\n<meta property=\"og:description\" content=\"Srpski princ, Rastko Nemanji\u0107 se kao monah Sava izborio za autokefalnost srpske crkve i postao njen prvi poglavar i zakonodavac. Pravio je \u0161kole, bolnice i manastire od kojih je nazna\u010djniji [&hellip;]\" \/>\n<meta property=\"og:url\" content=\"https:\/\/serbia.com\/srpski\/o-srbiji\/poznati-srbi\/istorijske-licnosti\/sveti-sava\/\" \/>\n<meta property=\"og:site_name\" content=\"Serbia.com\" \/>\n<meta property=\"og:image\" content=\"https:\/\/serbia.com\/wp-content\/uploads\/2015\/03\/sveti-sava1.jpg\" \/>\n\t<meta property=\"og:image:width\" content=\"1600\" \/>\n\t<meta property=\"og:image:height\" content=\"775\" \/>\n\t<meta property=\"og:image:type\" content=\"image\/jpeg\" \/>\n<meta name=\"twitter:label1\" content=\"Est. reading time\" \/>\n\t<meta name=\"twitter:data1\" content=\"4 minutes\" \/>\n<script type=\"application\/ld+json\" class=\"yoast-schema-graph\">{\"@context\":\"https:\/\/schema.org\",\"@graph\":[{\"@type\":\"WebPage\",\"@id\":\"https:\/\/serbia.com\/srpski\/o-srbiji\/poznati-srbi\/istorijske-licnosti\/sveti-sava\/\",\"url\":\"https:\/\/serbia.com\/srpski\/o-srbiji\/poznati-srbi\/istorijske-licnosti\/sveti-sava\/\",\"name\":\"Sveti Sava - Serbia.com\",\"isPartOf\":{\"@id\":\"https:\/\/serbia.com\/#website\"},\"primaryImageOfPage\":{\"@id\":\"https:\/\/serbia.com\/srpski\/o-srbiji\/poznati-srbi\/istorijske-licnosti\/sveti-sava\/#primaryimage\"},\"image\":{\"@id\":\"https:\/\/serbia.com\/srpski\/o-srbiji\/poznati-srbi\/istorijske-licnosti\/sveti-sava\/#primaryimage\"},\"thumbnailUrl\":\"https:\/\/serbia.com\/wp-content\/uploads\/2015\/03\/sveti-sava1.jpg\",\"datePublished\":\"2015-06-29T10:17:00+00:00\",\"dateModified\":\"2015-06-29T10:17:00+00:00\",\"breadcrumb\":{\"@id\":\"https:\/\/serbia.com\/srpski\/o-srbiji\/poznati-srbi\/istorijske-licnosti\/sveti-sava\/#breadcrumb\"},\"inLanguage\":\"srpski\",\"potentialAction\":[{\"@type\":\"ReadAction\",\"target\":[\"https:\/\/serbia.com\/srpski\/o-srbiji\/poznati-srbi\/istorijske-licnosti\/sveti-sava\/\"]}]},{\"@type\":\"ImageObject\",\"inLanguage\":\"srpski\",\"@id\":\"https:\/\/serbia.com\/srpski\/o-srbiji\/poznati-srbi\/istorijske-licnosti\/sveti-sava\/#primaryimage\",\"url\":\"https:\/\/serbia.com\/wp-content\/uploads\/2015\/03\/sveti-sava1.jpg\",\"contentUrl\":\"https:\/\/serbia.com\/wp-content\/uploads\/2015\/03\/sveti-sava1.jpg\",\"width\":1600,\"height\":775},{\"@type\":\"BreadcrumbList\",\"@id\":\"https:\/\/serbia.com\/srpski\/o-srbiji\/poznati-srbi\/istorijske-licnosti\/sveti-sava\/#breadcrumb\",\"itemListElement\":[{\"@type\":\"ListItem\",\"position\":1,\"name\":\"Home\",\"item\":\"https:\/\/serbia.com\/srpski\/\"},{\"@type\":\"ListItem\",\"position\":2,\"name\":\"O Srbiji\",\"item\":\"https:\/\/serbia.com\/srpski\/o-srbiji\/\"},{\"@type\":\"ListItem\",\"position\":3,\"name\":\"Poznati Srbi\",\"item\":\"https:\/\/serbia.com\/srpski\/o-srbiji\/poznati-srbi\/\"},{\"@type\":\"ListItem\",\"position\":4,\"name\":\"Istorijske li\u010dnosti\",\"item\":\"https:\/\/serbia.com\/srpski\/o-srbiji\/poznati-srbi\/istorijske-licnosti\/\"},{\"@type\":\"ListItem\",\"position\":5,\"name\":\"Sveti Sava\"}]},{\"@type\":\"WebSite\",\"@id\":\"https:\/\/serbia.com\/#website\",\"url\":\"https:\/\/serbia.com\/\",\"name\":\"Serbia.com\",\"description\":\"Your Gateway to Serbia\",\"potentialAction\":[{\"@type\":\"SearchAction\",\"target\":{\"@type\":\"EntryPoint\",\"urlTemplate\":\"https:\/\/serbia.com\/?s={search_term_string}\"},\"query-input\":{\"@type\":\"PropertyValueSpecification\",\"valueRequired\":true,\"valueName\":\"search_term_string\"}}],\"inLanguage\":\"srpski\"}]}<\/script>\n<!-- \/ Yoast SEO plugin. -->","yoast_head_json":{"title":"Sveti Sava - Serbia.com","robots":{"index":"index","follow":"follow","max-snippet":"max-snippet:-1","max-image-preview":"max-image-preview:large","max-video-preview":"max-video-preview:-1"},"canonical":"https:\/\/serbia.com\/srpski\/o-srbiji\/poznati-srbi\/istorijske-licnosti\/sveti-sava\/","og_locale":"en_US","og_type":"article","og_title":"Sveti Sava - Serbia.com","og_description":"Srpski princ, Rastko Nemanji\u0107 se kao monah Sava izborio za autokefalnost srpske crkve i postao njen prvi poglavar i zakonodavac. Pravio je \u0161kole, bolnice i manastire od kojih je nazna\u010djniji [&hellip;]","og_url":"https:\/\/serbia.com\/srpski\/o-srbiji\/poznati-srbi\/istorijske-licnosti\/sveti-sava\/","og_site_name":"Serbia.com","og_image":[{"width":1600,"height":775,"url":"https:\/\/serbia.com\/wp-content\/uploads\/2015\/03\/sveti-sava1.jpg","type":"image\/jpeg"}],"twitter_misc":{"Est. reading time":"4 minutes"},"schema":{"@context":"https:\/\/schema.org","@graph":[{"@type":"WebPage","@id":"https:\/\/serbia.com\/srpski\/o-srbiji\/poznati-srbi\/istorijske-licnosti\/sveti-sava\/","url":"https:\/\/serbia.com\/srpski\/o-srbiji\/poznati-srbi\/istorijske-licnosti\/sveti-sava\/","name":"Sveti Sava - Serbia.com","isPartOf":{"@id":"https:\/\/serbia.com\/#website"},"primaryImageOfPage":{"@id":"https:\/\/serbia.com\/srpski\/o-srbiji\/poznati-srbi\/istorijske-licnosti\/sveti-sava\/#primaryimage"},"image":{"@id":"https:\/\/serbia.com\/srpski\/o-srbiji\/poznati-srbi\/istorijske-licnosti\/sveti-sava\/#primaryimage"},"thumbnailUrl":"https:\/\/serbia.com\/wp-content\/uploads\/2015\/03\/sveti-sava1.jpg","datePublished":"2015-06-29T10:17:00+00:00","dateModified":"2015-06-29T10:17:00+00:00","breadcrumb":{"@id":"https:\/\/serbia.com\/srpski\/o-srbiji\/poznati-srbi\/istorijske-licnosti\/sveti-sava\/#breadcrumb"},"inLanguage":"srpski","potentialAction":[{"@type":"ReadAction","target":["https:\/\/serbia.com\/srpski\/o-srbiji\/poznati-srbi\/istorijske-licnosti\/sveti-sava\/"]}]},{"@type":"ImageObject","inLanguage":"srpski","@id":"https:\/\/serbia.com\/srpski\/o-srbiji\/poznati-srbi\/istorijske-licnosti\/sveti-sava\/#primaryimage","url":"https:\/\/serbia.com\/wp-content\/uploads\/2015\/03\/sveti-sava1.jpg","contentUrl":"https:\/\/serbia.com\/wp-content\/uploads\/2015\/03\/sveti-sava1.jpg","width":1600,"height":775},{"@type":"BreadcrumbList","@id":"https:\/\/serbia.com\/srpski\/o-srbiji\/poznati-srbi\/istorijske-licnosti\/sveti-sava\/#breadcrumb","itemListElement":[{"@type":"ListItem","position":1,"name":"Home","item":"https:\/\/serbia.com\/srpski\/"},{"@type":"ListItem","position":2,"name":"O Srbiji","item":"https:\/\/serbia.com\/srpski\/o-srbiji\/"},{"@type":"ListItem","position":3,"name":"Poznati Srbi","item":"https:\/\/serbia.com\/srpski\/o-srbiji\/poznati-srbi\/"},{"@type":"ListItem","position":4,"name":"Istorijske li\u010dnosti","item":"https:\/\/serbia.com\/srpski\/o-srbiji\/poznati-srbi\/istorijske-licnosti\/"},{"@type":"ListItem","position":5,"name":"Sveti Sava"}]},{"@type":"WebSite","@id":"https:\/\/serbia.com\/#website","url":"https:\/\/serbia.com\/","name":"Serbia.com","description":"Your Gateway to Serbia","potentialAction":[{"@type":"SearchAction","target":{"@type":"EntryPoint","urlTemplate":"https:\/\/serbia.com\/?s={search_term_string}"},"query-input":{"@type":"PropertyValueSpecification","valueRequired":true,"valueName":"search_term_string"}}],"inLanguage":"srpski"}]}},"_links":{"self":[{"href":"https:\/\/serbia.com\/srpski\/wp-json\/wp\/v2\/pages\/34541"}],"collection":[{"href":"https:\/\/serbia.com\/srpski\/wp-json\/wp\/v2\/pages"}],"about":[{"href":"https:\/\/serbia.com\/srpski\/wp-json\/wp\/v2\/types\/page"}],"author":[{"embeddable":true,"href":"https:\/\/serbia.com\/srpski\/wp-json\/wp\/v2\/users\/27"}],"replies":[{"embeddable":true,"href":"https:\/\/serbia.com\/srpski\/wp-json\/wp\/v2\/comments?post=34541"}],"version-history":[{"count":0,"href":"https:\/\/serbia.com\/srpski\/wp-json\/wp\/v2\/pages\/34541\/revisions"}],"up":[{"embeddable":true,"href":"https:\/\/serbia.com\/srpski\/wp-json\/wp\/v2\/pages\/21045"}],"wp:featuredmedia":[{"embeddable":true,"href":"https:\/\/serbia.com\/srpski\/wp-json\/wp\/v2\/media\/30432"}],"wp:attachment":[{"href":"https:\/\/serbia.com\/srpski\/wp-json\/wp\/v2\/media?parent=34541"}],"wp:term":[{"taxonomy":"category","embeddable":true,"href":"https:\/\/serbia.com\/srpski\/wp-json\/wp\/v2\/categories?post=34541"},{"taxonomy":"post_tag","embeddable":true,"href":"https:\/\/serbia.com\/srpski\/wp-json\/wp\/v2\/tags?post=34541"}],"curies":[{"name":"wp","href":"https:\/\/api.w.org\/{rel}","templated":true}]}}