{"id":34489,"date":"2015-06-26T15:14:24","date_gmt":"2015-06-26T13:14:24","guid":{"rendered":"http:\/\/www.serbia.com\/?page_id=34489"},"modified":"2015-06-26T15:14:24","modified_gmt":"2015-06-26T13:14:24","slug":"momcilo-tapavica","status":"publish","type":"page","link":"https:\/\/serbia.com\/srpski\/o-srbiji\/poznati-srbi\/sportisti\/momcilo-tapavica\/","title":{"rendered":"Mom\u010dilo Tapavica"},"content":{"rendered":"<h4>Osvajanjem medalje na Olimpijadi u Atini 1896. godine, Mom\u010dilo Tapavica je postavio temelje za nastanak srpske sportske nacije<\/h4>\n<p>Pre vi\u0161e od jednog veka, jedan Srbin se na obnovi Olimpijskih igara u Atini takmi\u010dio u \u010dak \u010detiri \u2013 atletici, rvanju, dizanju tegova i tenisu.<\/p>\n<p>Njegovo ime je bilo Mom\u010dilo Tapavica, a u olimpijskim podvizima podr\u0161ku mu je dao tada\u0161nji kralj Srbije Aleksandar Obrenovi\u0107.<\/p>\n<p>Iako je zvani\u010dno reprezentacija Srbije nastupala prvi put na Olimpijadi tek 1912. godine, jedan Vojvo\u0111anin je odli\u010dja za nju osvojio 16 godina ranije.<\/p>\n<p><strong><img loading=\"lazy\" decoding=\"async\" class=\"alignleft size-medium wp-image-18202\" src=\"http:\/\/www.serbia.com\/wp-content\/uploads\/2012\/12\/Momcilo_Tapavica-279x300.jpg\" alt=\"Momcilo_Tapavica\" width=\"279\" height=\"300\" srcset=\"https:\/\/serbia.com\/wp-content\/uploads\/2012\/12\/Momcilo_Tapavica-279x300.jpg 279w, https:\/\/serbia.com\/wp-content\/uploads\/2012\/12\/Momcilo_Tapavica.jpg 320w\" sizes=\"(max-width: 279px) 100vw, 279px\" \/>Ako je mogu\u0107e odrediti datum ra\u0111anja \u201csportske nacije\u201d, za Srbiju bi to svakako bila 1896. godina i prve moderne Olimpijske igre.<\/strong><\/p>\n<p>Na tim igrama, Srbija zvani\u010dno nije imala svoje predstavnike, ali je svirana srpska himna i vijorila se srpska zastava na olimpijskom stadionu u \u010dast posete kralja Aleksandra Obrenovi\u0107a, jedinog stranog \u0161efa dr\u017eave koji je prisustvovao ovom sportskom doga\u0111aju.<\/p>\n<p>U pratnji srpskog kralja bio je i <strong><a href=\"http:\/\/www.serbia.com\/srpski\/srpske-vojvode-iz-prvog-svetskog-rata\/\">major \u017divojin Mi\u0161i\u0107<\/a><\/strong>, budu\u0107i vojvoda i proslavljeni komandant srpske vojske iz oslobodila\u010dkih i Prvog svetskog rata (1914-1918).<\/p>\n<p>Tapavica se na Olimpijskim igrama u Atini takmi\u010dio za reprezentaciju Ugarske ali se njegovi uspesi danas, ipak, vode kao uspesi Srbije. U to vreme njegova rodna Vojvodina bila je deo Austrougarske monarhije, a na Olimpijskim igrama Austrija i Ugarska su imale posebne ekipe.<\/p>\n<p>Ovaj arhitekta iz Vojvodine ne samo da se takmi\u010dio u vi\u0161e disciplina u okviru prijavljenih sportova, ve\u0107 je za reprezentaciju osvojio i 3. mesto u tenisu. Bio je \u010detvrti u rvanju gr\u010dko-rimskim stilom i \u0161esti u dizanju tegova. Zbog povrede je odustao od takmi\u010denja u atletici.<\/p>\n<p>Va\u017eio je za najja\u010deg \u010doveka u svom kraju, sna\u017enog i veoma razvijenog. U svojim memoarima, jedan njegov prijatelj ka\u017ee da ga je samo povreda spre\u010dila da osvoji jo\u0161 medalja, jer je \u201cprecenio svoju snagu\u201d.<\/p>\n<p>Jedini \u0161ef strane dr\u017eave koji je prisustvovao otvaranju prvih Olimpijskih igara modernog doba bio je kralj Srbije Aleksandar Obrenovi\u0107. Taj doga\u0111aj imao je veliki uticaj na razvoj sportskog duha, a uspesi Mom\u010dila Tapavice samo su utabali stazu po kojoj i danas idu srpski sportisti.<\/p>\n<p>Posle Olimpijade, Mom\u010dilo se nije vi\u0161e aktivno bavio sportom, osim rekreativno. Postao je poznati arhitekta i projektovao je zgradu Matice srpske u Novom Sadu koja se danas smatra jednom od najlep\u0161ih zdanja u tom gradu.<\/p>\n<p>Olimpijske igre u Atini bile su po\u010detak sporta kakvog danas poznaje svet. Sav duh, zajedni\u0161tvo i profesionalizam koji danas odlikuje takmi\u010denja na ovim igrama nastalo je tada. Te davne 1896. godine svoje delegacije je uputilo samo 14 dr\u017eava. Ugarska je imala 13 predstavnika, a Mom\u010dilo Tapavica je osvojio jednu od ukupno \u0161est medalja za ovu reprezentaciju.[ultimate_spacer height=&#8221;30&#8243;][dt_fancy_title title=&#8221;Povezani \u010dlanci&#8221; title_align=&#8221;left&#8221; title_size=&#8221;normal&#8221; title_color=&#8221;accent&#8221; el_width=&#8221;100&#8243; title_bg=&#8221;disabled&#8221; separator_color=&#8221;default&#8221;][ultimate_spacer height=&#8221;30&#8243; height_on_tabs=&#8221;&#8221; height_on_tabs_portrait=&#8221;&#8221; height_on_mob_landscape=&#8221;&#8221; height_on_mob=&#8221;&#8221;]<\/p>\n","protected":false},"excerpt":{"rendered":"<p>Osvajanjem medalje na Olimpijadi u Atini 1896. godine, Mom\u010dilo Tapavica je postavio temelje za nastanak srpske sportske nacije Pre vi\u0161e od jednog veka, jedan Srbin se na obnovi Olimpijskih igara [&hellip;]<\/p>\n","protected":false},"author":27,"featured_media":52479,"parent":20255,"menu_order":0,"comment_status":"closed","ping_status":"closed","template":"","meta":{"_acf_changed":false,"inline_featured_image":false,"_monsterinsights_skip_tracking":false,"_monsterinsights_sitenote_active":false,"_monsterinsights_sitenote_note":"","_monsterinsights_sitenote_category":0,"footnotes":""},"categories":[2816],"tags":[],"class_list":["post-34489","page","type-page","status-publish","has-post-thumbnail","hentry","category-sportisti"],"acf":[],"yoast_head":"<!-- This site is optimized with the Yoast SEO plugin v23.8 - https:\/\/yoast.com\/wordpress\/plugins\/seo\/ -->\n<title>Mom\u010dilo Tapavica - Serbia.com<\/title>\n<meta name=\"robots\" content=\"index, follow, max-snippet:-1, max-image-preview:large, max-video-preview:-1\" \/>\n<link rel=\"canonical\" href=\"https:\/\/serbia.com\/srpski\/o-srbiji\/poznati-srbi\/sportisti\/momcilo-tapavica\/\" \/>\n<meta property=\"og:locale\" content=\"en_US\" \/>\n<meta property=\"og:type\" content=\"article\" \/>\n<meta property=\"og:title\" content=\"Mom\u010dilo Tapavica - Serbia.com\" \/>\n<meta property=\"og:description\" content=\"Osvajanjem medalje na Olimpijadi u Atini 1896. godine, Mom\u010dilo Tapavica je postavio temelje za nastanak srpske sportske nacije Pre vi\u0161e od jednog veka, jedan Srbin se na obnovi Olimpijskih igara [&hellip;]\" \/>\n<meta property=\"og:url\" content=\"https:\/\/serbia.com\/srpski\/o-srbiji\/poznati-srbi\/sportisti\/momcilo-tapavica\/\" \/>\n<meta property=\"og:site_name\" content=\"Serbia.com\" \/>\n<meta property=\"og:image\" content=\"https:\/\/serbia.com\/wp-content\/uploads\/2024\/05\/31951-img-0947-e1716307228644.jpg\" \/>\n\t<meta property=\"og:image:width\" content=\"690\" \/>\n\t<meta property=\"og:image:height\" content=\"380\" \/>\n\t<meta property=\"og:image:type\" content=\"image\/jpeg\" \/>\n<meta name=\"twitter:label1\" content=\"Est. reading time\" \/>\n\t<meta name=\"twitter:data1\" content=\"2 minutes\" \/>\n<script type=\"application\/ld+json\" class=\"yoast-schema-graph\">{\"@context\":\"https:\/\/schema.org\",\"@graph\":[{\"@type\":\"WebPage\",\"@id\":\"https:\/\/serbia.com\/srpski\/o-srbiji\/poznati-srbi\/sportisti\/momcilo-tapavica\/\",\"url\":\"https:\/\/serbia.com\/srpski\/o-srbiji\/poznati-srbi\/sportisti\/momcilo-tapavica\/\",\"name\":\"Mom\u010dilo Tapavica - Serbia.com\",\"isPartOf\":{\"@id\":\"https:\/\/serbia.com\/#website\"},\"primaryImageOfPage\":{\"@id\":\"https:\/\/serbia.com\/srpski\/o-srbiji\/poznati-srbi\/sportisti\/momcilo-tapavica\/#primaryimage\"},\"image\":{\"@id\":\"https:\/\/serbia.com\/srpski\/o-srbiji\/poznati-srbi\/sportisti\/momcilo-tapavica\/#primaryimage\"},\"thumbnailUrl\":\"https:\/\/serbia.com\/wp-content\/uploads\/2024\/05\/31951-img-0947-e1716307228644.jpg\",\"datePublished\":\"2015-06-26T13:14:24+00:00\",\"dateModified\":\"2015-06-26T13:14:24+00:00\",\"breadcrumb\":{\"@id\":\"https:\/\/serbia.com\/srpski\/o-srbiji\/poznati-srbi\/sportisti\/momcilo-tapavica\/#breadcrumb\"},\"inLanguage\":\"srpski\",\"potentialAction\":[{\"@type\":\"ReadAction\",\"target\":[\"https:\/\/serbia.com\/srpski\/o-srbiji\/poznati-srbi\/sportisti\/momcilo-tapavica\/\"]}]},{\"@type\":\"ImageObject\",\"inLanguage\":\"srpski\",\"@id\":\"https:\/\/serbia.com\/srpski\/o-srbiji\/poznati-srbi\/sportisti\/momcilo-tapavica\/#primaryimage\",\"url\":\"https:\/\/serbia.com\/wp-content\/uploads\/2024\/05\/31951-img-0947-e1716307228644.jpg\",\"contentUrl\":\"https:\/\/serbia.com\/wp-content\/uploads\/2024\/05\/31951-img-0947-e1716307228644.jpg\",\"width\":690,\"height\":380,\"caption\":\"Mom\u010dilo Tapavica\"},{\"@type\":\"BreadcrumbList\",\"@id\":\"https:\/\/serbia.com\/srpski\/o-srbiji\/poznati-srbi\/sportisti\/momcilo-tapavica\/#breadcrumb\",\"itemListElement\":[{\"@type\":\"ListItem\",\"position\":1,\"name\":\"Home\",\"item\":\"https:\/\/serbia.com\/srpski\/\"},{\"@type\":\"ListItem\",\"position\":2,\"name\":\"O Srbiji\",\"item\":\"https:\/\/serbia.com\/srpski\/o-srbiji\/\"},{\"@type\":\"ListItem\",\"position\":3,\"name\":\"Poznati Srbi\",\"item\":\"https:\/\/serbia.com\/srpski\/o-srbiji\/poznati-srbi\/\"},{\"@type\":\"ListItem\",\"position\":4,\"name\":\"Sportisti\",\"item\":\"https:\/\/serbia.com\/srpski\/o-srbiji\/poznati-srbi\/sportisti\/\"},{\"@type\":\"ListItem\",\"position\":5,\"name\":\"Mom\u010dilo Tapavica\"}]},{\"@type\":\"WebSite\",\"@id\":\"https:\/\/serbia.com\/#website\",\"url\":\"https:\/\/serbia.com\/\",\"name\":\"Serbia.com\",\"description\":\"Your Gateway to Serbia\",\"potentialAction\":[{\"@type\":\"SearchAction\",\"target\":{\"@type\":\"EntryPoint\",\"urlTemplate\":\"https:\/\/serbia.com\/?s={search_term_string}\"},\"query-input\":{\"@type\":\"PropertyValueSpecification\",\"valueRequired\":true,\"valueName\":\"search_term_string\"}}],\"inLanguage\":\"srpski\"}]}<\/script>\n<!-- \/ Yoast SEO plugin. -->","yoast_head_json":{"title":"Mom\u010dilo Tapavica - Serbia.com","robots":{"index":"index","follow":"follow","max-snippet":"max-snippet:-1","max-image-preview":"max-image-preview:large","max-video-preview":"max-video-preview:-1"},"canonical":"https:\/\/serbia.com\/srpski\/o-srbiji\/poznati-srbi\/sportisti\/momcilo-tapavica\/","og_locale":"en_US","og_type":"article","og_title":"Mom\u010dilo Tapavica - Serbia.com","og_description":"Osvajanjem medalje na Olimpijadi u Atini 1896. godine, Mom\u010dilo Tapavica je postavio temelje za nastanak srpske sportske nacije Pre vi\u0161e od jednog veka, jedan Srbin se na obnovi Olimpijskih igara [&hellip;]","og_url":"https:\/\/serbia.com\/srpski\/o-srbiji\/poznati-srbi\/sportisti\/momcilo-tapavica\/","og_site_name":"Serbia.com","og_image":[{"width":690,"height":380,"url":"https:\/\/serbia.com\/wp-content\/uploads\/2024\/05\/31951-img-0947-e1716307228644.jpg","type":"image\/jpeg"}],"twitter_misc":{"Est. reading time":"2 minutes"},"schema":{"@context":"https:\/\/schema.org","@graph":[{"@type":"WebPage","@id":"https:\/\/serbia.com\/srpski\/o-srbiji\/poznati-srbi\/sportisti\/momcilo-tapavica\/","url":"https:\/\/serbia.com\/srpski\/o-srbiji\/poznati-srbi\/sportisti\/momcilo-tapavica\/","name":"Mom\u010dilo Tapavica - Serbia.com","isPartOf":{"@id":"https:\/\/serbia.com\/#website"},"primaryImageOfPage":{"@id":"https:\/\/serbia.com\/srpski\/o-srbiji\/poznati-srbi\/sportisti\/momcilo-tapavica\/#primaryimage"},"image":{"@id":"https:\/\/serbia.com\/srpski\/o-srbiji\/poznati-srbi\/sportisti\/momcilo-tapavica\/#primaryimage"},"thumbnailUrl":"https:\/\/serbia.com\/wp-content\/uploads\/2024\/05\/31951-img-0947-e1716307228644.jpg","datePublished":"2015-06-26T13:14:24+00:00","dateModified":"2015-06-26T13:14:24+00:00","breadcrumb":{"@id":"https:\/\/serbia.com\/srpski\/o-srbiji\/poznati-srbi\/sportisti\/momcilo-tapavica\/#breadcrumb"},"inLanguage":"srpski","potentialAction":[{"@type":"ReadAction","target":["https:\/\/serbia.com\/srpski\/o-srbiji\/poznati-srbi\/sportisti\/momcilo-tapavica\/"]}]},{"@type":"ImageObject","inLanguage":"srpski","@id":"https:\/\/serbia.com\/srpski\/o-srbiji\/poznati-srbi\/sportisti\/momcilo-tapavica\/#primaryimage","url":"https:\/\/serbia.com\/wp-content\/uploads\/2024\/05\/31951-img-0947-e1716307228644.jpg","contentUrl":"https:\/\/serbia.com\/wp-content\/uploads\/2024\/05\/31951-img-0947-e1716307228644.jpg","width":690,"height":380,"caption":"Mom\u010dilo Tapavica"},{"@type":"BreadcrumbList","@id":"https:\/\/serbia.com\/srpski\/o-srbiji\/poznati-srbi\/sportisti\/momcilo-tapavica\/#breadcrumb","itemListElement":[{"@type":"ListItem","position":1,"name":"Home","item":"https:\/\/serbia.com\/srpski\/"},{"@type":"ListItem","position":2,"name":"O Srbiji","item":"https:\/\/serbia.com\/srpski\/o-srbiji\/"},{"@type":"ListItem","position":3,"name":"Poznati Srbi","item":"https:\/\/serbia.com\/srpski\/o-srbiji\/poznati-srbi\/"},{"@type":"ListItem","position":4,"name":"Sportisti","item":"https:\/\/serbia.com\/srpski\/o-srbiji\/poznati-srbi\/sportisti\/"},{"@type":"ListItem","position":5,"name":"Mom\u010dilo Tapavica"}]},{"@type":"WebSite","@id":"https:\/\/serbia.com\/#website","url":"https:\/\/serbia.com\/","name":"Serbia.com","description":"Your Gateway to Serbia","potentialAction":[{"@type":"SearchAction","target":{"@type":"EntryPoint","urlTemplate":"https:\/\/serbia.com\/?s={search_term_string}"},"query-input":{"@type":"PropertyValueSpecification","valueRequired":true,"valueName":"search_term_string"}}],"inLanguage":"srpski"}]}},"_links":{"self":[{"href":"https:\/\/serbia.com\/srpski\/wp-json\/wp\/v2\/pages\/34489"}],"collection":[{"href":"https:\/\/serbia.com\/srpski\/wp-json\/wp\/v2\/pages"}],"about":[{"href":"https:\/\/serbia.com\/srpski\/wp-json\/wp\/v2\/types\/page"}],"author":[{"embeddable":true,"href":"https:\/\/serbia.com\/srpski\/wp-json\/wp\/v2\/users\/27"}],"replies":[{"embeddable":true,"href":"https:\/\/serbia.com\/srpski\/wp-json\/wp\/v2\/comments?post=34489"}],"version-history":[{"count":0,"href":"https:\/\/serbia.com\/srpski\/wp-json\/wp\/v2\/pages\/34489\/revisions"}],"up":[{"embeddable":true,"href":"https:\/\/serbia.com\/srpski\/wp-json\/wp\/v2\/pages\/20255"}],"wp:featuredmedia":[{"embeddable":true,"href":"https:\/\/serbia.com\/srpski\/wp-json\/wp\/v2\/media\/52479"}],"wp:attachment":[{"href":"https:\/\/serbia.com\/srpski\/wp-json\/wp\/v2\/media?parent=34489"}],"wp:term":[{"taxonomy":"category","embeddable":true,"href":"https:\/\/serbia.com\/srpski\/wp-json\/wp\/v2\/categories?post=34489"},{"taxonomy":"post_tag","embeddable":true,"href":"https:\/\/serbia.com\/srpski\/wp-json\/wp\/v2\/tags?post=34489"}],"curies":[{"name":"wp","href":"https:\/\/api.w.org\/{rel}","templated":true}]}}