{"id":34410,"date":"2015-06-26T12:45:41","date_gmt":"2015-06-26T10:45:41","guid":{"rendered":"http:\/\/www.serbia.com\/?page_id=34410"},"modified":"2024-06-04T16:09:29","modified_gmt":"2024-06-04T14:09:29","slug":"paja-jovanovic","status":"publish","type":"page","link":"https:\/\/serbia.com\/srpski\/o-srbiji\/poznati-srbi\/poznati-umetnici\/paja-jovanovic\/","title":{"rendered":"Paja Jovanovi\u0107"},"content":{"rendered":"<h2>Slikar srpske istorije i narodnog \u017eivota, realista Pavle Paja Jovanovi\u0107 (1859-1957) uticao je na obrazovanje, kulturu i rodoljublje svog naroda.<\/h2>\n<p>Malo koji slikar mo\u017ee da se pohvali da je u 14. godini \u017eivota dobio prvu narud\u017ebinu za svoja dela, a tako po\u010dinje pri\u010da slavnog srpskog slikara <strong>Paje Jovanovi\u0107a<\/strong>.\u00a0Naime, crkvena op\u0161tina u <a title=\"Vr\u0161ac, lepa varo\u0161\" href=\"http:\/\/www.serbia.com\/srpski\/vrsac-lepa-varos\/\"><strong>Vr\u0161cu<\/strong><\/a>, gde je \u017eiveo, odlu\u010dila je da izradu crte\u017ea svetitelja za nova zvona za Sabornu crkvu poveri ba\u0161 njemu.<\/p>\n<p>Tako je jo\u0161 kao adolescent Paja Jovanovi\u0107 dobio prvi posao, a istovremeno i svojevrsnu propusnicu za upis na slikarsku akademiju u Be\u010du.<\/p>\n<p>Po zvar\u0161etku gimnazije, upisuje se na Op\u0161ti slikarski te\u010daj be\u010dke Akademije, a od oktobra iste godine postaje redovan student ove \u0161kole kod veoma cenjenog slikara i dobrog likovnog pedagoga Kristijana Gripenkerla.<\/p>\n<p><img loading=\"lazy\" decoding=\"async\" class=\"alignleft size-medium wp-image-16887\" src=\"http:\/\/www.serbia.com\/wp-content\/uploads\/2012\/12\/PajaJovanovic1-300x192.jpg\" alt=\"PajaJovanovic1\" width=\"300\" height=\"192\" srcset=\"https:\/\/serbia.com\/wp-content\/uploads\/2012\/12\/PajaJovanovic1-300x192.jpg 300w, https:\/\/serbia.com\/wp-content\/uploads\/2012\/12\/PajaJovanovic1.jpg 640w\" sizes=\"(max-width: 300px) 100vw, 300px\" \/>Redovne studije slikarstva Paja Jovanovi\u0107 je zavr\u0161io za tri godine ali je nastavio da se obrazuje, kod istog profesora, na specijalnom te\u010daju za istorijsko slikarstvo.<\/p>\n<p>Istovremeno se usavr\u0161ava i u majstorskoj klasi profesora Leopolda Karla Milera, u to vreme veoma tra\u017eenog i hvaljenog slikara istorijskog i \u017eanr slikarstva, posebno poznatog po slikama sa orijentalnim motivima, naro\u010dito iz Egipta, i ubrzo postaje njegov najbolji u\u010denik.<\/p>\n<p>Paja Jovanovi\u0107 je na brojnim putovanjima nalazio inspiraciju za svoj rad. Jo\u0161 kao student je putovao po Crnoj Gori, Primorju, Albaniji, Bosni i Hercegovini, ju\u017enoj i isto\u010dnoj Srbiji, gde je radio skice svakodnevnog \u017eivota i obi\u010daja i do detalja bele\u017eio predele, likove, <a title=\"Narodna no\u0161nja, oznaka identiteta i pripadnosti\" href=\"http:\/\/serbia.com\/srpski\/narodna-nosnja-oznaka-identiteta-i-pripadnosti-2\/\">narodne no\u0161nje<\/a>, nakit, oru\u017eje. Pun utisaka, po povratku bi stvarao dela: \u201c<strong>Ranjeni Crnogorac<\/strong>\u201d (za \u0161ta je dobio carsku stipendiju), \u201c<strong>Guslar<\/strong>\u201c, \u201c<strong>Ki\u0107enje neveste<\/strong>\u201c, \u201c<strong>Arnaut s \u010dibukom<\/strong>\u201c, \u201c<strong>Borba petlova<\/strong>\u201c\u2026<\/p>\n<p>Ove slike su ga ubrzo proslavile u celom svetu, a naro\u010dito u Evropi koja je u to vreme bila veoma zainteresovana za zbivanja na Balkanu.<\/p>\n<p>Srbija se ponosila svojim mladim i slavnim umetnikom. <strong>Gotovo svaka srpska ku\u0107a je imala neku njegovu reprodukciju<\/strong>sa temama kao \u0161to su <a title=\"Ku\u0107a na razme\u0111i\" href=\"http:\/\/serbia.com\/srpski\/kuca-na-razmedi-2\/\">srpska istorija<\/a> ili narodni \u017eivot. A vlast, zahvalna \u0161to je po svetu pronosio i slavio istoriju i kulturu srpskog naroda, ve\u0107 1884. godine ga je izbrala za dopisnog \u010dlana Srpskog u\u010denog dru\u0161tva. \u010cetiri godine kasnije, 1888. izabran je i za <strong>redovnog \u010dlana Srpske kraljevske akademije.<\/strong><\/p>\n<p>Od 1895. godine Paja Jovanovi\u0107 se posve\u0107uje izradi istorijskih kompozicija i te godine dobija dve zna\u010dajne porud\u017ebine za Milenijumsku izlo\u017ebu u Budimpe\u0161ti naredne godine \u2013 od tada\u0161njeg srpskog patrijarha Georgija Brankovi\u0107a da izradi grandioznu istorijsku kompoziciju \u201c<strong>Seoba Srba<\/strong>\u201d pod patrijarhom Arsenijem III \u010carnojevi\u0107em i od vr\u0161a\u010dkog Municipija, za sliku \u201cVr\u0161a\u010dki triptihon\u201d. Posle dugog nau\u010dnog istra\u017eivanja, putovanja i deset meseci predanog rada, umetnik je bio zadovoljan.<\/p>\n<p>Me\u0111utim, slika se nije svidela patrijarhu zbog \u010dijih primedbi i neslaganja, uglavnom politi\u010dkog karaktera, \u201cSeoba Srba\u201d nije izlo\u017eena na <strong>Milenijumskoj izlo\u017ebi<\/strong>. Na nju je poslata samo slika \u201e<strong>Vr\u0161a\u010dki triptihon<\/strong>\u201c \u2013 \u201e<strong>Kosidba<\/strong>\u201c, \u201e<strong>Berba<\/strong>\u201c, \u201e<strong>Pijaca<\/strong>\u201c, koja je tuma\u010dena kao izraz dobrosusedstva Srba, Ma\u0111ara i Nemaca.<\/p>\n<p>Od 1905. godine Paja Jovanovi\u0107 se okrenuo slikanju portreta pa je ovekove\u010dio brojne vladare, politi\u010dare, aristokrate, nau\u010dnike, umetnike, a najvi\u0161e je voleo da slika \u017eenske likove. Tada je govorio da slika lepotu.<\/p>\n<p><strong>Uradio je portrete osoba kao \u0161to su srpski nau\u010dnik\u00a0<a title=\"Mihajlo Pupin, jedan od osniva\u010da agencije NASA\" href=\"http:\/\/serbia.com\/srpski\/mihajlo-pupin-jedan-od-osnivaca-agencije-nasa-2\/\">Mihajlo Pupin<\/a>, austrijski car Franc Jozef (vi\u0161e portreta), crnogorska princeza Milica, kralj Nikola, Sofija Dun\u0111erski, ali i igra\u010dice Bergel te vi\u0161e svoje njegove muze i kasnije supruge, Be\u010dlijke Hermine Muni Dauber.<\/strong><\/p>\n<p>Paja Jovanovi\u0107 spada me\u0111u najzna\u010dajnije predstavnike <a title=\"Srpsko slikarstvo, u toku sa svetskim trendovima\" href=\"http:\/\/serbia.com\/srpski\/srpsko-slikarstvo-u-toku-sa-svetskim-trendovima-3\/\">srpskog slikarstva<\/a> i tipi\u010dan je pripadnik akademskog realizma. Izuzetno bogatim opusom, posebno temama iz narodnog \u017eivota i istorijskom tematikom sna\u017eno je uticao na likovno obrazovanje, kulturu ali i rodoljublje srpskog naroda.<\/p>\n","protected":false},"excerpt":{"rendered":"<p>Slikar srpske istorije i narodnog \u017eivota, realista Pavle Paja Jovanovi\u0107 (1859-1957) uticao je na obrazovanje, kulturu i rodoljublje svog naroda. Malo koji slikar mo\u017ee da se pohvali da je u [&hellip;]<\/p>\n","protected":false},"author":27,"featured_media":34400,"parent":20252,"menu_order":0,"comment_status":"closed","ping_status":"closed","template":"","meta":{"_acf_changed":false,"inline_featured_image":false,"_monsterinsights_skip_tracking":false,"_monsterinsights_sitenote_active":false,"_monsterinsights_sitenote_note":"","_monsterinsights_sitenote_category":0,"footnotes":""},"categories":[2813],"tags":[],"class_list":["post-34410","page","type-page","status-publish","has-post-thumbnail","hentry","category-poznati-umetnici"],"acf":[],"yoast_head":"<!-- This site is optimized with the Yoast SEO plugin v23.8 - https:\/\/yoast.com\/wordpress\/plugins\/seo\/ -->\n<title>Paja Jovanovi\u0107 - Serbia.com<\/title>\n<meta name=\"robots\" content=\"index, follow, max-snippet:-1, max-image-preview:large, max-video-preview:-1\" \/>\n<link rel=\"canonical\" href=\"https:\/\/serbia.com\/srpski\/o-srbiji\/poznati-srbi\/poznati-umetnici\/paja-jovanovic\/\" \/>\n<meta property=\"og:locale\" content=\"en_US\" \/>\n<meta property=\"og:type\" content=\"article\" \/>\n<meta property=\"og:title\" content=\"Paja Jovanovi\u0107 - Serbia.com\" \/>\n<meta property=\"og:description\" content=\"Slikar srpske istorije i narodnog \u017eivota, realista Pavle Paja Jovanovi\u0107 (1859-1957) uticao je na obrazovanje, kulturu i rodoljublje svog naroda. Malo koji slikar mo\u017ee da se pohvali da je u [&hellip;]\" \/>\n<meta property=\"og:url\" content=\"https:\/\/serbia.com\/srpski\/o-srbiji\/poznati-srbi\/poznati-umetnici\/paja-jovanovic\/\" \/>\n<meta property=\"og:site_name\" content=\"Serbia.com\" \/>\n<meta property=\"article:modified_time\" content=\"2024-06-04T14:09:29+00:00\" \/>\n<meta property=\"og:image\" content=\"https:\/\/serbia.com\/wp-content\/uploads\/2015\/06\/jovanovic2.jpg\" \/>\n\t<meta property=\"og:image:width\" content=\"1193\" \/>\n\t<meta property=\"og:image:height\" content=\"599\" \/>\n\t<meta property=\"og:image:type\" content=\"image\/jpeg\" \/>\n<meta name=\"twitter:label1\" content=\"Est. reading time\" \/>\n\t<meta name=\"twitter:data1\" content=\"3 minutes\" \/>\n<script type=\"application\/ld+json\" class=\"yoast-schema-graph\">{\"@context\":\"https:\/\/schema.org\",\"@graph\":[{\"@type\":\"WebPage\",\"@id\":\"https:\/\/serbia.com\/srpski\/o-srbiji\/poznati-srbi\/poznati-umetnici\/paja-jovanovic\/\",\"url\":\"https:\/\/serbia.com\/srpski\/o-srbiji\/poznati-srbi\/poznati-umetnici\/paja-jovanovic\/\",\"name\":\"Paja Jovanovi\u0107 - Serbia.com\",\"isPartOf\":{\"@id\":\"https:\/\/serbia.com\/#website\"},\"primaryImageOfPage\":{\"@id\":\"https:\/\/serbia.com\/srpski\/o-srbiji\/poznati-srbi\/poznati-umetnici\/paja-jovanovic\/#primaryimage\"},\"image\":{\"@id\":\"https:\/\/serbia.com\/srpski\/o-srbiji\/poznati-srbi\/poznati-umetnici\/paja-jovanovic\/#primaryimage\"},\"thumbnailUrl\":\"https:\/\/serbia.com\/wp-content\/uploads\/2015\/06\/jovanovic2.jpg\",\"datePublished\":\"2015-06-26T10:45:41+00:00\",\"dateModified\":\"2024-06-04T14:09:29+00:00\",\"breadcrumb\":{\"@id\":\"https:\/\/serbia.com\/srpski\/o-srbiji\/poznati-srbi\/poznati-umetnici\/paja-jovanovic\/#breadcrumb\"},\"inLanguage\":\"srpski\",\"potentialAction\":[{\"@type\":\"ReadAction\",\"target\":[\"https:\/\/serbia.com\/srpski\/o-srbiji\/poznati-srbi\/poznati-umetnici\/paja-jovanovic\/\"]}]},{\"@type\":\"ImageObject\",\"inLanguage\":\"srpski\",\"@id\":\"https:\/\/serbia.com\/srpski\/o-srbiji\/poznati-srbi\/poznati-umetnici\/paja-jovanovic\/#primaryimage\",\"url\":\"https:\/\/serbia.com\/wp-content\/uploads\/2015\/06\/jovanovic2.jpg\",\"contentUrl\":\"https:\/\/serbia.com\/wp-content\/uploads\/2015\/06\/jovanovic2.jpg\",\"width\":1193,\"height\":599},{\"@type\":\"BreadcrumbList\",\"@id\":\"https:\/\/serbia.com\/srpski\/o-srbiji\/poznati-srbi\/poznati-umetnici\/paja-jovanovic\/#breadcrumb\",\"itemListElement\":[{\"@type\":\"ListItem\",\"position\":1,\"name\":\"Home\",\"item\":\"https:\/\/serbia.com\/srpski\/\"},{\"@type\":\"ListItem\",\"position\":2,\"name\":\"O Srbiji\",\"item\":\"https:\/\/serbia.com\/srpski\/o-srbiji\/\"},{\"@type\":\"ListItem\",\"position\":3,\"name\":\"Poznati Srbi\",\"item\":\"https:\/\/serbia.com\/srpski\/o-srbiji\/poznati-srbi\/\"},{\"@type\":\"ListItem\",\"position\":4,\"name\":\"Poznati umetnici\",\"item\":\"https:\/\/serbia.com\/srpski\/o-srbiji\/poznati-srbi\/poznati-umetnici\/\"},{\"@type\":\"ListItem\",\"position\":5,\"name\":\"Paja Jovanovi\u0107\"}]},{\"@type\":\"WebSite\",\"@id\":\"https:\/\/serbia.com\/#website\",\"url\":\"https:\/\/serbia.com\/\",\"name\":\"Serbia.com\",\"description\":\"Your Gateway to Serbia\",\"potentialAction\":[{\"@type\":\"SearchAction\",\"target\":{\"@type\":\"EntryPoint\",\"urlTemplate\":\"https:\/\/serbia.com\/?s={search_term_string}\"},\"query-input\":{\"@type\":\"PropertyValueSpecification\",\"valueRequired\":true,\"valueName\":\"search_term_string\"}}],\"inLanguage\":\"srpski\"}]}<\/script>\n<!-- \/ Yoast SEO plugin. -->","yoast_head_json":{"title":"Paja Jovanovi\u0107 - Serbia.com","robots":{"index":"index","follow":"follow","max-snippet":"max-snippet:-1","max-image-preview":"max-image-preview:large","max-video-preview":"max-video-preview:-1"},"canonical":"https:\/\/serbia.com\/srpski\/o-srbiji\/poznati-srbi\/poznati-umetnici\/paja-jovanovic\/","og_locale":"en_US","og_type":"article","og_title":"Paja Jovanovi\u0107 - Serbia.com","og_description":"Slikar srpske istorije i narodnog \u017eivota, realista Pavle Paja Jovanovi\u0107 (1859-1957) uticao je na obrazovanje, kulturu i rodoljublje svog naroda. Malo koji slikar mo\u017ee da se pohvali da je u [&hellip;]","og_url":"https:\/\/serbia.com\/srpski\/o-srbiji\/poznati-srbi\/poznati-umetnici\/paja-jovanovic\/","og_site_name":"Serbia.com","article_modified_time":"2024-06-04T14:09:29+00:00","og_image":[{"width":1193,"height":599,"url":"https:\/\/serbia.com\/wp-content\/uploads\/2015\/06\/jovanovic2.jpg","type":"image\/jpeg"}],"twitter_misc":{"Est. reading time":"3 minutes"},"schema":{"@context":"https:\/\/schema.org","@graph":[{"@type":"WebPage","@id":"https:\/\/serbia.com\/srpski\/o-srbiji\/poznati-srbi\/poznati-umetnici\/paja-jovanovic\/","url":"https:\/\/serbia.com\/srpski\/o-srbiji\/poznati-srbi\/poznati-umetnici\/paja-jovanovic\/","name":"Paja Jovanovi\u0107 - Serbia.com","isPartOf":{"@id":"https:\/\/serbia.com\/#website"},"primaryImageOfPage":{"@id":"https:\/\/serbia.com\/srpski\/o-srbiji\/poznati-srbi\/poznati-umetnici\/paja-jovanovic\/#primaryimage"},"image":{"@id":"https:\/\/serbia.com\/srpski\/o-srbiji\/poznati-srbi\/poznati-umetnici\/paja-jovanovic\/#primaryimage"},"thumbnailUrl":"https:\/\/serbia.com\/wp-content\/uploads\/2015\/06\/jovanovic2.jpg","datePublished":"2015-06-26T10:45:41+00:00","dateModified":"2024-06-04T14:09:29+00:00","breadcrumb":{"@id":"https:\/\/serbia.com\/srpski\/o-srbiji\/poznati-srbi\/poznati-umetnici\/paja-jovanovic\/#breadcrumb"},"inLanguage":"srpski","potentialAction":[{"@type":"ReadAction","target":["https:\/\/serbia.com\/srpski\/o-srbiji\/poznati-srbi\/poznati-umetnici\/paja-jovanovic\/"]}]},{"@type":"ImageObject","inLanguage":"srpski","@id":"https:\/\/serbia.com\/srpski\/o-srbiji\/poznati-srbi\/poznati-umetnici\/paja-jovanovic\/#primaryimage","url":"https:\/\/serbia.com\/wp-content\/uploads\/2015\/06\/jovanovic2.jpg","contentUrl":"https:\/\/serbia.com\/wp-content\/uploads\/2015\/06\/jovanovic2.jpg","width":1193,"height":599},{"@type":"BreadcrumbList","@id":"https:\/\/serbia.com\/srpski\/o-srbiji\/poznati-srbi\/poznati-umetnici\/paja-jovanovic\/#breadcrumb","itemListElement":[{"@type":"ListItem","position":1,"name":"Home","item":"https:\/\/serbia.com\/srpski\/"},{"@type":"ListItem","position":2,"name":"O Srbiji","item":"https:\/\/serbia.com\/srpski\/o-srbiji\/"},{"@type":"ListItem","position":3,"name":"Poznati Srbi","item":"https:\/\/serbia.com\/srpski\/o-srbiji\/poznati-srbi\/"},{"@type":"ListItem","position":4,"name":"Poznati umetnici","item":"https:\/\/serbia.com\/srpski\/o-srbiji\/poznati-srbi\/poznati-umetnici\/"},{"@type":"ListItem","position":5,"name":"Paja Jovanovi\u0107"}]},{"@type":"WebSite","@id":"https:\/\/serbia.com\/#website","url":"https:\/\/serbia.com\/","name":"Serbia.com","description":"Your Gateway to Serbia","potentialAction":[{"@type":"SearchAction","target":{"@type":"EntryPoint","urlTemplate":"https:\/\/serbia.com\/?s={search_term_string}"},"query-input":{"@type":"PropertyValueSpecification","valueRequired":true,"valueName":"search_term_string"}}],"inLanguage":"srpski"}]}},"_links":{"self":[{"href":"https:\/\/serbia.com\/srpski\/wp-json\/wp\/v2\/pages\/34410"}],"collection":[{"href":"https:\/\/serbia.com\/srpski\/wp-json\/wp\/v2\/pages"}],"about":[{"href":"https:\/\/serbia.com\/srpski\/wp-json\/wp\/v2\/types\/page"}],"author":[{"embeddable":true,"href":"https:\/\/serbia.com\/srpski\/wp-json\/wp\/v2\/users\/27"}],"replies":[{"embeddable":true,"href":"https:\/\/serbia.com\/srpski\/wp-json\/wp\/v2\/comments?post=34410"}],"version-history":[{"count":1,"href":"https:\/\/serbia.com\/srpski\/wp-json\/wp\/v2\/pages\/34410\/revisions"}],"predecessor-version":[{"id":53244,"href":"https:\/\/serbia.com\/srpski\/wp-json\/wp\/v2\/pages\/34410\/revisions\/53244"}],"up":[{"embeddable":true,"href":"https:\/\/serbia.com\/srpski\/wp-json\/wp\/v2\/pages\/20252"}],"wp:featuredmedia":[{"embeddable":true,"href":"https:\/\/serbia.com\/srpski\/wp-json\/wp\/v2\/media\/34400"}],"wp:attachment":[{"href":"https:\/\/serbia.com\/srpski\/wp-json\/wp\/v2\/media?parent=34410"}],"wp:term":[{"taxonomy":"category","embeddable":true,"href":"https:\/\/serbia.com\/srpski\/wp-json\/wp\/v2\/categories?post=34410"},{"taxonomy":"post_tag","embeddable":true,"href":"https:\/\/serbia.com\/srpski\/wp-json\/wp\/v2\/tags?post=34410"}],"curies":[{"name":"wp","href":"https:\/\/api.w.org\/{rel}","templated":true}]}}