{"id":34143,"date":"2015-06-24T13:14:36","date_gmt":"2015-06-24T11:14:36","guid":{"rendered":"http:\/\/www.serbia.com\/?page_id=34143"},"modified":"2024-06-06T09:18:31","modified_gmt":"2024-06-06T07:18:31","slug":"pazarske-mantije","status":"publish","type":"page","link":"https:\/\/serbia.com\/srpski\/o-srbiji\/kultura\/nematerijalno-kulturno-nasledje-srbije\/tragovima-nematerijalnog-kulturnog-nasleda-srbije\/pazarske-mantije\/","title":{"rendered":"Pazarske mantije"},"content":{"rendered":"<h2 id=\"main-slideshow\" data-width=\"1200\" data-height=\"450\" data-autoslide=\"5000\" data-scale=\"fill\" data-paused=\"true\"><span style=\"color: revert; font-family: -apple-system, BlinkMacSystemFont, 'Segoe UI', Roboto, Oxygen-Sans, Ubuntu, Cantarell, 'Helvetica Neue', sans-serif; font-size: revert; font-weight: revert;\">Kada se spoje autenti\u010dna receptura stara nekoliko decenija, kvalitet doma\u0107ih sastojaka i iskustvo pazarskih majstora, rezultat su novopazarske mantije \u2013 tradicionalno jelo jedinstvenog ukusa.<\/span><\/h2>\n<div id=\"main\" class=\"sidebar-left\">\n<div class=\"wf-wrap\">\n<div class=\"wf-container-main\">\n<div id=\"content\" class=\"content\" role=\"main\">\n<div class=\"page-info\">\n<div class=\"vc_row wpb_row wf-container\">\n<div class=\"wpb_column vc_column_container vc_col-sm-12\">\n<div class=\"wpb_wrapper\">\n<div class=\"wpb_text_column wpb_content_element \">\n<div class=\"wpb_wrapper\">\n<p>Ukoliko nekoga upitate po \u010demu je\u00a0<strong><a href=\"https:\/\/www.serbia.com\/srpski\/posetite-srbiju\/sta-videti\/gradovi\/novi-pazar-neobican-spoj-istoka-i-zapada\/\">Novi Pazar<\/a><\/strong>\u00a0poznat, u ve\u0107ini slu\u010dajeva dobi\u0107ete odgovor:\u00a0<em>\u201ePo pazarskom \u0107evapu!\u201c<\/em>. Me\u0111utim, u ovom gradu na jugu Srbije, u malim zanatskim radnjama, izra\u0111uje se jo\u0161 jedan specijalitet koji godinama unazad ulep\u0161ava jutra mnogobrojnim ljubiteljma doma\u0107ih pita. Naravno, u pitanju su<strong>\u00a0pazarske mantije, jelo koje ukusom podse\u0107a na\u00a0<a href=\"https:\/\/www.serbia.com\/srpski\/burek-najpopularniji-dorucak-u-srbiji\/\">burek<\/a>\u00a0a izgledom na male loptice<\/strong>.<\/p>\n<p>Ipak, ovo jelo se umnogome razlikuje od najpoznatijeg doru\u010dka u Srbiji \u2013 bureka. Od na\u010dina pripreme, preko sastojaka i ukusa, gotovo da je jedina sli\u010dnost u tome \u0161to i uz mantije i uz burek, najbolje \u201eide\u201c jogurt ili kiselo mleko. Uostalom, najbolje je da sli\u010dnosti i razlike ocenite sami.<\/p>\n<p><em>O nastanku pazarskih mantija ne postoje pisani zapisi. Prema istra\u017eivanjima istori\u010dara, predpostavke su da je ovo jelo na Zapad do\u0161lo sa D\u017eingis-kanom. Poreklo samog naziva mo\u017ee se tra\u017eiti u gr\u010dkoj re\u010di mantion, \u0161to zna\u010di ogrta\u010d ili uvijanje.\u00a0<\/em><\/p>\n<p>Ono \u0161to\u00a0<strong>pazarske mantije \u010dini specifi\u010dnom jelom je tradicionalan na\u010din pripreme<\/strong>. Osim \u0161to se prave po receptu koji se u porodici u tajnosti \u010duva i prenosi sa generacije na generaciju, postupak izrade nije nimalo lak. Sve je ostalo u potpunosti isto kao i pre nekoliko decenija \u2013 ne koriste se ma\u0161ine, deblje kore i ne preska\u010du se koraci u na\u010dinu pripreme.<\/p>\n<p><iframe loading=\"lazy\" src=\"https:\/\/www.youtube.com\/embed\/QK4EJPlMUMg?feature=oembed\" width=\"1200\" height=\"675\" frameborder=\"0\" allowfullscreen=\"allowfullscreen\" data-mce-fragment=\"1\"><\/iframe><\/p>\n<p>Na velikom okruglom stolu, prvo se razvla\u010di testo. Za ovaj postupak potrebno je iskustvo, jer se lako mo\u017ee dogoditi da se tanko testo pokida i izgubi formu. Nakon \u0161to se razvu\u010de tako da visi sa ivice stola, testo se preliva maslom i filuje.\u00a0<strong>Iako se prave i sa sirom, za \u201eprave mantije\u201c se smatraju one sa mesom<\/strong>. Njihov fil pravi se od jednostavnih sastojaka: gove\u0111eg ili svinjskog mesa, soli, bibera, luka i malo ulja.<\/p>\n<p>Nakon toga, ivice testa se pa\u017eljivo uvijaju,\u00a0 po \u010demu su mantije najverovatnije i dobile naziv. U ovom postupku najva\u017enije je da se sve strane ravnomerno saviju, i da budu iste debljine. Sledi oblikovanje testa u male bombice, re\u0111anje u pleh i pe\u010denje. Interesantno je da se<strong>\u00a0originalne mantije obi\u010dnu peku u starim pe\u0107ima, koje su napravili zantlije.<\/strong>\u00a0Po mi\u0161ljenju mnogih, upravo to im daje specifi\u010dan ukus.<\/p>\n<p>Nakon pe\u010denja, prijatan i primamljiv miris mantija otvara apetit i budi \u017eelju da ih probate. Zavisi od ukusa, ali ve\u0107ina se sla\u017ee da je ovo jelo najukusnije kada mu se doda kiselo mleko ili jogurt.\u00a0<strong>U Novom Pazaru obi\u010daj je da se mantije preliju jogurtom, i jedu dok su vru\u0107e<\/strong>. Iako se naj\u010de\u0161\u0107e kupuje u jutarnjim satima, za doru\u010dak, ovo jelo se prodaje tokom celog dana, a obi\u010dno se i gosti do\u010dekaju tepsijom mantija.<\/p>\n<p>Uprkos popularnosti mantija u Novom Pazaru, u drugim gradovima u Srbiji malo ljudi zna za ovo tradicionalno jelo. Fahmir D\u017eemi\u0107, vlasnik pekarske radnje\u00a0<em>\u201e\u0110urumlija\u201c<\/em>\u00a0u Novom Pazaru, isti\u010de da ni omladina nije dovoljno upoznata sa vredno\u0161\u0107u i zna\u010dajem mantija.\u00a0<em>\u201eZbog pojave \u201ebrzih restorana\u201c te\u0161ko je sa\u010duvati posao i te\u0161ko je ubediti omladinu da proba mantije. Sa druge strane, starije osobe znaju koja je vrednost doma\u0107eg specijaliteta, a koja \u201ebrze hrane\u201c i zato nas cene\u201c<\/em>, ka\u017ee Fahmir.<\/p>\n<p>Zbog stare recepture, ali i \u010dinjenice da se tajna ovog zanata verno prenosi sa generacije na generaciju, pazarske mantije su 18. juna 2012. godine upisane na Listu\u00a0<a href=\"https:\/\/www.serbia.com\/srpski\/o-srbiji\/kultura\/nematerijalno-kulturno-nasledje-srbije\/\">nematerijalnog kulturnog nasle\u0111a Republike Srbije<\/a>. Na taj na\u010din su, zajedno sa preostalih dvadeset i \u0161est elemenata, uvr\u0161\u0107ene u Nacionalni registar nematerijalnog kulturnog nasle\u0111a.<\/p>\n<h4>I u dijaspori se jedu mantije<\/h4>\n<p>Me\u0161tani Pazara umeju da ka\u017eu:\u00a0<em><strong>\u201eKo jednom proba mantije, zavole\u0107e ih\u201c<\/strong><\/em>. U ve\u0107ini slu\u010dajeva je upravo tako, a to je ujedno i razlog zbog koga su mantije i u dijaspori veoma tra\u017eene. Iako nema savr\u0161ene uslove, Radmila Kitanovi\u0107 godinama unazad sprema mantije.\u00a0<em>\u201eU Salzburg smo se doseli 1995. godine. Moja deca su i tada, kao mala, volela mantije. Nedelja je oduvek bio dan rezervisan za pravljenje ovog jela. Tada bi se okupili, i uz mantije se prise\u0107ali lepih uspomena iz na\u0161e zemlje\u201c<\/em>, pri\u010da nam Radmila.<\/p>\n<p>Pored u\u017eivanja u pripremi i ukusu ovog specijaliteta, Radmila isti\u010de da\u00a0<strong>za porodicu Kitanovi\u0107 novopazarske mantije imaju dublju simboliku i zna\u010denje<\/strong>.\u00a0<em>\u201eCeo taj proces izrade i kasnije dru\u017eenja na doru\u010dku, za nas je postao ritual. To je ne\u0161to \u0161to nas okuplja, \u0161to \u010duva na\u0161 identitet i \u0161to nas podse\u0107a na domovinu. To je jedna od malobrojnih stvari iz Srbije koju smo \u201eponeli\u201c i nastavali da \u010duvamo\u201c<\/em>, ka\u017ee Radmila i obja\u0161njava da poznaje jo\u0161 ljudi koji sa svojim porodicama \u0161irom sveta praktikuju ovaj obi\u010daj.<\/p>\n<\/div>\n<\/div>\n<\/div>\n<\/div>\n<\/div>\n<\/div>\n<\/div>\n<\/div>\n<\/div>\n<\/div>\n","protected":false},"excerpt":{"rendered":"<p>Kada se spoje autenti\u010dna receptura stara nekoliko decenija, kvalitet doma\u0107ih sastojaka i iskustvo pazarskih majstora, rezultat su novopazarske mantije \u2013 tradicionalno jelo jedinstvenog ukusa. Ukoliko nekoga upitate po \u010demu je\u00a0Novi [&hellip;]<\/p>\n","protected":false},"author":27,"featured_media":34162,"parent":33999,"menu_order":0,"comment_status":"closed","ping_status":"closed","template":"","meta":{"_acf_changed":false,"inline_featured_image":false,"_monsterinsights_skip_tracking":false,"_monsterinsights_sitenote_active":false,"_monsterinsights_sitenote_note":"","_monsterinsights_sitenote_category":0,"footnotes":""},"categories":[972],"tags":[],"class_list":["post-34143","page","type-page","status-publish","has-post-thumbnail","hentry","category-tradicionalna-kuhinja-o-srbiji"],"acf":[],"yoast_head":"<!-- This site is optimized with the Yoast SEO plugin v23.8 - https:\/\/yoast.com\/wordpress\/plugins\/seo\/ -->\n<title>Pazarske mantije - Serbia.com<\/title>\n<meta name=\"robots\" content=\"index, follow, max-snippet:-1, max-image-preview:large, max-video-preview:-1\" \/>\n<link rel=\"canonical\" href=\"https:\/\/serbia.com\/srpski\/o-srbiji\/kultura\/nematerijalno-kulturno-nasledje-srbije\/tragovima-nematerijalnog-kulturnog-nasleda-srbije\/pazarske-mantije\/\" \/>\n<meta property=\"og:locale\" content=\"en_US\" \/>\n<meta property=\"og:type\" content=\"article\" \/>\n<meta property=\"og:title\" content=\"Pazarske mantije - Serbia.com\" \/>\n<meta property=\"og:description\" content=\"Kada se spoje autenti\u010dna receptura stara nekoliko decenija, kvalitet doma\u0107ih sastojaka i iskustvo pazarskih majstora, rezultat su novopazarske mantije \u2013 tradicionalno jelo jedinstvenog ukusa. Ukoliko nekoga upitate po \u010demu je\u00a0Novi [&hellip;]\" \/>\n<meta property=\"og:url\" content=\"https:\/\/serbia.com\/srpski\/o-srbiji\/kultura\/nematerijalno-kulturno-nasledje-srbije\/tragovima-nematerijalnog-kulturnog-nasleda-srbije\/pazarske-mantije\/\" \/>\n<meta property=\"og:site_name\" content=\"Serbia.com\" \/>\n<meta property=\"article:modified_time\" content=\"2024-06-06T07:18:31+00:00\" \/>\n<meta property=\"og:image\" content=\"https:\/\/serbia.com\/wp-content\/uploads\/2015\/06\/mantije3.jpg\" \/>\n\t<meta property=\"og:image:width\" content=\"3000\" \/>\n\t<meta property=\"og:image:height\" content=\"1688\" \/>\n\t<meta property=\"og:image:type\" content=\"image\/jpeg\" \/>\n<meta name=\"twitter:label1\" content=\"Est. reading time\" \/>\n\t<meta name=\"twitter:data1\" content=\"4 minutes\" \/>\n<script type=\"application\/ld+json\" class=\"yoast-schema-graph\">{\"@context\":\"https:\/\/schema.org\",\"@graph\":[{\"@type\":\"WebPage\",\"@id\":\"https:\/\/serbia.com\/srpski\/o-srbiji\/kultura\/nematerijalno-kulturno-nasledje-srbije\/tragovima-nematerijalnog-kulturnog-nasleda-srbije\/pazarske-mantije\/\",\"url\":\"https:\/\/serbia.com\/srpski\/o-srbiji\/kultura\/nematerijalno-kulturno-nasledje-srbije\/tragovima-nematerijalnog-kulturnog-nasleda-srbije\/pazarske-mantije\/\",\"name\":\"Pazarske mantije - Serbia.com\",\"isPartOf\":{\"@id\":\"https:\/\/serbia.com\/#website\"},\"primaryImageOfPage\":{\"@id\":\"https:\/\/serbia.com\/srpski\/o-srbiji\/kultura\/nematerijalno-kulturno-nasledje-srbije\/tragovima-nematerijalnog-kulturnog-nasleda-srbije\/pazarske-mantije\/#primaryimage\"},\"image\":{\"@id\":\"https:\/\/serbia.com\/srpski\/o-srbiji\/kultura\/nematerijalno-kulturno-nasledje-srbije\/tragovima-nematerijalnog-kulturnog-nasleda-srbije\/pazarske-mantije\/#primaryimage\"},\"thumbnailUrl\":\"https:\/\/serbia.com\/wp-content\/uploads\/2015\/06\/mantije3.jpg\",\"datePublished\":\"2015-06-24T11:14:36+00:00\",\"dateModified\":\"2024-06-06T07:18:31+00:00\",\"breadcrumb\":{\"@id\":\"https:\/\/serbia.com\/srpski\/o-srbiji\/kultura\/nematerijalno-kulturno-nasledje-srbije\/tragovima-nematerijalnog-kulturnog-nasleda-srbije\/pazarske-mantije\/#breadcrumb\"},\"inLanguage\":\"srpski\",\"potentialAction\":[{\"@type\":\"ReadAction\",\"target\":[\"https:\/\/serbia.com\/srpski\/o-srbiji\/kultura\/nematerijalno-kulturno-nasledje-srbije\/tragovima-nematerijalnog-kulturnog-nasleda-srbije\/pazarske-mantije\/\"]}]},{\"@type\":\"ImageObject\",\"inLanguage\":\"srpski\",\"@id\":\"https:\/\/serbia.com\/srpski\/o-srbiji\/kultura\/nematerijalno-kulturno-nasledje-srbije\/tragovima-nematerijalnog-kulturnog-nasleda-srbije\/pazarske-mantije\/#primaryimage\",\"url\":\"https:\/\/serbia.com\/wp-content\/uploads\/2015\/06\/mantije3.jpg\",\"contentUrl\":\"https:\/\/serbia.com\/wp-content\/uploads\/2015\/06\/mantije3.jpg\",\"width\":3000,\"height\":1688},{\"@type\":\"BreadcrumbList\",\"@id\":\"https:\/\/serbia.com\/srpski\/o-srbiji\/kultura\/nematerijalno-kulturno-nasledje-srbije\/tragovima-nematerijalnog-kulturnog-nasleda-srbije\/pazarske-mantije\/#breadcrumb\",\"itemListElement\":[{\"@type\":\"ListItem\",\"position\":1,\"name\":\"Home\",\"item\":\"https:\/\/serbia.com\/srpski\/\"},{\"@type\":\"ListItem\",\"position\":2,\"name\":\"O Srbiji\",\"item\":\"https:\/\/serbia.com\/srpski\/o-srbiji\/\"},{\"@type\":\"ListItem\",\"position\":3,\"name\":\"Kultura\",\"item\":\"https:\/\/serbia.com\/srpski\/o-srbiji\/kultura\/\"},{\"@type\":\"ListItem\",\"position\":4,\"name\":\"Nematerijalno kulturno nasle\u0111e Srbije\",\"item\":\"https:\/\/serbia.com\/srpski\/o-srbiji\/kultura\/nematerijalno-kulturno-nasledje-srbije\/\"},{\"@type\":\"ListItem\",\"position\":5,\"name\":\"Tragovima nematerijalnog kulturnog nasle\u0111a Srbije\",\"item\":\"https:\/\/serbia.com\/srpski\/o-srbiji\/kultura\/nematerijalno-kulturno-nasledje-srbije\/tragovima-nematerijalnog-kulturnog-nasleda-srbije\/\"},{\"@type\":\"ListItem\",\"position\":6,\"name\":\"Pazarske mantije\"}]},{\"@type\":\"WebSite\",\"@id\":\"https:\/\/serbia.com\/#website\",\"url\":\"https:\/\/serbia.com\/\",\"name\":\"Serbia.com\",\"description\":\"Your Gateway to Serbia\",\"potentialAction\":[{\"@type\":\"SearchAction\",\"target\":{\"@type\":\"EntryPoint\",\"urlTemplate\":\"https:\/\/serbia.com\/?s={search_term_string}\"},\"query-input\":{\"@type\":\"PropertyValueSpecification\",\"valueRequired\":true,\"valueName\":\"search_term_string\"}}],\"inLanguage\":\"srpski\"}]}<\/script>\n<!-- \/ Yoast SEO plugin. -->","yoast_head_json":{"title":"Pazarske mantije - Serbia.com","robots":{"index":"index","follow":"follow","max-snippet":"max-snippet:-1","max-image-preview":"max-image-preview:large","max-video-preview":"max-video-preview:-1"},"canonical":"https:\/\/serbia.com\/srpski\/o-srbiji\/kultura\/nematerijalno-kulturno-nasledje-srbije\/tragovima-nematerijalnog-kulturnog-nasleda-srbije\/pazarske-mantije\/","og_locale":"en_US","og_type":"article","og_title":"Pazarske mantije - Serbia.com","og_description":"Kada se spoje autenti\u010dna receptura stara nekoliko decenija, kvalitet doma\u0107ih sastojaka i iskustvo pazarskih majstora, rezultat su novopazarske mantije \u2013 tradicionalno jelo jedinstvenog ukusa. Ukoliko nekoga upitate po \u010demu je\u00a0Novi [&hellip;]","og_url":"https:\/\/serbia.com\/srpski\/o-srbiji\/kultura\/nematerijalno-kulturno-nasledje-srbije\/tragovima-nematerijalnog-kulturnog-nasleda-srbije\/pazarske-mantije\/","og_site_name":"Serbia.com","article_modified_time":"2024-06-06T07:18:31+00:00","og_image":[{"width":3000,"height":1688,"url":"https:\/\/serbia.com\/wp-content\/uploads\/2015\/06\/mantije3.jpg","type":"image\/jpeg"}],"twitter_misc":{"Est. reading time":"4 minutes"},"schema":{"@context":"https:\/\/schema.org","@graph":[{"@type":"WebPage","@id":"https:\/\/serbia.com\/srpski\/o-srbiji\/kultura\/nematerijalno-kulturno-nasledje-srbije\/tragovima-nematerijalnog-kulturnog-nasleda-srbije\/pazarske-mantije\/","url":"https:\/\/serbia.com\/srpski\/o-srbiji\/kultura\/nematerijalno-kulturno-nasledje-srbije\/tragovima-nematerijalnog-kulturnog-nasleda-srbije\/pazarske-mantije\/","name":"Pazarske mantije - Serbia.com","isPartOf":{"@id":"https:\/\/serbia.com\/#website"},"primaryImageOfPage":{"@id":"https:\/\/serbia.com\/srpski\/o-srbiji\/kultura\/nematerijalno-kulturno-nasledje-srbije\/tragovima-nematerijalnog-kulturnog-nasleda-srbije\/pazarske-mantije\/#primaryimage"},"image":{"@id":"https:\/\/serbia.com\/srpski\/o-srbiji\/kultura\/nematerijalno-kulturno-nasledje-srbije\/tragovima-nematerijalnog-kulturnog-nasleda-srbije\/pazarske-mantije\/#primaryimage"},"thumbnailUrl":"https:\/\/serbia.com\/wp-content\/uploads\/2015\/06\/mantije3.jpg","datePublished":"2015-06-24T11:14:36+00:00","dateModified":"2024-06-06T07:18:31+00:00","breadcrumb":{"@id":"https:\/\/serbia.com\/srpski\/o-srbiji\/kultura\/nematerijalno-kulturno-nasledje-srbije\/tragovima-nematerijalnog-kulturnog-nasleda-srbije\/pazarske-mantije\/#breadcrumb"},"inLanguage":"srpski","potentialAction":[{"@type":"ReadAction","target":["https:\/\/serbia.com\/srpski\/o-srbiji\/kultura\/nematerijalno-kulturno-nasledje-srbije\/tragovima-nematerijalnog-kulturnog-nasleda-srbije\/pazarske-mantije\/"]}]},{"@type":"ImageObject","inLanguage":"srpski","@id":"https:\/\/serbia.com\/srpski\/o-srbiji\/kultura\/nematerijalno-kulturno-nasledje-srbije\/tragovima-nematerijalnog-kulturnog-nasleda-srbije\/pazarske-mantije\/#primaryimage","url":"https:\/\/serbia.com\/wp-content\/uploads\/2015\/06\/mantije3.jpg","contentUrl":"https:\/\/serbia.com\/wp-content\/uploads\/2015\/06\/mantije3.jpg","width":3000,"height":1688},{"@type":"BreadcrumbList","@id":"https:\/\/serbia.com\/srpski\/o-srbiji\/kultura\/nematerijalno-kulturno-nasledje-srbije\/tragovima-nematerijalnog-kulturnog-nasleda-srbije\/pazarske-mantije\/#breadcrumb","itemListElement":[{"@type":"ListItem","position":1,"name":"Home","item":"https:\/\/serbia.com\/srpski\/"},{"@type":"ListItem","position":2,"name":"O Srbiji","item":"https:\/\/serbia.com\/srpski\/o-srbiji\/"},{"@type":"ListItem","position":3,"name":"Kultura","item":"https:\/\/serbia.com\/srpski\/o-srbiji\/kultura\/"},{"@type":"ListItem","position":4,"name":"Nematerijalno kulturno nasle\u0111e Srbije","item":"https:\/\/serbia.com\/srpski\/o-srbiji\/kultura\/nematerijalno-kulturno-nasledje-srbije\/"},{"@type":"ListItem","position":5,"name":"Tragovima nematerijalnog kulturnog nasle\u0111a Srbije","item":"https:\/\/serbia.com\/srpski\/o-srbiji\/kultura\/nematerijalno-kulturno-nasledje-srbije\/tragovima-nematerijalnog-kulturnog-nasleda-srbije\/"},{"@type":"ListItem","position":6,"name":"Pazarske mantije"}]},{"@type":"WebSite","@id":"https:\/\/serbia.com\/#website","url":"https:\/\/serbia.com\/","name":"Serbia.com","description":"Your Gateway to Serbia","potentialAction":[{"@type":"SearchAction","target":{"@type":"EntryPoint","urlTemplate":"https:\/\/serbia.com\/?s={search_term_string}"},"query-input":{"@type":"PropertyValueSpecification","valueRequired":true,"valueName":"search_term_string"}}],"inLanguage":"srpski"}]}},"_links":{"self":[{"href":"https:\/\/serbia.com\/srpski\/wp-json\/wp\/v2\/pages\/34143"}],"collection":[{"href":"https:\/\/serbia.com\/srpski\/wp-json\/wp\/v2\/pages"}],"about":[{"href":"https:\/\/serbia.com\/srpski\/wp-json\/wp\/v2\/types\/page"}],"author":[{"embeddable":true,"href":"https:\/\/serbia.com\/srpski\/wp-json\/wp\/v2\/users\/27"}],"replies":[{"embeddable":true,"href":"https:\/\/serbia.com\/srpski\/wp-json\/wp\/v2\/comments?post=34143"}],"version-history":[{"count":1,"href":"https:\/\/serbia.com\/srpski\/wp-json\/wp\/v2\/pages\/34143\/revisions"}],"predecessor-version":[{"id":53333,"href":"https:\/\/serbia.com\/srpski\/wp-json\/wp\/v2\/pages\/34143\/revisions\/53333"}],"up":[{"embeddable":true,"href":"https:\/\/serbia.com\/srpski\/wp-json\/wp\/v2\/pages\/33999"}],"wp:featuredmedia":[{"embeddable":true,"href":"https:\/\/serbia.com\/srpski\/wp-json\/wp\/v2\/media\/34162"}],"wp:attachment":[{"href":"https:\/\/serbia.com\/srpski\/wp-json\/wp\/v2\/media?parent=34143"}],"wp:term":[{"taxonomy":"category","embeddable":true,"href":"https:\/\/serbia.com\/srpski\/wp-json\/wp\/v2\/categories?post=34143"},{"taxonomy":"post_tag","embeddable":true,"href":"https:\/\/serbia.com\/srpski\/wp-json\/wp\/v2\/tags?post=34143"}],"curies":[{"name":"wp","href":"https:\/\/api.w.org\/{rel}","templated":true}]}}