{"id":33559,"date":"2015-06-04T15:45:26","date_gmt":"2015-06-04T13:45:26","guid":{"rendered":"http:\/\/www.serbia.com\/?page_id=33559"},"modified":"2024-10-20T20:38:08","modified_gmt":"2024-10-20T18:38:08","slug":"planinarenje-i-pesacenje","status":"publish","type":"page","link":"https:\/\/serbia.com\/srpski\/posetite-srbiju\/provedi-se\/rekreacija\/planinarenje-i-pesacenje\/","title":{"rendered":"Planinarenje i pe\u0161a\u010denje"},"content":{"rendered":"<h4 style=\"text-align: justify;\">Planinarenje i pe\u0161a\u010denje po planinama Srbije u\u010dini\u0107e vas zdravijim, od udisanja \u010distog vazduha, i ushi\u0107enijim, od posmatranja prizora od kojih zastaje dah<\/h4>\n<p style=\"text-align: justify;\">Ako vam se pokvario lift u zgradi i morate na 17. sprat da idete pe\u0161ke, gledajte to sa vedrije strane. Pobolj\u0161a\u0107ete kondiciju, najzad \u0107ete malo da prope\u0161a\u010dite posle napornog radnog dana, a mo\u017eete da se pripremite i za planinarenje! Da, da, za planinarenje!<\/p>\n<p style=\"text-align: justify;\">Vreme je za rekreaciju \u2013 ne ba\u0161 za osvajanje Mont Everesta (8.848 metara nadmorske visine), ali<strong> do\u0161lo je vreme za osvajanje srpskih vrhova!<\/strong><\/p>\n<p style=\"text-align: justify;\">Zaista ne morate da bude profesionalac i da izdvojite mnogo novca i vremena za dru\u017eenje \u201cnebu pod oblake\u201d, a osvajanje vrhova od 500 do 2.000 metara sasvim je dovoljno za aktivni odmor.<\/p>\n<p style=\"text-align: justify;\">\u201cNaoru\u017eajte se\u201d osnovnom opremom \u2013 udobnim i kvalitetnim cipelama, jaknom i rancem i pogledajte gde u Srbiji mo\u017eete na rekreativno planinarenje.<\/p>\n<h4 style=\"text-align: justify;\">Zlatibor<\/h4>\n<p style=\"text-align: justify;\">Ako odete na <a href=\"http:\/\/www.serbia.com\/srpski\/posetite-srbiju\/prirodne-lepote\/planine\/zlatibor-ukras-na-1-000-metara-visine\/\" target=\"_blank\" rel=\"noopener\"><strong>Zlatibor<\/strong><\/a> da \u201cosvojite\u201d <strong>\u010cigotu<\/strong> ili <strong>Tornik<\/strong>, to \u0107e biti praznik za va\u0161a plu\u0107a. I to naro\u010dito ako ste pu\u0161a\u010d! Ve\u0107ina ljudi koji odu na Zlatibor, re\u0107i \u0107e vam da, kad posle dan ili dva boravka udahnu vazduh \u2013 osete kako im plu\u0107a \u201cpuknu\u201d. \u010cuju \u201ckvrc\u201d negde u sredini grudi i odjednom po\u010dnu da di\u0161u, ali stvarno da di\u0161u \u2013 udisaji su im duplo du\u017ei nego kod ku\u0107e!<\/p>\n<p style=\"text-align: justify;\"><strong>Ali nije to praznik samo za va\u0161a plu\u0107a. To je praznik i za va\u0161e o\u010di<\/strong>\u2026 Kad stignete do Tornika ili \u010cigote, pa vam pred o\u010dima \u201cpukne\u201d Srbija, e onda budete ponosni na sebe \u2013 em ste dokazali da ste spremni za rekreativno planinarenje, em ste videli Srbiju sa visine.<\/p>\n<h4 style=\"text-align: justify;\">Kopaonik<\/h4>\n<p style=\"text-align: justify;\"><a href=\"http:\/\/www.serbia.com\/srpski\/posetite-srbiju\/prirodne-lepote\/planine\/kopaonik-suncana-planina-puna-srebra\/\" target=\"_blank\" rel=\"noopener\"><strong>Kopaonik<\/strong><\/a>\u2026 Kop\u2026 Srebrna planina\u2026 Sun\u010dana planina\u2026 Najve\u0107i planinski masiv u Srbiji\u2026 Odmor leti\u2026 Odmor zimi\u2026 Skijanje\u2026 Otprilike 200 suna\u010dnih dana godi\u0161nje, otprilike 160 dana sa snegom godi\u0161nje. Poznatiji kao ski centar, delom i kao snoubord centar, ali ako ho\u0107ete da idete na planinarenje i osvajate njegove vrhove pe\u0161ke, mo\u017eete da krenete od <strong>Vu\u010daka<\/strong> (1.714 metara nadmorske visine), pa preko <strong>Markove stene<\/strong> (1.721 m), <strong>Malog Gobelja<\/strong> (1.854 m) i <strong>Suvog rudi\u0161ta<\/strong> (1.976 m), sve do <strong>Pan\u010di\u0107evog vrha<\/strong> (2.017 m)<\/p>\n<h4 style=\"text-align: justify;\">Tara<\/h4>\n<p style=\"text-align: justify;\">Ako Srbija ima pravu planinsku lepoticu, onda je to <a href=\"http:\/\/www.serbia.com\/srpski\/posetite-srbiju\/prirodne-lepote\/planine\/tara-planinski-dom-staroslovenskih-bogova\/\" target=\"_blank\" rel=\"noopener\"><strong>Tara<\/strong><\/a>. Duboke klisure i kanjoni, pe\u0107ine i uvale, ushi\u0107uju\u0107i pogledi sa prelepih vidikovaca, \u0161uma\u2026 Na Tari se nalazi <strong>19 markiranih planinarskih staza ukupne du\u017eine preko 120 kilometara!<\/strong><\/p>\n<h4 style=\"text-align: justify;\">Div\u010dibare<\/h4>\n<p style=\"text-align: justify;\"><a href=\"https:\/\/serbia.com\/srpski\/posetite-srbiju\/prirodne-lepote\/planine\/planina-divcibare-srpski-dragulj-prirode-kulture-i-avanture\/\">Div\u010dibare<\/a> se nalaze na planini <strong>Maljen<\/strong>, 37 kilometara jugoisto\u010dno od <a href=\"http:\/\/www.serbia.com\/srpski\/posetite-srbiju\/gradovi\/valjevo-grad-sa-dve-carsije\/\" target=\"_blank\" rel=\"noopener\"><strong>Valjeva<\/strong><\/a>, na nadmorskoj visini od 980 metara. Kao posledica povoljnog geografskog polo\u017eaja do Div\u010dibara dopiru uticaji primorske klime, koja se tu susre\u0107e sa karpatskom i panonskom, \u010dime se mo\u017ee objasniti pove\u0107ano prisustvo joda u vazduhu. To pogoduje le\u010denju oboljenja plu\u0107a, anemije i oboljenja sa neurovegetativnim poreme\u0107ajima, tako da \u0107ete, <strong>\u0161etaju\u0107i ovim prostorima, osim u\u017eivanja, dobiti i zdravlje..<\/strong><\/p>\n<h4 style=\"text-align: justify;\">Zlatar<\/h4>\n<p style=\"text-align: justify;\">Planina <a href=\"https:\/\/serbia.com\/srpski\/zlatar-carobni-spoj-mirisnih-livada-i-bistrih-jezera\/\">Zlatar<\/a> se nalazi izme\u0111u reka <strong>Lima<\/strong>, <a href=\"http:\/\/www.serbia.com\/srpski\/posetite-srbiju\/prirodne-lepote\/jedinstvena-priroda\/uvac-remek-delo-prirode\/\" target=\"_blank\" rel=\"noopener\"><strong>Uvca<\/strong><\/a>, <strong>Mile\u0161evke<\/strong> i <strong>Bistrice<\/strong>, i mesta <strong>Prijepolja<\/strong> i <strong>Nove Varo\u0161i<\/strong>. U imenu planine Zlatar sa\u017eeta su sva njena svojstva: mirisne livade i bistra jezera okru\u017eena omorikama i brezama, spoj mediteranske i planinske klime, maksimalan broj sun\u010danih dana, blagotvorni vazduh oboga\u0107en terpentinom i ozonom, beskrajni vidici\u2026 <strong>Ne ustru\u010davajte se, planinarite!<\/strong><\/p>\n","protected":false},"excerpt":{"rendered":"<p>Planinarenje i pe\u0161a\u010denje po planinama Srbije u\u010dini\u0107e vas zdravijim, od udisanja \u010distog vazduha, i ushi\u0107enijim, od posmatranja prizora od kojih zastaje dah Ako vam se pokvario lift u zgradi i [&hellip;]<\/p>\n","protected":false},"author":27,"featured_media":33552,"parent":20413,"menu_order":0,"comment_status":"closed","ping_status":"closed","template":"","meta":{"_acf_changed":false,"inline_featured_image":false,"_monsterinsights_skip_tracking":false,"_monsterinsights_sitenote_active":false,"_monsterinsights_sitenote_note":"","_monsterinsights_sitenote_category":0,"footnotes":""},"categories":[2118],"tags":[],"class_list":["post-33559","page","type-page","status-publish","has-post-thumbnail","hentry","category-rekreacija-provedi-se"],"acf":[],"yoast_head":"<!-- This site is optimized with the Yoast SEO plugin v27.4 - https:\/\/yoast.com\/product\/yoast-seo-wordpress\/ -->\n<title>Planinarenje i pe\u0161a\u010denje - Serbia.com<\/title>\n<meta name=\"robots\" content=\"index, follow, max-snippet:-1, max-image-preview:large, max-video-preview:-1\" \/>\n<link rel=\"canonical\" href=\"https:\/\/serbia.com\/srpski\/posetite-srbiju\/provedi-se\/rekreacija\/planinarenje-i-pesacenje\/\" \/>\n<meta property=\"og:locale\" content=\"en_US\" \/>\n<meta property=\"og:type\" content=\"article\" \/>\n<meta property=\"og:title\" content=\"Planinarenje i pe\u0161a\u010denje - Serbia.com\" \/>\n<meta property=\"og:description\" content=\"Planinarenje i pe\u0161a\u010denje po planinama Srbije u\u010dini\u0107e vas zdravijim, od udisanja \u010distog vazduha, i ushi\u0107enijim, od posmatranja prizora od kojih zastaje dah Ako vam se pokvario lift u zgradi i [&hellip;]\" \/>\n<meta property=\"og:url\" content=\"https:\/\/serbia.com\/srpski\/posetite-srbiju\/provedi-se\/rekreacija\/planinarenje-i-pesacenje\/\" \/>\n<meta property=\"og:site_name\" content=\"Serbia.com\" \/>\n<meta property=\"article:modified_time\" content=\"2024-10-20T18:38:08+00:00\" \/>\n<meta property=\"og:image\" content=\"https:\/\/serbia.com\/wp-content\/uploads\/2015\/06\/hiking222.jpg\" \/>\n\t<meta property=\"og:image:width\" content=\"1600\" \/>\n\t<meta property=\"og:image:height\" content=\"478\" \/>\n\t<meta property=\"og:image:type\" content=\"image\/jpeg\" \/>\n<meta name=\"twitter:label1\" content=\"Est. reading time\" \/>\n\t<meta name=\"twitter:data1\" content=\"3 minutes\" \/>\n<script type=\"application\/ld+json\" class=\"yoast-schema-graph\">{\"@context\":\"https:\\\/\\\/schema.org\",\"@graph\":[{\"@type\":\"WebPage\",\"@id\":\"https:\\\/\\\/serbia.com\\\/srpski\\\/posetite-srbiju\\\/provedi-se\\\/rekreacija\\\/planinarenje-i-pesacenje\\\/\",\"url\":\"https:\\\/\\\/serbia.com\\\/srpski\\\/posetite-srbiju\\\/provedi-se\\\/rekreacija\\\/planinarenje-i-pesacenje\\\/\",\"name\":\"Planinarenje i pe\u0161a\u010denje - Serbia.com\",\"isPartOf\":{\"@id\":\"https:\\\/\\\/serbia.com\\\/#website\"},\"primaryImageOfPage\":{\"@id\":\"https:\\\/\\\/serbia.com\\\/srpski\\\/posetite-srbiju\\\/provedi-se\\\/rekreacija\\\/planinarenje-i-pesacenje\\\/#primaryimage\"},\"image\":{\"@id\":\"https:\\\/\\\/serbia.com\\\/srpski\\\/posetite-srbiju\\\/provedi-se\\\/rekreacija\\\/planinarenje-i-pesacenje\\\/#primaryimage\"},\"thumbnailUrl\":\"https:\\\/\\\/serbia.com\\\/wp-content\\\/uploads\\\/2015\\\/06\\\/hiking222.jpg\",\"datePublished\":\"2015-06-04T13:45:26+00:00\",\"dateModified\":\"2024-10-20T18:38:08+00:00\",\"breadcrumb\":{\"@id\":\"https:\\\/\\\/serbia.com\\\/srpski\\\/posetite-srbiju\\\/provedi-se\\\/rekreacija\\\/planinarenje-i-pesacenje\\\/#breadcrumb\"},\"inLanguage\":\"srpski\",\"potentialAction\":[{\"@type\":\"ReadAction\",\"target\":[\"https:\\\/\\\/serbia.com\\\/srpski\\\/posetite-srbiju\\\/provedi-se\\\/rekreacija\\\/planinarenje-i-pesacenje\\\/\"]}]},{\"@type\":\"ImageObject\",\"inLanguage\":\"srpski\",\"@id\":\"https:\\\/\\\/serbia.com\\\/srpski\\\/posetite-srbiju\\\/provedi-se\\\/rekreacija\\\/planinarenje-i-pesacenje\\\/#primaryimage\",\"url\":\"https:\\\/\\\/serbia.com\\\/wp-content\\\/uploads\\\/2015\\\/06\\\/hiking222.jpg\",\"contentUrl\":\"https:\\\/\\\/serbia.com\\\/wp-content\\\/uploads\\\/2015\\\/06\\\/hiking222.jpg\",\"width\":1600,\"height\":478},{\"@type\":\"BreadcrumbList\",\"@id\":\"https:\\\/\\\/serbia.com\\\/srpski\\\/posetite-srbiju\\\/provedi-se\\\/rekreacija\\\/planinarenje-i-pesacenje\\\/#breadcrumb\",\"itemListElement\":[{\"@type\":\"ListItem\",\"position\":1,\"name\":\"Home\",\"item\":\"https:\\\/\\\/serbia.com\\\/srpski\\\/\"},{\"@type\":\"ListItem\",\"position\":2,\"name\":\"Poseti Srbiju\",\"item\":\"https:\\\/\\\/serbia.com\\\/srpski\\\/posetite-srbiju\\\/\"},{\"@type\":\"ListItem\",\"position\":3,\"name\":\"Provedi se\",\"item\":\"https:\\\/\\\/serbia.com\\\/srpski\\\/posetite-srbiju\\\/provedi-se\\\/\"},{\"@type\":\"ListItem\",\"position\":4,\"name\":\"Rekreacija\",\"item\":\"https:\\\/\\\/serbia.com\\\/srpski\\\/posetite-srbiju\\\/provedi-se\\\/rekreacija\\\/\"},{\"@type\":\"ListItem\",\"position\":5,\"name\":\"Planinarenje i pe\u0161a\u010denje\"}]},{\"@type\":\"WebSite\",\"@id\":\"https:\\\/\\\/serbia.com\\\/#website\",\"url\":\"https:\\\/\\\/serbia.com\\\/\",\"name\":\"Serbia.com\",\"description\":\"Your Gateway to Serbia\",\"potentialAction\":[{\"@type\":\"SearchAction\",\"target\":{\"@type\":\"EntryPoint\",\"urlTemplate\":\"https:\\\/\\\/serbia.com\\\/?s={search_term_string}\"},\"query-input\":{\"@type\":\"PropertyValueSpecification\",\"valueRequired\":true,\"valueName\":\"search_term_string\"}}],\"inLanguage\":\"srpski\"}]}<\/script>\n<!-- \/ Yoast SEO plugin. -->","yoast_head_json":{"title":"Planinarenje i pe\u0161a\u010denje - Serbia.com","robots":{"index":"index","follow":"follow","max-snippet":"max-snippet:-1","max-image-preview":"max-image-preview:large","max-video-preview":"max-video-preview:-1"},"canonical":"https:\/\/serbia.com\/srpski\/posetite-srbiju\/provedi-se\/rekreacija\/planinarenje-i-pesacenje\/","og_locale":"en_US","og_type":"article","og_title":"Planinarenje i pe\u0161a\u010denje - Serbia.com","og_description":"Planinarenje i pe\u0161a\u010denje po planinama Srbije u\u010dini\u0107e vas zdravijim, od udisanja \u010distog vazduha, i ushi\u0107enijim, od posmatranja prizora od kojih zastaje dah Ako vam se pokvario lift u zgradi i [&hellip;]","og_url":"https:\/\/serbia.com\/srpski\/posetite-srbiju\/provedi-se\/rekreacija\/planinarenje-i-pesacenje\/","og_site_name":"Serbia.com","article_modified_time":"2024-10-20T18:38:08+00:00","og_image":[{"width":1600,"height":478,"url":"https:\/\/serbia.com\/wp-content\/uploads\/2015\/06\/hiking222.jpg","type":"image\/jpeg"}],"twitter_misc":{"Est. reading time":"3 minutes"},"schema":{"@context":"https:\/\/schema.org","@graph":[{"@type":"WebPage","@id":"https:\/\/serbia.com\/srpski\/posetite-srbiju\/provedi-se\/rekreacija\/planinarenje-i-pesacenje\/","url":"https:\/\/serbia.com\/srpski\/posetite-srbiju\/provedi-se\/rekreacija\/planinarenje-i-pesacenje\/","name":"Planinarenje i pe\u0161a\u010denje - Serbia.com","isPartOf":{"@id":"https:\/\/serbia.com\/#website"},"primaryImageOfPage":{"@id":"https:\/\/serbia.com\/srpski\/posetite-srbiju\/provedi-se\/rekreacija\/planinarenje-i-pesacenje\/#primaryimage"},"image":{"@id":"https:\/\/serbia.com\/srpski\/posetite-srbiju\/provedi-se\/rekreacija\/planinarenje-i-pesacenje\/#primaryimage"},"thumbnailUrl":"https:\/\/serbia.com\/wp-content\/uploads\/2015\/06\/hiking222.jpg","datePublished":"2015-06-04T13:45:26+00:00","dateModified":"2024-10-20T18:38:08+00:00","breadcrumb":{"@id":"https:\/\/serbia.com\/srpski\/posetite-srbiju\/provedi-se\/rekreacija\/planinarenje-i-pesacenje\/#breadcrumb"},"inLanguage":"srpski","potentialAction":[{"@type":"ReadAction","target":["https:\/\/serbia.com\/srpski\/posetite-srbiju\/provedi-se\/rekreacija\/planinarenje-i-pesacenje\/"]}]},{"@type":"ImageObject","inLanguage":"srpski","@id":"https:\/\/serbia.com\/srpski\/posetite-srbiju\/provedi-se\/rekreacija\/planinarenje-i-pesacenje\/#primaryimage","url":"https:\/\/serbia.com\/wp-content\/uploads\/2015\/06\/hiking222.jpg","contentUrl":"https:\/\/serbia.com\/wp-content\/uploads\/2015\/06\/hiking222.jpg","width":1600,"height":478},{"@type":"BreadcrumbList","@id":"https:\/\/serbia.com\/srpski\/posetite-srbiju\/provedi-se\/rekreacija\/planinarenje-i-pesacenje\/#breadcrumb","itemListElement":[{"@type":"ListItem","position":1,"name":"Home","item":"https:\/\/serbia.com\/srpski\/"},{"@type":"ListItem","position":2,"name":"Poseti Srbiju","item":"https:\/\/serbia.com\/srpski\/posetite-srbiju\/"},{"@type":"ListItem","position":3,"name":"Provedi se","item":"https:\/\/serbia.com\/srpski\/posetite-srbiju\/provedi-se\/"},{"@type":"ListItem","position":4,"name":"Rekreacija","item":"https:\/\/serbia.com\/srpski\/posetite-srbiju\/provedi-se\/rekreacija\/"},{"@type":"ListItem","position":5,"name":"Planinarenje i pe\u0161a\u010denje"}]},{"@type":"WebSite","@id":"https:\/\/serbia.com\/#website","url":"https:\/\/serbia.com\/","name":"Serbia.com","description":"Your Gateway to Serbia","potentialAction":[{"@type":"SearchAction","target":{"@type":"EntryPoint","urlTemplate":"https:\/\/serbia.com\/?s={search_term_string}"},"query-input":{"@type":"PropertyValueSpecification","valueRequired":true,"valueName":"search_term_string"}}],"inLanguage":"srpski"}]}},"brizy_media":[],"_links":{"self":[{"href":"https:\/\/serbia.com\/srpski\/wp-json\/wp\/v2\/pages\/33559","targetHints":{"allow":["GET"]}}],"collection":[{"href":"https:\/\/serbia.com\/srpski\/wp-json\/wp\/v2\/pages"}],"about":[{"href":"https:\/\/serbia.com\/srpski\/wp-json\/wp\/v2\/types\/page"}],"author":[{"embeddable":true,"href":"https:\/\/serbia.com\/srpski\/wp-json\/wp\/v2\/users\/27"}],"replies":[{"embeddable":true,"href":"https:\/\/serbia.com\/srpski\/wp-json\/wp\/v2\/comments?post=33559"}],"version-history":[{"count":1,"href":"https:\/\/serbia.com\/srpski\/wp-json\/wp\/v2\/pages\/33559\/revisions"}],"predecessor-version":[{"id":55781,"href":"https:\/\/serbia.com\/srpski\/wp-json\/wp\/v2\/pages\/33559\/revisions\/55781"}],"up":[{"embeddable":true,"href":"https:\/\/serbia.com\/srpski\/wp-json\/wp\/v2\/pages\/20413"}],"wp:featuredmedia":[{"embeddable":true,"href":"https:\/\/serbia.com\/srpski\/wp-json\/wp\/v2\/media\/33552"}],"wp:attachment":[{"href":"https:\/\/serbia.com\/srpski\/wp-json\/wp\/v2\/media?parent=33559"}],"wp:term":[{"taxonomy":"category","embeddable":true,"href":"https:\/\/serbia.com\/srpski\/wp-json\/wp\/v2\/categories?post=33559"},{"taxonomy":"post_tag","embeddable":true,"href":"https:\/\/serbia.com\/srpski\/wp-json\/wp\/v2\/tags?post=33559"}],"curies":[{"name":"wp","href":"https:\/\/api.w.org\/{rel}","templated":true}]}}