{"id":33382,"date":"2015-06-03T12:38:39","date_gmt":"2015-06-03T10:38:39","guid":{"rendered":"http:\/\/www.serbia.com\/?page_id=33382"},"modified":"2024-10-20T20:34:14","modified_gmt":"2024-10-20T18:34:14","slug":"vinski-put-fruska-gora","status":"publish","type":"page","link":"https:\/\/serbia.com\/srpski\/posetite-srbiju\/provedi-se\/vinski-putevi\/vinski-put-fruska-gora\/","title":{"rendered":"Vinski put Fru\u0161ka gora"},"content":{"rendered":"<h4 style=\"text-align: justify;\">Vinski put Fru\u0161ka gora vekovima je uspevao da proizvede toliko kvalitetna vina da su odu\u0161evljavala Evropske dvorove, a svoje mesto na\u0161la su i na \u201cTitaniku\u201d.<\/h4>\n<p style=\"text-align: justify;\">Vinski put <a href=\"http:\/\/www.serbia.com\/srpski\/posetite-srbiju\/prirodne-lepote\/planine\/fruska-gora-nekada-ostrvo-danas-planina\/\" target=\"_blank\" rel=\"noopener\">Fru\u0161ka gora<\/a> mesto je gde se gro\u017e\u0111e preta\u010de u najlep\u0161a vina jos od doba Rimljana.<\/p>\n<p style=\"text-align: justify;\">Pro\u0161lo je oko 1700 godina otkada je rimski car Marko Aurelije Prob zasadio prvu gran\u010dicu vinove loze na padinama ove planine, u selu Ne\u0161tin. Neki istorijski zapisi svedo\u010de o tome da su ga vojnici svrgli sa vlasti upravo zbog toga \u0161to ih je terao da kada ne ratuju kr\u010de \u0161ume i sade lozu.<\/p>\n<p style=\"text-align: justify;\">Plodno panonsko zemlji\u0161te, vekovno iskustvo u pravljenju vina i tajanstvene recepture, u\u010dinili su \u017eitelje Srema najve\u0161tijim vinogradarima i vinirama, a <strong><a href=\"http:\/\/www.serbia.com\/srpski\/posetite-srbiju\/gradovi\/sremski-karlovci-grad-vina-duhovnosti-i-kulture\/\" target=\"_blank\" rel=\"noopener\">Sremske Karlovce<\/a> prestonicom vina<\/strong>.<\/p>\n<p style=\"text-align: justify;\">Vinski put Fru\u0161ka gora danas se mo\u017ee podi\u010diti sa <strong>vi\u0161e od 60 porodi\u010dnih podruma<\/strong> u kojima se mogu probati\u00a0razne vrste ovog bo\u017eanskog pi\u0107a.<\/p>\n<p style=\"text-align: justify;\">Najve\u0107i ponos sremskog vinarstva su <a href=\"http:\/\/www.serbia.com\/srpski\/bermet-omiljeno-vino-evropskih-dvorova-4\/\" target=\"_blank\" rel=\"noopener\"><strong>Bermet<\/strong><\/a> i <strong>Ausbruh<\/strong>, autenti\u010dna sremska vina. Slatka, veoma jaka i aromati\u010dna, ova vina blistala su u dvorskim peharima Be\u010da, Londona i Budimpe\u0161te, o njima su pisali putopisci, bila su inspiracija mnogim pesnicima\u2026<\/p>\n<p style=\"text-align: justify;\">Recepture za pravljenje Bermeta su strogo \u010duvana tajna sremskih porodica. Ovo desertno vino sa lekovitim biljem pronelo je slavu ovda\u0161njih vinara po evropskim dvorovima, a <strong>prona\u0111eno je i u olupini \u201cTitanika\u201d<\/strong>. Postoje pretpostavke da je trebalo da se uvrsti u njegovu vinsku kartu.<\/p>\n<p style=\"text-align: justify;\">A recept za Ausbruh, desertno vino ce\u0111eno od sasu\u0161enih zrna gro\u017e\u0111a, prosle\u0111en je sa be\u010dkog dvora tada\u0161njim vrhunskim vinarima dok su Karlovci bili pod Austro-ugarskom upravom.<\/p>\n<p style=\"text-align: justify;\"><strong>Najpoznatije belo vino ovog podru\u010dja je Italijanski rizling<\/strong> koji spada u suva ili polusuva vina, ima delimi\u010dno sladak ukus sa izvesnom dozom gor\u010dine i harmoni\u010dan miris.<\/p>\n<p style=\"text-align: justify;\">Osim njega, poznate sorte belog vina u buradima sremskih podruma su <strong>Traminac<\/strong> sa naro\u010dito izra\u017eenom aromom, zatim <strong>\u017dupljanka<\/strong> koja je o\u0161trijeg ali osve\u017eavaju\u0107eg ukusa, kao i kvalitetne sorte <strong>Sovinjon<\/strong> i <strong>Neoplanta<\/strong> od kojih se prave fantasti\u010dna desertna vina.<strong> Sila<\/strong> i <strong>Slankamenka<\/strong>, vina blagog ukusa i mirisa, tako\u0111e se proizvode u ovda\u0161njima vinarijama.<\/p>\n<p style=\"text-align: justify;\">Ne mo\u017ee se oti\u0107i iz Srema, a da se ne probaju crvena vina napravljena od najsla\u0111ih tamno ljubi\u010dastih grozdova sa dodacima drugog vo\u0107a, bilja ili za\u010dina. <strong>Najpoznatije crveno vino koje proizvode sremski vinari je Kaberne sovinjon<\/strong> koga nazivaju i <em>\u201ekraljem crvenog vina\u201c<\/em>.\u00a0Za razliku od njegovog punog vo\u0107nog ukusa, <strong>Kaberne franko<\/strong> tako\u0111e ima intenzivan vo\u0107ni ukus, ali sa manjim procentom kiseline. Sa druge strane, blag ukus gro\u017e\u0111a mo\u017ee se osetiti u<strong> Merlotu<\/strong>, koji nije ni opor ni kiseo, pa je stoga vrlo pitak.<\/p>\n<p style=\"text-align: justify;\">Vinski put Fru\u0161ka gora i sremski vinogradari mogu se podi\u010diti i <strong>Probusom, jo\u0161 jednom specifi\u010dnom sortom fru\u0161kogorskog vinogradarstva<\/strong> dobijenom ukr\u0161tanjem Skadarke i Kaberne sovinjona. Ona je nazvana po rimskom caru koji je, pored povoljnih klimatskih i geografskih uslova ovih predela, u najve\u0107oj meri odredio budu\u0107u profesiju stanovnika Srema. Probus je vino intenzivne boje i harmoni\u010dnog ukusa.<\/p>\n<p style=\"text-align: justify;\">Ljubitelji \u201cbo\u017eanskog pi\u0107a\u201d svakako \u0107e se otisnuti na vinski put Fru\u0161ka gora, a najvi\u0161e \u0107e se zadr\u017eati u Sremskim Karlovcima gde ima \u010dak 36 vinskih podruma od kojih su najpoznatiji <strong>Ki\u0161<\/strong>, <strong>\u017divanovi\u0107<\/strong>, <strong>Dulkin<\/strong>, <strong>Merc<\/strong>, <strong>Do\u0161en<\/strong>, <strong>Aleks<\/strong>, <strong>Kosovi\u0107<\/strong>\u2026<\/p>\n<p style=\"text-align: justify;\">Osim prestonice vina, njegovim ljubiteljima \u0107e vinski put Fru\u0161ka gora svakako priu\u0161titi i posete vinarijama <strong>\u201eBanonija\u201d<\/strong> i <strong>\u201eUro\u0161evi\u0107\u201c<\/strong> u Bano\u0161toru, ali i vinariji <strong>\u201cKova\u010devi\u0107\u201d<\/strong> u Irigu.<\/p>\n<h4 style=\"text-align: justify;\">Vinski put Fru\u0161ka gora i karlova\u010dka vina u o\u010dima velikana&#8230;<\/h4>\n<p style=\"text-align: justify;\">Bibliotekar ugarskog <strong>kralja Matije Korvina<\/strong> je u 15. veku zapisao <em>da bi na celoj zemlji bilo veoma te\u0161ko na\u0107i vina sli\u010dna karlova\u010dkim.<\/em><\/p>\n<p style=\"text-align: justify;\">Pratilac <strong>kneza Lihten\u0161tajna<\/strong> je 1584. godine zapisao <em>da nema boljeg vina i da se ma\u0111arska vina ne mogu ni meriti sa karlova\u010dkim.<\/em><\/p>\n<p style=\"text-align: justify;\">Nema\u010dki <strong>putopisac Vilhem Taube<\/strong> ocenio je da <em>karlova\u010dka vina ne zaostaju za najboljim italijanskim vinima.<\/em><\/p>\n<p style=\"text-align: justify;\"><strong>Jovan Jovanovi\u0107 Zmaj<\/strong> se ovom re\u010denicom zahvalio prijatelju za nabavljeno vino:<em> \u201cHvala vam \u0161to ste mi utrli puta do karlova\u010dkih podruma ili laguma\u201d!<\/em><\/p>\n","protected":false},"excerpt":{"rendered":"<p>Vinski put Fru\u0161ka gora vekovima je uspevao da proizvede toliko kvalitetna vina da su odu\u0161evljavala Evropske dvorove, a svoje mesto na\u0161la su i na \u201cTitaniku\u201d. Vinski put Fru\u0161ka gora mesto [&hellip;]<\/p>\n","protected":false},"author":27,"featured_media":33374,"parent":20473,"menu_order":0,"comment_status":"closed","ping_status":"closed","template":"","meta":{"_acf_changed":false,"inline_featured_image":false,"_monsterinsights_skip_tracking":false,"_monsterinsights_sitenote_active":false,"_monsterinsights_sitenote_note":"","_monsterinsights_sitenote_category":0,"footnotes":""},"categories":[1678],"tags":[],"class_list":["post-33382","page","type-page","status-publish","has-post-thumbnail","hentry","category-vinski-putevi"],"acf":[],"yoast_head":"<!-- This site is optimized with the Yoast SEO plugin v23.8 - https:\/\/yoast.com\/wordpress\/plugins\/seo\/ -->\n<title>Vinski put Fru\u0161ka gora - Serbia.com<\/title>\n<meta name=\"robots\" content=\"index, follow, max-snippet:-1, max-image-preview:large, max-video-preview:-1\" \/>\n<link rel=\"canonical\" href=\"https:\/\/serbia.com\/srpski\/posetite-srbiju\/provedi-se\/vinski-putevi\/vinski-put-fruska-gora\/\" \/>\n<meta property=\"og:locale\" content=\"en_US\" \/>\n<meta property=\"og:type\" content=\"article\" \/>\n<meta property=\"og:title\" content=\"Vinski put Fru\u0161ka gora - Serbia.com\" \/>\n<meta property=\"og:description\" content=\"Vinski put Fru\u0161ka gora vekovima je uspevao da proizvede toliko kvalitetna vina da su odu\u0161evljavala Evropske dvorove, a svoje mesto na\u0161la su i na \u201cTitaniku\u201d. Vinski put Fru\u0161ka gora mesto [&hellip;]\" \/>\n<meta property=\"og:url\" content=\"https:\/\/serbia.com\/srpski\/posetite-srbiju\/provedi-se\/vinski-putevi\/vinski-put-fruska-gora\/\" \/>\n<meta property=\"og:site_name\" content=\"Serbia.com\" \/>\n<meta property=\"article:modified_time\" content=\"2024-10-20T18:34:14+00:00\" \/>\n<meta property=\"og:image\" content=\"https:\/\/serbia.com\/wp-content\/uploads\/2015\/06\/fruska-vino111.jpg\" \/>\n\t<meta property=\"og:image:width\" content=\"1599\" \/>\n\t<meta property=\"og:image:height\" content=\"652\" \/>\n\t<meta property=\"og:image:type\" content=\"image\/jpeg\" \/>\n<meta name=\"twitter:label1\" content=\"Est. reading time\" \/>\n\t<meta name=\"twitter:data1\" content=\"3 minutes\" \/>\n<script type=\"application\/ld+json\" class=\"yoast-schema-graph\">{\"@context\":\"https:\/\/schema.org\",\"@graph\":[{\"@type\":\"WebPage\",\"@id\":\"https:\/\/serbia.com\/srpski\/posetite-srbiju\/provedi-se\/vinski-putevi\/vinski-put-fruska-gora\/\",\"url\":\"https:\/\/serbia.com\/srpski\/posetite-srbiju\/provedi-se\/vinski-putevi\/vinski-put-fruska-gora\/\",\"name\":\"Vinski put Fru\u0161ka gora - Serbia.com\",\"isPartOf\":{\"@id\":\"https:\/\/serbia.com\/#website\"},\"primaryImageOfPage\":{\"@id\":\"https:\/\/serbia.com\/srpski\/posetite-srbiju\/provedi-se\/vinski-putevi\/vinski-put-fruska-gora\/#primaryimage\"},\"image\":{\"@id\":\"https:\/\/serbia.com\/srpski\/posetite-srbiju\/provedi-se\/vinski-putevi\/vinski-put-fruska-gora\/#primaryimage\"},\"thumbnailUrl\":\"https:\/\/serbia.com\/wp-content\/uploads\/2015\/06\/fruska-vino111.jpg\",\"datePublished\":\"2015-06-03T10:38:39+00:00\",\"dateModified\":\"2024-10-20T18:34:14+00:00\",\"breadcrumb\":{\"@id\":\"https:\/\/serbia.com\/srpski\/posetite-srbiju\/provedi-se\/vinski-putevi\/vinski-put-fruska-gora\/#breadcrumb\"},\"inLanguage\":\"srpski\",\"potentialAction\":[{\"@type\":\"ReadAction\",\"target\":[\"https:\/\/serbia.com\/srpski\/posetite-srbiju\/provedi-se\/vinski-putevi\/vinski-put-fruska-gora\/\"]}]},{\"@type\":\"ImageObject\",\"inLanguage\":\"srpski\",\"@id\":\"https:\/\/serbia.com\/srpski\/posetite-srbiju\/provedi-se\/vinski-putevi\/vinski-put-fruska-gora\/#primaryimage\",\"url\":\"https:\/\/serbia.com\/wp-content\/uploads\/2015\/06\/fruska-vino111.jpg\",\"contentUrl\":\"https:\/\/serbia.com\/wp-content\/uploads\/2015\/06\/fruska-vino111.jpg\",\"width\":1599,\"height\":652,\"caption\":\"Fru\u0161kogorski vinogradi\"},{\"@type\":\"BreadcrumbList\",\"@id\":\"https:\/\/serbia.com\/srpski\/posetite-srbiju\/provedi-se\/vinski-putevi\/vinski-put-fruska-gora\/#breadcrumb\",\"itemListElement\":[{\"@type\":\"ListItem\",\"position\":1,\"name\":\"Home\",\"item\":\"https:\/\/serbia.com\/srpski\/\"},{\"@type\":\"ListItem\",\"position\":2,\"name\":\"Poseti Srbiju\",\"item\":\"https:\/\/serbia.com\/srpski\/posetite-srbiju\/\"},{\"@type\":\"ListItem\",\"position\":3,\"name\":\"Provedi se\",\"item\":\"https:\/\/serbia.com\/srpski\/posetite-srbiju\/provedi-se\/\"},{\"@type\":\"ListItem\",\"position\":4,\"name\":\"Vinski putevi\",\"item\":\"https:\/\/serbia.com\/srpski\/posetite-srbiju\/provedi-se\/vinski-putevi\/\"},{\"@type\":\"ListItem\",\"position\":5,\"name\":\"Vinski put Fru\u0161ka gora\"}]},{\"@type\":\"WebSite\",\"@id\":\"https:\/\/serbia.com\/#website\",\"url\":\"https:\/\/serbia.com\/\",\"name\":\"Serbia.com\",\"description\":\"Your Gateway to Serbia\",\"potentialAction\":[{\"@type\":\"SearchAction\",\"target\":{\"@type\":\"EntryPoint\",\"urlTemplate\":\"https:\/\/serbia.com\/?s={search_term_string}\"},\"query-input\":{\"@type\":\"PropertyValueSpecification\",\"valueRequired\":true,\"valueName\":\"search_term_string\"}}],\"inLanguage\":\"srpski\"}]}<\/script>\n<!-- \/ Yoast SEO plugin. -->","yoast_head_json":{"title":"Vinski put Fru\u0161ka gora - Serbia.com","robots":{"index":"index","follow":"follow","max-snippet":"max-snippet:-1","max-image-preview":"max-image-preview:large","max-video-preview":"max-video-preview:-1"},"canonical":"https:\/\/serbia.com\/srpski\/posetite-srbiju\/provedi-se\/vinski-putevi\/vinski-put-fruska-gora\/","og_locale":"en_US","og_type":"article","og_title":"Vinski put Fru\u0161ka gora - Serbia.com","og_description":"Vinski put Fru\u0161ka gora vekovima je uspevao da proizvede toliko kvalitetna vina da su odu\u0161evljavala Evropske dvorove, a svoje mesto na\u0161la su i na \u201cTitaniku\u201d. Vinski put Fru\u0161ka gora mesto [&hellip;]","og_url":"https:\/\/serbia.com\/srpski\/posetite-srbiju\/provedi-se\/vinski-putevi\/vinski-put-fruska-gora\/","og_site_name":"Serbia.com","article_modified_time":"2024-10-20T18:34:14+00:00","og_image":[{"width":1599,"height":652,"url":"https:\/\/serbia.com\/wp-content\/uploads\/2015\/06\/fruska-vino111.jpg","type":"image\/jpeg"}],"twitter_misc":{"Est. reading time":"3 minutes"},"schema":{"@context":"https:\/\/schema.org","@graph":[{"@type":"WebPage","@id":"https:\/\/serbia.com\/srpski\/posetite-srbiju\/provedi-se\/vinski-putevi\/vinski-put-fruska-gora\/","url":"https:\/\/serbia.com\/srpski\/posetite-srbiju\/provedi-se\/vinski-putevi\/vinski-put-fruska-gora\/","name":"Vinski put Fru\u0161ka gora - Serbia.com","isPartOf":{"@id":"https:\/\/serbia.com\/#website"},"primaryImageOfPage":{"@id":"https:\/\/serbia.com\/srpski\/posetite-srbiju\/provedi-se\/vinski-putevi\/vinski-put-fruska-gora\/#primaryimage"},"image":{"@id":"https:\/\/serbia.com\/srpski\/posetite-srbiju\/provedi-se\/vinski-putevi\/vinski-put-fruska-gora\/#primaryimage"},"thumbnailUrl":"https:\/\/serbia.com\/wp-content\/uploads\/2015\/06\/fruska-vino111.jpg","datePublished":"2015-06-03T10:38:39+00:00","dateModified":"2024-10-20T18:34:14+00:00","breadcrumb":{"@id":"https:\/\/serbia.com\/srpski\/posetite-srbiju\/provedi-se\/vinski-putevi\/vinski-put-fruska-gora\/#breadcrumb"},"inLanguage":"srpski","potentialAction":[{"@type":"ReadAction","target":["https:\/\/serbia.com\/srpski\/posetite-srbiju\/provedi-se\/vinski-putevi\/vinski-put-fruska-gora\/"]}]},{"@type":"ImageObject","inLanguage":"srpski","@id":"https:\/\/serbia.com\/srpski\/posetite-srbiju\/provedi-se\/vinski-putevi\/vinski-put-fruska-gora\/#primaryimage","url":"https:\/\/serbia.com\/wp-content\/uploads\/2015\/06\/fruska-vino111.jpg","contentUrl":"https:\/\/serbia.com\/wp-content\/uploads\/2015\/06\/fruska-vino111.jpg","width":1599,"height":652,"caption":"Fru\u0161kogorski vinogradi"},{"@type":"BreadcrumbList","@id":"https:\/\/serbia.com\/srpski\/posetite-srbiju\/provedi-se\/vinski-putevi\/vinski-put-fruska-gora\/#breadcrumb","itemListElement":[{"@type":"ListItem","position":1,"name":"Home","item":"https:\/\/serbia.com\/srpski\/"},{"@type":"ListItem","position":2,"name":"Poseti Srbiju","item":"https:\/\/serbia.com\/srpski\/posetite-srbiju\/"},{"@type":"ListItem","position":3,"name":"Provedi se","item":"https:\/\/serbia.com\/srpski\/posetite-srbiju\/provedi-se\/"},{"@type":"ListItem","position":4,"name":"Vinski putevi","item":"https:\/\/serbia.com\/srpski\/posetite-srbiju\/provedi-se\/vinski-putevi\/"},{"@type":"ListItem","position":5,"name":"Vinski put Fru\u0161ka gora"}]},{"@type":"WebSite","@id":"https:\/\/serbia.com\/#website","url":"https:\/\/serbia.com\/","name":"Serbia.com","description":"Your Gateway to Serbia","potentialAction":[{"@type":"SearchAction","target":{"@type":"EntryPoint","urlTemplate":"https:\/\/serbia.com\/?s={search_term_string}"},"query-input":{"@type":"PropertyValueSpecification","valueRequired":true,"valueName":"search_term_string"}}],"inLanguage":"srpski"}]}},"_links":{"self":[{"href":"https:\/\/serbia.com\/srpski\/wp-json\/wp\/v2\/pages\/33382"}],"collection":[{"href":"https:\/\/serbia.com\/srpski\/wp-json\/wp\/v2\/pages"}],"about":[{"href":"https:\/\/serbia.com\/srpski\/wp-json\/wp\/v2\/types\/page"}],"author":[{"embeddable":true,"href":"https:\/\/serbia.com\/srpski\/wp-json\/wp\/v2\/users\/27"}],"replies":[{"embeddable":true,"href":"https:\/\/serbia.com\/srpski\/wp-json\/wp\/v2\/comments?post=33382"}],"version-history":[{"count":1,"href":"https:\/\/serbia.com\/srpski\/wp-json\/wp\/v2\/pages\/33382\/revisions"}],"predecessor-version":[{"id":55777,"href":"https:\/\/serbia.com\/srpski\/wp-json\/wp\/v2\/pages\/33382\/revisions\/55777"}],"up":[{"embeddable":true,"href":"https:\/\/serbia.com\/srpski\/wp-json\/wp\/v2\/pages\/20473"}],"wp:featuredmedia":[{"embeddable":true,"href":"https:\/\/serbia.com\/srpski\/wp-json\/wp\/v2\/media\/33374"}],"wp:attachment":[{"href":"https:\/\/serbia.com\/srpski\/wp-json\/wp\/v2\/media?parent=33382"}],"wp:term":[{"taxonomy":"category","embeddable":true,"href":"https:\/\/serbia.com\/srpski\/wp-json\/wp\/v2\/categories?post=33382"},{"taxonomy":"post_tag","embeddable":true,"href":"https:\/\/serbia.com\/srpski\/wp-json\/wp\/v2\/tags?post=33382"}],"curies":[{"name":"wp","href":"https:\/\/api.w.org\/{rel}","templated":true}]}}