{"id":33348,"date":"2015-06-02T18:34:16","date_gmt":"2015-06-02T16:34:16","guid":{"rendered":"http:\/\/www.serbia.com\/?page_id=33348"},"modified":"2024-10-20T20:30:01","modified_gmt":"2024-10-20T18:30:01","slug":"vinski-put-negotin","status":"publish","type":"page","link":"https:\/\/serbia.com\/srpski\/posetite-srbiju\/provedi-se\/vinski-putevi\/vinski-put-negotin\/","title":{"rendered":"Vinski put Negotin"},"content":{"rendered":"<h4 style=\"text-align: justify;\">O bogatstvu ukusa vina iz specifi\u010dnih vinogradarskih naselja, negotinskih pimnica, govori podatak da je pre dva veka Austrougarska monarhija imala u ovom kraju svoj konzulat kako bi lak\u0161e trgovala ovda\u0161njim vinima.<\/h4>\n<p style=\"text-align: justify;\">Negotinska krajna se nalazi u ravnici okru\u017eena planinama <strong>Miro\u010d<\/strong>, <strong>Crni Vrh<\/strong> i <strong>Deli Jovan<\/strong> sa jedne, i rekama <a href=\"http:\/\/www.serbia.com\/srpski\/posetite-srbiju\/prirodne-lepote\/reke-i-jezera\/dunav-mesto-spajanja-i-razdvajanja\/\" target=\"_blank\" rel=\"noopener\"><strong>Dunavom<\/strong><\/a> i <strong>Timokom<\/strong> sa druge strane. Na pe\u0161\u010danom zemlji\u0161tu ovog kraja gaje se najlep\u0161e sorte crnog gro\u017e\u0111a od kojih se prave mirisna crvena vina.<\/p>\n<p style=\"text-align: justify;\">Me\u0111u Krajinskim vinima najuglednija su crna vina dobijena od <strong>prokupca<\/strong>, <strong>crnog burgundca<\/strong> i <strong>gamea<\/strong>. Vina imaju intenzivno crvenu boju, prijatnog su ukusa i bukea. Od belih vina poznati su <strong>bagrina<\/strong>, <strong>semijon<\/strong>, <strong>italijanski rizling<\/strong>, <strong>sovinjon<\/strong> i <strong>smederevka<\/strong>.<\/p>\n<p style=\"text-align: justify;\">Ono \u0161to razlikuje ovu vinsku rutu od ostalih su <strong>autenti\u010dne pimnice sela <a href=\"http:\/\/www.serbia.com\/srpski\/rajacke-pivnice-mesto-u-kome-stanuju-vina\/\" target=\"_blank\" rel=\"noopener\">Rajac<\/a>, Rogljevo i Smedovac koje su jo\u0161 u 17. veku gradili seljani<\/strong> zbog nemogu\u0107nosti da njihovi skromni ku\u0107ni podrumi prime svo to bogratstvo sa vinograda.<\/p>\n<p style=\"text-align: justify;\"><strong>Pimnice su jedinsveni kameni gradovi u kojima<\/strong>, kako me\u0161tani ka\u017eu,<em> \u201ene \u017eive ljudi, nego vino\u201c<\/em>. Gra\u0111ena su u 17, 18. i 19. veku, od tesanog kamena i brvna po ugledu na podrume sa Kosova i Metohije. Ku\u0107e se nalaze u uskim sokacma koji vode do malih trgova. Podrumi su sme\u0161teni jedan metar ispod zemlje, a iznad su prostorije u kojima su vinogradari boravili u doba berbe i pravljenja vina.<\/p>\n<p style=\"text-align: justify;\">Degustiranje vina u ovim specifinim vinogradarskim naseljima, koja su ujedno i najzanimljivije stanice na ovom putu vina, predstavlja <strong>jedinstveni u\u017eitak za vinopije.<\/strong><\/p>\n<p style=\"text-align: justify;\"><strong><a href=\"http:\/\/www.serbia.com\/srpski\/rajacke-pivnice-mesto-u-kome-stanuju-vina\/\" target=\"_blank\" rel=\"noopener\">Raja\u010dke pimnice<\/a><\/strong> se nalaze nedaleko od sela Rajac na bre\u017euljku pored reke Timok. Nekada ih je bilo blizu 300, a do danas je sa\u010duvano tridesetak. Grupisane su oko centralnog trga sa \u010desmom gde se za vreme verskih praznika me\u0161tani okupljaju, organizuju litije, zajedni\u010dke ru\u010dkove, igranke i proslave.<\/p>\n<p style=\"text-align: justify;\">Od trga se prostiru krivudave ulice sa manjim trgovima \u010dija je tajanstvenost bila inspirativna kao mesto za snimanje jednog od \u201cnajskupljih\u201d <a href=\"http:\/\/www.serbia.com\/srpski\/o-srbiji\/kultura\/film\/\">srpskih filmova<\/a> sa mitskim elementima &#8211; <strong>\u201c\u010carlston za Ognjenku\u201d<\/strong>.<\/p>\n<figure id=\"attachment_18614\" aria-describedby=\"caption-attachment-18614\" style=\"width: 300px\" class=\"wp-caption alignleft\"><img loading=\"lazy\" decoding=\"async\" class=\"wp-image-18614 size-medium\" src=\"http:\/\/www.serbia.com\/wp-content\/uploads\/2013\/08\/rajac-22-300x199.jpg\" alt=\"rajac 2\" width=\"300\" height=\"199\" srcset=\"https:\/\/serbia.com\/wp-content\/uploads\/2013\/08\/rajac-22-300x199.jpg 300w, https:\/\/serbia.com\/wp-content\/uploads\/2013\/08\/rajac-22.jpg 640w\" sizes=\"auto, (max-width: 300px) 100vw, 300px\" \/><figcaption id=\"caption-attachment-18614\" class=\"wp-caption-text\">Raja\u010dka ulica<\/figcaption><\/figure>\n<p style=\"text-align: justify;\">Oko 150 pimnica sela Rogiljevo nalazi se u krivudavim uli\u010dicama koje vode do sredi\u0161njeg platoa sa natkrivenim bunarom kao mestom oko koga su se okupljali vinogradari ovog sela.<\/p>\n<p style=\"text-align: justify;\">Jo\u0161 jedna neizostavna stanica na Negotinskom putu vina su <strong>\u0160tubi\u010dke pimnice<\/strong> koje se nalaze nedaleko od <strong>manastira Bukovo<\/strong>, 5km od Negotina. U ovom selu bilo je oko 400 pimnica od kojih je o\u010duvano tek 39 i koje su za razliku od Raja\u010dkih, gra\u0111ene od drveta.<\/p>\n<p style=\"text-align: justify;\">U \u201cvinskim selima\u201d tradicija nala\u017ee da se \u010da\u0161e peru vinom a ne vodom jer u <em>\u201e\u010da\u0161i ima mesta samo za vino\u201c<\/em>.<\/p>\n<p style=\"text-align: justify;\">Pored pimnica, oko Negotina, uz sir, suvo meso i bruskete, vino se mo\u017ee degustirati i u gradskim i seoskim vinarijama modernije gra\u0111e.<\/p>\n<p style=\"text-align: justify;\">U samom Negotinu poznate su vinarije <strong>\u201cMatalj\u201d<\/strong> i <strong>\u201cVitis Vino\u201d<\/strong>, u Rajcu <strong>\u201cKrajina\u201d<\/strong>, a u Rogljevu se mo\u017ee u\u017eivati u vinariji jedne francuske porodice koja se, op\u010dinjena lepotom i plodno\u0161\u0107u ove zemlje, nastanila u ovom kraju i otvorila <strong>\u201cFrancusku vinariju\u201d.<\/strong><\/p>\n<p style=\"text-align: justify;\">Negotinska krajna se po vinima proslavila kada je opaka filoksera uni\u0161tila upravo francuske vinograde sedamdesetih godina 19. veka, pa ovaj kraj Srbije koji okru\u017euju tri planine i dve reke, postaje zna\u010dajan izvoznik vina za Francusku, Nema\u010dku i Rusiju, dok Austrougarska otvara konzulat u Negotinu kako bi lak\u0161e trgovala vinima.<\/p>\n<p style=\"text-align: justify;\">Me\u0111utim, ovaj kraj je jo\u0161 mnogo pre tih de\u0161avanja s kraja 19. veka bio mesto gde se spravljao bo\u017eanski napitak. Kada bismo imali mo\u0107 da se ovim putem vra\u0107amo unazad kroz istoriju, na nekom od ovih bre\u017eiljuka bismo sigurno zatekli rimske legionare kako iz metalnih vr\u010deva ispijaju ukusna vina, jer se ono u ovim krajevima spravljalo jo\u0161 u 3. veku.<\/p>\n<p style=\"text-align: justify;\">Foto: www.mataljvinarija.rs<\/p>\n","protected":false},"excerpt":{"rendered":"<p>O bogatstvu ukusa vina iz specifi\u010dnih vinogradarskih naselja, negotinskih pimnica, govori podatak da je pre dva veka Austrougarska monarhija imala u ovom kraju svoj konzulat kako bi lak\u0161e trgovala ovda\u0161njim [&hellip;]<\/p>\n","protected":false},"author":27,"featured_media":37113,"parent":20473,"menu_order":0,"comment_status":"closed","ping_status":"closed","template":"","meta":{"_acf_changed":false,"inline_featured_image":false,"_monsterinsights_skip_tracking":false,"_monsterinsights_sitenote_active":false,"_monsterinsights_sitenote_note":"","_monsterinsights_sitenote_category":0,"footnotes":""},"categories":[1678],"tags":[],"class_list":["post-33348","page","type-page","status-publish","has-post-thumbnail","hentry","category-vinski-putevi"],"acf":[],"yoast_head":"<!-- This site is optimized with the Yoast SEO plugin v27.4 - https:\/\/yoast.com\/product\/yoast-seo-wordpress\/ -->\n<title>Vinski put Negotin - Serbia.com<\/title>\n<meta name=\"robots\" content=\"index, follow, max-snippet:-1, max-image-preview:large, max-video-preview:-1\" \/>\n<link rel=\"canonical\" href=\"https:\/\/serbia.com\/srpski\/posetite-srbiju\/provedi-se\/vinski-putevi\/vinski-put-negotin\/\" \/>\n<meta property=\"og:locale\" content=\"en_US\" \/>\n<meta property=\"og:type\" content=\"article\" \/>\n<meta property=\"og:title\" content=\"Vinski put Negotin - Serbia.com\" \/>\n<meta property=\"og:description\" content=\"O bogatstvu ukusa vina iz specifi\u010dnih vinogradarskih naselja, negotinskih pimnica, govori podatak da je pre dva veka Austrougarska monarhija imala u ovom kraju svoj konzulat kako bi lak\u0161e trgovala ovda\u0161njim [&hellip;]\" \/>\n<meta property=\"og:url\" content=\"https:\/\/serbia.com\/srpski\/posetite-srbiju\/provedi-se\/vinski-putevi\/vinski-put-negotin\/\" \/>\n<meta property=\"og:site_name\" content=\"Serbia.com\" \/>\n<meta property=\"article:modified_time\" content=\"2024-10-20T18:30:01+00:00\" \/>\n<meta property=\"og:image\" content=\"https:\/\/serbia.com\/wp-content\/uploads\/2015\/11\/Raja\u010dke_pjac_kod_Negotina_17-e1447772883924.jpg\" \/>\n\t<meta property=\"og:image:width\" content=\"734\" \/>\n\t<meta property=\"og:image:height\" content=\"470\" \/>\n\t<meta property=\"og:image:type\" content=\"image\/jpeg\" \/>\n<meta name=\"twitter:label1\" content=\"Est. reading time\" \/>\n\t<meta name=\"twitter:data1\" content=\"3 minutes\" \/>\n<script type=\"application\/ld+json\" class=\"yoast-schema-graph\">{\"@context\":\"https:\\\/\\\/schema.org\",\"@graph\":[{\"@type\":\"WebPage\",\"@id\":\"https:\\\/\\\/serbia.com\\\/srpski\\\/posetite-srbiju\\\/provedi-se\\\/vinski-putevi\\\/vinski-put-negotin\\\/\",\"url\":\"https:\\\/\\\/serbia.com\\\/srpski\\\/posetite-srbiju\\\/provedi-se\\\/vinski-putevi\\\/vinski-put-negotin\\\/\",\"name\":\"Vinski put Negotin - Serbia.com\",\"isPartOf\":{\"@id\":\"https:\\\/\\\/serbia.com\\\/#website\"},\"primaryImageOfPage\":{\"@id\":\"https:\\\/\\\/serbia.com\\\/srpski\\\/posetite-srbiju\\\/provedi-se\\\/vinski-putevi\\\/vinski-put-negotin\\\/#primaryimage\"},\"image\":{\"@id\":\"https:\\\/\\\/serbia.com\\\/srpski\\\/posetite-srbiju\\\/provedi-se\\\/vinski-putevi\\\/vinski-put-negotin\\\/#primaryimage\"},\"thumbnailUrl\":\"https:\\\/\\\/serbia.com\\\/wp-content\\\/uploads\\\/2015\\\/11\\\/Raja\u010dke_pjac_kod_Negotina_17-e1447772883924.jpg\",\"datePublished\":\"2015-06-02T16:34:16+00:00\",\"dateModified\":\"2024-10-20T18:30:01+00:00\",\"breadcrumb\":{\"@id\":\"https:\\\/\\\/serbia.com\\\/srpski\\\/posetite-srbiju\\\/provedi-se\\\/vinski-putevi\\\/vinski-put-negotin\\\/#breadcrumb\"},\"inLanguage\":\"srpski\",\"potentialAction\":[{\"@type\":\"ReadAction\",\"target\":[\"https:\\\/\\\/serbia.com\\\/srpski\\\/posetite-srbiju\\\/provedi-se\\\/vinski-putevi\\\/vinski-put-negotin\\\/\"]}]},{\"@type\":\"ImageObject\",\"inLanguage\":\"srpski\",\"@id\":\"https:\\\/\\\/serbia.com\\\/srpski\\\/posetite-srbiju\\\/provedi-se\\\/vinski-putevi\\\/vinski-put-negotin\\\/#primaryimage\",\"url\":\"https:\\\/\\\/serbia.com\\\/wp-content\\\/uploads\\\/2015\\\/11\\\/Raja\u010dke_pjac_kod_Negotina_17-e1447772883924.jpg\",\"contentUrl\":\"https:\\\/\\\/serbia.com\\\/wp-content\\\/uploads\\\/2015\\\/11\\\/Raja\u010dke_pjac_kod_Negotina_17-e1447772883924.jpg\",\"width\":734,\"height\":470},{\"@type\":\"BreadcrumbList\",\"@id\":\"https:\\\/\\\/serbia.com\\\/srpski\\\/posetite-srbiju\\\/provedi-se\\\/vinski-putevi\\\/vinski-put-negotin\\\/#breadcrumb\",\"itemListElement\":[{\"@type\":\"ListItem\",\"position\":1,\"name\":\"Home\",\"item\":\"https:\\\/\\\/serbia.com\\\/srpski\\\/\"},{\"@type\":\"ListItem\",\"position\":2,\"name\":\"Poseti Srbiju\",\"item\":\"https:\\\/\\\/serbia.com\\\/srpski\\\/posetite-srbiju\\\/\"},{\"@type\":\"ListItem\",\"position\":3,\"name\":\"Provedi se\",\"item\":\"https:\\\/\\\/serbia.com\\\/srpski\\\/posetite-srbiju\\\/provedi-se\\\/\"},{\"@type\":\"ListItem\",\"position\":4,\"name\":\"Vinski putevi\",\"item\":\"https:\\\/\\\/serbia.com\\\/srpski\\\/posetite-srbiju\\\/provedi-se\\\/vinski-putevi\\\/\"},{\"@type\":\"ListItem\",\"position\":5,\"name\":\"Vinski put Negotin\"}]},{\"@type\":\"WebSite\",\"@id\":\"https:\\\/\\\/serbia.com\\\/#website\",\"url\":\"https:\\\/\\\/serbia.com\\\/\",\"name\":\"Serbia.com\",\"description\":\"Your Gateway to Serbia\",\"potentialAction\":[{\"@type\":\"SearchAction\",\"target\":{\"@type\":\"EntryPoint\",\"urlTemplate\":\"https:\\\/\\\/serbia.com\\\/?s={search_term_string}\"},\"query-input\":{\"@type\":\"PropertyValueSpecification\",\"valueRequired\":true,\"valueName\":\"search_term_string\"}}],\"inLanguage\":\"srpski\"}]}<\/script>\n<!-- \/ Yoast SEO plugin. -->","yoast_head_json":{"title":"Vinski put Negotin - Serbia.com","robots":{"index":"index","follow":"follow","max-snippet":"max-snippet:-1","max-image-preview":"max-image-preview:large","max-video-preview":"max-video-preview:-1"},"canonical":"https:\/\/serbia.com\/srpski\/posetite-srbiju\/provedi-se\/vinski-putevi\/vinski-put-negotin\/","og_locale":"en_US","og_type":"article","og_title":"Vinski put Negotin - Serbia.com","og_description":"O bogatstvu ukusa vina iz specifi\u010dnih vinogradarskih naselja, negotinskih pimnica, govori podatak da je pre dva veka Austrougarska monarhija imala u ovom kraju svoj konzulat kako bi lak\u0161e trgovala ovda\u0161njim [&hellip;]","og_url":"https:\/\/serbia.com\/srpski\/posetite-srbiju\/provedi-se\/vinski-putevi\/vinski-put-negotin\/","og_site_name":"Serbia.com","article_modified_time":"2024-10-20T18:30:01+00:00","og_image":[{"width":734,"height":470,"url":"https:\/\/serbia.com\/wp-content\/uploads\/2015\/11\/Raja\u010dke_pjac_kod_Negotina_17-e1447772883924.jpg","type":"image\/jpeg"}],"twitter_misc":{"Est. reading time":"3 minutes"},"schema":{"@context":"https:\/\/schema.org","@graph":[{"@type":"WebPage","@id":"https:\/\/serbia.com\/srpski\/posetite-srbiju\/provedi-se\/vinski-putevi\/vinski-put-negotin\/","url":"https:\/\/serbia.com\/srpski\/posetite-srbiju\/provedi-se\/vinski-putevi\/vinski-put-negotin\/","name":"Vinski put Negotin - Serbia.com","isPartOf":{"@id":"https:\/\/serbia.com\/#website"},"primaryImageOfPage":{"@id":"https:\/\/serbia.com\/srpski\/posetite-srbiju\/provedi-se\/vinski-putevi\/vinski-put-negotin\/#primaryimage"},"image":{"@id":"https:\/\/serbia.com\/srpski\/posetite-srbiju\/provedi-se\/vinski-putevi\/vinski-put-negotin\/#primaryimage"},"thumbnailUrl":"https:\/\/serbia.com\/wp-content\/uploads\/2015\/11\/Raja\u010dke_pjac_kod_Negotina_17-e1447772883924.jpg","datePublished":"2015-06-02T16:34:16+00:00","dateModified":"2024-10-20T18:30:01+00:00","breadcrumb":{"@id":"https:\/\/serbia.com\/srpski\/posetite-srbiju\/provedi-se\/vinski-putevi\/vinski-put-negotin\/#breadcrumb"},"inLanguage":"srpski","potentialAction":[{"@type":"ReadAction","target":["https:\/\/serbia.com\/srpski\/posetite-srbiju\/provedi-se\/vinski-putevi\/vinski-put-negotin\/"]}]},{"@type":"ImageObject","inLanguage":"srpski","@id":"https:\/\/serbia.com\/srpski\/posetite-srbiju\/provedi-se\/vinski-putevi\/vinski-put-negotin\/#primaryimage","url":"https:\/\/serbia.com\/wp-content\/uploads\/2015\/11\/Raja\u010dke_pjac_kod_Negotina_17-e1447772883924.jpg","contentUrl":"https:\/\/serbia.com\/wp-content\/uploads\/2015\/11\/Raja\u010dke_pjac_kod_Negotina_17-e1447772883924.jpg","width":734,"height":470},{"@type":"BreadcrumbList","@id":"https:\/\/serbia.com\/srpski\/posetite-srbiju\/provedi-se\/vinski-putevi\/vinski-put-negotin\/#breadcrumb","itemListElement":[{"@type":"ListItem","position":1,"name":"Home","item":"https:\/\/serbia.com\/srpski\/"},{"@type":"ListItem","position":2,"name":"Poseti Srbiju","item":"https:\/\/serbia.com\/srpski\/posetite-srbiju\/"},{"@type":"ListItem","position":3,"name":"Provedi se","item":"https:\/\/serbia.com\/srpski\/posetite-srbiju\/provedi-se\/"},{"@type":"ListItem","position":4,"name":"Vinski putevi","item":"https:\/\/serbia.com\/srpski\/posetite-srbiju\/provedi-se\/vinski-putevi\/"},{"@type":"ListItem","position":5,"name":"Vinski put Negotin"}]},{"@type":"WebSite","@id":"https:\/\/serbia.com\/#website","url":"https:\/\/serbia.com\/","name":"Serbia.com","description":"Your Gateway to Serbia","potentialAction":[{"@type":"SearchAction","target":{"@type":"EntryPoint","urlTemplate":"https:\/\/serbia.com\/?s={search_term_string}"},"query-input":{"@type":"PropertyValueSpecification","valueRequired":true,"valueName":"search_term_string"}}],"inLanguage":"srpski"}]}},"brizy_media":[],"_links":{"self":[{"href":"https:\/\/serbia.com\/srpski\/wp-json\/wp\/v2\/pages\/33348","targetHints":{"allow":["GET"]}}],"collection":[{"href":"https:\/\/serbia.com\/srpski\/wp-json\/wp\/v2\/pages"}],"about":[{"href":"https:\/\/serbia.com\/srpski\/wp-json\/wp\/v2\/types\/page"}],"author":[{"embeddable":true,"href":"https:\/\/serbia.com\/srpski\/wp-json\/wp\/v2\/users\/27"}],"replies":[{"embeddable":true,"href":"https:\/\/serbia.com\/srpski\/wp-json\/wp\/v2\/comments?post=33348"}],"version-history":[{"count":1,"href":"https:\/\/serbia.com\/srpski\/wp-json\/wp\/v2\/pages\/33348\/revisions"}],"predecessor-version":[{"id":55775,"href":"https:\/\/serbia.com\/srpski\/wp-json\/wp\/v2\/pages\/33348\/revisions\/55775"}],"up":[{"embeddable":true,"href":"https:\/\/serbia.com\/srpski\/wp-json\/wp\/v2\/pages\/20473"}],"wp:featuredmedia":[{"embeddable":true,"href":"https:\/\/serbia.com\/srpski\/wp-json\/wp\/v2\/media\/37113"}],"wp:attachment":[{"href":"https:\/\/serbia.com\/srpski\/wp-json\/wp\/v2\/media?parent=33348"}],"wp:term":[{"taxonomy":"category","embeddable":true,"href":"https:\/\/serbia.com\/srpski\/wp-json\/wp\/v2\/categories?post=33348"},{"taxonomy":"post_tag","embeddable":true,"href":"https:\/\/serbia.com\/srpski\/wp-json\/wp\/v2\/tags?post=33348"}],"curies":[{"name":"wp","href":"https:\/\/api.w.org\/{rel}","templated":true}]}}