{"id":33331,"date":"2015-06-02T17:59:50","date_gmt":"2015-06-02T15:59:50","guid":{"rendered":"http:\/\/www.serbia.com\/?page_id=33331"},"modified":"2024-10-20T20:29:20","modified_gmt":"2024-10-20T18:29:20","slug":"vinski-put-oplenac","status":"publish","type":"page","link":"https:\/\/serbia.com\/srpski\/posetite-srbiju\/provedi-se\/vinski-putevi\/vinski-put-oplenac\/","title":{"rendered":"Vinski put Oplenac"},"content":{"rendered":"<h4 style=\"text-align: justify;\">Putevi kojima je i\u0161ao vo\u017ed Kara\u0111or\u0111e, njegov unuk, omiljeni srpski kralj Petar Prvi, a kasnije i cela kraljevska porodica Kara\u0111or\u0111evi\u0107a, isprepletani su sa oplena\u010dkim putevima vina. U ovom vinskom kraju \u010duvaju se najstarija doma\u0107a vina u Srbiji.<\/h4>\n<p style=\"text-align: justify;\">Mo\u017eda <strong>Kara\u0111or\u0111e<\/strong> nije bio vo\u0111en \u017eeljom za dobrim vinom, kada je za svoju prestonicu odabrao ba\u0161 kraj pogodan za gajenje vinove loze, ali su njegovi potomci bili i te kako svesni vinskog bogatstva oplena\u010dkog kraja.<\/p>\n<p style=\"text-align: justify;\"><a href=\"http:\/\/www.serbia.com\/srpski\/posetite-srbiju\/prirodne-lepote\/jedinstvena-priroda\/oplenac\/\" target=\"_blank\" rel=\"noopener\"><strong>Oplenac<\/strong><\/a> je postao centar srpske dr\u017eave u 19. veku, ali i prestonica vina. Na ovom kamenitom i \u0161umovitom brdu koje je pod za\u0161titom dr\u017eave, dominira <a href=\"http:\/\/www.serbia.com\/srpski\/posetite-srbiju\/kulturne-atrakcije\/manastiri-i-crkve\/crkva-sv-dorda-na-oplencu\/\" target=\"_blank\" rel=\"noopener\"><strong>crkva Svetog \u0110or\u0111a<\/strong><\/a>, Mauzolej porodice Kara\u0111or\u0111evi\u0107.<\/p>\n<figure id=\"attachment_19070\" aria-describedby=\"caption-attachment-19070\" style=\"width: 800px\" class=\"wp-caption aligncenter\"><img loading=\"lazy\" decoding=\"async\" class=\"wp-image-19070 size-full\" src=\"http:\/\/www.serbia.com\/wp-content\/uploads\/2013\/12\/Oplenac_244339313.jpg\" alt=\"Oplenac_24433931\" width=\"800\" height=\"533\" srcset=\"https:\/\/serbia.com\/wp-content\/uploads\/2013\/12\/Oplenac_244339313.jpg 800w, https:\/\/serbia.com\/wp-content\/uploads\/2013\/12\/Oplenac_244339313-300x199.jpg 300w\" sizes=\"auto, (max-width: 800px) 100vw, 800px\" \/><figcaption id=\"caption-attachment-19070\" class=\"wp-caption-text\">Crkva Svetog \u0110or\u0111a, Mauzolej porodice Kara\u0111or\u0111evi\u0107 na Oplencu<\/figcaption><\/figure>\n<p style=\"text-align: justify;\">Sam <a href=\"http:\/\/www.serbia.com\/srpski\/seljacke-carape-kralja-srbije-2\/\" target=\"_blank\" rel=\"noopener\"><strong>kralj Petar Prvi Kara\u0111or\u0111evi\u0107<\/strong><\/a> je na obroncima Oplenca zasadio najbolje sorte vinove loze iz Evrope na oko 30 hektara zemlje. Nekoliko godina kasnije, ta\u010dnije 1931. godine, njegov sin, prestolonaslednik Aleksandar, prvi kralj dr\u017eave Srba, Hrvata i Slovenaca napravio je <strong>Kraljev podrum koji je i danas najve\u0107a atrakcija oplena\u010dkog puta vina.<\/strong><\/p>\n<p style=\"text-align: justify;\">U delu vinarije koji je preure\u0111en u muzej, \u010duvaju se neka od prvih buradi. Me\u0111u njima su tri bureta koje je kralj Aleksandar 1922. godine dobio kao svadbeni poklon od naroda Kraljevine Srba, Hrvata i Slovenaca \u010diji je bio kralj. Svako bure ima zapreminu od 2 hiljade litara, a sa prednje strane izrezbareni su po\u010detni stihovi srpske, hrvatske i slovena\u010dke himne.<\/p>\n<p style=\"text-align: justify;\">U Kraljevom podrumu ima arhivskih vina i to su sigurno <strong>najstarija doma\u0107a vina koja se u Srbiji \u010duvaju.<\/strong> Iz 1931. godine sa\u010duvana su vina <strong>Oplenka<\/strong>, <strong>\u017dilavka<\/strong> i <strong>Beli brurgundac<\/strong>, fla\u0161irana u jedinstvenim bocama sa utisnutim kraljevskim grbom, a iz kasnijih berbi \u010duvaju se <strong>Prokupac<\/strong>, <strong>Hamburg<\/strong>, <strong>Plemenka<\/strong>.<\/p>\n<p style=\"text-align: justify;\">Posle obnove \u010duvenih kraljevih vinograda pre devet godina, na njima uspevaju kvalitetne vrste gro\u017e\u0111a od kojeg se prave <strong>Sauvignon Blanc<\/strong>, <strong>Chardonnay<\/strong> i <strong>Rose<\/strong>. Uslovi za gajenje vinove loze u ovom delu Srbije, pogodovali su uzgoju stare sorte smederevke kao i autohtonih sorti prokupaca i vranca.<\/p>\n<p style=\"text-align: justify;\">Iako je vino Kara\u0111or\u0111evi\u0107a proslavilo ovaj kraj, vinogradarstvo u njemu datira mnogo pre ove vladarske porodice. Selu Vin\u010da, a i bregu u nastavku Oplenca, stari Rimljani su i ime dali po vinu \u2013 Vincea. U ovom selu nalazi se <strong>vinarija \u201cAleksandrovi\u0107\u201d<\/strong> koja je od glavnog podrumara kraljevske porodice dobila recepturu za proizvodnju najboljeg vina koje se nekada pravilo u Kraljevom podrumu.<\/p>\n<p style=\"text-align: justify;\">Tako je ponovo ro\u0111eno <strong>kraljevsko vino \u201cTrijumf\u201c<\/strong>, sna\u017ene strukture, kremaste teksture i prefinjenog vo\u0107no &#8211; mineralnog karaktera. Jo\u0161 mnogo ukusnog i pitkog vina se \u010duva u buradima vinarije \u201eAleksandrovi\u0107\u201c.<\/p>\n<p style=\"text-align: justify;\">Na ovom putu vina, prave vinopije ne\u0107e zaobi\u0107i ni <strong>podrume \u201cJeli\u0107\u201d<\/strong> nadomak <a href=\"http:\/\/www.serbia.com\/srpski\/posetite-srbiju\/gradovi\/valjevo-grad-sa-dve-carsije\/\" target=\"_blank\" rel=\"noopener\"><strong>Valjeva<\/strong><\/a> i <strong>\u201cRadovanovi\u0107\u201d<\/strong> u Krnjevu blizu <strong>Velike Plane<\/strong> koja je za Olimpijski tim Srbije u Londonu napravila crveno i belo vino nazvano <strong>\u201cOlimpijsko vino\u201d<\/strong>.<\/p>\n<p style=\"text-align: justify;\">Foto2: Wikimedia Commons, XJeanLuc pod Creative Commons Attribution-Share Alike 3.0 Unported licencom<\/p>\n","protected":false},"excerpt":{"rendered":"<p>Putevi kojima je i\u0161ao vo\u017ed Kara\u0111or\u0111e, njegov unuk, omiljeni srpski kralj Petar Prvi, a kasnije i cela kraljevska porodica Kara\u0111or\u0111evi\u0107a, isprepletani su sa oplena\u010dkim putevima vina. U ovom vinskom kraju [&hellip;]<\/p>\n","protected":false},"author":27,"featured_media":33322,"parent":20473,"menu_order":0,"comment_status":"closed","ping_status":"closed","template":"","meta":{"_acf_changed":false,"inline_featured_image":false,"_monsterinsights_skip_tracking":false,"_monsterinsights_sitenote_active":false,"_monsterinsights_sitenote_note":"","_monsterinsights_sitenote_category":0,"footnotes":""},"categories":[1678],"tags":[],"class_list":["post-33331","page","type-page","status-publish","has-post-thumbnail","hentry","category-vinski-putevi"],"acf":[],"yoast_head":"<!-- This site is optimized with the Yoast SEO plugin v27.4 - https:\/\/yoast.com\/product\/yoast-seo-wordpress\/ -->\n<title>Vinski put Oplenac - Serbia.com<\/title>\n<meta name=\"robots\" content=\"index, follow, max-snippet:-1, max-image-preview:large, max-video-preview:-1\" \/>\n<link rel=\"canonical\" href=\"https:\/\/serbia.com\/srpski\/posetite-srbiju\/provedi-se\/vinski-putevi\/vinski-put-oplenac\/\" \/>\n<meta property=\"og:locale\" content=\"en_US\" \/>\n<meta property=\"og:type\" content=\"article\" \/>\n<meta property=\"og:title\" content=\"Vinski put Oplenac - Serbia.com\" \/>\n<meta property=\"og:description\" content=\"Putevi kojima je i\u0161ao vo\u017ed Kara\u0111or\u0111e, njegov unuk, omiljeni srpski kralj Petar Prvi, a kasnije i cela kraljevska porodica Kara\u0111or\u0111evi\u0107a, isprepletani su sa oplena\u010dkim putevima vina. U ovom vinskom kraju [&hellip;]\" \/>\n<meta property=\"og:url\" content=\"https:\/\/serbia.com\/srpski\/posetite-srbiju\/provedi-se\/vinski-putevi\/vinski-put-oplenac\/\" \/>\n<meta property=\"og:site_name\" content=\"Serbia.com\" \/>\n<meta property=\"article:modified_time\" content=\"2024-10-20T18:29:20+00:00\" \/>\n<meta property=\"og:image\" content=\"https:\/\/serbia.com\/wp-content\/uploads\/2015\/06\/oplenac1111.jpg\" \/>\n\t<meta property=\"og:image:width\" content=\"1600\" \/>\n\t<meta property=\"og:image:height\" content=\"639\" \/>\n\t<meta property=\"og:image:type\" content=\"image\/jpeg\" \/>\n<meta name=\"twitter:label1\" content=\"Est. reading time\" \/>\n\t<meta name=\"twitter:data1\" content=\"3 minutes\" \/>\n<script type=\"application\/ld+json\" class=\"yoast-schema-graph\">{\"@context\":\"https:\\\/\\\/schema.org\",\"@graph\":[{\"@type\":\"WebPage\",\"@id\":\"https:\\\/\\\/serbia.com\\\/srpski\\\/posetite-srbiju\\\/provedi-se\\\/vinski-putevi\\\/vinski-put-oplenac\\\/\",\"url\":\"https:\\\/\\\/serbia.com\\\/srpski\\\/posetite-srbiju\\\/provedi-se\\\/vinski-putevi\\\/vinski-put-oplenac\\\/\",\"name\":\"Vinski put Oplenac - Serbia.com\",\"isPartOf\":{\"@id\":\"https:\\\/\\\/serbia.com\\\/#website\"},\"primaryImageOfPage\":{\"@id\":\"https:\\\/\\\/serbia.com\\\/srpski\\\/posetite-srbiju\\\/provedi-se\\\/vinski-putevi\\\/vinski-put-oplenac\\\/#primaryimage\"},\"image\":{\"@id\":\"https:\\\/\\\/serbia.com\\\/srpski\\\/posetite-srbiju\\\/provedi-se\\\/vinski-putevi\\\/vinski-put-oplenac\\\/#primaryimage\"},\"thumbnailUrl\":\"https:\\\/\\\/serbia.com\\\/wp-content\\\/uploads\\\/2015\\\/06\\\/oplenac1111.jpg\",\"datePublished\":\"2015-06-02T15:59:50+00:00\",\"dateModified\":\"2024-10-20T18:29:20+00:00\",\"breadcrumb\":{\"@id\":\"https:\\\/\\\/serbia.com\\\/srpski\\\/posetite-srbiju\\\/provedi-se\\\/vinski-putevi\\\/vinski-put-oplenac\\\/#breadcrumb\"},\"inLanguage\":\"srpski\",\"potentialAction\":[{\"@type\":\"ReadAction\",\"target\":[\"https:\\\/\\\/serbia.com\\\/srpski\\\/posetite-srbiju\\\/provedi-se\\\/vinski-putevi\\\/vinski-put-oplenac\\\/\"]}]},{\"@type\":\"ImageObject\",\"inLanguage\":\"srpski\",\"@id\":\"https:\\\/\\\/serbia.com\\\/srpski\\\/posetite-srbiju\\\/provedi-se\\\/vinski-putevi\\\/vinski-put-oplenac\\\/#primaryimage\",\"url\":\"https:\\\/\\\/serbia.com\\\/wp-content\\\/uploads\\\/2015\\\/06\\\/oplenac1111.jpg\",\"contentUrl\":\"https:\\\/\\\/serbia.com\\\/wp-content\\\/uploads\\\/2015\\\/06\\\/oplenac1111.jpg\",\"width\":1600,\"height\":639},{\"@type\":\"BreadcrumbList\",\"@id\":\"https:\\\/\\\/serbia.com\\\/srpski\\\/posetite-srbiju\\\/provedi-se\\\/vinski-putevi\\\/vinski-put-oplenac\\\/#breadcrumb\",\"itemListElement\":[{\"@type\":\"ListItem\",\"position\":1,\"name\":\"Home\",\"item\":\"https:\\\/\\\/serbia.com\\\/srpski\\\/\"},{\"@type\":\"ListItem\",\"position\":2,\"name\":\"Poseti Srbiju\",\"item\":\"https:\\\/\\\/serbia.com\\\/srpski\\\/posetite-srbiju\\\/\"},{\"@type\":\"ListItem\",\"position\":3,\"name\":\"Provedi se\",\"item\":\"https:\\\/\\\/serbia.com\\\/srpski\\\/posetite-srbiju\\\/provedi-se\\\/\"},{\"@type\":\"ListItem\",\"position\":4,\"name\":\"Vinski putevi\",\"item\":\"https:\\\/\\\/serbia.com\\\/srpski\\\/posetite-srbiju\\\/provedi-se\\\/vinski-putevi\\\/\"},{\"@type\":\"ListItem\",\"position\":5,\"name\":\"Vinski put Oplenac\"}]},{\"@type\":\"WebSite\",\"@id\":\"https:\\\/\\\/serbia.com\\\/#website\",\"url\":\"https:\\\/\\\/serbia.com\\\/\",\"name\":\"Serbia.com\",\"description\":\"Your Gateway to Serbia\",\"potentialAction\":[{\"@type\":\"SearchAction\",\"target\":{\"@type\":\"EntryPoint\",\"urlTemplate\":\"https:\\\/\\\/serbia.com\\\/?s={search_term_string}\"},\"query-input\":{\"@type\":\"PropertyValueSpecification\",\"valueRequired\":true,\"valueName\":\"search_term_string\"}}],\"inLanguage\":\"srpski\"}]}<\/script>\n<!-- \/ Yoast SEO plugin. -->","yoast_head_json":{"title":"Vinski put Oplenac - Serbia.com","robots":{"index":"index","follow":"follow","max-snippet":"max-snippet:-1","max-image-preview":"max-image-preview:large","max-video-preview":"max-video-preview:-1"},"canonical":"https:\/\/serbia.com\/srpski\/posetite-srbiju\/provedi-se\/vinski-putevi\/vinski-put-oplenac\/","og_locale":"en_US","og_type":"article","og_title":"Vinski put Oplenac - Serbia.com","og_description":"Putevi kojima je i\u0161ao vo\u017ed Kara\u0111or\u0111e, njegov unuk, omiljeni srpski kralj Petar Prvi, a kasnije i cela kraljevska porodica Kara\u0111or\u0111evi\u0107a, isprepletani su sa oplena\u010dkim putevima vina. U ovom vinskom kraju [&hellip;]","og_url":"https:\/\/serbia.com\/srpski\/posetite-srbiju\/provedi-se\/vinski-putevi\/vinski-put-oplenac\/","og_site_name":"Serbia.com","article_modified_time":"2024-10-20T18:29:20+00:00","og_image":[{"width":1600,"height":639,"url":"https:\/\/serbia.com\/wp-content\/uploads\/2015\/06\/oplenac1111.jpg","type":"image\/jpeg"}],"twitter_misc":{"Est. reading time":"3 minutes"},"schema":{"@context":"https:\/\/schema.org","@graph":[{"@type":"WebPage","@id":"https:\/\/serbia.com\/srpski\/posetite-srbiju\/provedi-se\/vinski-putevi\/vinski-put-oplenac\/","url":"https:\/\/serbia.com\/srpski\/posetite-srbiju\/provedi-se\/vinski-putevi\/vinski-put-oplenac\/","name":"Vinski put Oplenac - Serbia.com","isPartOf":{"@id":"https:\/\/serbia.com\/#website"},"primaryImageOfPage":{"@id":"https:\/\/serbia.com\/srpski\/posetite-srbiju\/provedi-se\/vinski-putevi\/vinski-put-oplenac\/#primaryimage"},"image":{"@id":"https:\/\/serbia.com\/srpski\/posetite-srbiju\/provedi-se\/vinski-putevi\/vinski-put-oplenac\/#primaryimage"},"thumbnailUrl":"https:\/\/serbia.com\/wp-content\/uploads\/2015\/06\/oplenac1111.jpg","datePublished":"2015-06-02T15:59:50+00:00","dateModified":"2024-10-20T18:29:20+00:00","breadcrumb":{"@id":"https:\/\/serbia.com\/srpski\/posetite-srbiju\/provedi-se\/vinski-putevi\/vinski-put-oplenac\/#breadcrumb"},"inLanguage":"srpski","potentialAction":[{"@type":"ReadAction","target":["https:\/\/serbia.com\/srpski\/posetite-srbiju\/provedi-se\/vinski-putevi\/vinski-put-oplenac\/"]}]},{"@type":"ImageObject","inLanguage":"srpski","@id":"https:\/\/serbia.com\/srpski\/posetite-srbiju\/provedi-se\/vinski-putevi\/vinski-put-oplenac\/#primaryimage","url":"https:\/\/serbia.com\/wp-content\/uploads\/2015\/06\/oplenac1111.jpg","contentUrl":"https:\/\/serbia.com\/wp-content\/uploads\/2015\/06\/oplenac1111.jpg","width":1600,"height":639},{"@type":"BreadcrumbList","@id":"https:\/\/serbia.com\/srpski\/posetite-srbiju\/provedi-se\/vinski-putevi\/vinski-put-oplenac\/#breadcrumb","itemListElement":[{"@type":"ListItem","position":1,"name":"Home","item":"https:\/\/serbia.com\/srpski\/"},{"@type":"ListItem","position":2,"name":"Poseti Srbiju","item":"https:\/\/serbia.com\/srpski\/posetite-srbiju\/"},{"@type":"ListItem","position":3,"name":"Provedi se","item":"https:\/\/serbia.com\/srpski\/posetite-srbiju\/provedi-se\/"},{"@type":"ListItem","position":4,"name":"Vinski putevi","item":"https:\/\/serbia.com\/srpski\/posetite-srbiju\/provedi-se\/vinski-putevi\/"},{"@type":"ListItem","position":5,"name":"Vinski put Oplenac"}]},{"@type":"WebSite","@id":"https:\/\/serbia.com\/#website","url":"https:\/\/serbia.com\/","name":"Serbia.com","description":"Your Gateway to Serbia","potentialAction":[{"@type":"SearchAction","target":{"@type":"EntryPoint","urlTemplate":"https:\/\/serbia.com\/?s={search_term_string}"},"query-input":{"@type":"PropertyValueSpecification","valueRequired":true,"valueName":"search_term_string"}}],"inLanguage":"srpski"}]}},"brizy_media":[],"_links":{"self":[{"href":"https:\/\/serbia.com\/srpski\/wp-json\/wp\/v2\/pages\/33331","targetHints":{"allow":["GET"]}}],"collection":[{"href":"https:\/\/serbia.com\/srpski\/wp-json\/wp\/v2\/pages"}],"about":[{"href":"https:\/\/serbia.com\/srpski\/wp-json\/wp\/v2\/types\/page"}],"author":[{"embeddable":true,"href":"https:\/\/serbia.com\/srpski\/wp-json\/wp\/v2\/users\/27"}],"replies":[{"embeddable":true,"href":"https:\/\/serbia.com\/srpski\/wp-json\/wp\/v2\/comments?post=33331"}],"version-history":[{"count":1,"href":"https:\/\/serbia.com\/srpski\/wp-json\/wp\/v2\/pages\/33331\/revisions"}],"predecessor-version":[{"id":55774,"href":"https:\/\/serbia.com\/srpski\/wp-json\/wp\/v2\/pages\/33331\/revisions\/55774"}],"up":[{"embeddable":true,"href":"https:\/\/serbia.com\/srpski\/wp-json\/wp\/v2\/pages\/20473"}],"wp:featuredmedia":[{"embeddable":true,"href":"https:\/\/serbia.com\/srpski\/wp-json\/wp\/v2\/media\/33322"}],"wp:attachment":[{"href":"https:\/\/serbia.com\/srpski\/wp-json\/wp\/v2\/media?parent=33331"}],"wp:term":[{"taxonomy":"category","embeddable":true,"href":"https:\/\/serbia.com\/srpski\/wp-json\/wp\/v2\/categories?post=33331"},{"taxonomy":"post_tag","embeddable":true,"href":"https:\/\/serbia.com\/srpski\/wp-json\/wp\/v2\/tags?post=33331"}],"curies":[{"name":"wp","href":"https:\/\/api.w.org\/{rel}","templated":true}]}}