{"id":33268,"date":"2015-06-02T13:42:03","date_gmt":"2015-06-02T11:42:03","guid":{"rendered":"http:\/\/www.serbia.com\/?page_id=33268"},"modified":"2024-10-20T20:17:53","modified_gmt":"2024-10-20T18:17:53","slug":"despotovac-grad-despota-stefana-lazarevica","status":"publish","type":"page","link":"https:\/\/serbia.com\/srpski\/posetite-srbiju\/prirodne-lepote\/jedinstvena-priroda\/despotovac-grad-despota-stefana-lazarevica\/","title":{"rendered":"Despotovac, grad despota Stefana Lazarevi\u0107a"},"content":{"rendered":"<h4 style=\"text-align: justify;\">Na mestu gde se prepli\u0107u bogata istorija, kultura i fascinantna netaknuta priroda nalazi se mali gradi\u0107 Resavskog okruga \u2013 Despotovac. U\u0161u\u0161kanost izme\u0111u venaca Ku\u010dujskih planina na zapadu i prelepih ravnica na istoku, jo\u0161 jedna je specifi\u010dnost mesta \u010dija zanimljiva pro\u0161lost budi ma\u0161tu, a jedinstvena prirodna bogastva sva \u010dula&#8230;<\/h4>\n<p style=\"text-align: justify;\">Uprkos burnoj istoriji ovog kraja koja po\u010dinje jo\u0161 u praistorijskom dobu, a nastavlja se naseljavanjem tra\u010dkih plemena, Rimljana, Slovena i Turaka, <strong>Despotovac je danas mirno mesto na istoku Srbije, \u010diju ti\u0161inu jedino \u201eremete\u201c zvuci reke Resave.<\/strong><\/p>\n<p style=\"text-align: justify;\">Zanimljiv tok ove reke iznedrio je jedan od najlep\u0161ih i najatraktivnijih <a href=\"http:\/\/www.serbia.com\/srpski\/vodopadi-srbije-prirodno-bogatstvo-okruzeno-misterijom\/\">vodopada Srbije<\/a>, a njena \u010dista voda postala je dom nekoliko vrsta pastrmki koji su specijalitet ovog kraja.<\/p>\n<blockquote><p><em>Despotovac se prvi put pominje 1381. godine kao u selo Vojnik u povelji kneza Lazara. Za vreme petovekovne vladavine Turaka, ovo selo je bilo vi\u0161e puta naseljavano i raseljavano, da bi tek 1882. godine ukazom kralja Milana Obrenovi\u0107a dobilo ime u \u010dast <a href=\"http:\/\/www.serbia.com\/srpski\/o-srbiji\/poznati-srbi\/istorijske-licnosti\/despot-stefan-lazarevic\/\" target=\"_blank\" rel=\"noopener\">despota Stefana Lazarevi\u0107a<\/a> \u2013 Despotovac. Ovim ukazom Despotovac je progla\u0161en za varo\u0161icu, i tako je \u0107uprijski okrug dobio tri sreza i sreska centra: Svilajnac, Despotovac i Para\u0107in.<\/em><\/p><\/blockquote>\n<p style=\"text-align: justify;\">Prirodno bogastvo koje pored bogatih re\u010dnih tokova i raznovrsne flore i faune, \u010dini i povoljan geografski polo\u017eaj i klima, oduvek je bilo privla\u010dno pa je <strong>Resavski okrug u srednjem veku bio centar duhovnosti i kulture.<\/strong> Zahvaljuju\u0107i tome, ovaj predeo pored prirodnih, dobija i mnogobrojna kulturno-istorijska bogastva, od kojih su najzna\u010dajnija <strong>manastiri <a href=\"http:\/\/www.serbia.com\/srpski\/manastir-manasija-biser-srpske-srednjovekovne-kulture\/\" target=\"_blank\" rel=\"noopener\">Manasija<\/a> i Ravanica<\/strong>.<\/p>\n<p style=\"text-align: justify;\">Ovakav magi\u010dni spoj prirode i kulture, stvara jedinstveni do\u017eivljaj zbog koga \u0107ete iznova i iznova \u017eeleti da se vratite na mesto u kome se mo\u017eete odmarati, u\u017eivati u prirodi, <a href=\"http:\/\/www.serbia.com\/srpski\/lov-i-ribolov\/\">lovu i ribolovu<\/a> ili obilasku nekih od najlep\u0161ih <a href=\"http:\/\/www.serbia.com\/srpski\/posetite-srbiju\/kulturne-atrakcije\/manastiri-i-crkve\/\" target=\"_blank\" rel=\"noopener\">srpskih manastira<\/a>.<\/p>\n<h4 style=\"text-align: justify;\">Resavska pe\u0107ina, resavska lepotica stara oko 80 miliona godina<\/h4>\n<p style=\"text-align: justify;\">Na obali kra\u0161kog polja Divljakovac, do 1962. godine \u201ekrila\u201c se jedna od najlep\u0161ih <a href=\"http:\/\/www.serbia.com\/srpski\/posetite-srbiju\/prirodne-lepote\/pecine\/\" target=\"_blank\" rel=\"noopener\">pe\u0107ina u Srbiji<\/a>.<\/p>\n<p style=\"text-align: justify;\">Lepotu <a href=\"http:\/\/www.serbia.com\/srpski\/posetite-srbiju\/prirodne-lepote\/pecine\/resavska-pecina-pogled-u-ledeno-doba\/\" target=\"_blank\" rel=\"noopener\">Resavske pe\u0107ine<\/a> \u010dine brojne dvorane, kanali, galerije, stubovi, draperije i okamenjeni vodopadi, a <strong>posebnu pa\u017enju privla\u010di nakit u prelepoj crvenoj, \u017eutoj i beloj boji, \u010dija se starost procenjuje na oko 45 miliona godina.<\/strong><\/p>\n<p style=\"text-align: justify;\">Ako se odlu\u010dite da posetite ovu pe\u0107inu spremite se na nezaboravno i uzbudljivo iskustvo, ali i na to da ponesete neku topliju garderobu, s&#8217; obzirom da je konstantna temperatura u pe\u0107ini 7 stepeni, a vla\u017enost vazduha varira od 80-100%.<\/p>\n<h4 style=\"text-align: justify;\">Manastir Manasija, prelepe freske srednjovekovnog slikarstva<\/h4>\n<p style=\"text-align: justify;\">Na desnoj obali reke Resave, u \u017eivopisnoj klisuri koju \u010dine obronci planine Beljanice, nalazi se jedan od najzna\u010dajnijih spomenika spske srednjovekovne kulture <strong><a href=\"http:\/\/www.serbia.com\/srpski\/manastir-manasija-biser-srpske-srednjovekovne-kulture\/\" target=\"_blank\" rel=\"noopener\">manastir Manasija<\/a><\/strong>.<\/p>\n<figure id=\"attachment_30904\" aria-describedby=\"caption-attachment-30904\" style=\"width: 800px\" class=\"wp-caption aligncenter\"><img loading=\"lazy\" decoding=\"async\" class=\"wp-image-30904\" src=\"http:\/\/www.serbia.com\/wp-content\/uploads\/2014\/09\/manasija1.jpg\" alt=\"manasija1\" width=\"800\" height=\"533\" srcset=\"https:\/\/serbia.com\/wp-content\/uploads\/2014\/09\/manasija1.jpg 670w, https:\/\/serbia.com\/wp-content\/uploads\/2014\/09\/manasija1-300x200.jpg 300w\" sizes=\"auto, (max-width: 800px) 100vw, 800px\" \/><figcaption id=\"caption-attachment-30904\" class=\"wp-caption-text\">Manastir Manasija<\/figcaption><\/figure>\n<p style=\"text-align: justify;\">Ova prelepa zadu\u017ebina <a href=\"http:\/\/www.serbia.com\/srpski\/despot-stefan-lazarevic-zmajev-vitez\/\">despota Stefana Lazarevi\u0107a<\/a>, koja ujedno predstavlja i njegov mauzolej po\u010dela je da se gradi 1407. a zavr\u0161ena je 1418. godine.<\/p>\n<p style=\"text-align: justify;\">Ceo kompleks je opasan velikim zidovima koji su slu\u017eili za odbranu, i sastojao se od 11 kula od kojih se najvi\u0161e izdvajala don\u017eon kula, poznatija kao <strong>Despotova kula<\/strong>. Manasija ili Resava je kroz vekove mnogo puta plja\u010dkana i paljena, pa je danas sa\u010duvana tek tre\u0107ina fresaka, koje spadaju u red najve\u0107eg dometa srednjovekovnog slikarstva.<\/p>\n<h4 style=\"text-align: justify;\">\u201eVeliki Buk\u201c, fascinantna lepota jednog od najvi\u0161ih vodopada Srbije<\/h4>\n<p style=\"text-align: justify;\">U podno\u017eju planine Beljanice, okru\u017eeni zelenilom netaknute prirode nalaze se <strong>izvor Veliko vrelo<\/strong> i <strong>vodopad \u201eVeliki Buk\u201c<\/strong>. Ovaj vodopad predstavlja <strong>jedinstvenu pojavu me\u0111u akumulativnim bigrenim vodopadima Srbije<\/strong>, a svojom ja\u010dinom i visinom od 25 metara zadivljene posetioce neretko ostavlja bez daha.<\/p>\n<figure id=\"attachment_46902\" aria-describedby=\"caption-attachment-46902\" style=\"width: 800px\" class=\"wp-caption aligncenter\"><img loading=\"lazy\" decoding=\"async\" class=\"wp-image-46902 size-full\" src=\"http:\/\/www.serbia.com\/wp-content\/uploads\/2015\/06\/Vodopad_Lisine_7820-1.jpg\" alt=\"Vodopad_Lisine_7820 (1)\" width=\"800\" height=\"533\" \/><figcaption id=\"caption-attachment-46902\" class=\"wp-caption-text\">Veliki Buk, foto: commons.wikimedia.org<\/figcaption><\/figure>\n<p style=\"text-align: justify;\">U blizini vodopada se nalazi restoran, u kome se mo\u017eete odmoriti, u\u017eivati u o\u010daravaju\u0107em pogledu i <strong>specijalitetu ovog kraja, sve\u017eoj resavskoj pastrmci<\/strong>. Uredbom Vlade Republike Srbije iz 1995. godine vrelo i vodopad su za\u0161ti\u0107eni kao Spomenik prirode Lisine, koji predstvalja osobenu znamenitost fonda geo nasle\u0111a Srbije.<\/p>\n<blockquote><p><em>O povoljnom geografskom polo\u017eaju, klimi i plodnom zemlji\u0161tu ovog podru\u010dja govori i podatak da su prvi ostaci ljudskih naseobina ovog kraja prona\u0111eni u okolini Despotovca. O praistorijskom \u017eivotu koji se odvijao na ovom tlu postoji raznovrsni arheolo\u0161ki materijal i predmeti, koji predstavljaju pravo bogastvo.<\/em><\/p><\/blockquote>\n<p style=\"text-align: justify;\">Lepota i miris bukovih \u0161uma, zadivljuju\u0107i pejza\u017ei cvetnih i mirisnih livada, zeleni pa\u0161njaci sa stadima ovaca, \u010dist i sve\u017e vazduh, ali i gostoprimstvo i ljubaznost ljudi iz ovih krajeva ostavljaju sna\u017ean utisak prijatnosti i haramonije, zbog koga \u0107ete zasigurno po\u017eeleti da se vratite u ovo malo mesto koje nesebi\u010dno \u010duva mnogo toga.<\/p>\n<h4 style=\"text-align: justify;\">Kako do\u0107i do Despotovca?<\/h4>\n<p style=\"text-align: justify;\">Despotovac je udaljen 130 km od <a href=\"http:\/\/www.serbia.com\/srpski\/posetite-srbiju\/gradovi\/beograd\/\" target=\"_blank\" rel=\"noopener\">Beograda<\/a>, i ukoliko dolazite iz tog pravca najbolje je i\u0107i auto-putem E-75 do mesta Markovac, a zatim regionalnim putem ka Despotovcu i Svilajncu.<\/p>\n<p style=\"text-align: justify;\">Ukoliko dolazite iz pravca <a href=\"http:\/\/www.serbia.com\/srpski\/posetite-srbiju\/gradovi\/nis\/\" target=\"_blank\" rel=\"noopener\">Ni\u0161a<\/a>, tako\u0111e je najbolje i\u0107i auto-putem E-75 do isklju\u010denja kod \u0106uprije, a zatim regionalnim putem za Despotovac.<\/p>\n<p style=\"text-align: justify;\">U slu\u010daju da dolazite javnim prevozom, o redu vo\u017enje iz najva\u017enijih pravaca mo\u017eete se informisati na info-servisu autobuske stanice.<br \/>\nTel: 035 613-574<\/p>\n<h4 style=\"text-align: justify;\">Kada ste ve\u0107 ovde, ne propustite&#8230;<\/h4>\n<p style=\"text-align: justify;\"><strong>Grad muzej \u2013 Senjski rudnik<\/strong><\/p>\n<p style=\"text-align: justify;\">U muzeju koji je otvoren 1980. godine, a 1983. godine zajedno sa neposrednom okolinom progla\u0161en spomenikom kulture od velike va\u017enosti, posetilac mo\u017ee da ragleda razne ma\u0161ine, alatke i radionice rudarskih majstora kroz istoriju. Posebna vrednost ovog mesta je \u010dinjenica da je ba\u0161 u njemu zapo\u010deta industrijalizacija u Srbiji.<\/p>\n<p style=\"text-align: justify;\"><strong>Vodopad Prskalo<\/strong><\/p>\n<p style=\"text-align: justify;\">Najma\u0161tovitijom igrom vode i kre\u010dnjaka, priroda je stvorila Prskalo, vodopad na ju\u017enom Ku\u010daju. Iako je ovaj vodopad vrlo siroma\u0161an vodom, predstavlja pravi dragulj netaknute prirode, koji neobi\u010dnim izgledom i mestom na kome se nalazi privla\u010di mnogobrojne turiste.<\/p>\n<p style=\"text-align: justify;\"><strong>Despotova\u010dka banja<\/strong><\/p>\n<p style=\"text-align: justify;\">Ovo le\u010dili\u0161te vekovne tradicije, \u010dija je okolina bila naseljena jo\u0161 u praistorijsko doba, obiluje termomineralnim vodama i predstavlja savr\u0161eno mesto za odmor, le\u010denje i u\u017eivanje u zdravlju i bogatstvu voda koje poseduje.<\/p>\n","protected":false},"excerpt":{"rendered":"<p>Na mestu gde se prepli\u0107u bogata istorija, kultura i fascinantna netaknuta priroda nalazi se mali gradi\u0107 Resavskog okruga \u2013 Despotovac. U\u0161u\u0161kanost izme\u0111u venaca Ku\u010dujskih planina na zapadu i prelepih ravnica [&hellip;]<\/p>\n","protected":false},"author":27,"featured_media":33261,"parent":20470,"menu_order":0,"comment_status":"closed","ping_status":"closed","template":"","meta":{"_acf_changed":false,"inline_featured_image":false,"_monsterinsights_skip_tracking":false,"_monsterinsights_sitenote_active":false,"_monsterinsights_sitenote_note":"","_monsterinsights_sitenote_category":0,"footnotes":""},"categories":[1672],"tags":[],"class_list":["post-33268","page","type-page","status-publish","has-post-thumbnail","hentry","category-gradovi"],"acf":[],"yoast_head":"<!-- This site is optimized with the Yoast SEO plugin v27.4 - https:\/\/yoast.com\/product\/yoast-seo-wordpress\/ -->\n<title>Despotovac, grad despota Stefana Lazarevi\u0107a - Serbia.com<\/title>\n<meta name=\"robots\" content=\"index, follow, max-snippet:-1, max-image-preview:large, max-video-preview:-1\" \/>\n<link rel=\"canonical\" href=\"https:\/\/serbia.com\/srpski\/posetite-srbiju\/prirodne-lepote\/jedinstvena-priroda\/despotovac-grad-despota-stefana-lazarevica\/\" \/>\n<meta property=\"og:locale\" content=\"en_US\" \/>\n<meta property=\"og:type\" content=\"article\" \/>\n<meta property=\"og:title\" content=\"Despotovac, grad despota Stefana Lazarevi\u0107a - Serbia.com\" \/>\n<meta property=\"og:description\" content=\"Na mestu gde se prepli\u0107u bogata istorija, kultura i fascinantna netaknuta priroda nalazi se mali gradi\u0107 Resavskog okruga \u2013 Despotovac. U\u0161u\u0161kanost izme\u0111u venaca Ku\u010dujskih planina na zapadu i prelepih ravnica [&hellip;]\" \/>\n<meta property=\"og:url\" content=\"https:\/\/serbia.com\/srpski\/posetite-srbiju\/prirodne-lepote\/jedinstvena-priroda\/despotovac-grad-despota-stefana-lazarevica\/\" \/>\n<meta property=\"og:site_name\" content=\"Serbia.com\" \/>\n<meta property=\"article:modified_time\" content=\"2024-10-20T18:17:53+00:00\" \/>\n<meta property=\"og:image\" content=\"https:\/\/serbia.com\/wp-content\/uploads\/2015\/06\/despotovac2.jpg\" \/>\n\t<meta property=\"og:image:width\" content=\"1600\" \/>\n\t<meta property=\"og:image:height\" content=\"792\" \/>\n\t<meta property=\"og:image:type\" content=\"image\/jpeg\" \/>\n<meta name=\"twitter:label1\" content=\"Est. reading time\" \/>\n\t<meta name=\"twitter:data1\" content=\"5 minutes\" \/>\n<script type=\"application\/ld+json\" class=\"yoast-schema-graph\">{\"@context\":\"https:\\\/\\\/schema.org\",\"@graph\":[{\"@type\":\"WebPage\",\"@id\":\"https:\\\/\\\/serbia.com\\\/srpski\\\/posetite-srbiju\\\/prirodne-lepote\\\/jedinstvena-priroda\\\/despotovac-grad-despota-stefana-lazarevica\\\/\",\"url\":\"https:\\\/\\\/serbia.com\\\/srpski\\\/posetite-srbiju\\\/prirodne-lepote\\\/jedinstvena-priroda\\\/despotovac-grad-despota-stefana-lazarevica\\\/\",\"name\":\"Despotovac, grad despota Stefana Lazarevi\u0107a - Serbia.com\",\"isPartOf\":{\"@id\":\"https:\\\/\\\/serbia.com\\\/#website\"},\"primaryImageOfPage\":{\"@id\":\"https:\\\/\\\/serbia.com\\\/srpski\\\/posetite-srbiju\\\/prirodne-lepote\\\/jedinstvena-priroda\\\/despotovac-grad-despota-stefana-lazarevica\\\/#primaryimage\"},\"image\":{\"@id\":\"https:\\\/\\\/serbia.com\\\/srpski\\\/posetite-srbiju\\\/prirodne-lepote\\\/jedinstvena-priroda\\\/despotovac-grad-despota-stefana-lazarevica\\\/#primaryimage\"},\"thumbnailUrl\":\"https:\\\/\\\/serbia.com\\\/wp-content\\\/uploads\\\/2015\\\/06\\\/despotovac2.jpg\",\"datePublished\":\"2015-06-02T11:42:03+00:00\",\"dateModified\":\"2024-10-20T18:17:53+00:00\",\"breadcrumb\":{\"@id\":\"https:\\\/\\\/serbia.com\\\/srpski\\\/posetite-srbiju\\\/prirodne-lepote\\\/jedinstvena-priroda\\\/despotovac-grad-despota-stefana-lazarevica\\\/#breadcrumb\"},\"inLanguage\":\"srpski\",\"potentialAction\":[{\"@type\":\"ReadAction\",\"target\":[\"https:\\\/\\\/serbia.com\\\/srpski\\\/posetite-srbiju\\\/prirodne-lepote\\\/jedinstvena-priroda\\\/despotovac-grad-despota-stefana-lazarevica\\\/\"]}]},{\"@type\":\"ImageObject\",\"inLanguage\":\"srpski\",\"@id\":\"https:\\\/\\\/serbia.com\\\/srpski\\\/posetite-srbiju\\\/prirodne-lepote\\\/jedinstvena-priroda\\\/despotovac-grad-despota-stefana-lazarevica\\\/#primaryimage\",\"url\":\"https:\\\/\\\/serbia.com\\\/wp-content\\\/uploads\\\/2015\\\/06\\\/despotovac2.jpg\",\"contentUrl\":\"https:\\\/\\\/serbia.com\\\/wp-content\\\/uploads\\\/2015\\\/06\\\/despotovac2.jpg\",\"width\":1600,\"height\":792},{\"@type\":\"BreadcrumbList\",\"@id\":\"https:\\\/\\\/serbia.com\\\/srpski\\\/posetite-srbiju\\\/prirodne-lepote\\\/jedinstvena-priroda\\\/despotovac-grad-despota-stefana-lazarevica\\\/#breadcrumb\",\"itemListElement\":[{\"@type\":\"ListItem\",\"position\":1,\"name\":\"Home\",\"item\":\"https:\\\/\\\/serbia.com\\\/srpski\\\/\"},{\"@type\":\"ListItem\",\"position\":2,\"name\":\"Poseti Srbiju\",\"item\":\"https:\\\/\\\/serbia.com\\\/srpski\\\/posetite-srbiju\\\/\"},{\"@type\":\"ListItem\",\"position\":3,\"name\":\"Prirodne lepote\",\"item\":\"https:\\\/\\\/serbia.com\\\/srpski\\\/posetite-srbiju\\\/prirodne-lepote\\\/\"},{\"@type\":\"ListItem\",\"position\":4,\"name\":\"Jedinstvena priroda\",\"item\":\"https:\\\/\\\/serbia.com\\\/srpski\\\/posetite-srbiju\\\/prirodne-lepote\\\/jedinstvena-priroda\\\/\"},{\"@type\":\"ListItem\",\"position\":5,\"name\":\"Despotovac, grad despota Stefana Lazarevi\u0107a\"}]},{\"@type\":\"WebSite\",\"@id\":\"https:\\\/\\\/serbia.com\\\/#website\",\"url\":\"https:\\\/\\\/serbia.com\\\/\",\"name\":\"Serbia.com\",\"description\":\"Your Gateway to Serbia\",\"potentialAction\":[{\"@type\":\"SearchAction\",\"target\":{\"@type\":\"EntryPoint\",\"urlTemplate\":\"https:\\\/\\\/serbia.com\\\/?s={search_term_string}\"},\"query-input\":{\"@type\":\"PropertyValueSpecification\",\"valueRequired\":true,\"valueName\":\"search_term_string\"}}],\"inLanguage\":\"srpski\"}]}<\/script>\n<!-- \/ Yoast SEO plugin. -->","yoast_head_json":{"title":"Despotovac, grad despota Stefana Lazarevi\u0107a - Serbia.com","robots":{"index":"index","follow":"follow","max-snippet":"max-snippet:-1","max-image-preview":"max-image-preview:large","max-video-preview":"max-video-preview:-1"},"canonical":"https:\/\/serbia.com\/srpski\/posetite-srbiju\/prirodne-lepote\/jedinstvena-priroda\/despotovac-grad-despota-stefana-lazarevica\/","og_locale":"en_US","og_type":"article","og_title":"Despotovac, grad despota Stefana Lazarevi\u0107a - Serbia.com","og_description":"Na mestu gde se prepli\u0107u bogata istorija, kultura i fascinantna netaknuta priroda nalazi se mali gradi\u0107 Resavskog okruga \u2013 Despotovac. U\u0161u\u0161kanost izme\u0111u venaca Ku\u010dujskih planina na zapadu i prelepih ravnica [&hellip;]","og_url":"https:\/\/serbia.com\/srpski\/posetite-srbiju\/prirodne-lepote\/jedinstvena-priroda\/despotovac-grad-despota-stefana-lazarevica\/","og_site_name":"Serbia.com","article_modified_time":"2024-10-20T18:17:53+00:00","og_image":[{"width":1600,"height":792,"url":"https:\/\/serbia.com\/wp-content\/uploads\/2015\/06\/despotovac2.jpg","type":"image\/jpeg"}],"twitter_misc":{"Est. reading time":"5 minutes"},"schema":{"@context":"https:\/\/schema.org","@graph":[{"@type":"WebPage","@id":"https:\/\/serbia.com\/srpski\/posetite-srbiju\/prirodne-lepote\/jedinstvena-priroda\/despotovac-grad-despota-stefana-lazarevica\/","url":"https:\/\/serbia.com\/srpski\/posetite-srbiju\/prirodne-lepote\/jedinstvena-priroda\/despotovac-grad-despota-stefana-lazarevica\/","name":"Despotovac, grad despota Stefana Lazarevi\u0107a - Serbia.com","isPartOf":{"@id":"https:\/\/serbia.com\/#website"},"primaryImageOfPage":{"@id":"https:\/\/serbia.com\/srpski\/posetite-srbiju\/prirodne-lepote\/jedinstvena-priroda\/despotovac-grad-despota-stefana-lazarevica\/#primaryimage"},"image":{"@id":"https:\/\/serbia.com\/srpski\/posetite-srbiju\/prirodne-lepote\/jedinstvena-priroda\/despotovac-grad-despota-stefana-lazarevica\/#primaryimage"},"thumbnailUrl":"https:\/\/serbia.com\/wp-content\/uploads\/2015\/06\/despotovac2.jpg","datePublished":"2015-06-02T11:42:03+00:00","dateModified":"2024-10-20T18:17:53+00:00","breadcrumb":{"@id":"https:\/\/serbia.com\/srpski\/posetite-srbiju\/prirodne-lepote\/jedinstvena-priroda\/despotovac-grad-despota-stefana-lazarevica\/#breadcrumb"},"inLanguage":"srpski","potentialAction":[{"@type":"ReadAction","target":["https:\/\/serbia.com\/srpski\/posetite-srbiju\/prirodne-lepote\/jedinstvena-priroda\/despotovac-grad-despota-stefana-lazarevica\/"]}]},{"@type":"ImageObject","inLanguage":"srpski","@id":"https:\/\/serbia.com\/srpski\/posetite-srbiju\/prirodne-lepote\/jedinstvena-priroda\/despotovac-grad-despota-stefana-lazarevica\/#primaryimage","url":"https:\/\/serbia.com\/wp-content\/uploads\/2015\/06\/despotovac2.jpg","contentUrl":"https:\/\/serbia.com\/wp-content\/uploads\/2015\/06\/despotovac2.jpg","width":1600,"height":792},{"@type":"BreadcrumbList","@id":"https:\/\/serbia.com\/srpski\/posetite-srbiju\/prirodne-lepote\/jedinstvena-priroda\/despotovac-grad-despota-stefana-lazarevica\/#breadcrumb","itemListElement":[{"@type":"ListItem","position":1,"name":"Home","item":"https:\/\/serbia.com\/srpski\/"},{"@type":"ListItem","position":2,"name":"Poseti Srbiju","item":"https:\/\/serbia.com\/srpski\/posetite-srbiju\/"},{"@type":"ListItem","position":3,"name":"Prirodne lepote","item":"https:\/\/serbia.com\/srpski\/posetite-srbiju\/prirodne-lepote\/"},{"@type":"ListItem","position":4,"name":"Jedinstvena priroda","item":"https:\/\/serbia.com\/srpski\/posetite-srbiju\/prirodne-lepote\/jedinstvena-priroda\/"},{"@type":"ListItem","position":5,"name":"Despotovac, grad despota Stefana Lazarevi\u0107a"}]},{"@type":"WebSite","@id":"https:\/\/serbia.com\/#website","url":"https:\/\/serbia.com\/","name":"Serbia.com","description":"Your Gateway to Serbia","potentialAction":[{"@type":"SearchAction","target":{"@type":"EntryPoint","urlTemplate":"https:\/\/serbia.com\/?s={search_term_string}"},"query-input":{"@type":"PropertyValueSpecification","valueRequired":true,"valueName":"search_term_string"}}],"inLanguage":"srpski"}]}},"brizy_media":[],"_links":{"self":[{"href":"https:\/\/serbia.com\/srpski\/wp-json\/wp\/v2\/pages\/33268","targetHints":{"allow":["GET"]}}],"collection":[{"href":"https:\/\/serbia.com\/srpski\/wp-json\/wp\/v2\/pages"}],"about":[{"href":"https:\/\/serbia.com\/srpski\/wp-json\/wp\/v2\/types\/page"}],"author":[{"embeddable":true,"href":"https:\/\/serbia.com\/srpski\/wp-json\/wp\/v2\/users\/27"}],"replies":[{"embeddable":true,"href":"https:\/\/serbia.com\/srpski\/wp-json\/wp\/v2\/comments?post=33268"}],"version-history":[{"count":1,"href":"https:\/\/serbia.com\/srpski\/wp-json\/wp\/v2\/pages\/33268\/revisions"}],"predecessor-version":[{"id":55762,"href":"https:\/\/serbia.com\/srpski\/wp-json\/wp\/v2\/pages\/33268\/revisions\/55762"}],"up":[{"embeddable":true,"href":"https:\/\/serbia.com\/srpski\/wp-json\/wp\/v2\/pages\/20470"}],"wp:featuredmedia":[{"embeddable":true,"href":"https:\/\/serbia.com\/srpski\/wp-json\/wp\/v2\/media\/33261"}],"wp:attachment":[{"href":"https:\/\/serbia.com\/srpski\/wp-json\/wp\/v2\/media?parent=33268"}],"wp:term":[{"taxonomy":"category","embeddable":true,"href":"https:\/\/serbia.com\/srpski\/wp-json\/wp\/v2\/categories?post=33268"},{"taxonomy":"post_tag","embeddable":true,"href":"https:\/\/serbia.com\/srpski\/wp-json\/wp\/v2\/tags?post=33268"}],"curies":[{"name":"wp","href":"https:\/\/api.w.org\/{rel}","templated":true}]}}