{"id":32812,"date":"2015-05-27T15:17:54","date_gmt":"2015-05-27T13:17:54","guid":{"rendered":"http:\/\/www.serbia.com\/?page_id=32812"},"modified":"2024-10-20T19:51:52","modified_gmt":"2024-10-20T17:51:52","slug":"morava-kolevka-srpske-drzave","status":"publish","type":"page","link":"https:\/\/serbia.com\/srpski\/posetite-srbiju\/prirodne-lepote\/reke-i-jezera\/morava-kolevka-srpske-drzave\/","title":{"rendered":"Morava, kolevka srpske dr\u017eave"},"content":{"rendered":"<h4>Morava je reka nepredvidive naravi, u \u010dijoj dolini je nastala srpska dr\u017eava. Poznata je i van Srbije i opevana u mnogim pesmama.<\/h4>\n<p>Morava je, <strong>istorijski i kulturno, najzna\u010dajnija reka u Srbiji.<\/strong> U njenoj dolini ro\u0111ena je srpska dr\u017eava, a veza ove reke i naroda u\u0161la je i u legendu. Njenu nepredvidivu narav, ali i lepotu i plodnost koju donosi, opeva veliki broj narodnih i umetni\u010dkih pesama, a zaslu\u017eila je i svoju jedinstvenu narodnu igru!<\/p>\n<p>Morava je <strong>najdu\u017ea reka koja te\u010de samo kroz Srbiju.<\/strong> Ova reka plovi kroz najgu\u0161\u0107e naseljenu i najplodniju oblast Srbije, po njoj nazvanu &#8211; <strong>Pomoravlje<\/strong>. Samo prate\u0107i Moravu, vide\u0107ete neke od najlep\u0161ih krajeva Srbije, a upozna\u0107ete i stanovnike ove zemlje i uveri\u0107ete se u njihovu ljubaznost i gostoljubivost koja je ve\u0107 postala legendarna.<\/p>\n<p><strong>Velika Morava (ili samo Morava) nastaje kada se kod mesta Stala\u0107 spoje Ju\u017ena Morava i Zapadna Morava.<\/strong> Izme\u0111u <a href=\"http:\/\/www.serbia.com\/srpski\/posetite-srbiju\/gradovi\/smederevo-grad-sa-dusom-u-tvrdavi\/\" target=\"_blank\" rel=\"noopener noreferrer\"><strong>Smedereva<\/strong><\/a> i <strong>Kostolca<\/strong> uliva se u <a href=\"http:\/\/www.serbia.com\/srpski\/posetite-srbiju\/prirodne-lepote\/reke-i-jezera\/dunav-mesto-spajanja-i-razdvajanja\/\" target=\"_blank\" rel=\"noopener noreferrer\"><strong>Dunav<\/strong><\/a>. Po njoj je mogu\u0107e ploviti samo delimi\u010dno, svega tri kilometara od njenog u\u0161\u0107a, \u0161to je posledica regulacije korita &#8211; sve tri \u201eMorave\u201d nekada su bile mnogo du\u017ee, ali su \u010deste poplave dovele do regulacije i zna\u010dajnog skra\u0107enja njihovih tokova.<\/p>\n<p>Svi koji vole istoriju trebalo bi da znaju da su <strong>doline tri Morave bile mesto nastajanja srednjovekovne srpske dr\u017eave \u2013 Moravske Srbije.<\/strong><\/p>\n<p>Iz ovog perioda sa\u010duvan je veliki broj istorijskih objekata, pre svega <a href=\"http:\/\/www.serbia.com\/srpski\/posetite-srbiju\/kulturne-atrakcije\/manastiri-i-crkve\/\" target=\"_blank\" rel=\"noopener noreferrer\">crkava i manastira<\/a> izuzetne lepote i jednog potpuno novog umetni\u010dkog pravca nazvanog<strong> \u201cMoravska \u0161kola\u201d<\/strong>. <strong>Manastiri Lazarica<\/strong> ili <strong>Ravanica<\/strong> i danas oduzimaju dah svojom lepotom i name\u0107u se kao srednjovekovna zdanja koja su nezaobilazna ako dolazite u Srbiju.<\/p>\n<p>Morava je primer reke koja se mnogo ra\u010dva, a njena izlivanja u pro\u0161losti su stvorila veoma plodno zemlji\u0161te koje se danas obra\u0111uje. Neke od manjih pritoka ove reke jo\u0161 uvek \u010desto plave, a uprkos nasipima i sama Morava, s vremena na vreme, iza\u0111e iz korita i poka\u017ee svoju \u0107ud. Zbog ovoga, <strong>jedini grad na samoj obali ove reke je \u0106uprija<\/strong>. Ipak, malo dalje od nje nastali su: <strong>Jagodina<\/strong>, <strong>Smederevo<\/strong>, <strong>Velika Plana<\/strong>,<strong> Para\u0107in<\/strong>\u2026<\/p>\n<p><img loading=\"lazy\" decoding=\"async\" class=\"aligncenter wp-image-32808 size-full\" src=\"http:\/\/www.serbia.com\/wp-content\/uploads\/2015\/05\/12-zapadna-morava-ovcar-je-preko.jpg\" alt=\"12-zapadna-morava-ovcar-je-preko\" width=\"800\" height=\"490\" srcset=\"https:\/\/serbia.com\/wp-content\/uploads\/2015\/05\/12-zapadna-morava-ovcar-je-preko.jpg 800w, https:\/\/serbia.com\/wp-content\/uploads\/2015\/05\/12-zapadna-morava-ovcar-je-preko-300x184.jpg 300w\" sizes=\"auto, (max-width: 800px) 100vw, 800px\" \/><\/p>\n<p>Foto Dragoljub Zamurovic<\/p>\n<p>Zna\u010daj Morave \u2013 njenu vezu sa narodom, plodnost koju donosi, ali i njen nepredvidivi karakter, zabele\u017een je u velikom broju narodnih pesama, a mnoge, nove, nastaju i danas. Mo\u017eete ih \u010duti u skoro svakoj <a href=\"http:\/\/www.serbia.com\/srpski\/posetite-srbiju\/provedi-se\/nocni-zivot\/kafana-centar-zivota-u-srbiji\/\" target=\"_blank\" rel=\"noopener noreferrer\"><strong>kafani<\/strong><\/a> pomoravskog okruga.<\/p>\n<p>Ako se zadesite u kafani sa muzikom u\u017eivo, zatra\u017eite da vam sviraju <em>\u201cOj, Moravo\u201d, \u201cMoravo, najlep\u0161a reko\u201d<\/em> ili <em>\u201cDevojke sa Morave\u201d<\/em> \u2013 u pevanju \u0107e vam se sigurno pridru\u017eiti i ostali gosti kafane. A ako radije igrate, pitajte da vam poka\u017eu <a href=\"http:\/\/www.serbia.com\/srpski\/folklor-vekovna-narodna-umetnost-2\/\">srpski folklor<\/a>, posebno\u00a0<strong>Moravac<\/strong> \u2013 tradicionalno srpsko kolo sa ovih prostora, ime dobilo opet po ovoj reci.<\/p>\n<h4>Na Moravi ne propustite&#8230;<\/h4>\n<p>U slivu Zapadne Morave nalazi se <a href=\"http:\/\/www.serbia.com\/srpski\/posetite-srbiju\/gradovi\/cacak-grad-u-pokretu\/\" target=\"_blank\" rel=\"noopener noreferrer\"><strong>\u010ca\u010dak<\/strong><\/a> a nedaleko od njega\u00a0<strong><a href=\"http:\/\/www.serbia.com\/srpski\/ovcarsko-kablarska-klisura-srpska-sveta-gora\/\" target=\"_blank\" rel=\"noopener noreferrer\">Ov\u010darsko-kablarska klisura<\/a><\/strong>, jedan od najlep\u0161ih predela zemlje koja se zbog toga nalazi pod za\u0161titom dr\u017eave. Ova impresivna, vijugava klisura duga je 16 km.<strong> Srednjevekovni manastiri, njih 11, skrivenih su u njenim \u0161umama<\/strong> priljubljeni uz stene. Na levoj strani obale nalaze se Blagove\u0161tenje, Ilinje, Savinje, Nikolje, Uspenje i Jovanje, a na desnoj Sretenje, Trojica, Preobra\u017eenje, Vaznesenje i Vavedenje.<\/p>\n<p>Na Ju\u017enoj Moravi, ne propustite da vidite <strong>Todorovu kulu<\/strong>, srednjovekovno utvr\u0111enje nedaleko od Stala\u0107a. Ovu kulu prati tragi\u010dna pri\u010da o Todoru od Stala\u0107a koji je sa svojom ljubom Jelicom sko\u010dio u Ju\u017enu Moravu kako ne bi pali u ruke Turcima.<\/p>\n","protected":false},"excerpt":{"rendered":"<p>Morava je reka nepredvidive naravi, u \u010dijoj dolini je nastala srpska dr\u017eava. Poznata je i van Srbije i opevana u mnogim pesmama. Morava je, istorijski i kulturno, najzna\u010dajnija reka u [&hellip;]<\/p>\n","protected":false},"author":27,"featured_media":51720,"parent":20465,"menu_order":0,"comment_status":"closed","ping_status":"closed","template":"","meta":{"_acf_changed":false,"inline_featured_image":false,"_monsterinsights_skip_tracking":false,"_monsterinsights_sitenote_active":false,"_monsterinsights_sitenote_note":"","_monsterinsights_sitenote_category":0,"footnotes":""},"categories":[1656],"tags":[],"class_list":["post-32812","page","type-page","status-publish","has-post-thumbnail","hentry","category-reke-jezera"],"acf":[],"yoast_head":"<!-- This site is optimized with the Yoast SEO plugin v27.4 - https:\/\/yoast.com\/product\/yoast-seo-wordpress\/ -->\n<title>Morava, kolevka srpske dr\u017eave - Serbia.com<\/title>\n<meta name=\"robots\" content=\"index, follow, max-snippet:-1, max-image-preview:large, max-video-preview:-1\" \/>\n<link rel=\"canonical\" href=\"https:\/\/serbia.com\/srpski\/posetite-srbiju\/prirodne-lepote\/reke-i-jezera\/morava-kolevka-srpske-drzave\/\" \/>\n<meta property=\"og:locale\" content=\"en_US\" \/>\n<meta property=\"og:type\" content=\"article\" \/>\n<meta property=\"og:title\" content=\"Morava, kolevka srpske dr\u017eave - Serbia.com\" \/>\n<meta property=\"og:description\" content=\"Morava je reka nepredvidive naravi, u \u010dijoj dolini je nastala srpska dr\u017eava. Poznata je i van Srbije i opevana u mnogim pesmama. Morava je, istorijski i kulturno, najzna\u010dajnija reka u [&hellip;]\" \/>\n<meta property=\"og:url\" content=\"https:\/\/serbia.com\/srpski\/posetite-srbiju\/prirodne-lepote\/reke-i-jezera\/morava-kolevka-srpske-drzave\/\" \/>\n<meta property=\"og:site_name\" content=\"Serbia.com\" \/>\n<meta property=\"article:modified_time\" content=\"2024-10-20T17:51:52+00:00\" \/>\n<meta property=\"og:image\" content=\"https:\/\/serbia.com\/wp-content\/uploads\/2016\/05\/morava1.jpg\" \/>\n\t<meta property=\"og:image:width\" content=\"1600\" \/>\n\t<meta property=\"og:image:height\" content=\"644\" \/>\n\t<meta property=\"og:image:type\" content=\"image\/jpeg\" \/>\n<meta name=\"twitter:label1\" content=\"Est. reading time\" \/>\n\t<meta name=\"twitter:data1\" content=\"3 minutes\" \/>\n<script type=\"application\/ld+json\" class=\"yoast-schema-graph\">{\"@context\":\"https:\\\/\\\/schema.org\",\"@graph\":[{\"@type\":\"WebPage\",\"@id\":\"https:\\\/\\\/serbia.com\\\/srpski\\\/posetite-srbiju\\\/prirodne-lepote\\\/reke-i-jezera\\\/morava-kolevka-srpske-drzave\\\/\",\"url\":\"https:\\\/\\\/serbia.com\\\/srpski\\\/posetite-srbiju\\\/prirodne-lepote\\\/reke-i-jezera\\\/morava-kolevka-srpske-drzave\\\/\",\"name\":\"Morava, kolevka srpske dr\u017eave - Serbia.com\",\"isPartOf\":{\"@id\":\"https:\\\/\\\/serbia.com\\\/#website\"},\"primaryImageOfPage\":{\"@id\":\"https:\\\/\\\/serbia.com\\\/srpski\\\/posetite-srbiju\\\/prirodne-lepote\\\/reke-i-jezera\\\/morava-kolevka-srpske-drzave\\\/#primaryimage\"},\"image\":{\"@id\":\"https:\\\/\\\/serbia.com\\\/srpski\\\/posetite-srbiju\\\/prirodne-lepote\\\/reke-i-jezera\\\/morava-kolevka-srpske-drzave\\\/#primaryimage\"},\"thumbnailUrl\":\"https:\\\/\\\/serbia.com\\\/wp-content\\\/uploads\\\/2016\\\/05\\\/morava1.jpg\",\"datePublished\":\"2015-05-27T13:17:54+00:00\",\"dateModified\":\"2024-10-20T17:51:52+00:00\",\"breadcrumb\":{\"@id\":\"https:\\\/\\\/serbia.com\\\/srpski\\\/posetite-srbiju\\\/prirodne-lepote\\\/reke-i-jezera\\\/morava-kolevka-srpske-drzave\\\/#breadcrumb\"},\"inLanguage\":\"srpski\",\"potentialAction\":[{\"@type\":\"ReadAction\",\"target\":[\"https:\\\/\\\/serbia.com\\\/srpski\\\/posetite-srbiju\\\/prirodne-lepote\\\/reke-i-jezera\\\/morava-kolevka-srpske-drzave\\\/\"]}]},{\"@type\":\"ImageObject\",\"inLanguage\":\"srpski\",\"@id\":\"https:\\\/\\\/serbia.com\\\/srpski\\\/posetite-srbiju\\\/prirodne-lepote\\\/reke-i-jezera\\\/morava-kolevka-srpske-drzave\\\/#primaryimage\",\"url\":\"https:\\\/\\\/serbia.com\\\/wp-content\\\/uploads\\\/2016\\\/05\\\/morava1.jpg\",\"contentUrl\":\"https:\\\/\\\/serbia.com\\\/wp-content\\\/uploads\\\/2016\\\/05\\\/morava1.jpg\",\"width\":1600,\"height\":644},{\"@type\":\"BreadcrumbList\",\"@id\":\"https:\\\/\\\/serbia.com\\\/srpski\\\/posetite-srbiju\\\/prirodne-lepote\\\/reke-i-jezera\\\/morava-kolevka-srpske-drzave\\\/#breadcrumb\",\"itemListElement\":[{\"@type\":\"ListItem\",\"position\":1,\"name\":\"Home\",\"item\":\"https:\\\/\\\/serbia.com\\\/srpski\\\/\"},{\"@type\":\"ListItem\",\"position\":2,\"name\":\"Poseti Srbiju\",\"item\":\"https:\\\/\\\/serbia.com\\\/srpski\\\/posetite-srbiju\\\/\"},{\"@type\":\"ListItem\",\"position\":3,\"name\":\"Prirodne lepote\",\"item\":\"https:\\\/\\\/serbia.com\\\/srpski\\\/posetite-srbiju\\\/prirodne-lepote\\\/\"},{\"@type\":\"ListItem\",\"position\":4,\"name\":\"Reke i jezera\",\"item\":\"https:\\\/\\\/serbia.com\\\/srpski\\\/posetite-srbiju\\\/prirodne-lepote\\\/reke-i-jezera\\\/\"},{\"@type\":\"ListItem\",\"position\":5,\"name\":\"Morava, kolevka srpske dr\u017eave\"}]},{\"@type\":\"WebSite\",\"@id\":\"https:\\\/\\\/serbia.com\\\/#website\",\"url\":\"https:\\\/\\\/serbia.com\\\/\",\"name\":\"Serbia.com\",\"description\":\"Your Gateway to Serbia\",\"potentialAction\":[{\"@type\":\"SearchAction\",\"target\":{\"@type\":\"EntryPoint\",\"urlTemplate\":\"https:\\\/\\\/serbia.com\\\/?s={search_term_string}\"},\"query-input\":{\"@type\":\"PropertyValueSpecification\",\"valueRequired\":true,\"valueName\":\"search_term_string\"}}],\"inLanguage\":\"srpski\"}]}<\/script>\n<!-- \/ Yoast SEO plugin. -->","yoast_head_json":{"title":"Morava, kolevka srpske dr\u017eave - Serbia.com","robots":{"index":"index","follow":"follow","max-snippet":"max-snippet:-1","max-image-preview":"max-image-preview:large","max-video-preview":"max-video-preview:-1"},"canonical":"https:\/\/serbia.com\/srpski\/posetite-srbiju\/prirodne-lepote\/reke-i-jezera\/morava-kolevka-srpske-drzave\/","og_locale":"en_US","og_type":"article","og_title":"Morava, kolevka srpske dr\u017eave - Serbia.com","og_description":"Morava je reka nepredvidive naravi, u \u010dijoj dolini je nastala srpska dr\u017eava. Poznata je i van Srbije i opevana u mnogim pesmama. Morava je, istorijski i kulturno, najzna\u010dajnija reka u [&hellip;]","og_url":"https:\/\/serbia.com\/srpski\/posetite-srbiju\/prirodne-lepote\/reke-i-jezera\/morava-kolevka-srpske-drzave\/","og_site_name":"Serbia.com","article_modified_time":"2024-10-20T17:51:52+00:00","og_image":[{"width":1600,"height":644,"url":"https:\/\/serbia.com\/wp-content\/uploads\/2016\/05\/morava1.jpg","type":"image\/jpeg"}],"twitter_misc":{"Est. reading time":"3 minutes"},"schema":{"@context":"https:\/\/schema.org","@graph":[{"@type":"WebPage","@id":"https:\/\/serbia.com\/srpski\/posetite-srbiju\/prirodne-lepote\/reke-i-jezera\/morava-kolevka-srpske-drzave\/","url":"https:\/\/serbia.com\/srpski\/posetite-srbiju\/prirodne-lepote\/reke-i-jezera\/morava-kolevka-srpske-drzave\/","name":"Morava, kolevka srpske dr\u017eave - Serbia.com","isPartOf":{"@id":"https:\/\/serbia.com\/#website"},"primaryImageOfPage":{"@id":"https:\/\/serbia.com\/srpski\/posetite-srbiju\/prirodne-lepote\/reke-i-jezera\/morava-kolevka-srpske-drzave\/#primaryimage"},"image":{"@id":"https:\/\/serbia.com\/srpski\/posetite-srbiju\/prirodne-lepote\/reke-i-jezera\/morava-kolevka-srpske-drzave\/#primaryimage"},"thumbnailUrl":"https:\/\/serbia.com\/wp-content\/uploads\/2016\/05\/morava1.jpg","datePublished":"2015-05-27T13:17:54+00:00","dateModified":"2024-10-20T17:51:52+00:00","breadcrumb":{"@id":"https:\/\/serbia.com\/srpski\/posetite-srbiju\/prirodne-lepote\/reke-i-jezera\/morava-kolevka-srpske-drzave\/#breadcrumb"},"inLanguage":"srpski","potentialAction":[{"@type":"ReadAction","target":["https:\/\/serbia.com\/srpski\/posetite-srbiju\/prirodne-lepote\/reke-i-jezera\/morava-kolevka-srpske-drzave\/"]}]},{"@type":"ImageObject","inLanguage":"srpski","@id":"https:\/\/serbia.com\/srpski\/posetite-srbiju\/prirodne-lepote\/reke-i-jezera\/morava-kolevka-srpske-drzave\/#primaryimage","url":"https:\/\/serbia.com\/wp-content\/uploads\/2016\/05\/morava1.jpg","contentUrl":"https:\/\/serbia.com\/wp-content\/uploads\/2016\/05\/morava1.jpg","width":1600,"height":644},{"@type":"BreadcrumbList","@id":"https:\/\/serbia.com\/srpski\/posetite-srbiju\/prirodne-lepote\/reke-i-jezera\/morava-kolevka-srpske-drzave\/#breadcrumb","itemListElement":[{"@type":"ListItem","position":1,"name":"Home","item":"https:\/\/serbia.com\/srpski\/"},{"@type":"ListItem","position":2,"name":"Poseti Srbiju","item":"https:\/\/serbia.com\/srpski\/posetite-srbiju\/"},{"@type":"ListItem","position":3,"name":"Prirodne lepote","item":"https:\/\/serbia.com\/srpski\/posetite-srbiju\/prirodne-lepote\/"},{"@type":"ListItem","position":4,"name":"Reke i jezera","item":"https:\/\/serbia.com\/srpski\/posetite-srbiju\/prirodne-lepote\/reke-i-jezera\/"},{"@type":"ListItem","position":5,"name":"Morava, kolevka srpske dr\u017eave"}]},{"@type":"WebSite","@id":"https:\/\/serbia.com\/#website","url":"https:\/\/serbia.com\/","name":"Serbia.com","description":"Your Gateway to Serbia","potentialAction":[{"@type":"SearchAction","target":{"@type":"EntryPoint","urlTemplate":"https:\/\/serbia.com\/?s={search_term_string}"},"query-input":{"@type":"PropertyValueSpecification","valueRequired":true,"valueName":"search_term_string"}}],"inLanguage":"srpski"}]}},"brizy_media":[],"_links":{"self":[{"href":"https:\/\/serbia.com\/srpski\/wp-json\/wp\/v2\/pages\/32812","targetHints":{"allow":["GET"]}}],"collection":[{"href":"https:\/\/serbia.com\/srpski\/wp-json\/wp\/v2\/pages"}],"about":[{"href":"https:\/\/serbia.com\/srpski\/wp-json\/wp\/v2\/types\/page"}],"author":[{"embeddable":true,"href":"https:\/\/serbia.com\/srpski\/wp-json\/wp\/v2\/users\/27"}],"replies":[{"embeddable":true,"href":"https:\/\/serbia.com\/srpski\/wp-json\/wp\/v2\/comments?post=32812"}],"version-history":[{"count":1,"href":"https:\/\/serbia.com\/srpski\/wp-json\/wp\/v2\/pages\/32812\/revisions"}],"predecessor-version":[{"id":55737,"href":"https:\/\/serbia.com\/srpski\/wp-json\/wp\/v2\/pages\/32812\/revisions\/55737"}],"up":[{"embeddable":true,"href":"https:\/\/serbia.com\/srpski\/wp-json\/wp\/v2\/pages\/20465"}],"wp:featuredmedia":[{"embeddable":true,"href":"https:\/\/serbia.com\/srpski\/wp-json\/wp\/v2\/media\/51720"}],"wp:attachment":[{"href":"https:\/\/serbia.com\/srpski\/wp-json\/wp\/v2\/media?parent=32812"}],"wp:term":[{"taxonomy":"category","embeddable":true,"href":"https:\/\/serbia.com\/srpski\/wp-json\/wp\/v2\/categories?post=32812"},{"taxonomy":"post_tag","embeddable":true,"href":"https:\/\/serbia.com\/srpski\/wp-json\/wp\/v2\/tags?post=32812"}],"curies":[{"name":"wp","href":"https:\/\/api.w.org\/{rel}","templated":true}]}}