{"id":32676,"date":"2015-05-25T15:19:55","date_gmt":"2015-05-25T13:19:55","guid":{"rendered":"http:\/\/www.serbia.com\/?page_id=32676"},"modified":"2024-10-20T19:40:47","modified_gmt":"2024-10-20T17:40:47","slug":"derdap-magicni-spoj-prirode-i-kulture","status":"publish","type":"page","link":"https:\/\/serbia.com\/srpski\/posetite-srbiju\/prirodne-lepote\/reke-i-jezera\/derdap-magicni-spoj-prirode-i-kulture\/","title":{"rendered":"\u0110erdap: magi\u010dni spoj prirode i kulture"},"content":{"rendered":"<h4 style=\"text-align: justify;\">Na preko 63.000 hektara biljnog i \u017eivotinjskog bogastva neprocenjive vrednosti i lepote, prostire se Nacionalni park \u0110erdap, poznat i kao Gvozdena kapija Dunava. Na desnoj obali ove reke, od Goluba\u010dke tvr\u0111ave do anti\u010dkog utvr\u0111enja Diana, kriju se klisure, kanjoni, re\u010dne kotline i preko 1000 pe\u0107ina nesvakida\u0161nje lepote koja zadivljuje i pleni.<\/h4>\n<p style=\"text-align: justify;\">Miris <a title=\"Dunav, mesto spajanja i razdvajanja\" href=\"http:\/\/www.serbia.com\/srpski\/posetite-srbiju\/prirodne-lepote\/reke-i-jezera\/dunav-mesto-spajanja-i-razdvajanja\/\" target=\"_blank\" rel=\"noopener\">Dunava<\/a> koji neumitni vetrovi \u0161ire osve\u017eavaju\u0107i ovaj predeo, i stvaraju\u0107i harmoniju izme\u0111u besprekorne prirode, neobi\u010dnih i retkih \u017eivotinjskih vrsta i ljudi, stvara ose\u0107aj mira i prijatne ti\u0161ine koja osve\u017eava um i obavija srce toplinom.<\/p>\n<p style=\"text-align: justify;\">Ta harmonija \u010dini da se posetoci najlep\u0161e i najupe\u010daljivije klisure na toku Dunava, ose\u0107aju kao da su zakora\u010dili u drugi svet. U svet u kojem su po arheolo\u0161kim nalazima i kulturno-istorijskim spomenicima kao \u0161to su <a title=\"Lepenski vir, najstarije urbano naselje u Evropi\" href=\"http:\/\/www.serbia.com\/srpski\/posetite-srbiju\/kulturne-atrakcije\/arheoloska-nalazista\/lepenski-vir-najstarije-urbano-naselje-u-evropi\/\" target=\"_blank\" rel=\"noopener\"><strong>Lepenski vir<\/strong><\/a> i <a title=\"Tvr\u0111ava Golubac: \u010cuvar Dunava\" href=\"http:\/\/www.serbia.com\/srpski\/posetite-srbiju\/kulturne-atrakcije\/dvorci-i-tvrdave\/golubac\/\" target=\"_blank\" rel=\"noopener\"><strong>Goluba\u010dki grad<\/strong><\/a>, ljudi \u017eiveli hiljadama godina unazad.<\/p>\n<p style=\"text-align: justify;\">Pored brojnih istorijskih znamenitosti, bogastvo ovog podru\u010dja ogleda se i u <strong>velikom broju neobi\u010dnih biljnih i \u017eivotinjskih vrsta.<\/strong> Ovde mo\u017eete sresti medveda, risa, vuka, \u0161akala, sovu u\u0161aru ili\u00a0 crnu rodu, i pomirisati jorgovan, \u017eutu ravan, zlatnu paprat, \u0111erdapski zvon\u010di\u0107 i na stotine drugih neobi\u010dnih, za\u0161ti\u0107enih i strogo za\u0161ti\u0107enih biljnih vrsta.<\/p>\n<p style=\"text-align: justify;\"><img loading=\"lazy\" decoding=\"async\" class=\"alignleft size-full wp-image-29011\" src=\"http:\/\/www.serbia.com\/wp-content\/uploads\/2014\/07\/djerdap-serbia.com_.jpg\" alt=\"djerdap serbia.com\" width=\"500\" height=\"264\" srcset=\"https:\/\/serbia.com\/wp-content\/uploads\/2014\/07\/djerdap-serbia.com_.jpg 500w, https:\/\/serbia.com\/wp-content\/uploads\/2014\/07\/djerdap-serbia.com_-300x158.jpg 300w\" sizes=\"(max-width: 500px) 100vw, 500px\" \/>Zbog nesvakida\u0161njeg spoja kulturno-istorijskih znamenitosti, kao i retkih biljnih i \u017eivotinjskih vrsta, <strong>Nacionalni park \u0110erdap se sa pravom naziva najve\u0107im prirodnja\u010dkim i arheolo\u0161kim muzejom u prirodi u \u010ditavoj Evropi.<\/strong> Tu titulu stidljivo \u010duva ovaj prirodni fenomen fascinantne lepote i neverovatne geolo\u0161ke raznovrsnosti.<\/p>\n<p style=\"text-align: justify;\">Ova raznovrsnost ogleda se u brojnim stenama razli\u010ditih sastava koje su nastajale od paleozoika do dana\u0161njih dana. Tim dugim i trajnim procesom nastala je i \u0110erdapska klisura, koja je sukcesivnim usecanjem Dunava u planinski masiv Karpata ostavljala za sobom strme i mestimi\u010dno vertikalne strane koje se izdi\u017eu iznad re\u010dnog nivoa i do 800 metara.<\/p>\n<p style=\"text-align: justify;\">Najdublja, najve\u0107a i najlep\u0161a klisura Evrope sastoji se od \u010detiri klisure impoznatne lepote &#8211;\u00a0<strong>Goluba\u010dke<\/strong>, <strong>Gospo\u0111ina Vira<\/strong>, <strong>Kazana<\/strong> i <strong>Sipske<\/strong>. Ipak, najinteresantniji i geomorfolo\u0161ki posebni su predeli <strong>Velikog \u0160trpca<\/strong>, kao i <strong>Malog i Velikog Kazana<\/strong> gde je Dunav naju\u017ei (140m) i najdublji (90m).<\/p>\n<h4 style=\"text-align: justify;\"><a href=\"https:\/\/serbia.com\/srpski\/posetite-srbiju\/kulturne-atrakcije\/arheoloska-nalazista\/lepenski-vir-najstarije-urbano-naselje-u-evropi\/\">Lepenski Vir<\/a><\/h4>\n<p style=\"text-align: justify;\"><img loading=\"lazy\" decoding=\"async\" class=\"alignright size-medium wp-image-18300\" src=\"http:\/\/www.serbia.com\/wp-content\/uploads\/2012\/12\/commons.wikimedia.org-Mazbln-lepenski-vir-255x300.jpg\" alt=\"commons.wikimedia.org - Mazbln - lepenski vir\" width=\"255\" height=\"300\" srcset=\"https:\/\/serbia.com\/wp-content\/uploads\/2012\/12\/commons.wikimedia.org-Mazbln-lepenski-vir-255x300.jpg 255w, https:\/\/serbia.com\/wp-content\/uploads\/2012\/12\/commons.wikimedia.org-Mazbln-lepenski-vir.jpg 307w\" sizes=\"(max-width: 255px) 100vw, 255px\" \/>Na dunavskoj teresi na \u0110erdapu, nalazi se <strong>jedno od najzna\u010dajnijih arheolo\u0161kih nalazi\u0161ta Srbije<\/strong>.<\/p>\n<p style=\"text-align: justify;\">Arheolo\u0161kim iskopavanjima \u0161ezdesetih godina pro\u0161log veka otkriveni su arheolo\u0161ki nalazi, sakralna arhitektura, <strong>monumentalna skulptura iz vremena od 7000 do 6000 godina p.n.e.<\/strong>, kao i veliki broj alata, nakita, plo\u010dica i grobova koji ukazuju da su prvobitne lova\u010dko-sakuplja\u010dke zajednice na ovom mestu uspostavile slo\u017eene dru\u0161tvene odnose i osnovale arhitekturu osobenog stila.<\/p>\n<p style=\"text-align: justify;\">Originalna arhitektonska re\u0161enja i monumentalna skulptura izdvajaju kulturu Lepenskog Vira u jednu posebnu i veoma ranu fazu praistorijske kulture Evrope, koja predstavlja svetski <strong>zna\u010dajan lokalitet star 9000 godina. <\/strong><\/p>\n<p style=\"text-align: justify;\">Ako pose\u0107ujete ovaj kraj, ne smete propustiti da obi\u0111ete ovo praistorijsko nalazi\u0161te kao i <strong>Muzej Lepenski Vir.<\/strong><\/p>\n<h4 style=\"text-align: justify;\"><a href=\"https:\/\/serbia.com\/tour\/the-golubac-fortress-and-the-derdap-national-park-tour\/\">Goluba\u010dka tvr\u0111ava<\/a><\/h4>\n<p style=\"text-align: justify;\">Tvr\u0111ava Golubac ili \u201c\u010duvar Dunava\u201d kako je jo\u0161 nazivaju, nalazi se na desnoj obali Dunava, na samom ulazu u \u0110erdapsku klisuru. Svojom lepotom, sna\u017enim bedemima i burnom istorijom, ova dunavska lepotica ne ostavlja nikog ravnodu\u0161nim.<\/p>\n<p style=\"text-align: justify;\">Prvi pisani pomen o nastanku tvr\u0111ave datira iz 1335. godine, ali se do danas ne zna ta\u010dno vreme nastanka ovog malog utvr\u0111enog grada.<\/p>\n<p style=\"text-align: justify;\"><img loading=\"lazy\" decoding=\"async\" class=\"aligncenter wp-image-18881\" src=\"http:\/\/www.serbia.com\/wp-content\/uploads\/2012\/11\/golubac-web3.jpg\" alt=\"golubac-web3\" width=\"800\" height=\"449\" srcset=\"https:\/\/serbia.com\/wp-content\/uploads\/2012\/11\/golubac-web3.jpg 640w, https:\/\/serbia.com\/wp-content\/uploads\/2012\/11\/golubac-web3-300x168.jpg 300w\" sizes=\"(max-width: 800px) 100vw, 800px\" \/><\/p>\n<p style=\"text-align: justify;\"><strong>Golubac ima\u00a0deset kula<\/strong>. Prvi i pravi graditelj ove tvr\u0111ave darovao joj je devet kula sme\u0161tenih u prednjem, zadnjem i gornjem gradu, ali su Turci dozidali jo\u0161 jednu i pri tom oja\u010dali utvr\u0111enje otvorima za topove. Sve kule su u obliku \u010detvorougla osim <strong>don\u017eona<\/strong> (najja\u010da kula u tvr\u0111avi, mesto poslednje odbrane) koji ima poligonalnu osnovu, a u gornjem delu je cilindri\u010dan, pa je zbog toga nazvan <strong>\u201c\u0160e\u0161ir kula\u201d<\/strong>.<\/p>\n<h4 style=\"text-align: justify;\">Trajanova tabla<\/h4>\n<p style=\"text-align: justify;\">Trajanova tabla deo je <strong>ansambla rimskih spomenika na rimskom putu kroz \u0110erdap<\/strong>, uklesana je u stenu, pravougaonog\u00a0 je oblika i na njoj je tekst na latinskom posve\u0107en caru Trajanu.<\/p>\n<p style=\"text-align: justify;\"><img loading=\"lazy\" decoding=\"async\" class=\"alignleft size-medium wp-image-29009\" src=\"http:\/\/www.serbia.com\/wp-content\/uploads\/2014\/07\/Tabula_Traiana-serbia-300x246.jpg\" alt=\"Tabula_Traiana serbia\" width=\"300\" height=\"246\" srcset=\"https:\/\/serbia.com\/wp-content\/uploads\/2014\/07\/Tabula_Traiana-serbia-300x246.jpg 300w, https:\/\/serbia.com\/wp-content\/uploads\/2014\/07\/Tabula_Traiana-serbia.jpg 500w\" sizes=\"(max-width: 300px) 100vw, 300px\" \/>Na osnovu ovog natpisa pretpostavlja se da je deo \u0111erdapskog puta u Donjoj klisuri izgradio Trajan u okviru priprema za rat protiv Da\u010dana.<\/p>\n<p style=\"text-align: justify;\">Krstarenje Dunovom \u0107e vam pored pogleda na izuzetne pejza\u017ee i u\u017eivanja u prelepoj prirodi, omogu\u0107iti i obilazak ovog drevnog rimskog spomenika, budu\u0107i da je jedini prilaz mogu\u0107 vodenim putem, pa vam savetujemo da ne propustite ovu avanturu koja \u0107e vam ukazati na veliki zna\u010daj \u0110erdapske klisure za Rimsku imperiju.<\/p>\n<p style=\"text-align: justify;\">Pored obilaska mnogobrojnih prirodnih i kulturnih ba\u0161tina koje nesebi\u010dno nudi ova prelepa klisura, posetioci neretko u\u017eivaju u <strong>planinarenju, lovu i ribolovu, ali i posmatranju ptica, prelepim vidikovcima i \u0161etnji lepo ure\u0111enim pe\u0161a\u010dkim stazama.<\/strong><\/p>\n<p style=\"text-align: justify;\">Lepota i sva prirodna, \u017eivotinjska i kulturna bogastva \u0110erdapske klisure se ne mogu u potpunosti opisati, zato je najbolje da se sami uverite u magi\u010dne spojeve ovog dunavskog dragulja i da se prepustite u\u017eivanju u najlep\u0161oj i najve\u0107oj evropskoj klisuri.<\/p>\n<blockquote><p><em>Zanimljivo tuma\u010denje nastanka dunavske klisure razvio je Jovan Cviji\u0107 koji je po\u0161ao od \u010dinjenice, da su pre 10 miliona godina Panonski i Vla\u0161ko-pontijski baseni bili ispunjeni morima iz kojih su izvirivala ostrva. Ova dva mora su bila odvojena niskim Karpato-balkanskim planinskim vencem, a izme\u0111u njih, po trasi dana\u0161njeg Dunava postojala je na nekoliko mesta veza u vidu moreouzina. Kasnije je nivo Vla\u0161ko-pontijskog mora po\u010deo da opada, pa se tako prelivala voda iz vi\u0161eg, Panonskog u ni\u017ee, Vla\u0161ko-pontijsko more. Tako je Dunav nasledio osobinu otoke, a tragovi daljeg produbljavanja sa\u010duvani su u vidu Terasa.<\/em><\/p><\/blockquote>\n<h4 style=\"text-align: justify;\">Kako do\u0107i do \u0110erdapske klisure?<\/h4>\n<p style=\"text-align: justify;\">Najbr\u017ei i najbolji put do \u0110erdapske klisure je magistralni put <a href=\"http:\/\/www.serbia.com\/srpski\/posetite-srbiju\/gradovi\/beograd\/\" target=\"_blank\" rel=\"noopener\">Beograd<\/a> \u2013 Kladovo koji se jo\u0161 zove \u0110erdapska magistrala. Ukoliko dolazite iz Beograda, bi\u0107e potrebno da pre\u0111ete 130 km. Iz pravca\u00a0<a title=\"Ni\u0161\" href=\"http:\/\/www.serbia.com\/srpski\/posetite-srbiju\/gradovi\/nis\/\" target=\"_blank\" rel=\"noopener\">Ni\u0161a<\/a>, je najbolje po\u0107i putem preko <a title=\"Zaje\u010dar, doma\u0107in najstarijeg rok festivala u Srbiji\" href=\"http:\/\/www.serbia.com\/srpski\/posetite-srbiju\/gradovi\/zajecar-domacin-najstarijeg-rok-festivala-u-srbiji-2\/\" target=\"_blank\" rel=\"noopener\">Zaje\u010dara<\/a>, Negotina i Kladova.<\/p>\n<p style=\"text-align: justify;\">Iz Beograda su \u010desti autobuski polasci ka \u0110erdapu, a iz drugih gradova Srbije, ukoliko nema direktnih autobusa, preporu\u010dujemo autobus do Kladova ili Donjeg Milanovca, a odatle lokalni autobus do Golupca.<\/p>\n<p style=\"text-align: justify;\">Do \u0110erdapske klisure je, me\u0111utim, najlep\u0161e do\u0107i na talasima Dunava. Postoje organizovane ture brodovima iz Beograda, ali i kruzerima iz Evrope.<\/p>\n<p><strong>Ukoliko \u017eelite da obi\u0111ete Nacionalni park \u0110erdap, zaka\u017eite turu <a href=\"https:\/\/serbia.com\/tour\/the-golubac-fortress-and-the-derdap-national-park-tour\/\">OVDE<\/a>.<\/strong><\/p>\n","protected":false},"excerpt":{"rendered":"<p>Na preko 63.000 hektara biljnog i \u017eivotinjskog bogastva neprocenjive vrednosti i lepote, prostire se Nacionalni park \u0110erdap, poznat i kao Gvozdena kapija Dunava. Na desnoj obali ove reke, od Goluba\u010dke [&hellip;]<\/p>\n","protected":false},"author":27,"featured_media":51387,"parent":20465,"menu_order":0,"comment_status":"closed","ping_status":"closed","template":"","meta":{"_acf_changed":false,"inline_featured_image":false,"_monsterinsights_skip_tracking":false,"_monsterinsights_sitenote_active":false,"_monsterinsights_sitenote_note":"","_monsterinsights_sitenote_category":0,"footnotes":""},"categories":[1656],"tags":[],"class_list":["post-32676","page","type-page","status-publish","has-post-thumbnail","hentry","category-reke-jezera"],"acf":[],"yoast_head":"<!-- This site is optimized with the Yoast SEO plugin v23.8 - https:\/\/yoast.com\/wordpress\/plugins\/seo\/ -->\n<title>\u0110erdap: magi\u010dni spoj prirode i kulture - Serbia.com<\/title>\n<meta name=\"robots\" content=\"index, follow, max-snippet:-1, max-image-preview:large, max-video-preview:-1\" \/>\n<link rel=\"canonical\" href=\"https:\/\/serbia.com\/srpski\/posetite-srbiju\/prirodne-lepote\/reke-i-jezera\/derdap-magicni-spoj-prirode-i-kulture\/\" \/>\n<meta property=\"og:locale\" content=\"en_US\" \/>\n<meta property=\"og:type\" content=\"article\" \/>\n<meta property=\"og:title\" content=\"\u0110erdap: magi\u010dni spoj prirode i kulture - Serbia.com\" \/>\n<meta property=\"og:description\" content=\"Na preko 63.000 hektara biljnog i \u017eivotinjskog bogastva neprocenjive vrednosti i lepote, prostire se Nacionalni park \u0110erdap, poznat i kao Gvozdena kapija Dunava. Na desnoj obali ove reke, od Goluba\u010dke [&hellip;]\" \/>\n<meta property=\"og:url\" content=\"https:\/\/serbia.com\/srpski\/posetite-srbiju\/prirodne-lepote\/reke-i-jezera\/derdap-magicni-spoj-prirode-i-kulture\/\" \/>\n<meta property=\"og:site_name\" content=\"Serbia.com\" \/>\n<meta property=\"article:modified_time\" content=\"2024-10-20T17:40:47+00:00\" \/>\n<meta property=\"og:image\" content=\"https:\/\/serbia.com\/wp-content\/uploads\/2016\/05\/Djerdapska-klisura-2-slajder.jpg\" \/>\n\t<meta property=\"og:image:width\" content=\"1600\" \/>\n\t<meta property=\"og:image:height\" content=\"655\" \/>\n\t<meta property=\"og:image:type\" content=\"image\/jpeg\" \/>\n<meta name=\"twitter:label1\" content=\"Est. reading time\" \/>\n\t<meta name=\"twitter:data1\" content=\"5 minutes\" \/>\n<script type=\"application\/ld+json\" class=\"yoast-schema-graph\">{\"@context\":\"https:\/\/schema.org\",\"@graph\":[{\"@type\":\"WebPage\",\"@id\":\"https:\/\/serbia.com\/srpski\/posetite-srbiju\/prirodne-lepote\/reke-i-jezera\/derdap-magicni-spoj-prirode-i-kulture\/\",\"url\":\"https:\/\/serbia.com\/srpski\/posetite-srbiju\/prirodne-lepote\/reke-i-jezera\/derdap-magicni-spoj-prirode-i-kulture\/\",\"name\":\"\u0110erdap: magi\u010dni spoj prirode i kulture - Serbia.com\",\"isPartOf\":{\"@id\":\"https:\/\/serbia.com\/#website\"},\"primaryImageOfPage\":{\"@id\":\"https:\/\/serbia.com\/srpski\/posetite-srbiju\/prirodne-lepote\/reke-i-jezera\/derdap-magicni-spoj-prirode-i-kulture\/#primaryimage\"},\"image\":{\"@id\":\"https:\/\/serbia.com\/srpski\/posetite-srbiju\/prirodne-lepote\/reke-i-jezera\/derdap-magicni-spoj-prirode-i-kulture\/#primaryimage\"},\"thumbnailUrl\":\"https:\/\/serbia.com\/wp-content\/uploads\/2016\/05\/Djerdapska-klisura-2-slajder.jpg\",\"datePublished\":\"2015-05-25T13:19:55+00:00\",\"dateModified\":\"2024-10-20T17:40:47+00:00\",\"breadcrumb\":{\"@id\":\"https:\/\/serbia.com\/srpski\/posetite-srbiju\/prirodne-lepote\/reke-i-jezera\/derdap-magicni-spoj-prirode-i-kulture\/#breadcrumb\"},\"inLanguage\":\"srpski\",\"potentialAction\":[{\"@type\":\"ReadAction\",\"target\":[\"https:\/\/serbia.com\/srpski\/posetite-srbiju\/prirodne-lepote\/reke-i-jezera\/derdap-magicni-spoj-prirode-i-kulture\/\"]}]},{\"@type\":\"ImageObject\",\"inLanguage\":\"srpski\",\"@id\":\"https:\/\/serbia.com\/srpski\/posetite-srbiju\/prirodne-lepote\/reke-i-jezera\/derdap-magicni-spoj-prirode-i-kulture\/#primaryimage\",\"url\":\"https:\/\/serbia.com\/wp-content\/uploads\/2016\/05\/Djerdapska-klisura-2-slajder.jpg\",\"contentUrl\":\"https:\/\/serbia.com\/wp-content\/uploads\/2016\/05\/Djerdapska-klisura-2-slajder.jpg\",\"width\":1600,\"height\":655},{\"@type\":\"BreadcrumbList\",\"@id\":\"https:\/\/serbia.com\/srpski\/posetite-srbiju\/prirodne-lepote\/reke-i-jezera\/derdap-magicni-spoj-prirode-i-kulture\/#breadcrumb\",\"itemListElement\":[{\"@type\":\"ListItem\",\"position\":1,\"name\":\"Home\",\"item\":\"https:\/\/serbia.com\/srpski\/\"},{\"@type\":\"ListItem\",\"position\":2,\"name\":\"Poseti Srbiju\",\"item\":\"https:\/\/serbia.com\/srpski\/posetite-srbiju\/\"},{\"@type\":\"ListItem\",\"position\":3,\"name\":\"Prirodne lepote\",\"item\":\"https:\/\/serbia.com\/srpski\/posetite-srbiju\/prirodne-lepote\/\"},{\"@type\":\"ListItem\",\"position\":4,\"name\":\"Reke i jezera\",\"item\":\"https:\/\/serbia.com\/srpski\/posetite-srbiju\/prirodne-lepote\/reke-i-jezera\/\"},{\"@type\":\"ListItem\",\"position\":5,\"name\":\"\u0110erdap: magi\u010dni spoj prirode i kulture\"}]},{\"@type\":\"WebSite\",\"@id\":\"https:\/\/serbia.com\/#website\",\"url\":\"https:\/\/serbia.com\/\",\"name\":\"Serbia.com\",\"description\":\"Your Gateway to Serbia\",\"potentialAction\":[{\"@type\":\"SearchAction\",\"target\":{\"@type\":\"EntryPoint\",\"urlTemplate\":\"https:\/\/serbia.com\/?s={search_term_string}\"},\"query-input\":{\"@type\":\"PropertyValueSpecification\",\"valueRequired\":true,\"valueName\":\"search_term_string\"}}],\"inLanguage\":\"srpski\"}]}<\/script>\n<!-- \/ Yoast SEO plugin. -->","yoast_head_json":{"title":"\u0110erdap: magi\u010dni spoj prirode i kulture - Serbia.com","robots":{"index":"index","follow":"follow","max-snippet":"max-snippet:-1","max-image-preview":"max-image-preview:large","max-video-preview":"max-video-preview:-1"},"canonical":"https:\/\/serbia.com\/srpski\/posetite-srbiju\/prirodne-lepote\/reke-i-jezera\/derdap-magicni-spoj-prirode-i-kulture\/","og_locale":"en_US","og_type":"article","og_title":"\u0110erdap: magi\u010dni spoj prirode i kulture - Serbia.com","og_description":"Na preko 63.000 hektara biljnog i \u017eivotinjskog bogastva neprocenjive vrednosti i lepote, prostire se Nacionalni park \u0110erdap, poznat i kao Gvozdena kapija Dunava. Na desnoj obali ove reke, od Goluba\u010dke [&hellip;]","og_url":"https:\/\/serbia.com\/srpski\/posetite-srbiju\/prirodne-lepote\/reke-i-jezera\/derdap-magicni-spoj-prirode-i-kulture\/","og_site_name":"Serbia.com","article_modified_time":"2024-10-20T17:40:47+00:00","og_image":[{"width":1600,"height":655,"url":"https:\/\/serbia.com\/wp-content\/uploads\/2016\/05\/Djerdapska-klisura-2-slajder.jpg","type":"image\/jpeg"}],"twitter_misc":{"Est. reading time":"5 minutes"},"schema":{"@context":"https:\/\/schema.org","@graph":[{"@type":"WebPage","@id":"https:\/\/serbia.com\/srpski\/posetite-srbiju\/prirodne-lepote\/reke-i-jezera\/derdap-magicni-spoj-prirode-i-kulture\/","url":"https:\/\/serbia.com\/srpski\/posetite-srbiju\/prirodne-lepote\/reke-i-jezera\/derdap-magicni-spoj-prirode-i-kulture\/","name":"\u0110erdap: magi\u010dni spoj prirode i kulture - Serbia.com","isPartOf":{"@id":"https:\/\/serbia.com\/#website"},"primaryImageOfPage":{"@id":"https:\/\/serbia.com\/srpski\/posetite-srbiju\/prirodne-lepote\/reke-i-jezera\/derdap-magicni-spoj-prirode-i-kulture\/#primaryimage"},"image":{"@id":"https:\/\/serbia.com\/srpski\/posetite-srbiju\/prirodne-lepote\/reke-i-jezera\/derdap-magicni-spoj-prirode-i-kulture\/#primaryimage"},"thumbnailUrl":"https:\/\/serbia.com\/wp-content\/uploads\/2016\/05\/Djerdapska-klisura-2-slajder.jpg","datePublished":"2015-05-25T13:19:55+00:00","dateModified":"2024-10-20T17:40:47+00:00","breadcrumb":{"@id":"https:\/\/serbia.com\/srpski\/posetite-srbiju\/prirodne-lepote\/reke-i-jezera\/derdap-magicni-spoj-prirode-i-kulture\/#breadcrumb"},"inLanguage":"srpski","potentialAction":[{"@type":"ReadAction","target":["https:\/\/serbia.com\/srpski\/posetite-srbiju\/prirodne-lepote\/reke-i-jezera\/derdap-magicni-spoj-prirode-i-kulture\/"]}]},{"@type":"ImageObject","inLanguage":"srpski","@id":"https:\/\/serbia.com\/srpski\/posetite-srbiju\/prirodne-lepote\/reke-i-jezera\/derdap-magicni-spoj-prirode-i-kulture\/#primaryimage","url":"https:\/\/serbia.com\/wp-content\/uploads\/2016\/05\/Djerdapska-klisura-2-slajder.jpg","contentUrl":"https:\/\/serbia.com\/wp-content\/uploads\/2016\/05\/Djerdapska-klisura-2-slajder.jpg","width":1600,"height":655},{"@type":"BreadcrumbList","@id":"https:\/\/serbia.com\/srpski\/posetite-srbiju\/prirodne-lepote\/reke-i-jezera\/derdap-magicni-spoj-prirode-i-kulture\/#breadcrumb","itemListElement":[{"@type":"ListItem","position":1,"name":"Home","item":"https:\/\/serbia.com\/srpski\/"},{"@type":"ListItem","position":2,"name":"Poseti Srbiju","item":"https:\/\/serbia.com\/srpski\/posetite-srbiju\/"},{"@type":"ListItem","position":3,"name":"Prirodne lepote","item":"https:\/\/serbia.com\/srpski\/posetite-srbiju\/prirodne-lepote\/"},{"@type":"ListItem","position":4,"name":"Reke i jezera","item":"https:\/\/serbia.com\/srpski\/posetite-srbiju\/prirodne-lepote\/reke-i-jezera\/"},{"@type":"ListItem","position":5,"name":"\u0110erdap: magi\u010dni spoj prirode i kulture"}]},{"@type":"WebSite","@id":"https:\/\/serbia.com\/#website","url":"https:\/\/serbia.com\/","name":"Serbia.com","description":"Your Gateway to Serbia","potentialAction":[{"@type":"SearchAction","target":{"@type":"EntryPoint","urlTemplate":"https:\/\/serbia.com\/?s={search_term_string}"},"query-input":{"@type":"PropertyValueSpecification","valueRequired":true,"valueName":"search_term_string"}}],"inLanguage":"srpski"}]}},"_links":{"self":[{"href":"https:\/\/serbia.com\/srpski\/wp-json\/wp\/v2\/pages\/32676"}],"collection":[{"href":"https:\/\/serbia.com\/srpski\/wp-json\/wp\/v2\/pages"}],"about":[{"href":"https:\/\/serbia.com\/srpski\/wp-json\/wp\/v2\/types\/page"}],"author":[{"embeddable":true,"href":"https:\/\/serbia.com\/srpski\/wp-json\/wp\/v2\/users\/27"}],"replies":[{"embeddable":true,"href":"https:\/\/serbia.com\/srpski\/wp-json\/wp\/v2\/comments?post=32676"}],"version-history":[{"count":1,"href":"https:\/\/serbia.com\/srpski\/wp-json\/wp\/v2\/pages\/32676\/revisions"}],"predecessor-version":[{"id":55728,"href":"https:\/\/serbia.com\/srpski\/wp-json\/wp\/v2\/pages\/32676\/revisions\/55728"}],"up":[{"embeddable":true,"href":"https:\/\/serbia.com\/srpski\/wp-json\/wp\/v2\/pages\/20465"}],"wp:featuredmedia":[{"embeddable":true,"href":"https:\/\/serbia.com\/srpski\/wp-json\/wp\/v2\/media\/51387"}],"wp:attachment":[{"href":"https:\/\/serbia.com\/srpski\/wp-json\/wp\/v2\/media?parent=32676"}],"wp:term":[{"taxonomy":"category","embeddable":true,"href":"https:\/\/serbia.com\/srpski\/wp-json\/wp\/v2\/categories?post=32676"},{"taxonomy":"post_tag","embeddable":true,"href":"https:\/\/serbia.com\/srpski\/wp-json\/wp\/v2\/tags?post=32676"}],"curies":[{"name":"wp","href":"https:\/\/api.w.org\/{rel}","templated":true}]}}