{"id":32439,"date":"2015-05-21T14:01:47","date_gmt":"2015-05-21T12:01:47","guid":{"rendered":"http:\/\/www.serbia.com\/?page_id=32439"},"modified":"2026-03-23T23:36:03","modified_gmt":"2026-03-23T22:36:03","slug":"fruska-gora-nekada-ostrvo-danas-planina","status":"publish","type":"page","link":"https:\/\/serbia.com\/srpski\/posetite-srbiju\/prirodne-lepote\/planine\/fruska-gora-nekada-ostrvo-danas-planina\/","title":{"rendered":"Fru\u0161ka gora &#8211; nekada ostrvo, danas planina"},"content":{"rendered":"<p data-start=\"1236\" data-end=\"1466\"><strong data-start=\"1236\" data-end=\"1466\">Fru\u0161ka gora je jedno od najlep\u0161ih i najmirnijih mesta u Srbiji &#8211; planina poznata po manastirima, vinogradima i bogatoj prirodi. Nadomak Novog Sada, predstavlja savr\u0161en beg iz grada i spoj kulture, istorije i boravka u prirodi.<\/strong><\/p>\n<p>Do pre 90 miliona godina, planina <strong>Fru\u0161ka gora bila je ostrvo u Panonskom moru<\/strong>. Kada je more presu\u0161ilo, ostrvo je ostalo je ostalo bez svog mora, ali mu je u zamenu za to priroda dodlelila ulogu jedine planine u ravnoj <a href=\"https:\/\/serbia.com\/srpski\/istrazujemo-delove-srbije-vojvodina\/\"><strong>Vojvodini<\/strong><\/a>, izdignute u obliku jednog uskog grebena, duga\u010dkog 75 km, sa kog se pru\u017eaju pojedina\u010dni bo\u010dni grebeni obrasli hrastovim, grabovim, bukvinim i lipovim \u0161umama.<\/p>\n<p>U beskrajnom zelenilu ovih listopadnih \u0161uma, na proplancima planine koja caruje Panonskom nizijom, vekuje oko <strong><a href=\"https:\/\/serbia.com\/srpski\/16-srednjovekovnih-dragulja-vodic-kroz-manastire-fruske-gore\/\">16 manastira<\/a> sagra\u0111enih izme\u0111u 16. i 18 . veka<\/strong> u stilu baroka i moravske arhitekture srednjovekovne Srbije. Zbog bogatstva svetili\u0161tima, Fru\u0161ku goru nazivaju jo\u0161 i <strong>\u201cSvetom Gorom\u201c ili \u201csrpskim Atosom\u201c<\/strong>.<\/p>\n<p><strong>Nekada se u njenim skrivenim udolinama nalazilo \u010dak 35 srpskih pravoslavnih manastira koje je podizala despotska porodica Brankovi\u0107<\/strong>, nastavljaju\u0107i kult stare Nemanji\u0107ke dr\u017eave, ali oni su uni\u0161tavani u ratovima, i osvajanjima. Od onih koji su pre\u017eiveli razaranja, napoznatiji su <a title=\"Manastir Kru\u0161edol, ve\u010dni dom srpskih velikana\" href=\"http:\/\/www.serbia.com\/srpski\/posetite-srbiju\/kulturne-atrakcije\/manastiri-i-crkve\/manastir-krusedol-vecni-dom-srpskih-velikana\/\" target=\"_blank\" rel=\"noopener\"><strong>Kru\u0161edol<\/strong><\/a>, <strong>Novo Hopovo<\/strong>, <strong>Grgeteg<\/strong> i <strong>Jazak<\/strong>. U njima su sahranjeni mnogi <a title=\"Poznati Srbi\" href=\"http:\/\/www.serbia.com\/srpski\/o-srbiji\/poznati-srbi\/\">znameniti Srbi<\/a>, poput <strong>patrijarha Arsenija \u010carnojevi\u0107a<\/strong>, <strong><a href=\"http:\/\/www.serbia.com\/srpski\/o-srbiji\/poznati-srbi\/istorijske-licnosti\/kralj-milan-obrenovic\/\" target=\"_blank\" rel=\"noopener\">kralja Milana Obrenovi\u0107<\/a>a<\/strong> i <strong>kneginje Ljubice<\/strong>.<\/p>\n<p>Ono \u0161to ovu planinu \u010dini izuzetnom jeste njeno <strong>bogato <a title=\"Vinski put Fru\u0161ka gora\" href=\"http:\/\/www.serbia.com\/srpski\/posetite-srbiju\/provedi-se\/vinski-putevi\/vinski-put-fruska-gora\/\" target=\"_blank\" rel=\"noopener\">vinogorje<\/a><\/strong>. Fru\u0161kogorski puteljci su i staze vina, pa se u vinarijama od kojih su mnoge ure\u0111ene kao stara sremska doma\u0107instva, uz \u010da\u0161u kvalitetnog vina, mo\u017ee do\u017eiveti vreme i duh starih Sremaca kao i mnogih u\u010denih ljudi i boema koji su obo\u017eavali ovaj kraj.<\/p>\n<p>Najvi\u0161i delovi Fru\u0161ke gore su najpose\u0107eniji i najatraktivniji posetiocima zbog mnogobrojnih izleti\u0161ta. <strong>Crveni \u010dot<\/strong> (539 m), <strong>Veliki Gradac<\/strong> (471), <strong>Iri\u0161ki venac<\/strong> (451 m) i <strong>Stra\u017eilovo<\/strong> (321 m) na kome se nalazi <strong>spomenik pesniku Branku Radi\u010devi\u0107u<\/strong>, dominiraju Sremom i predstavljaju izazov turistima, a doma\u0107em stanovni\u0161tvu oazu mira.<\/p>\n<figure id=\"attachment_58838\" aria-describedby=\"caption-attachment-58838\" style=\"width: 1600px\" class=\"wp-caption alignnone\"><img loading=\"lazy\" decoding=\"async\" class=\"wp-image-58838 size-full\" src=\"https:\/\/serbia.com\/wp-content\/uploads\/2025\/03\/1600px-Nacionalni_park_Fruska_gora_02-1.jpg\" alt=\"\" width=\"1600\" height=\"1060\" srcset=\"https:\/\/serbia.com\/wp-content\/uploads\/2025\/03\/1600px-Nacionalni_park_Fruska_gora_02-1.jpg 1600w, https:\/\/serbia.com\/wp-content\/uploads\/2025\/03\/1600px-Nacionalni_park_Fruska_gora_02-1-300x199.jpg 300w, https:\/\/serbia.com\/wp-content\/uploads\/2025\/03\/1600px-Nacionalni_park_Fruska_gora_02-1-1280x848.jpg 1280w, https:\/\/serbia.com\/wp-content\/uploads\/2025\/03\/1600px-Nacionalni_park_Fruska_gora_02-1-768x509.jpg 768w, https:\/\/serbia.com\/wp-content\/uploads\/2025\/03\/1600px-Nacionalni_park_Fruska_gora_02-1-1536x1018.jpg 1536w, https:\/\/serbia.com\/wp-content\/uploads\/2025\/03\/1600px-Nacionalni_park_Fruska_gora_02-1-760x504.jpg 760w, https:\/\/serbia.com\/wp-content\/uploads\/2025\/03\/1600px-Nacionalni_park_Fruska_gora_02-1-1509x1000.jpg 1509w, https:\/\/serbia.com\/wp-content\/uploads\/2025\/03\/1600px-Nacionalni_park_Fruska_gora_02-1-755x500.jpg 755w\" sizes=\"auto, (max-width: 1600px) 100vw, 1600px\" \/><figcaption id=\"caption-attachment-58838\" class=\"wp-caption-text\">Fru\u0161ka Gora, foto: Epistola8, CC BY-SA 4.0 &lt;https:\/\/creativecommons.org\/licenses\/by-sa\/4.0&gt;, via Wikimedia Commons<\/figcaption><\/figure>\n<p>Ne jednom od planinskih oboda, sme\u0161tena je<a href=\"https:\/\/serbia.com\/srpski\/vrdnik-skriveni-biser-fruske-gore\/\"><strong> banja Vrdnik<\/strong><\/a> gde je na izvorima termomineralne vode izgra\u0111en savremeni centar za rehabilitaciju i rekreaciju. A severni obodi planine spu\u0161taju se ka Dunavu uz \u010diji se \u0161um ravnica lagano smiruje. Ba\u0161 u toj udolini izm\u0111u reke i planine, sme\u0161tena su dva divna grada: <a title=\"Novi Sad\" href=\"http:\/\/www.serbia.com\/srpski\/posetite-srbiju\/gradovi\/novi-sad\/\" target=\"_blank\" rel=\"noopener\">Novi Sad<\/a> i <a title=\"Sremski Karlovci, grad vina, duhovnosti i kulture\" href=\"http:\/\/www.serbia.com\/srpski\/posetite-srbiju\/gradovi\/sremski-karlovci-grad-vina-duhovnosti-i-kulture\/\" target=\"_blank\" rel=\"noopener\">Sremski Karlovci<\/a>.<\/p>\n<p>Ovu nisku planinu, krasi <strong>dvanest ve\u0161ta\u010dkih jezera<\/strong> a jedno od najlep\u0161ih, <strong>Ledni\u010dko<\/strong>, trenutno je isu\u0161eno, ali \u0107e se kroz nekoliko godina voda opet vratiti u jezero. Mnoga od ovih jezera su namenjena pecaro\u0161ima, a za kupanje su najpopularnija, <strong>Bruja<\/strong>, kod Erdevika, sa malom pla\u017eom, <a href=\"https:\/\/serbia.com\/srpski\/sotsko-jezero-skriveni-biser-fruske-gore\/\"><strong>Sot<\/strong><\/a>, koji osim pla\u017ee ima i ugostiteljske objekte i najure\u0111enije od svih, <strong>Borkova\u010dko<\/strong>, na samo 3 km od <a href=\"https:\/\/serbia.com\/srpski\/ruma-grad-koji-povezuje-vekove-ravnicu-i-duh-srema\/\"><strong>Rume<\/strong><\/a>.<\/p>\n<figure id=\"attachment_18423\" aria-describedby=\"caption-attachment-18423\" style=\"width: 800px\" class=\"wp-caption aligncenter\"><img loading=\"lazy\" decoding=\"async\" class=\"wp-image-18423\" src=\"http:\/\/www.serbia.com\/wp-content\/uploads\/2013\/06\/ledinacko-jezero1.jpg\" alt=\"ledinacko-jezero\" width=\"800\" height=\"601\" srcset=\"https:\/\/serbia.com\/wp-content\/uploads\/2013\/06\/ledinacko-jezero1.jpg 650w, https:\/\/serbia.com\/wp-content\/uploads\/2013\/06\/ledinacko-jezero1-300x225.jpg 300w\" sizes=\"auto, (max-width: 800px) 100vw, 800px\" \/><figcaption id=\"caption-attachment-18423\" class=\"wp-caption-text\">Ledni\u010dko jezero<\/figcaption><\/figure>\n<p><strong>Penu\u0161avi slapovi Dumbova\u010dkog vodopada jedini su na Fru\u0161koj gori<\/strong> i to na njenoj severnoj strani i predstavljaju oazu koja je stvarno vredna truda da se do nje do\u0111e. Nalazi se ispod Brankovca i beo\u010dinskih livada, a \u010dak i zimi kada ga niske temperature zalede, izgleda bo\u017eanstveno.<\/p>\n<p>U ovom prirodnom izobilju, koje je<strong> prvo u Srbiji progla\u0161eno za nacionalni park, jo\u0161 1960. godine<\/strong>, \u017eive retke vrste biljaka i \u017eivotinja. Ona je dom <strong>orla krsta\u0161a<\/strong>, najugro\u017eenije vrste sa Svetske crvene liste, a u \u0161umama se mo\u017ee prona\u0107i i <strong>30 retkih vrsta orhedija<\/strong> \u010diji je miris prava \u010darolija.<\/p>\n<p>A razlog tolikoj lepoti Fru\u0161ke gore u kojoj u\u017eivaju i ljudi i biljke i \u017eivotinje Sremci obja\u0161njavaju jednom prastarom legendom koja ka\u017ee da kada je Bog stvarao svet, Sremac uspavao i do\u0161ao je izvinjavaju\u0107i se tek sutra dan. Me\u0111utim, Bog je tada ve\u0107 sve podelio pa mu nije preostalo ni\u0161ta drugo nego da Sremcu ustupi deo raja. I zato je Srem rajska zemlja jer ima planinu, <a title=\"Dunav, mesto spajanja i razdvajanja\" href=\"http:\/\/www.serbia.com\/srpski\/posetite-srbiju\/prirodne-lepote\/reke-i-jezera\/dunav-mesto-spajanja-i-razdvajanja\/\" target=\"_blank\" rel=\"noopener\">Dunav<\/a> i <a title=\"Reka Sava, ispomo\u0107 Zevsu\" href=\"http:\/\/www.serbia.com\/srpski\/posetite-srbiju\/prirodne-lepote\/reke-i-jezera\/reka-sava-ispomoc-zevsu\/\" target=\"_blank\" rel=\"noopener\">Savu<\/a>, ravnicu, manastire, sve \u0161to se mo\u017ee po\u017eeleti u krugu od 20-ak kilometara.<\/p>\n<h4>Kako do\u0107i na Fru\u0161ku goru?<\/h4>\n<p>Mnogi putevi vode ka kraljici Panonske nizije koja se nalazi na 60 km udaljenosti od <a title=\"Beograd\" href=\"http:\/\/www.serbia.com\/srpski\/posetite-srbiju\/gradovi\/beograd\/\" target=\"_blank\" rel=\"noopener\">Beograda<\/a>, i na oko 10 km razdaljine od Novog Sada. Stari put izme\u0111u ova dva grada prolazi kroz Sremske Karlovce i prelazi isto\u010dni deo planine. Tako\u0111e postoji put koji kre\u0107e od Novog Sada, prolazi kroz Sremsku Kamenicu i ide do Iriga, velikog sela sa zapadne strane planine.<\/p>\n<p>Do Nacionalnog parka Fru\u0161ka gora najlak\u0161e se sti\u017ee nekim od mnogobrojnih prigradskih autobusa koji povezuju Novi Sad sa fru\u0161kogorskim selima. Autobusi saobracaju \u010desto tokom celog dana, a kre\u0107u sa glavne autobuske stanice. Tako da ako dolazite iz nekog drugog grada najbolje do\u0107i do Novog Sada, pa odatle uzeti autobus do dela Fru\u0161ke gore koji \u017eelite da obi\u0111ete.<\/p>\n<p>Od Sremskih Karlovaca mo\u017eete pro\u0161etati \u0161umskom stazom duga\u010dkom 800 metara do Stra\u017eilova.<\/p>\n<p>Bilo kojim vozom koji staje u Sremskim Karlovcima, mo\u017eete do Fru\u0161ke gore do\u0107i iz Beograda ili Novog Sada.<\/p>\n<h4>Kada ste ve\u0107 ovde, ne propustite&#8230;<\/h4>\n<p><strong>Kulturne rute <a title=\"Sremski Karlovci, grad vina, duhovnosti i kulture\" href=\"http:\/\/www.serbia.com\/srpski\/posetite-srbiju\/gradovi\/sremski-karlovci-grad-vina-duhovnosti-i-kulture\/\" target=\"_blank\" rel=\"noopener\">Sremskih Karlovaca<\/a><\/strong> i <a title=\"Novi Sad\" href=\"http:\/\/www.serbia.com\/srpski\/posetite-srbiju\/gradovi\/novi-sad\/\" target=\"_blank\" rel=\"noopener\"><strong>Novog Sada<\/strong><\/a>, kao ni <a title=\"Petrovaradinska tvr\u0111ava, Gibraltar na Dunavu\" href=\"http:\/\/www.serbia.com\/srpski\/posetite-srbiju\/kulturne-atrakcije\/dvorci-i-tvrdave\/petrovaradinska-tvrdava-gibraltar-na-dunavu\/\" target=\"_blank\" rel=\"noopener\"><strong>Petrovaradinsku tvr\u0111avu<\/strong><\/a>.<\/p>\n<p>Obi\u0111ite vinarije od kojih su najlep\u0161e sme\u0161tene u Sremskim Karlovcima. A ako se zateknete u ovom kraju krajem septembra veselite se u \u010dast vina na Karlova\u010dkom gro\u017e\u0111ebalu.<\/p>\n<p>U julu ne propustite <a title=\"EXIT festival, najbolji u regionu\" href=\"http:\/\/www.serbia.com\/srpski\/posetite-srbiju\/kulturne-atrakcije\/festivali-i-manifestacije\/exit-festival-najbolji-u-regionu\/\" target=\"_blank\" rel=\"noopener\"><strong>Exit<\/strong><\/a> u Novom Sadu, jedan od najpose\u0107enijih evropskih muzi\u010dkih festivala.<\/p>\n<p><strong>Ukoliko \u017eelite da obi\u0111ete Fru\u0161ku Goru, zaka\u017eite turu <a href=\"https:\/\/serbia.com\/tour\/novi-sad-fruska-gora-national-park\/\">OVDE.<\/a><\/strong><\/p>\n<p><strong>Ukoliko \u017eelite da u\u017eivate u fru\u0161kogorskim vinama, vinsku turu mo\u017eete zakazati <a href=\"https:\/\/serbia.com\/tour\/fruska-gora-wine-tour\/\">OVDE<\/a>.<\/strong><\/p>\n<p>Fotografije: Dragi\u0161a Savi\u0107\u00a0 www.naturefg.com<\/p>\n\n\n<p><\/p>\n","protected":false},"excerpt":{"rendered":"<p>Fru\u0161ka gora je jedno od najlep\u0161ih i najmirnijih mesta u Srbiji &#8211; planina poznata po manastirima, vinogradima i bogatoj prirodi. Nadomak Novog Sada, predstavlja savr\u0161en beg iz grada i spoj [&hellip;]<\/p>\n","protected":false},"author":27,"featured_media":32431,"parent":20463,"menu_order":0,"comment_status":"closed","ping_status":"closed","template":"","meta":{"_acf_changed":false,"inline_featured_image":false,"_monsterinsights_skip_tracking":false,"_monsterinsights_sitenote_active":false,"_monsterinsights_sitenote_note":"","_monsterinsights_sitenote_category":0,"footnotes":""},"categories":[1655],"tags":[],"class_list":["post-32439","page","type-page","status-publish","has-post-thumbnail","hentry","category-planine"],"acf":[],"yoast_head":"<!-- This site is optimized with the Yoast SEO plugin v27.4 - https:\/\/yoast.com\/product\/yoast-seo-wordpress\/ -->\n<title>Fru\u0161ka gora: Priroda, manastiri i vino u Srbiji<\/title>\n<meta name=\"description\" content=\"Otkrijte Fru\u0161ku goru - planinu poznatu po manastirima, vinogradima i prelepoj prirodi. Idealna za izlet ili vikend u prirodi.\" \/>\n<meta name=\"robots\" content=\"index, follow, max-snippet:-1, max-image-preview:large, max-video-preview:-1\" \/>\n<link rel=\"canonical\" href=\"https:\/\/serbia.com\/srpski\/posetite-srbiju\/prirodne-lepote\/planine\/fruska-gora-nekada-ostrvo-danas-planina\/\" \/>\n<meta property=\"og:locale\" content=\"en_US\" \/>\n<meta property=\"og:type\" content=\"article\" \/>\n<meta property=\"og:title\" content=\"Fru\u0161ka gora: Priroda, manastiri i vino u Srbiji\" \/>\n<meta property=\"og:description\" content=\"Otkrijte Fru\u0161ku goru - planinu poznatu po manastirima, vinogradima i prelepoj prirodi. Idealna za izlet ili vikend u prirodi.\" \/>\n<meta property=\"og:url\" content=\"https:\/\/serbia.com\/srpski\/posetite-srbiju\/prirodne-lepote\/planine\/fruska-gora-nekada-ostrvo-danas-planina\/\" \/>\n<meta property=\"og:site_name\" content=\"Serbia.com\" \/>\n<meta property=\"article:modified_time\" content=\"2026-03-23T22:36:03+00:00\" \/>\n<meta property=\"og:image\" content=\"https:\/\/serbia.com\/wp-content\/uploads\/2015\/05\/fruska111.jpg\" \/>\n\t<meta property=\"og:image:width\" content=\"1024\" \/>\n\t<meta property=\"og:image:height\" content=\"485\" \/>\n\t<meta property=\"og:image:type\" content=\"image\/jpeg\" \/>\n<meta name=\"twitter:label1\" content=\"Est. reading time\" \/>\n\t<meta name=\"twitter:data1\" content=\"5 minutes\" \/>\n<script type=\"application\/ld+json\" class=\"yoast-schema-graph\">{\"@context\":\"https:\\\/\\\/schema.org\",\"@graph\":[{\"@type\":\"WebPage\",\"@id\":\"https:\\\/\\\/serbia.com\\\/srpski\\\/posetite-srbiju\\\/prirodne-lepote\\\/planine\\\/fruska-gora-nekada-ostrvo-danas-planina\\\/\",\"url\":\"https:\\\/\\\/serbia.com\\\/srpski\\\/posetite-srbiju\\\/prirodne-lepote\\\/planine\\\/fruska-gora-nekada-ostrvo-danas-planina\\\/\",\"name\":\"Fru\u0161ka gora: Priroda, manastiri i vino u Srbiji\",\"isPartOf\":{\"@id\":\"https:\\\/\\\/serbia.com\\\/#website\"},\"primaryImageOfPage\":{\"@id\":\"https:\\\/\\\/serbia.com\\\/srpski\\\/posetite-srbiju\\\/prirodne-lepote\\\/planine\\\/fruska-gora-nekada-ostrvo-danas-planina\\\/#primaryimage\"},\"image\":{\"@id\":\"https:\\\/\\\/serbia.com\\\/srpski\\\/posetite-srbiju\\\/prirodne-lepote\\\/planine\\\/fruska-gora-nekada-ostrvo-danas-planina\\\/#primaryimage\"},\"thumbnailUrl\":\"https:\\\/\\\/serbia.com\\\/wp-content\\\/uploads\\\/2015\\\/05\\\/fruska111.jpg\",\"datePublished\":\"2015-05-21T12:01:47+00:00\",\"dateModified\":\"2026-03-23T22:36:03+00:00\",\"description\":\"Otkrijte Fru\u0161ku goru - planinu poznatu po manastirima, vinogradima i prelepoj prirodi. Idealna za izlet ili vikend u prirodi.\",\"breadcrumb\":{\"@id\":\"https:\\\/\\\/serbia.com\\\/srpski\\\/posetite-srbiju\\\/prirodne-lepote\\\/planine\\\/fruska-gora-nekada-ostrvo-danas-planina\\\/#breadcrumb\"},\"inLanguage\":\"srpski\",\"potentialAction\":[{\"@type\":\"ReadAction\",\"target\":[\"https:\\\/\\\/serbia.com\\\/srpski\\\/posetite-srbiju\\\/prirodne-lepote\\\/planine\\\/fruska-gora-nekada-ostrvo-danas-planina\\\/\"]}]},{\"@type\":\"ImageObject\",\"inLanguage\":\"srpski\",\"@id\":\"https:\\\/\\\/serbia.com\\\/srpski\\\/posetite-srbiju\\\/prirodne-lepote\\\/planine\\\/fruska-gora-nekada-ostrvo-danas-planina\\\/#primaryimage\",\"url\":\"https:\\\/\\\/serbia.com\\\/wp-content\\\/uploads\\\/2015\\\/05\\\/fruska111.jpg\",\"contentUrl\":\"https:\\\/\\\/serbia.com\\\/wp-content\\\/uploads\\\/2015\\\/05\\\/fruska111.jpg\",\"width\":1024,\"height\":485,\"caption\":\"Fru\u0161ka Gora\"},{\"@type\":\"BreadcrumbList\",\"@id\":\"https:\\\/\\\/serbia.com\\\/srpski\\\/posetite-srbiju\\\/prirodne-lepote\\\/planine\\\/fruska-gora-nekada-ostrvo-danas-planina\\\/#breadcrumb\",\"itemListElement\":[{\"@type\":\"ListItem\",\"position\":1,\"name\":\"Home\",\"item\":\"https:\\\/\\\/serbia.com\\\/srpski\\\/srbija\\\/\"},{\"@type\":\"ListItem\",\"position\":2,\"name\":\"Poseti Srbiju\",\"item\":\"https:\\\/\\\/serbia.com\\\/srpski\\\/posetite-srbiju\\\/\"},{\"@type\":\"ListItem\",\"position\":3,\"name\":\"Prirodne lepote\",\"item\":\"https:\\\/\\\/serbia.com\\\/srpski\\\/posetite-srbiju\\\/prirodne-lepote\\\/\"},{\"@type\":\"ListItem\",\"position\":4,\"name\":\"Planine\",\"item\":\"https:\\\/\\\/serbia.com\\\/srpski\\\/posetite-srbiju\\\/prirodne-lepote\\\/planine\\\/\"},{\"@type\":\"ListItem\",\"position\":5,\"name\":\"Fru\u0161ka gora &#8211; nekada ostrvo, danas planina\"}]},{\"@type\":\"WebSite\",\"@id\":\"https:\\\/\\\/serbia.com\\\/#website\",\"url\":\"https:\\\/\\\/serbia.com\\\/\",\"name\":\"Serbia.com\",\"description\":\"Your Gateway to Serbia\",\"potentialAction\":[{\"@type\":\"SearchAction\",\"target\":{\"@type\":\"EntryPoint\",\"urlTemplate\":\"https:\\\/\\\/serbia.com\\\/?s={search_term_string}\"},\"query-input\":{\"@type\":\"PropertyValueSpecification\",\"valueRequired\":true,\"valueName\":\"search_term_string\"}}],\"inLanguage\":\"srpski\"}]}<\/script>\n<!-- \/ Yoast SEO plugin. -->","yoast_head_json":{"title":"Fru\u0161ka gora: Priroda, manastiri i vino u Srbiji","description":"Otkrijte Fru\u0161ku goru - planinu poznatu po manastirima, vinogradima i prelepoj prirodi. Idealna za izlet ili vikend u prirodi.","robots":{"index":"index","follow":"follow","max-snippet":"max-snippet:-1","max-image-preview":"max-image-preview:large","max-video-preview":"max-video-preview:-1"},"canonical":"https:\/\/serbia.com\/srpski\/posetite-srbiju\/prirodne-lepote\/planine\/fruska-gora-nekada-ostrvo-danas-planina\/","og_locale":"en_US","og_type":"article","og_title":"Fru\u0161ka gora: Priroda, manastiri i vino u Srbiji","og_description":"Otkrijte Fru\u0161ku goru - planinu poznatu po manastirima, vinogradima i prelepoj prirodi. Idealna za izlet ili vikend u prirodi.","og_url":"https:\/\/serbia.com\/srpski\/posetite-srbiju\/prirodne-lepote\/planine\/fruska-gora-nekada-ostrvo-danas-planina\/","og_site_name":"Serbia.com","article_modified_time":"2026-03-23T22:36:03+00:00","og_image":[{"width":1024,"height":485,"url":"https:\/\/serbia.com\/wp-content\/uploads\/2015\/05\/fruska111.jpg","type":"image\/jpeg"}],"twitter_misc":{"Est. reading time":"5 minutes"},"schema":{"@context":"https:\/\/schema.org","@graph":[{"@type":"WebPage","@id":"https:\/\/serbia.com\/srpski\/posetite-srbiju\/prirodne-lepote\/planine\/fruska-gora-nekada-ostrvo-danas-planina\/","url":"https:\/\/serbia.com\/srpski\/posetite-srbiju\/prirodne-lepote\/planine\/fruska-gora-nekada-ostrvo-danas-planina\/","name":"Fru\u0161ka gora: Priroda, manastiri i vino u Srbiji","isPartOf":{"@id":"https:\/\/serbia.com\/#website"},"primaryImageOfPage":{"@id":"https:\/\/serbia.com\/srpski\/posetite-srbiju\/prirodne-lepote\/planine\/fruska-gora-nekada-ostrvo-danas-planina\/#primaryimage"},"image":{"@id":"https:\/\/serbia.com\/srpski\/posetite-srbiju\/prirodne-lepote\/planine\/fruska-gora-nekada-ostrvo-danas-planina\/#primaryimage"},"thumbnailUrl":"https:\/\/serbia.com\/wp-content\/uploads\/2015\/05\/fruska111.jpg","datePublished":"2015-05-21T12:01:47+00:00","dateModified":"2026-03-23T22:36:03+00:00","description":"Otkrijte Fru\u0161ku goru - planinu poznatu po manastirima, vinogradima i prelepoj prirodi. Idealna za izlet ili vikend u prirodi.","breadcrumb":{"@id":"https:\/\/serbia.com\/srpski\/posetite-srbiju\/prirodne-lepote\/planine\/fruska-gora-nekada-ostrvo-danas-planina\/#breadcrumb"},"inLanguage":"srpski","potentialAction":[{"@type":"ReadAction","target":["https:\/\/serbia.com\/srpski\/posetite-srbiju\/prirodne-lepote\/planine\/fruska-gora-nekada-ostrvo-danas-planina\/"]}]},{"@type":"ImageObject","inLanguage":"srpski","@id":"https:\/\/serbia.com\/srpski\/posetite-srbiju\/prirodne-lepote\/planine\/fruska-gora-nekada-ostrvo-danas-planina\/#primaryimage","url":"https:\/\/serbia.com\/wp-content\/uploads\/2015\/05\/fruska111.jpg","contentUrl":"https:\/\/serbia.com\/wp-content\/uploads\/2015\/05\/fruska111.jpg","width":1024,"height":485,"caption":"Fru\u0161ka Gora"},{"@type":"BreadcrumbList","@id":"https:\/\/serbia.com\/srpski\/posetite-srbiju\/prirodne-lepote\/planine\/fruska-gora-nekada-ostrvo-danas-planina\/#breadcrumb","itemListElement":[{"@type":"ListItem","position":1,"name":"Home","item":"https:\/\/serbia.com\/srpski\/srbija\/"},{"@type":"ListItem","position":2,"name":"Poseti Srbiju","item":"https:\/\/serbia.com\/srpski\/posetite-srbiju\/"},{"@type":"ListItem","position":3,"name":"Prirodne lepote","item":"https:\/\/serbia.com\/srpski\/posetite-srbiju\/prirodne-lepote\/"},{"@type":"ListItem","position":4,"name":"Planine","item":"https:\/\/serbia.com\/srpski\/posetite-srbiju\/prirodne-lepote\/planine\/"},{"@type":"ListItem","position":5,"name":"Fru\u0161ka gora &#8211; nekada ostrvo, danas planina"}]},{"@type":"WebSite","@id":"https:\/\/serbia.com\/#website","url":"https:\/\/serbia.com\/","name":"Serbia.com","description":"Your Gateway to Serbia","potentialAction":[{"@type":"SearchAction","target":{"@type":"EntryPoint","urlTemplate":"https:\/\/serbia.com\/?s={search_term_string}"},"query-input":{"@type":"PropertyValueSpecification","valueRequired":true,"valueName":"search_term_string"}}],"inLanguage":"srpski"}]}},"brizy_media":[],"_links":{"self":[{"href":"https:\/\/serbia.com\/srpski\/wp-json\/wp\/v2\/pages\/32439","targetHints":{"allow":["GET"]}}],"collection":[{"href":"https:\/\/serbia.com\/srpski\/wp-json\/wp\/v2\/pages"}],"about":[{"href":"https:\/\/serbia.com\/srpski\/wp-json\/wp\/v2\/types\/page"}],"author":[{"embeddable":true,"href":"https:\/\/serbia.com\/srpski\/wp-json\/wp\/v2\/users\/27"}],"replies":[{"embeddable":true,"href":"https:\/\/serbia.com\/srpski\/wp-json\/wp\/v2\/comments?post=32439"}],"version-history":[{"count":4,"href":"https:\/\/serbia.com\/srpski\/wp-json\/wp\/v2\/pages\/32439\/revisions"}],"predecessor-version":[{"id":66041,"href":"https:\/\/serbia.com\/srpski\/wp-json\/wp\/v2\/pages\/32439\/revisions\/66041"}],"up":[{"embeddable":true,"href":"https:\/\/serbia.com\/srpski\/wp-json\/wp\/v2\/pages\/20463"}],"wp:featuredmedia":[{"embeddable":true,"href":"https:\/\/serbia.com\/srpski\/wp-json\/wp\/v2\/media\/32431"}],"wp:attachment":[{"href":"https:\/\/serbia.com\/srpski\/wp-json\/wp\/v2\/media?parent=32439"}],"wp:term":[{"taxonomy":"category","embeddable":true,"href":"https:\/\/serbia.com\/srpski\/wp-json\/wp\/v2\/categories?post=32439"},{"taxonomy":"post_tag","embeddable":true,"href":"https:\/\/serbia.com\/srpski\/wp-json\/wp\/v2\/tags?post=32439"}],"curies":[{"name":"wp","href":"https:\/\/api.w.org\/{rel}","templated":true}]}}