{"id":32035,"date":"2015-05-14T13:30:57","date_gmt":"2015-05-14T11:30:57","guid":{"rendered":"http:\/\/www.serbia.com\/?page_id=32035"},"modified":"2015-08-10T14:29:11","modified_gmt":"2015-08-10T12:29:11","slug":"muzej-africke-umetnosti","status":"publish","type":"page","link":"https:\/\/serbia.com\/srpski\/posetite-srbiju\/kulturne-atrakcije\/muzeji\/muzej-africke-umetnosti\/","title":{"rendered":"Muzej afri\u010dke umetnosti"},"content":{"rendered":"<h4>Muzej afri\u010dke umetnosti u Beogradu jedina je institucija u region posve\u0107ena isklju\u010divo kulturi Afrike. Pored stalne postavke, u Muzeju se organizuju tematske izlo\u017ebe, predavanja, koncerti i pozori\u0161ne predstave koje predstavljaju najva\u017enije tekovine tradicionalne i savremene afri\u010dke umetnosti.<\/h4>\n<p>Ova, kako je mnogi nazivaju \u201cku\u0107a Afrike u Beogradu\u201d osnovana je 1977. godine na osnovu zbirke <strong>dr. Zdravka Pe\u010dara<\/strong> i <strong>Vede Zagorac<\/strong>, poznavalaca afri\u010dke kulture i strastvenih kolekcionara. Deo kolekcije koja je nastajala tokom dve decenije koje su proveli u Zapadnoj Africi, poklonili su Beogradu, a drugi deo, koji je u njihovom privatnom vlasni\u0161tvu, tako\u0111e je izlo\u017een u Muzeju.<\/p>\n<figure id=\"attachment_32030\" aria-describedby=\"caption-attachment-32030\" style=\"width: 225px\" class=\"wp-caption alignleft\"><img loading=\"lazy\" decoding=\"async\" class=\"wp-image-32030 size-medium\" src=\"http:\/\/www.serbia.com\/wp-content\/uploads\/2015\/05\/Mask_Dan-Ivory_Coast-225x300.jpg\" alt=\"Mask_Dan-Ivory_Coast\" width=\"225\" height=\"300\" srcset=\"https:\/\/serbia.com\/wp-content\/uploads\/2015\/05\/Mask_Dan-Ivory_Coast-225x300.jpg 225w, https:\/\/serbia.com\/wp-content\/uploads\/2015\/05\/Mask_Dan-Ivory_Coast.jpg 450w\" sizes=\"(max-width: 225px) 100vw, 225px\" \/><figcaption id=\"caption-attachment-32030\" class=\"wp-caption-text\">Mask Dan Ivory Coast<\/figcaption><\/figure>\n<p>Stalna postavka prikazuje umetni\u010dko nasle\u0111e sedela\u010dkih zajednica koje se bave zemljoradnjom i lovom. To su autenti\u010dni predmeti iz <strong>Malija<\/strong>, <strong>Senegala<\/strong>, <strong>Gvineje<\/strong>, <strong>Burkine Faso<\/strong>, <strong>Benina<\/strong>, <strong>Gane<\/strong>, <strong>Obale Slonova\u010de<\/strong>, <strong>Nigerije<\/strong>, <strong>Togoa<\/strong>, <strong>Kameruna<\/strong> i <strong>Konga<\/strong>, a pripadaju umetni\u010dkim tradicijama naroda: Bamana, Dogon, Kisi, Baga, Marka, Malinka, Bobo, Dan, Gere, Guro, Senufo, A\u0161anti, Eve, Baule, Fon, Joruba, Bamileke.<\/p>\n<p>U postavci su najvi\u0161e zastupljene<strong> maske<\/strong> i <strong>skulpture<\/strong> <strong>koje se smatraju klasi\u010dnim izrazom umetnosti zapadne Afrike<\/strong>, i \u010dine sastavni inventar religijskih, agrarnih i ostalih dru\u0161tvenih ceremonija. Izlo\u017eeni su i drugi kultni, magijski, ukrasni i upotrebni predmeti od drveta i bronze, zatim tekstil, keramika, figure ra\u0111ene u mekom kamenu (steatitu), kao i posebno atraktivni muzi\u010dki instrumenti.<\/p>\n<p>Osnovna kolekcija Muzeja je godinama oboga\u0107ivana otkupima i poklonima ne samo pojedina\u010dnih predmeta ve\u0107 i \u010ditavih zbirki, pa <strong>muzejska zbirka sada sadr\u017ei nekoliko hiljada autenti\u010dnih predmeta tradicionalne umetnosti zemalja zapadne, centralne i isto\u010dne Afrike.<\/strong><\/p>\n<p>Muzej afri\u010dke umetnosti na razli\u010dite na\u010dine prati i prezentuje afri\u010dku kulturu. U njemu se odr\u017eavaju predavanja, koncerti, knji\u017eevne ve\u010deri, bazari, umetni\u010dke radionice i dr. Jednom godi\u0161nje, u junu, u Muzeju se odr\u017eava <strong>Afro festival<\/strong> koji slavi afri\u010dku muziku, ples, umetnost i zanate.<\/p>\n<p><img loading=\"lazy\" decoding=\"async\" class=\"aligncenter size-full wp-image-32028\" src=\"http:\/\/www.serbia.com\/wp-content\/uploads\/2015\/05\/o_nama45.jpg\" alt=\"o_nama45\" width=\"640\" height=\"320\" srcset=\"https:\/\/serbia.com\/wp-content\/uploads\/2015\/05\/o_nama45.jpg 640w, https:\/\/serbia.com\/wp-content\/uploads\/2015\/05\/o_nama45-300x150.jpg 300w\" sizes=\"(max-width: 640px) 100vw, 640px\" \/><\/p>\n<p>Od 2006. godine u muzeju se odr\u017eava i program nazvan <strong>\u201eObojeni svet\u201d<\/strong> kojim se predstavljaju radovi afri\u010dkih umetnika.<\/p>\n<p>Radno vreme Muzeja je od 10h do 18h svim danima. Cena pojedina\u010dne ulaznice iznosi 150 dinara, a grupne 100 dinara.<\/p>\n<h4>Kako do\u0107i do Muzeja afri\u010dke umetnosti?<\/h4>\n<p>Na <strong>Top\u010didersko brdo<\/strong> je najlak\u0161e do\u0107i autobsom broj 44 koji polazi sa Dunav stanice, a saobra\u0107a ulicom Kneza Milo\u0161a koja se nalazi u centru grada. Najbli\u017ea Muzeju je prva stanica posle Top\u010diderske zvezde u ulici Vase Pelagi\u0107a. Sam Muzej se nalazi u ulici Andre Nikoli\u0107a br. 14.<\/p>\n<p>Fotografije: www.museumofafricanart.org[ultimate_spacer height=&#8221;30&#8243;][dt_fancy_title title=&#8221;Povezani \u010dlanci&#8221; title_align=&#8221;left&#8221; title_size=&#8221;normal&#8221; title_color=&#8221;accent&#8221; el_width=&#8221;100&#8243; title_bg=&#8221;disabled&#8221; separator_color=&#8221;default&#8221;][ultimate_spacer height=&#8221;30&#8243; height_on_tabs=&#8221;&#8221; height_on_tabs_portrait=&#8221;&#8221; height_on_mob_landscape=&#8221;&#8221; height_on_mob=&#8221;&#8221;]<\/p>\n","protected":false},"excerpt":{"rendered":"<p>Muzej afri\u010dke umetnosti u Beogradu jedina je institucija u region posve\u0107ena isklju\u010divo kulturi Afrike. Pored stalne postavke, u Muzeju se organizuju tematske izlo\u017ebe, predavanja, koncerti i pozori\u0161ne predstave koje predstavljaju [&hellip;]<\/p>\n","protected":false},"author":27,"featured_media":52800,"parent":20421,"menu_order":0,"comment_status":"closed","ping_status":"closed","template":"","meta":{"_acf_changed":false,"inline_featured_image":false,"_monsterinsights_skip_tracking":false,"_monsterinsights_sitenote_active":false,"_monsterinsights_sitenote_note":"","_monsterinsights_sitenote_category":0,"footnotes":""},"categories":[2833],"tags":[],"class_list":["post-32035","page","type-page","status-publish","has-post-thumbnail","hentry","category-muzeji"],"acf":[],"yoast_head":"<!-- This site is optimized with the Yoast SEO plugin v23.8 - https:\/\/yoast.com\/wordpress\/plugins\/seo\/ -->\n<title>Muzej afri\u010dke umetnosti - Serbia.com<\/title>\n<meta name=\"robots\" content=\"index, follow, max-snippet:-1, max-image-preview:large, max-video-preview:-1\" \/>\n<link rel=\"canonical\" href=\"https:\/\/serbia.com\/srpski\/posetite-srbiju\/kulturne-atrakcije\/muzeji\/muzej-africke-umetnosti\/\" \/>\n<meta property=\"og:locale\" content=\"en_US\" \/>\n<meta property=\"og:type\" content=\"article\" \/>\n<meta property=\"og:title\" content=\"Muzej afri\u010dke umetnosti - Serbia.com\" \/>\n<meta property=\"og:description\" content=\"Muzej afri\u010dke umetnosti u Beogradu jedina je institucija u region posve\u0107ena isklju\u010divo kulturi Afrike. Pored stalne postavke, u Muzeju se organizuju tematske izlo\u017ebe, predavanja, koncerti i pozori\u0161ne predstave koje predstavljaju [&hellip;]\" \/>\n<meta property=\"og:url\" content=\"https:\/\/serbia.com\/srpski\/posetite-srbiju\/kulturne-atrakcije\/muzeji\/muzej-africke-umetnosti\/\" \/>\n<meta property=\"og:site_name\" content=\"Serbia.com\" \/>\n<meta property=\"article:modified_time\" content=\"2015-08-10T12:29:11+00:00\" \/>\n<meta property=\"og:image\" content=\"https:\/\/serbia.com\/wp-content\/uploads\/2024\/05\/118616230_6.jpg\" \/>\n\t<meta property=\"og:image:width\" content=\"976\" \/>\n\t<meta property=\"og:image:height\" content=\"549\" \/>\n\t<meta property=\"og:image:type\" content=\"image\/jpeg\" \/>\n<meta name=\"twitter:label1\" content=\"Est. reading time\" \/>\n\t<meta name=\"twitter:data1\" content=\"2 minutes\" \/>\n<script type=\"application\/ld+json\" class=\"yoast-schema-graph\">{\"@context\":\"https:\/\/schema.org\",\"@graph\":[{\"@type\":\"WebPage\",\"@id\":\"https:\/\/serbia.com\/srpski\/posetite-srbiju\/kulturne-atrakcije\/muzeji\/muzej-africke-umetnosti\/\",\"url\":\"https:\/\/serbia.com\/srpski\/posetite-srbiju\/kulturne-atrakcije\/muzeji\/muzej-africke-umetnosti\/\",\"name\":\"Muzej afri\u010dke umetnosti - Serbia.com\",\"isPartOf\":{\"@id\":\"https:\/\/serbia.com\/#website\"},\"primaryImageOfPage\":{\"@id\":\"https:\/\/serbia.com\/srpski\/posetite-srbiju\/kulturne-atrakcije\/muzeji\/muzej-africke-umetnosti\/#primaryimage\"},\"image\":{\"@id\":\"https:\/\/serbia.com\/srpski\/posetite-srbiju\/kulturne-atrakcije\/muzeji\/muzej-africke-umetnosti\/#primaryimage\"},\"thumbnailUrl\":\"https:\/\/serbia.com\/wp-content\/uploads\/2024\/05\/118616230_6.jpg\",\"datePublished\":\"2015-05-14T11:30:57+00:00\",\"dateModified\":\"2015-08-10T12:29:11+00:00\",\"breadcrumb\":{\"@id\":\"https:\/\/serbia.com\/srpski\/posetite-srbiju\/kulturne-atrakcije\/muzeji\/muzej-africke-umetnosti\/#breadcrumb\"},\"inLanguage\":\"srpski\",\"potentialAction\":[{\"@type\":\"ReadAction\",\"target\":[\"https:\/\/serbia.com\/srpski\/posetite-srbiju\/kulturne-atrakcije\/muzeji\/muzej-africke-umetnosti\/\"]}]},{\"@type\":\"ImageObject\",\"inLanguage\":\"srpski\",\"@id\":\"https:\/\/serbia.com\/srpski\/posetite-srbiju\/kulturne-atrakcije\/muzeji\/muzej-africke-umetnosti\/#primaryimage\",\"url\":\"https:\/\/serbia.com\/wp-content\/uploads\/2024\/05\/118616230_6.jpg\",\"contentUrl\":\"https:\/\/serbia.com\/wp-content\/uploads\/2024\/05\/118616230_6.jpg\",\"width\":976,\"height\":549},{\"@type\":\"BreadcrumbList\",\"@id\":\"https:\/\/serbia.com\/srpski\/posetite-srbiju\/kulturne-atrakcije\/muzeji\/muzej-africke-umetnosti\/#breadcrumb\",\"itemListElement\":[{\"@type\":\"ListItem\",\"position\":1,\"name\":\"Home\",\"item\":\"https:\/\/serbia.com\/srpski\/\"},{\"@type\":\"ListItem\",\"position\":2,\"name\":\"Poseti Srbiju\",\"item\":\"https:\/\/serbia.com\/srpski\/posetite-srbiju\/\"},{\"@type\":\"ListItem\",\"position\":3,\"name\":\"Kulturne atrakcije\",\"item\":\"https:\/\/serbia.com\/srpski\/posetite-srbiju\/kulturne-atrakcije\/\"},{\"@type\":\"ListItem\",\"position\":4,\"name\":\"Muzeji\",\"item\":\"https:\/\/serbia.com\/srpski\/posetite-srbiju\/kulturne-atrakcije\/muzeji\/\"},{\"@type\":\"ListItem\",\"position\":5,\"name\":\"Muzej afri\u010dke umetnosti\"}]},{\"@type\":\"WebSite\",\"@id\":\"https:\/\/serbia.com\/#website\",\"url\":\"https:\/\/serbia.com\/\",\"name\":\"Serbia.com\",\"description\":\"Your Gateway to Serbia\",\"potentialAction\":[{\"@type\":\"SearchAction\",\"target\":{\"@type\":\"EntryPoint\",\"urlTemplate\":\"https:\/\/serbia.com\/?s={search_term_string}\"},\"query-input\":{\"@type\":\"PropertyValueSpecification\",\"valueRequired\":true,\"valueName\":\"search_term_string\"}}],\"inLanguage\":\"srpski\"}]}<\/script>\n<!-- \/ Yoast SEO plugin. -->","yoast_head_json":{"title":"Muzej afri\u010dke umetnosti - Serbia.com","robots":{"index":"index","follow":"follow","max-snippet":"max-snippet:-1","max-image-preview":"max-image-preview:large","max-video-preview":"max-video-preview:-1"},"canonical":"https:\/\/serbia.com\/srpski\/posetite-srbiju\/kulturne-atrakcije\/muzeji\/muzej-africke-umetnosti\/","og_locale":"en_US","og_type":"article","og_title":"Muzej afri\u010dke umetnosti - Serbia.com","og_description":"Muzej afri\u010dke umetnosti u Beogradu jedina je institucija u region posve\u0107ena isklju\u010divo kulturi Afrike. Pored stalne postavke, u Muzeju se organizuju tematske izlo\u017ebe, predavanja, koncerti i pozori\u0161ne predstave koje predstavljaju [&hellip;]","og_url":"https:\/\/serbia.com\/srpski\/posetite-srbiju\/kulturne-atrakcije\/muzeji\/muzej-africke-umetnosti\/","og_site_name":"Serbia.com","article_modified_time":"2015-08-10T12:29:11+00:00","og_image":[{"width":976,"height":549,"url":"https:\/\/serbia.com\/wp-content\/uploads\/2024\/05\/118616230_6.jpg","type":"image\/jpeg"}],"twitter_misc":{"Est. reading time":"2 minutes"},"schema":{"@context":"https:\/\/schema.org","@graph":[{"@type":"WebPage","@id":"https:\/\/serbia.com\/srpski\/posetite-srbiju\/kulturne-atrakcije\/muzeji\/muzej-africke-umetnosti\/","url":"https:\/\/serbia.com\/srpski\/posetite-srbiju\/kulturne-atrakcije\/muzeji\/muzej-africke-umetnosti\/","name":"Muzej afri\u010dke umetnosti - Serbia.com","isPartOf":{"@id":"https:\/\/serbia.com\/#website"},"primaryImageOfPage":{"@id":"https:\/\/serbia.com\/srpski\/posetite-srbiju\/kulturne-atrakcije\/muzeji\/muzej-africke-umetnosti\/#primaryimage"},"image":{"@id":"https:\/\/serbia.com\/srpski\/posetite-srbiju\/kulturne-atrakcije\/muzeji\/muzej-africke-umetnosti\/#primaryimage"},"thumbnailUrl":"https:\/\/serbia.com\/wp-content\/uploads\/2024\/05\/118616230_6.jpg","datePublished":"2015-05-14T11:30:57+00:00","dateModified":"2015-08-10T12:29:11+00:00","breadcrumb":{"@id":"https:\/\/serbia.com\/srpski\/posetite-srbiju\/kulturne-atrakcije\/muzeji\/muzej-africke-umetnosti\/#breadcrumb"},"inLanguage":"srpski","potentialAction":[{"@type":"ReadAction","target":["https:\/\/serbia.com\/srpski\/posetite-srbiju\/kulturne-atrakcije\/muzeji\/muzej-africke-umetnosti\/"]}]},{"@type":"ImageObject","inLanguage":"srpski","@id":"https:\/\/serbia.com\/srpski\/posetite-srbiju\/kulturne-atrakcije\/muzeji\/muzej-africke-umetnosti\/#primaryimage","url":"https:\/\/serbia.com\/wp-content\/uploads\/2024\/05\/118616230_6.jpg","contentUrl":"https:\/\/serbia.com\/wp-content\/uploads\/2024\/05\/118616230_6.jpg","width":976,"height":549},{"@type":"BreadcrumbList","@id":"https:\/\/serbia.com\/srpski\/posetite-srbiju\/kulturne-atrakcije\/muzeji\/muzej-africke-umetnosti\/#breadcrumb","itemListElement":[{"@type":"ListItem","position":1,"name":"Home","item":"https:\/\/serbia.com\/srpski\/"},{"@type":"ListItem","position":2,"name":"Poseti Srbiju","item":"https:\/\/serbia.com\/srpski\/posetite-srbiju\/"},{"@type":"ListItem","position":3,"name":"Kulturne atrakcije","item":"https:\/\/serbia.com\/srpski\/posetite-srbiju\/kulturne-atrakcije\/"},{"@type":"ListItem","position":4,"name":"Muzeji","item":"https:\/\/serbia.com\/srpski\/posetite-srbiju\/kulturne-atrakcije\/muzeji\/"},{"@type":"ListItem","position":5,"name":"Muzej afri\u010dke umetnosti"}]},{"@type":"WebSite","@id":"https:\/\/serbia.com\/#website","url":"https:\/\/serbia.com\/","name":"Serbia.com","description":"Your Gateway to Serbia","potentialAction":[{"@type":"SearchAction","target":{"@type":"EntryPoint","urlTemplate":"https:\/\/serbia.com\/?s={search_term_string}"},"query-input":{"@type":"PropertyValueSpecification","valueRequired":true,"valueName":"search_term_string"}}],"inLanguage":"srpski"}]}},"_links":{"self":[{"href":"https:\/\/serbia.com\/srpski\/wp-json\/wp\/v2\/pages\/32035"}],"collection":[{"href":"https:\/\/serbia.com\/srpski\/wp-json\/wp\/v2\/pages"}],"about":[{"href":"https:\/\/serbia.com\/srpski\/wp-json\/wp\/v2\/types\/page"}],"author":[{"embeddable":true,"href":"https:\/\/serbia.com\/srpski\/wp-json\/wp\/v2\/users\/27"}],"replies":[{"embeddable":true,"href":"https:\/\/serbia.com\/srpski\/wp-json\/wp\/v2\/comments?post=32035"}],"version-history":[{"count":0,"href":"https:\/\/serbia.com\/srpski\/wp-json\/wp\/v2\/pages\/32035\/revisions"}],"up":[{"embeddable":true,"href":"https:\/\/serbia.com\/srpski\/wp-json\/wp\/v2\/pages\/20421"}],"wp:featuredmedia":[{"embeddable":true,"href":"https:\/\/serbia.com\/srpski\/wp-json\/wp\/v2\/media\/52800"}],"wp:attachment":[{"href":"https:\/\/serbia.com\/srpski\/wp-json\/wp\/v2\/media?parent=32035"}],"wp:term":[{"taxonomy":"category","embeddable":true,"href":"https:\/\/serbia.com\/srpski\/wp-json\/wp\/v2\/categories?post=32035"},{"taxonomy":"post_tag","embeddable":true,"href":"https:\/\/serbia.com\/srpski\/wp-json\/wp\/v2\/tags?post=32035"}],"curies":[{"name":"wp","href":"https:\/\/api.w.org\/{rel}","templated":true}]}}