{"id":31732,"date":"2015-05-11T15:16:44","date_gmt":"2015-05-11T13:16:44","guid":{"rendered":"http:\/\/www.serbia.com\/?page_id=31732"},"modified":"2024-10-01T11:53:48","modified_gmt":"2024-10-01T09:53:48","slug":"karadordev-konak-i-crkva-na-oplencu","status":"publish","type":"page","link":"https:\/\/serbia.com\/srpski\/posetite-srbiju\/kulturne-atrakcije\/manastiri-i-crkve\/karadordev-konak-i-crkva-na-oplencu\/","title":{"rendered":"Kara\u0111or\u0111ev konak i crkva na Oplencu"},"content":{"rendered":"<h4>Zvona male, skromne, rusti\u010dne Kara\u0111or\u0111eve crkve sa jednim od najlep\u0161ih duboreznih ikonostasa, prva su koja su oglasila oslobo\u0111enje Srbije od vi\u0161evekovnog turskog ropstva. Uz crkvu, Kara\u0111or\u0111e je u podno\u017eju Oplenca podigao \u010ditav utvr\u0111eni grad od koga su danas kao nemi svedoci postojanja ovog grada ostali kula sa konakom i crkveni zvonik.<\/h4>\n<p>Nekada utvr\u0111eni grad opasan velikim pravougaonim kamenim zidinama i kulama, danas izgleda vi\u0161e kao jedno prostrano dvori\u0161te sa konakom i crkvom. Duh borbe, zamisao i \u017eelja naroda i njegovog vo\u0111e je ono \u0161to i danas \u010dini ovaj grad jakim i mo\u0107nim. Stari beli kamen od koga je zidan, kao i trem oiv\u010den lukovima daju posebnu \u010dar i toplinu ovoj staroj gra\u0111evini.<\/p>\n<p>Konak je 1811. godine imao sedam soba, trpezariju, prostoriju u kojoj se dr\u017eala oprema za konje i bio je povezan sa jugozapadnom gradskom kulom, u \u010dijim su se zidovima debelim 1,5 metar dr\u017eali otvori za pu\u0161karnice. Iako nije bio pismen, Kara\u0111or\u0111e je iznad svega uva\u017eavao \u0161kolovane ljude, pa je razumljivo \u0161to je u svom prestonom gradu podigao i \u0161kolu. Zajedno se ve\u0107im delom grada, \u0161kola je sru\u0161ena a pretpostavlja se da se nalazila u crkvenom dvori\u0161tu.<\/p>\n<p><strong>Sa\u010duvani deo konaka danas pru\u017ea jedinstvenu mogu\u0107nost posetiocima da razgledaju predmete, dokumente, relikvije i slike iz \u017eivota Kara\u0111or\u0111a<\/strong>, u ambijentu u kome je Vo\u017ed \u017eiveo i radio. Posebnu dragocenost ovog prostora \u010dini i \u010duveni <strong>Kara\u0111or\u0111ev top<\/strong>, koji je dobio ime po turskoj re\u010di aberdar, \u0161to zna\u010di glasnik. Kara\u0111or\u0111e ga je koristio kako bi obave\u0161tavao narod o va\u017enim doga\u0111ajima, a zanimjivost je da danas na topu nedostaje desna ru\u010dka, koja je odlomljena kako bi se od nje na\u010dinila kruna kojom je 1905.godine krunisam <a title=\"Petar I Kara\u0111or\u0111evi\u0107, kralj koji je \u017eiveo samo od plate\" href=\"http:\/\/www.serbia.com\/srpski\/seljacke-carape-kralja-srbije-2\/\" target=\"_blank\" rel=\"noopener\">kralj Petar I<\/a>.<\/p>\n<p>Uz konak posebno mesto u Kara\u0111or\u0111evom gradu, zauzima i <strong>crkva Presvete Bogorodice ili Kara\u0111or\u0111eva crkva<\/strong>. Ova jednobrodna gra\u0111evina, podignuta 1811. godine oli\u010denje je umetnosti, duhovnosti i tradicionalnosti. Svaki detalj u ovoj crkvi odi\u0161e skromno\u0161\u0107u i toplinom, a njena zvona su se prva oglasila u oslobo\u0111enoj Srbiji. Posebni dragulj ove crkve \u010dini velelepni ikonostas u duborezu sa ma\u0161tovitim prepletima i kopijama srednjovekovnih ikona.<\/p>\n<p>Kara\u0111or\u0111ev konak i crkva jesu svojevrstan istorijski spomenik i dokaz burnih doga\u0111aja u Topolskom kraju, ali i kulturna i dru\u0161tvena znamenitost koja svojom lepotom i skromno\u0161\u0107u, kao kontrast veli\u010danstvenoj <a title=\"Crkva Sv. \u0110or\u0111a na Oplencu\" href=\"http:\/\/www.serbia.com\/srpski\/posetite-srbiju\/kulturne-atrakcije\/manastiri-i-crkve\/crkva-sv-dorda-na-oplencu\/\" target=\"_blank\" rel=\"noopener\">Crkvi Sv. \u0110or\u0111a<\/a>,\u00a0 zadivljuje i pleni posetioce <a title=\"Oplenac, plodno brdo srpske istorije\" href=\"http:\/\/www.serbia.com\/srpski\/posetite-srbiju\/prirodne-lepote\/jedinstvena-priroda\/oplenac-a-fertile-hillside-of-a-serbian-history\/\" target=\"_blank\" rel=\"noopener\">Oplenca<\/a>.<\/p>\n","protected":false},"excerpt":{"rendered":"<p>Zvona male, skromne, rusti\u010dne Kara\u0111or\u0111eve crkve sa jednim od najlep\u0161ih duboreznih ikonostasa, prva su koja su oglasila oslobo\u0111enje Srbije od vi\u0161evekovnog turskog ropstva. Uz crkvu, Kara\u0111or\u0111e je u podno\u017eju Oplenca [&hellip;]<\/p>\n","protected":false},"author":27,"featured_media":31729,"parent":20454,"menu_order":0,"comment_status":"closed","ping_status":"closed","template":"","meta":{"_acf_changed":false,"inline_featured_image":false,"_monsterinsights_skip_tracking":false,"_monsterinsights_sitenote_active":false,"_monsterinsights_sitenote_note":"","_monsterinsights_sitenote_category":0,"footnotes":""},"categories":[1667],"tags":[],"class_list":["post-31732","page","type-page","status-publish","has-post-thumbnail","hentry","category-manastiri-crkve-kulturne-atrakcije-sta-posetiti"],"acf":[],"yoast_head":"<!-- This site is optimized with the Yoast SEO plugin v27.4 - https:\/\/yoast.com\/product\/yoast-seo-wordpress\/ -->\n<title>Kara\u0111or\u0111ev konak i crkva na Oplencu - Serbia.com<\/title>\n<meta name=\"robots\" content=\"index, follow, max-snippet:-1, max-image-preview:large, max-video-preview:-1\" \/>\n<link rel=\"canonical\" href=\"https:\/\/serbia.com\/srpski\/posetite-srbiju\/kulturne-atrakcije\/manastiri-i-crkve\/karadordev-konak-i-crkva-na-oplencu\/\" \/>\n<meta property=\"og:locale\" content=\"en_US\" \/>\n<meta property=\"og:type\" content=\"article\" \/>\n<meta property=\"og:title\" content=\"Kara\u0111or\u0111ev konak i crkva na Oplencu - Serbia.com\" \/>\n<meta property=\"og:description\" content=\"Zvona male, skromne, rusti\u010dne Kara\u0111or\u0111eve crkve sa jednim od najlep\u0161ih duboreznih ikonostasa, prva su koja su oglasila oslobo\u0111enje Srbije od vi\u0161evekovnog turskog ropstva. Uz crkvu, Kara\u0111or\u0111e je u podno\u017eju Oplenca [&hellip;]\" \/>\n<meta property=\"og:url\" content=\"https:\/\/serbia.com\/srpski\/posetite-srbiju\/kulturne-atrakcije\/manastiri-i-crkve\/karadordev-konak-i-crkva-na-oplencu\/\" \/>\n<meta property=\"og:site_name\" content=\"Serbia.com\" \/>\n<meta property=\"article:modified_time\" content=\"2024-10-01T09:53:48+00:00\" \/>\n<meta property=\"og:image\" content=\"https:\/\/serbia.com\/wp-content\/uploads\/2015\/05\/karadjordjeva-crkva1.jpg\" \/>\n\t<meta property=\"og:image:width\" content=\"1600\" \/>\n\t<meta property=\"og:image:height\" content=\"777\" \/>\n\t<meta property=\"og:image:type\" content=\"image\/jpeg\" \/>\n<meta name=\"twitter:label1\" content=\"Est. reading time\" \/>\n\t<meta name=\"twitter:data1\" content=\"2 minutes\" \/>\n<script type=\"application\/ld+json\" class=\"yoast-schema-graph\">{\"@context\":\"https:\\\/\\\/schema.org\",\"@graph\":[{\"@type\":\"WebPage\",\"@id\":\"https:\\\/\\\/serbia.com\\\/srpski\\\/posetite-srbiju\\\/kulturne-atrakcije\\\/manastiri-i-crkve\\\/karadordev-konak-i-crkva-na-oplencu\\\/\",\"url\":\"https:\\\/\\\/serbia.com\\\/srpski\\\/posetite-srbiju\\\/kulturne-atrakcije\\\/manastiri-i-crkve\\\/karadordev-konak-i-crkva-na-oplencu\\\/\",\"name\":\"Kara\u0111or\u0111ev konak i crkva na Oplencu - Serbia.com\",\"isPartOf\":{\"@id\":\"https:\\\/\\\/serbia.com\\\/#website\"},\"primaryImageOfPage\":{\"@id\":\"https:\\\/\\\/serbia.com\\\/srpski\\\/posetite-srbiju\\\/kulturne-atrakcije\\\/manastiri-i-crkve\\\/karadordev-konak-i-crkva-na-oplencu\\\/#primaryimage\"},\"image\":{\"@id\":\"https:\\\/\\\/serbia.com\\\/srpski\\\/posetite-srbiju\\\/kulturne-atrakcije\\\/manastiri-i-crkve\\\/karadordev-konak-i-crkva-na-oplencu\\\/#primaryimage\"},\"thumbnailUrl\":\"https:\\\/\\\/serbia.com\\\/wp-content\\\/uploads\\\/2015\\\/05\\\/karadjordjeva-crkva1.jpg\",\"datePublished\":\"2015-05-11T13:16:44+00:00\",\"dateModified\":\"2024-10-01T09:53:48+00:00\",\"breadcrumb\":{\"@id\":\"https:\\\/\\\/serbia.com\\\/srpski\\\/posetite-srbiju\\\/kulturne-atrakcije\\\/manastiri-i-crkve\\\/karadordev-konak-i-crkva-na-oplencu\\\/#breadcrumb\"},\"inLanguage\":\"srpski\",\"potentialAction\":[{\"@type\":\"ReadAction\",\"target\":[\"https:\\\/\\\/serbia.com\\\/srpski\\\/posetite-srbiju\\\/kulturne-atrakcije\\\/manastiri-i-crkve\\\/karadordev-konak-i-crkva-na-oplencu\\\/\"]}]},{\"@type\":\"ImageObject\",\"inLanguage\":\"srpski\",\"@id\":\"https:\\\/\\\/serbia.com\\\/srpski\\\/posetite-srbiju\\\/kulturne-atrakcije\\\/manastiri-i-crkve\\\/karadordev-konak-i-crkva-na-oplencu\\\/#primaryimage\",\"url\":\"https:\\\/\\\/serbia.com\\\/wp-content\\\/uploads\\\/2015\\\/05\\\/karadjordjeva-crkva1.jpg\",\"contentUrl\":\"https:\\\/\\\/serbia.com\\\/wp-content\\\/uploads\\\/2015\\\/05\\\/karadjordjeva-crkva1.jpg\",\"width\":1600,\"height\":777},{\"@type\":\"BreadcrumbList\",\"@id\":\"https:\\\/\\\/serbia.com\\\/srpski\\\/posetite-srbiju\\\/kulturne-atrakcije\\\/manastiri-i-crkve\\\/karadordev-konak-i-crkva-na-oplencu\\\/#breadcrumb\",\"itemListElement\":[{\"@type\":\"ListItem\",\"position\":1,\"name\":\"Home\",\"item\":\"https:\\\/\\\/serbia.com\\\/srpski\\\/\"},{\"@type\":\"ListItem\",\"position\":2,\"name\":\"Poseti Srbiju\",\"item\":\"https:\\\/\\\/serbia.com\\\/srpski\\\/posetite-srbiju\\\/\"},{\"@type\":\"ListItem\",\"position\":3,\"name\":\"Kulturne atrakcije\",\"item\":\"https:\\\/\\\/serbia.com\\\/srpski\\\/posetite-srbiju\\\/kulturne-atrakcije\\\/\"},{\"@type\":\"ListItem\",\"position\":4,\"name\":\"Manastiri i crkve\",\"item\":\"https:\\\/\\\/serbia.com\\\/srpski\\\/posetite-srbiju\\\/kulturne-atrakcije\\\/manastiri-i-crkve\\\/\"},{\"@type\":\"ListItem\",\"position\":5,\"name\":\"Kara\u0111or\u0111ev konak i crkva na Oplencu\"}]},{\"@type\":\"WebSite\",\"@id\":\"https:\\\/\\\/serbia.com\\\/#website\",\"url\":\"https:\\\/\\\/serbia.com\\\/\",\"name\":\"Serbia.com\",\"description\":\"Your Gateway to Serbia\",\"potentialAction\":[{\"@type\":\"SearchAction\",\"target\":{\"@type\":\"EntryPoint\",\"urlTemplate\":\"https:\\\/\\\/serbia.com\\\/?s={search_term_string}\"},\"query-input\":{\"@type\":\"PropertyValueSpecification\",\"valueRequired\":true,\"valueName\":\"search_term_string\"}}],\"inLanguage\":\"srpski\"}]}<\/script>\n<!-- \/ Yoast SEO plugin. -->","yoast_head_json":{"title":"Kara\u0111or\u0111ev konak i crkva na Oplencu - Serbia.com","robots":{"index":"index","follow":"follow","max-snippet":"max-snippet:-1","max-image-preview":"max-image-preview:large","max-video-preview":"max-video-preview:-1"},"canonical":"https:\/\/serbia.com\/srpski\/posetite-srbiju\/kulturne-atrakcije\/manastiri-i-crkve\/karadordev-konak-i-crkva-na-oplencu\/","og_locale":"en_US","og_type":"article","og_title":"Kara\u0111or\u0111ev konak i crkva na Oplencu - Serbia.com","og_description":"Zvona male, skromne, rusti\u010dne Kara\u0111or\u0111eve crkve sa jednim od najlep\u0161ih duboreznih ikonostasa, prva su koja su oglasila oslobo\u0111enje Srbije od vi\u0161evekovnog turskog ropstva. Uz crkvu, Kara\u0111or\u0111e je u podno\u017eju Oplenca [&hellip;]","og_url":"https:\/\/serbia.com\/srpski\/posetite-srbiju\/kulturne-atrakcije\/manastiri-i-crkve\/karadordev-konak-i-crkva-na-oplencu\/","og_site_name":"Serbia.com","article_modified_time":"2024-10-01T09:53:48+00:00","og_image":[{"width":1600,"height":777,"url":"https:\/\/serbia.com\/wp-content\/uploads\/2015\/05\/karadjordjeva-crkva1.jpg","type":"image\/jpeg"}],"twitter_misc":{"Est. reading time":"2 minutes"},"schema":{"@context":"https:\/\/schema.org","@graph":[{"@type":"WebPage","@id":"https:\/\/serbia.com\/srpski\/posetite-srbiju\/kulturne-atrakcije\/manastiri-i-crkve\/karadordev-konak-i-crkva-na-oplencu\/","url":"https:\/\/serbia.com\/srpski\/posetite-srbiju\/kulturne-atrakcije\/manastiri-i-crkve\/karadordev-konak-i-crkva-na-oplencu\/","name":"Kara\u0111or\u0111ev konak i crkva na Oplencu - Serbia.com","isPartOf":{"@id":"https:\/\/serbia.com\/#website"},"primaryImageOfPage":{"@id":"https:\/\/serbia.com\/srpski\/posetite-srbiju\/kulturne-atrakcije\/manastiri-i-crkve\/karadordev-konak-i-crkva-na-oplencu\/#primaryimage"},"image":{"@id":"https:\/\/serbia.com\/srpski\/posetite-srbiju\/kulturne-atrakcije\/manastiri-i-crkve\/karadordev-konak-i-crkva-na-oplencu\/#primaryimage"},"thumbnailUrl":"https:\/\/serbia.com\/wp-content\/uploads\/2015\/05\/karadjordjeva-crkva1.jpg","datePublished":"2015-05-11T13:16:44+00:00","dateModified":"2024-10-01T09:53:48+00:00","breadcrumb":{"@id":"https:\/\/serbia.com\/srpski\/posetite-srbiju\/kulturne-atrakcije\/manastiri-i-crkve\/karadordev-konak-i-crkva-na-oplencu\/#breadcrumb"},"inLanguage":"srpski","potentialAction":[{"@type":"ReadAction","target":["https:\/\/serbia.com\/srpski\/posetite-srbiju\/kulturne-atrakcije\/manastiri-i-crkve\/karadordev-konak-i-crkva-na-oplencu\/"]}]},{"@type":"ImageObject","inLanguage":"srpski","@id":"https:\/\/serbia.com\/srpski\/posetite-srbiju\/kulturne-atrakcije\/manastiri-i-crkve\/karadordev-konak-i-crkva-na-oplencu\/#primaryimage","url":"https:\/\/serbia.com\/wp-content\/uploads\/2015\/05\/karadjordjeva-crkva1.jpg","contentUrl":"https:\/\/serbia.com\/wp-content\/uploads\/2015\/05\/karadjordjeva-crkva1.jpg","width":1600,"height":777},{"@type":"BreadcrumbList","@id":"https:\/\/serbia.com\/srpski\/posetite-srbiju\/kulturne-atrakcije\/manastiri-i-crkve\/karadordev-konak-i-crkva-na-oplencu\/#breadcrumb","itemListElement":[{"@type":"ListItem","position":1,"name":"Home","item":"https:\/\/serbia.com\/srpski\/"},{"@type":"ListItem","position":2,"name":"Poseti Srbiju","item":"https:\/\/serbia.com\/srpski\/posetite-srbiju\/"},{"@type":"ListItem","position":3,"name":"Kulturne atrakcije","item":"https:\/\/serbia.com\/srpski\/posetite-srbiju\/kulturne-atrakcije\/"},{"@type":"ListItem","position":4,"name":"Manastiri i crkve","item":"https:\/\/serbia.com\/srpski\/posetite-srbiju\/kulturne-atrakcije\/manastiri-i-crkve\/"},{"@type":"ListItem","position":5,"name":"Kara\u0111or\u0111ev konak i crkva na Oplencu"}]},{"@type":"WebSite","@id":"https:\/\/serbia.com\/#website","url":"https:\/\/serbia.com\/","name":"Serbia.com","description":"Your Gateway to Serbia","potentialAction":[{"@type":"SearchAction","target":{"@type":"EntryPoint","urlTemplate":"https:\/\/serbia.com\/?s={search_term_string}"},"query-input":{"@type":"PropertyValueSpecification","valueRequired":true,"valueName":"search_term_string"}}],"inLanguage":"srpski"}]}},"brizy_media":[],"_links":{"self":[{"href":"https:\/\/serbia.com\/srpski\/wp-json\/wp\/v2\/pages\/31732","targetHints":{"allow":["GET"]}}],"collection":[{"href":"https:\/\/serbia.com\/srpski\/wp-json\/wp\/v2\/pages"}],"about":[{"href":"https:\/\/serbia.com\/srpski\/wp-json\/wp\/v2\/types\/page"}],"author":[{"embeddable":true,"href":"https:\/\/serbia.com\/srpski\/wp-json\/wp\/v2\/users\/27"}],"replies":[{"embeddable":true,"href":"https:\/\/serbia.com\/srpski\/wp-json\/wp\/v2\/comments?post=31732"}],"version-history":[{"count":1,"href":"https:\/\/serbia.com\/srpski\/wp-json\/wp\/v2\/pages\/31732\/revisions"}],"predecessor-version":[{"id":55181,"href":"https:\/\/serbia.com\/srpski\/wp-json\/wp\/v2\/pages\/31732\/revisions\/55181"}],"up":[{"embeddable":true,"href":"https:\/\/serbia.com\/srpski\/wp-json\/wp\/v2\/pages\/20454"}],"wp:featuredmedia":[{"embeddable":true,"href":"https:\/\/serbia.com\/srpski\/wp-json\/wp\/v2\/media\/31729"}],"wp:attachment":[{"href":"https:\/\/serbia.com\/srpski\/wp-json\/wp\/v2\/media?parent=31732"}],"wp:term":[{"taxonomy":"category","embeddable":true,"href":"https:\/\/serbia.com\/srpski\/wp-json\/wp\/v2\/categories?post=31732"},{"taxonomy":"post_tag","embeddable":true,"href":"https:\/\/serbia.com\/srpski\/wp-json\/wp\/v2\/tags?post=31732"}],"curies":[{"name":"wp","href":"https:\/\/api.w.org\/{rel}","templated":true}]}}