{"id":31476,"date":"2015-05-05T14:52:03","date_gmt":"2015-05-05T12:52:03","guid":{"rendered":"http:\/\/www.serbia.com\/?page_id=31476"},"modified":"2025-10-10T14:22:06","modified_gmt":"2025-10-10T12:22:06","slug":"novi-pazar-neobican-spoj-istoka-i-zapada","status":"publish","type":"page","link":"https:\/\/serbia.com\/srpski\/posetite-srbiju\/gradovi\/novi-pazar-neobican-spoj-istoka-i-zapada\/","title":{"rendered":"Novi Pazar, neobi\u010dan spoj istoka i zapada"},"content":{"rendered":"<h4>Grad zanatlija, burne istorije, najstarijeg sakralnog spomenika hri\u0161\u0107anstva na ovim prostorima, \u010duvenih pazarskih \u0107evapa i mantija. Uske uli\u010dice, du\u0107ani, mno\u0161tvo malih trgova\u010dkih radnji i d\u017eamija, \u010dine centar Sand\u017ea\u010dke oblasti gde se prepli\u0107u orijentalni i zapadni uticaji stvaraju\u0107i unikatan stil po kome je danas Novi Pazar prepoznatljiv.<\/h4>\n<p>Na raskr\u0161\u0107u va\u017enih puteva, sme\u0161ten u dolini reka <strong>Jo\u0161anice<\/strong>, <strong>Ra\u0161ke<\/strong>, <strong>De\u017eevske<\/strong> i <strong>Ljudske<\/strong> nalazi se multietni\u010dki grad osnovan 1459. godine od strane turskog vojskovo\u0111e Isak-bega Isakovi\u0107a. Kroz njega su prolazili slavni osvaja\u010di, u srednjem veku je bio prestonica Nemanji\u0107ke dr\u017eave Ra\u0161ke a od XV pa sve do po\u010detka XX veka bio je sedi\u0161te Otomanskog Novopazarskog Sand\u017eaka.<\/p>\n<p>Procvat do\u017eivljava 1468. godine, kada je dobio status \u0161ehera i bio jedan od najve\u0107ih gradova na Balkanu.<\/p>\n<p><img loading=\"lazy\" decoding=\"async\" class=\"alignright size-medium wp-image-29984\" src=\"http:\/\/www.serbia.com\/wp-content\/uploads\/2015\/03\/novi_pazar_novo_ruho_06sserbiaa1-300x199.jpg\" alt=\"novi_pazar_novo_ruho_06sserbiaa\" width=\"300\" height=\"199\" srcset=\"https:\/\/serbia.com\/wp-content\/uploads\/2015\/03\/novi_pazar_novo_ruho_06sserbiaa1-300x199.jpg 300w, https:\/\/serbia.com\/wp-content\/uploads\/2015\/03\/novi_pazar_novo_ruho_06sserbiaa1.jpg 600w\" sizes=\"(max-width: 300px) 100vw, 300px\" \/>Petstotina duga Otomanska istorija ostavila je svoje orijentalne tragove koji su vidljivi na gotovo svakom \u0107o\u0161ku ovog grada.<\/p>\n<p>Starinske prizemne ku\u0107ice, tursko kupatilo \u2013 hamam i veliki broj d\u017eamija odi\u0161u egzoti\u010dnom, otomanskom atmosferom.<\/p>\n<p>\u0160etnja starim gradskim jezgrom otkri\u0107e vam i brojne <strong>kulturne spomenike<\/strong>, <strong>zanatske radnje<\/strong> po kojima je Novi Pazar godina unazad poznat, ali i <strong>restorane gde se mogu pojesti \u010duveni pazarski specijaliteti \u2013 \u0107evapi i mantije.<\/strong><\/p>\n<blockquote><p><em><a title=\"Tragovima novopazarskih mantija\" href=\"http:\/\/www.serbia.com\/srpski\/tragovima-novopazarskih-mantija\/\">Pazarske mantije<\/a> se izra\u0111uju po autenti\u010dnim receptima koji se godinama unazad prenose sa generacije na generaciju. U Novom Pazaru se mogu kupiti u gotovo svakoj pekarskoj radnji, a za \u201eprave mantije\u201c se smatraju one punjene mesom. Specifi\u010dan ukus, na\u010din izrade i receptura koja se \u010duva decenijama unazad, u\u010dinili su da se pazarske mantije na\u0111u i na Listi nematerijalnog kulturnog nasle\u0111a Srbije.<\/em><\/p><\/blockquote>\n<p>Na mestu gde se pretpostavlja da su nastali prvi za\u010deci Novog Pazara nalazi se <strong>Amir \u2013 agin han<\/strong>, konak iz XVII veka. Smatra se jednim od najstarijih i najo\u010duvanijih spomenika ove vrste u Srbiji, i nalazi se u centru grada.<\/p>\n<figure id=\"attachment_29837\" aria-describedby=\"caption-attachment-29837\" style=\"width: 225px\" class=\"wp-caption alignleft\"><img loading=\"lazy\" decoding=\"async\" class=\"wp-image-29837 size-medium\" src=\"http:\/\/www.serbia.com\/wp-content\/uploads\/2015\/03\/Altun-alem-3serbia-225x300.jpg\" alt=\"Altun - alem 3serbia\" width=\"225\" height=\"300\" srcset=\"https:\/\/serbia.com\/wp-content\/uploads\/2015\/03\/Altun-alem-3serbia-225x300.jpg 225w, https:\/\/serbia.com\/wp-content\/uploads\/2015\/03\/Altun-alem-3serbia.jpg 600w\" sizes=\"(max-width: 225px) 100vw, 225px\" \/><figcaption id=\"caption-attachment-29837\" class=\"wp-caption-text\">Altun \u2013 alem d\u017eamija<\/figcaption><\/figure>\n<p>Daljom \u0161etnjom nai\u0107i\u0107ete i na <strong>Altun \u2013 alem d\u017eamiju<\/strong> ili d\u017eamiju sa dragim kamenom iz XVI veka.<\/p>\n<p>Ova gra\u0111evina jedinstvena je ne samo po vremenu nastanka, ve\u0107 i po i na\u010dinu na koji je gra\u0111ena. Pozivi za jutarnju molitvu mogu se \u010duti i iz <strong>Lejlek<\/strong> i <strong>Arap d\u017eamije<\/strong>.<\/p>\n<p>U centru grada tako\u0111e se nalazi i <strong>staro tursko kupatilo sagra\u0111eno polovinom XV veka<\/strong>, a interesantno je jer predstavlja redak primerak kupatila za istovremeno kupanje mu\u0161karaca i \u017eena.<\/p>\n<p>Obilazak stare \u010dar\u0161ije koja zapo\u010dinje mostom nad Ra\u0161kom a zavr\u0161ava se hanom \u201eGranata\u201c, pomo\u0107i\u0107e vam da upoznate duh Novog Pazara i na\u010din \u017eivljenja u gradu koji ima vi\u0161e od 1000 godina dugu istoriju iz srednjeg veka.<\/p>\n<p>Na izlazu iz grada nalazi se <strong>Petrova crkva<\/strong>, podignuta u VII veku na mestu starog ilirskog hrama. Crkva je vi\u0161e puta o\u0161te\u0107ivana i obnavljana, pa je iz najstarijeg perioda o\u010duvan samo jedan deo \u2013 ranohri\u0161\u0107anski baptiserijum ili bazen\u010di\u0107 za kr\u0161tavanje. <strong>U crkvi se mogu videti i freske iz X, XII i XIII veka.<\/strong><\/p>\n<p>Iznad Novog Pazara, na vrhu jednog brda nalazi se jo\u0161 jedna srednjovekovna svetinja \u2013 <a title=\"Manastir \u0110ur\u0111evi stupovi\" href=\"http:\/\/www.serbia.com\/srpski\/posetite-srbiju\/kulturne-atrakcije\/manastiri-i-crkve\/manastir-durdevi-stupovi\/\" target=\"_blank\" rel=\"noopener\"><strong>manastir \u0110ur\u0111evi Stupovi<\/strong><\/a>. Ovaj manastir je podigao veliki \u017eupan Stefan Nemanja 1171. godine, a oslikan je 1175. godine. Za vreme turske vladavine manastir je znatno opusto\u0161en, a te\u0161ko je stradao i tokom Drugog svetskog rata. U poslednjoj deceniji XX veka dolazi do obnavljanja, kada se zidaju konaci i uspostavlja mona\u0161ko bratstvo koje boravi u ovom manastiru.<\/p>\n<p>Danas je ovaj grad koji nazivaju i <strong>\u201emini Istanbulom\u201c<\/strong> poznat po proizvodnji <strong>d\u017einsa<\/strong>, <strong>odli\u010dnim baklavama<\/strong>, <strong>zanimljivim radnjicama starih zanatlija<\/strong> i mnogobrojnim <strong>kulturno istorijskim znamenitostima<\/strong>. Neodoljiv \u0161arm koji je nastao preplitanjem starog i novog, \u010dini ovaj grad neobi\u010dnim i jedinstvenim mestom.<\/p>\n<blockquote><p><em>Stari Ras\u00a0je\u00a0srednjovekovni\u00a0kompleks spomenika koji se nalazi na 11 km zapadno od Novog Pazara. Kompleks se sastoji od vi\u0161e spomenika, a najzna\u010dajniji lokaliteti koji su obuhva\u0107eni istra\u017eivanjima su: Gradina na Pazari\u0161tu sa Podgra\u0111em, Trgovi\u0161te, Gradina u Postenju, Reljina gradina, crkva u Naprelju i latinska crkva u Postenju.\u00a0<\/em><\/p><\/blockquote>\n<h4>Kako sti\u0107i do Novog Pazara?<\/h4>\n<p>Do Novog Pazara\u00a0lako se sti\u017ee\u00a0autobusom\u00a0iz bilo kog od ve\u0107ih gradova u okolini. Izme\u0111u Novog Pazara i <a title=\"Beograd\" href=\"http:\/\/www.serbia.com\/srpski\/posetite-srbiju\/gradovi\/beograd\/\" target=\"_blank\" rel=\"noopener\">Beograda<\/a> saobra\u0107a 10-ak autobusa dnevno, a udaljenost je 290 km.<\/p>\n<p>Za detaljnije informacije:\u00a0Autobuska stanica Novi Pazar, tel. 020 \/ 25 \u2013 963<\/p>\n<h4>Kada ste ve\u0107 ovde, ne propustite\u2026<\/h4>\n<p><a title=\"Manastir Sopo\u0107ani\" href=\"http:\/\/www.serbia.com\/srpski\/posetite-srbiju\/kulturne-atrakcije\/manastiri-i-crkve\/manastir-sopocani\/\" target=\"_blank\" rel=\"noopener\"><strong>Manastir Sopo\u0107ani<\/strong><\/a> \u2013 podigao je kralj\u00a0Stefan Uro\u0161 I\u00a0(1243\u20141276) nedaleko od izvora reke\u00a0Ra\u0161ke. Manastir se nalazi na 17 km zapadno od Novog Pazara.\u00a0Freske\u00a0manastira Sopo\u0107ani su pravo remek-delo\u00a0umetnosti. Danas je jedan od najzna\u010dajnijih srpskih kulturnih spomenika, koji je 1979. godine uvr\u0161\u0107en na\u00a0UNESKO-vu\u00a0listu svetske ba\u0161tine.<\/p>\n<p><strong>Novopazarska banja<\/strong> \u2013 nalazi se 3 km severoisto\u010dno od\u00a0Novog Pazara. Okru\u017eena je padinama planina\u00a0Golije, Rogozne i Kopaonika. Bogata je izvorima\u00a0termomineralnih voda, temperature od 12 do 52\u00b0C.<\/p>\n<p><strong><a href=\"http:\/\/www.serbia.com\/srpski\/planina-golija-nestvarno-sumsko-carstvo\/\" target=\"_blank\" rel=\"noopener\">Golija<\/a><\/strong> \u2013 planina udaljena 32 km od Novog Pazara. Poznata je po ogromnim prostranstvima, o\u0161troj klimi i gustim \u0161umama. Najvi\u0161i vrh je Jankov kamen visok 1833 m, a planina poseduje ure\u0111ene ski staze.<\/p>\n","protected":false},"excerpt":{"rendered":"<p>Grad zanatlija, burne istorije, najstarijeg sakralnog spomenika hri\u0161\u0107anstva na ovim prostorima, \u010duvenih pazarskih \u0107evapa i mantija. Uske uli\u010dice, du\u0107ani, mno\u0161tvo malih trgova\u010dkih radnji i d\u017eamija, \u010dine centar Sand\u017ea\u010dke oblasti gde [&hellip;]<\/p>\n","protected":false},"author":27,"featured_media":31342,"parent":20433,"menu_order":0,"comment_status":"closed","ping_status":"closed","template":"","meta":{"_acf_changed":false,"inline_featured_image":false,"_monsterinsights_skip_tracking":false,"_monsterinsights_sitenote_active":false,"_monsterinsights_sitenote_note":"","_monsterinsights_sitenote_category":0,"footnotes":""},"categories":[1672],"tags":[],"class_list":["post-31476","page","type-page","status-publish","has-post-thumbnail","hentry","category-gradovi"],"acf":[],"yoast_head":"<!-- This site is optimized with the Yoast SEO plugin v23.8 - https:\/\/yoast.com\/wordpress\/plugins\/seo\/ -->\n<title>Novi Pazar, neobi\u010dan spoj istoka i zapada - Serbia.com<\/title>\n<meta name=\"robots\" content=\"index, follow, max-snippet:-1, max-image-preview:large, max-video-preview:-1\" \/>\n<link rel=\"canonical\" href=\"https:\/\/serbia.com\/srpski\/posetite-srbiju\/gradovi\/novi-pazar-neobican-spoj-istoka-i-zapada\/\" \/>\n<meta property=\"og:locale\" content=\"en_US\" \/>\n<meta property=\"og:type\" content=\"article\" \/>\n<meta property=\"og:title\" content=\"Novi Pazar, neobi\u010dan spoj istoka i zapada - Serbia.com\" \/>\n<meta property=\"og:description\" content=\"Grad zanatlija, burne istorije, najstarijeg sakralnog spomenika hri\u0161\u0107anstva na ovim prostorima, \u010duvenih pazarskih \u0107evapa i mantija. Uske uli\u010dice, du\u0107ani, mno\u0161tvo malih trgova\u010dkih radnji i d\u017eamija, \u010dine centar Sand\u017ea\u010dke oblasti gde [&hellip;]\" \/>\n<meta property=\"og:url\" content=\"https:\/\/serbia.com\/srpski\/posetite-srbiju\/gradovi\/novi-pazar-neobican-spoj-istoka-i-zapada\/\" \/>\n<meta property=\"og:site_name\" content=\"Serbia.com\" \/>\n<meta property=\"article:modified_time\" content=\"2025-10-10T12:22:06+00:00\" \/>\n<meta property=\"og:image\" content=\"https:\/\/serbia.com\/wp-content\/uploads\/2015\/04\/np3.jpg\" \/>\n\t<meta property=\"og:image:width\" content=\"1600\" \/>\n\t<meta property=\"og:image:height\" content=\"898\" \/>\n\t<meta property=\"og:image:type\" content=\"image\/jpeg\" \/>\n<meta name=\"twitter:label1\" content=\"Est. reading time\" \/>\n\t<meta name=\"twitter:data1\" content=\"4 minutes\" \/>\n<script type=\"application\/ld+json\" class=\"yoast-schema-graph\">{\"@context\":\"https:\/\/schema.org\",\"@graph\":[{\"@type\":\"WebPage\",\"@id\":\"https:\/\/serbia.com\/srpski\/posetite-srbiju\/gradovi\/novi-pazar-neobican-spoj-istoka-i-zapada\/\",\"url\":\"https:\/\/serbia.com\/srpski\/posetite-srbiju\/gradovi\/novi-pazar-neobican-spoj-istoka-i-zapada\/\",\"name\":\"Novi Pazar, neobi\u010dan spoj istoka i zapada - Serbia.com\",\"isPartOf\":{\"@id\":\"https:\/\/serbia.com\/#website\"},\"primaryImageOfPage\":{\"@id\":\"https:\/\/serbia.com\/srpski\/posetite-srbiju\/gradovi\/novi-pazar-neobican-spoj-istoka-i-zapada\/#primaryimage\"},\"image\":{\"@id\":\"https:\/\/serbia.com\/srpski\/posetite-srbiju\/gradovi\/novi-pazar-neobican-spoj-istoka-i-zapada\/#primaryimage\"},\"thumbnailUrl\":\"https:\/\/serbia.com\/wp-content\/uploads\/2015\/04\/np3.jpg\",\"datePublished\":\"2015-05-05T12:52:03+00:00\",\"dateModified\":\"2025-10-10T12:22:06+00:00\",\"breadcrumb\":{\"@id\":\"https:\/\/serbia.com\/srpski\/posetite-srbiju\/gradovi\/novi-pazar-neobican-spoj-istoka-i-zapada\/#breadcrumb\"},\"inLanguage\":\"srpski\",\"potentialAction\":[{\"@type\":\"ReadAction\",\"target\":[\"https:\/\/serbia.com\/srpski\/posetite-srbiju\/gradovi\/novi-pazar-neobican-spoj-istoka-i-zapada\/\"]}]},{\"@type\":\"ImageObject\",\"inLanguage\":\"srpski\",\"@id\":\"https:\/\/serbia.com\/srpski\/posetite-srbiju\/gradovi\/novi-pazar-neobican-spoj-istoka-i-zapada\/#primaryimage\",\"url\":\"https:\/\/serbia.com\/wp-content\/uploads\/2015\/04\/np3.jpg\",\"contentUrl\":\"https:\/\/serbia.com\/wp-content\/uploads\/2015\/04\/np3.jpg\",\"width\":1600,\"height\":898},{\"@type\":\"BreadcrumbList\",\"@id\":\"https:\/\/serbia.com\/srpski\/posetite-srbiju\/gradovi\/novi-pazar-neobican-spoj-istoka-i-zapada\/#breadcrumb\",\"itemListElement\":[{\"@type\":\"ListItem\",\"position\":1,\"name\":\"Home\",\"item\":\"https:\/\/serbia.com\/srpski\/\"},{\"@type\":\"ListItem\",\"position\":2,\"name\":\"Poseti Srbiju\",\"item\":\"https:\/\/serbia.com\/srpski\/posetite-srbiju\/\"},{\"@type\":\"ListItem\",\"position\":3,\"name\":\"Gradovi\",\"item\":\"https:\/\/serbia.com\/srpski\/posetite-srbiju\/gradovi\/\"},{\"@type\":\"ListItem\",\"position\":4,\"name\":\"Novi Pazar, neobi\u010dan spoj istoka i zapada\"}]},{\"@type\":\"WebSite\",\"@id\":\"https:\/\/serbia.com\/#website\",\"url\":\"https:\/\/serbia.com\/\",\"name\":\"Serbia.com\",\"description\":\"Your Gateway to Serbia\",\"potentialAction\":[{\"@type\":\"SearchAction\",\"target\":{\"@type\":\"EntryPoint\",\"urlTemplate\":\"https:\/\/serbia.com\/?s={search_term_string}\"},\"query-input\":{\"@type\":\"PropertyValueSpecification\",\"valueRequired\":true,\"valueName\":\"search_term_string\"}}],\"inLanguage\":\"srpski\"}]}<\/script>\n<!-- \/ Yoast SEO plugin. -->","yoast_head_json":{"title":"Novi Pazar, neobi\u010dan spoj istoka i zapada - Serbia.com","robots":{"index":"index","follow":"follow","max-snippet":"max-snippet:-1","max-image-preview":"max-image-preview:large","max-video-preview":"max-video-preview:-1"},"canonical":"https:\/\/serbia.com\/srpski\/posetite-srbiju\/gradovi\/novi-pazar-neobican-spoj-istoka-i-zapada\/","og_locale":"en_US","og_type":"article","og_title":"Novi Pazar, neobi\u010dan spoj istoka i zapada - Serbia.com","og_description":"Grad zanatlija, burne istorije, najstarijeg sakralnog spomenika hri\u0161\u0107anstva na ovim prostorima, \u010duvenih pazarskih \u0107evapa i mantija. Uske uli\u010dice, du\u0107ani, mno\u0161tvo malih trgova\u010dkih radnji i d\u017eamija, \u010dine centar Sand\u017ea\u010dke oblasti gde [&hellip;]","og_url":"https:\/\/serbia.com\/srpski\/posetite-srbiju\/gradovi\/novi-pazar-neobican-spoj-istoka-i-zapada\/","og_site_name":"Serbia.com","article_modified_time":"2025-10-10T12:22:06+00:00","og_image":[{"width":1600,"height":898,"url":"https:\/\/serbia.com\/wp-content\/uploads\/2015\/04\/np3.jpg","type":"image\/jpeg"}],"twitter_misc":{"Est. reading time":"4 minutes"},"schema":{"@context":"https:\/\/schema.org","@graph":[{"@type":"WebPage","@id":"https:\/\/serbia.com\/srpski\/posetite-srbiju\/gradovi\/novi-pazar-neobican-spoj-istoka-i-zapada\/","url":"https:\/\/serbia.com\/srpski\/posetite-srbiju\/gradovi\/novi-pazar-neobican-spoj-istoka-i-zapada\/","name":"Novi Pazar, neobi\u010dan spoj istoka i zapada - Serbia.com","isPartOf":{"@id":"https:\/\/serbia.com\/#website"},"primaryImageOfPage":{"@id":"https:\/\/serbia.com\/srpski\/posetite-srbiju\/gradovi\/novi-pazar-neobican-spoj-istoka-i-zapada\/#primaryimage"},"image":{"@id":"https:\/\/serbia.com\/srpski\/posetite-srbiju\/gradovi\/novi-pazar-neobican-spoj-istoka-i-zapada\/#primaryimage"},"thumbnailUrl":"https:\/\/serbia.com\/wp-content\/uploads\/2015\/04\/np3.jpg","datePublished":"2015-05-05T12:52:03+00:00","dateModified":"2025-10-10T12:22:06+00:00","breadcrumb":{"@id":"https:\/\/serbia.com\/srpski\/posetite-srbiju\/gradovi\/novi-pazar-neobican-spoj-istoka-i-zapada\/#breadcrumb"},"inLanguage":"srpski","potentialAction":[{"@type":"ReadAction","target":["https:\/\/serbia.com\/srpski\/posetite-srbiju\/gradovi\/novi-pazar-neobican-spoj-istoka-i-zapada\/"]}]},{"@type":"ImageObject","inLanguage":"srpski","@id":"https:\/\/serbia.com\/srpski\/posetite-srbiju\/gradovi\/novi-pazar-neobican-spoj-istoka-i-zapada\/#primaryimage","url":"https:\/\/serbia.com\/wp-content\/uploads\/2015\/04\/np3.jpg","contentUrl":"https:\/\/serbia.com\/wp-content\/uploads\/2015\/04\/np3.jpg","width":1600,"height":898},{"@type":"BreadcrumbList","@id":"https:\/\/serbia.com\/srpski\/posetite-srbiju\/gradovi\/novi-pazar-neobican-spoj-istoka-i-zapada\/#breadcrumb","itemListElement":[{"@type":"ListItem","position":1,"name":"Home","item":"https:\/\/serbia.com\/srpski\/"},{"@type":"ListItem","position":2,"name":"Poseti Srbiju","item":"https:\/\/serbia.com\/srpski\/posetite-srbiju\/"},{"@type":"ListItem","position":3,"name":"Gradovi","item":"https:\/\/serbia.com\/srpski\/posetite-srbiju\/gradovi\/"},{"@type":"ListItem","position":4,"name":"Novi Pazar, neobi\u010dan spoj istoka i zapada"}]},{"@type":"WebSite","@id":"https:\/\/serbia.com\/#website","url":"https:\/\/serbia.com\/","name":"Serbia.com","description":"Your Gateway to Serbia","potentialAction":[{"@type":"SearchAction","target":{"@type":"EntryPoint","urlTemplate":"https:\/\/serbia.com\/?s={search_term_string}"},"query-input":{"@type":"PropertyValueSpecification","valueRequired":true,"valueName":"search_term_string"}}],"inLanguage":"srpski"}]}},"_links":{"self":[{"href":"https:\/\/serbia.com\/srpski\/wp-json\/wp\/v2\/pages\/31476"}],"collection":[{"href":"https:\/\/serbia.com\/srpski\/wp-json\/wp\/v2\/pages"}],"about":[{"href":"https:\/\/serbia.com\/srpski\/wp-json\/wp\/v2\/types\/page"}],"author":[{"embeddable":true,"href":"https:\/\/serbia.com\/srpski\/wp-json\/wp\/v2\/users\/27"}],"replies":[{"embeddable":true,"href":"https:\/\/serbia.com\/srpski\/wp-json\/wp\/v2\/comments?post=31476"}],"version-history":[{"count":2,"href":"https:\/\/serbia.com\/srpski\/wp-json\/wp\/v2\/pages\/31476\/revisions"}],"predecessor-version":[{"id":63012,"href":"https:\/\/serbia.com\/srpski\/wp-json\/wp\/v2\/pages\/31476\/revisions\/63012"}],"up":[{"embeddable":true,"href":"https:\/\/serbia.com\/srpski\/wp-json\/wp\/v2\/pages\/20433"}],"wp:featuredmedia":[{"embeddable":true,"href":"https:\/\/serbia.com\/srpski\/wp-json\/wp\/v2\/media\/31342"}],"wp:attachment":[{"href":"https:\/\/serbia.com\/srpski\/wp-json\/wp\/v2\/media?parent=31476"}],"wp:term":[{"taxonomy":"category","embeddable":true,"href":"https:\/\/serbia.com\/srpski\/wp-json\/wp\/v2\/categories?post=31476"},{"taxonomy":"post_tag","embeddable":true,"href":"https:\/\/serbia.com\/srpski\/wp-json\/wp\/v2\/tags?post=31476"}],"curies":[{"name":"wp","href":"https:\/\/api.w.org\/{rel}","templated":true}]}}