{"id":24796,"date":"2014-04-08T16:01:28","date_gmt":"2014-04-08T14:01:28","guid":{"rendered":"http:\/\/www.serbia.com\/?page_id=24796"},"modified":"2024-10-20T20:04:20","modified_gmt":"2024-10-20T18:04:20","slug":"banja-koviljaca","status":"publish","type":"page","link":"https:\/\/serbia.com\/srpski\/posetite-srbiju\/prirodne-lepote\/banje\/banja-koviljaca\/","title":{"rendered":"Banja Kovilja\u010da"},"content":{"rendered":"<h4>Na obali\u00a0Drine, u podno\u017eju planine Gu\u010devo le\u017ei Banja Kovilja\u010da, jedna od najlekovitijih i najpose\u0107enijih banja Srbije. Ova \u201ePodrinjska lepotica\u201c tokom veka postojanja ugostila je i \u010dlanove srpske dinastije Kara\u0111or\u0111evi\u0107, zahvaljuju\u0107i \u010demu je stekla epitet \u201cKraljevske banje\u201d.<\/h4>\n<p>\u0160umoviti obronci Gu\u010deva, planine na kojoj se u <a href=\"http:\/\/www.serbia.com\/srpski\/tag\/prvi-svetski-rat-srpski\/\" target=\"_blank\" rel=\"noopener\">Prvom svetskom ratu<\/a> odigrala prva rovovska bitka u istoriji, oduvek su bili bogati mineralnim izvorima. Zato ne \u010dudi \u0161to se upravo ovde izviru izrazito lekovite sumporovite vode Banje Kovilja\u010de. Termomineralne vode temperature 15-20 \u00b0C koriste se u terapijske svrhe u Specijalnoj bolnici za rehabilitaciju \u201eBanja Kovilja\u010da\u201c i primenjuju se kupanjem, oro\u0161avanjem i pijenjem.<\/p>\n<p>Pored njih, <strong>banja obiluje i blago radioaktivnim gvo\u017e\u0111evitim vodama<\/strong> koje se tako\u0111e koriste za le\u010denje. Osim vodama, banja je bogata i <strong>lekovitim peloidom \u2013 blatom<\/strong> koje se koristi u terapijske svrhe u vidu blatnih pakovanja i obloga.<\/p>\n<p>Zahvaljuju\u0107i svom mineralnom blagu Banja Kovilja\u010da specijalizovana je za le\u010denje velikog broja bolesti od reumatskih oboljenja, degenerativnih promena zglobova i ki\u010dmenog stuba, diskus hernije, osteoporoze, mi\u0161i\u0107nih oboljenja, lak\u0161ih o\u0161te\u0107enja centralnog nervnog sistema do steriliteta, nekih ko\u017enih i ginekolo\u0161kih oboljenja, kao i postoperativnih stanja.<\/p>\n<p>Prilikom posete Kovilja\u010di u\u017eiva\u0107ete i u klimi koja je izuzetno prijatna zahvaljuju\u0107i blizini<a href=\"http:\/\/www.serbia.com\/srpski\/posetite-srbiju\/prirodne-lepote\/reke-i-jezera\/drina-divlja-smaragdna-lepotica\/\" target=\"_blank\" rel=\"noopener\"><strong> Drine<\/strong><\/a> i \u0161umama <strong>Gu\u010deva<\/strong>. Posebnu oazu u samoj banji predstavlja prostrani park, jedan od najve\u0107ih ve\u0161ta\u010dkih parkova u Srbiji. On i danas predstavlja sredi\u0161te banjskog \u017eivota, iako je ure\u0111en jo\u0161 po\u010detkom 20. veka.<\/p>\n<p>U sredi\u0161njem delu parka nalazi se monumentalna fontana kroz \u010diju se \u201cvodenu zavesu\u201d nazire \u010duveni <strong>Kur salon<\/strong>, najlep\u0161e zdanje u banji koje je ime dobilo po francuskoj re\u010di \u201ckura\u201d \u2013 le\u010denje.<\/p>\n<figure id=\"attachment_32900\" aria-describedby=\"caption-attachment-32900\" style=\"width: 800px\" class=\"wp-caption aligncenter\"><img loading=\"lazy\" decoding=\"async\" class=\"wp-image-32900 size-full\" src=\"http:\/\/www.serbia.com\/wp-content\/uploads\/2014\/04\/3263838597_6a907dfc9e_o.jpg\" alt=\"3263838597_6a907dfc9e_o\" width=\"800\" height=\"567\" srcset=\"https:\/\/serbia.com\/wp-content\/uploads\/2014\/04\/3263838597_6a907dfc9e_o.jpg 800w, https:\/\/serbia.com\/wp-content\/uploads\/2014\/04\/3263838597_6a907dfc9e_o-300x213.jpg 300w\" sizes=\"(max-width: 800px) 100vw, 800px\" \/><figcaption id=\"caption-attachment-32900\" class=\"wp-caption-text\">Kur salon<\/figcaption><\/figure>\n<p>Izgra\u0111en je 1932. godine po nalogu <strong>kralja Aleksandra I Kara\u0111or\u0111evi\u0107a<\/strong> kao salon za zabavu, a u to vreme ovde je otvorena i jedna od prvih kockarnica na Balkanu. Bile su to zlatne godine Banje Kovilja\u010de tokom kojih je postala mondenski centar, omiljeno mesto bogatih i uglednih ljudi.<\/p>\n<p>Sve do po\u010detka <strong>Drugog svetskog rata<\/strong> u banju se dolazilo \u0161to na le\u010denje, \u0161to zbog provoda u Kursalonu. \u010cak i vrlo \u010duveni muzi\u010dari tada su pla\u0107ali da bi nastupali u njemu, a i sam kralj je rado dolazio na balove i ovde imao svoj kockarski sto koji se danas \u010duva u Prirodnja\u010dkom muzeju u Sarajevu.<\/p>\n<p>U \u010dast kraljevske porodice Kara\u0111or\u0111evi\u0107, koja je osim Kursalona u Banji podigla i brojna druga zdanja poput Sumpornog kupatila kralja Petra I pored kraljeve rezidencije, u parku su postavljene biste kralja Aleksandra i kralja Petra.<\/p>\n<p>U parku se, pored Kursalona, nalaze i brojne vile i kupatila. Prva zgrada za sme\u0161taj gostiju u banji je podignuta jo\u0161 davne 1858. godine za vreme vladavine kneza <strong>Mihaila Obrenovi\u0107a<\/strong>.<\/p>\n<p>Veruje se da je ovaj prostor bio naseljen jo\u0161 za vremena Ilira i Tra\u010dana, kao i da su rimski stanovnici ovih prostora u 3. veku na\u0161e ere ovde osnovali utvr\u0111eno naselje, Koviljkin grad, po kome je banja verovatno i nazvana Kovilja\u010da. Njegovi ostaci se mogu videti i danas.<\/p>\n<h4>Kako do\u0107i do Banje Kovilja\u010de?<\/h4>\n<p>Do Banje Kovilja\u010de mo\u017eete do\u0107i kolima iz pravca Beograda, od kojeg je udaljena 142 km, auto-putem <a href=\"http:\/\/www.serbia.com\/srpski\/posetite-srbiju\/gradovi\/beograd\/\" target=\"_blank\" rel=\"noopener\">Beograd<\/a> \u2013 Ruma, a zatim regionalnim putem Ruma-<a href=\"http:\/\/www.serbia.com\/srpski\/posetite-srbiju\/gradovi\/sabac-grad-saljivdzija-i-boema\/\" target=\"_blank\" rel=\"noopener\">\u0160abac<\/a>-Loznica-Banja Kovilja\u010da. Tako\u0111e lako se sti\u017ee i iz pravca <a href=\"http:\/\/www.serbia.com\/srpski\/posetite-srbiju\/gradovi\/novi-sad\/\" target=\"_blank\" rel=\"noopener\">Novog Sada<\/a> ukoliko krenete regionalnim putem Novi Sad \u2013 Ruma \u2013 \u0160abac \u2013 Loznica \u2013 Banja Kovilja\u010da. Budu\u0107i da se Banja nalazi na svega 5 km od grani\u010dnog prelaza sa Bosnom i Hercegovinom, do Banje se mo\u017ee do\u0107i i iz pravca Banja Luke i Sarajeva.<\/p>\n<p>U Banji Kovilja\u010di postoji i \u017eelezni\u010dka stanica na pruzi Beograd \u2013 Mali Zvornik, ali njom saobra\u0107aju samo lokalni vozovi. Najbli\u017ei aerodrom je aerodrom Nikola Tesla u Beogradu (135 km).<\/p>\n<h4>Kada ste ve\u0107 ovde ne propustite\u2026<\/h4>\n<p><strong>Kraljevski karneval<\/strong> koji se odr\u017eava u Banji i bal pod maskama u Kursalonu koji se odr\u017eava tom prilikom uz paradu ma\u017euretkinja i bogat kulturno-umetni\u010dki program.<\/p>\n<p>Obilazak <strong>Loznice<\/strong> koja se nalazi na svega 6 km od Banje, kao i <strong>manastira Trono\u0161a<\/strong>, zadu\u017ebinu kralja Dragutina koja je vi\u0161e puta bila ru\u0161ena i paljena do temelja.<\/p>\n<p>Na svega 6 km od manastira Trono\u0161a nalazi se selo <strong>Tr\u0161i\u0107<\/strong> \u2013 rodno mesto <strong><a href=\"http:\/\/www.serbia.com\/srpski\/vuk-stefanovic-karadzic-otac-savremenog-srpskog-jezika\/\" target=\"_blank\" rel=\"noopener\">Vuka Karad\u017ei\u0107a<\/a><\/strong>, i istoimeni etno kompleks sa Vukovom spomen ku\u0107om, dva vajata, ka\u010darom, \u010dardakom i ambarom. Ukoliko se ovde zadesite u septembru ne propustite tradicionalnu manifestaciju <a href=\"http:\/\/www.serbia.com\/srpski\/tragovima-vukovog-sabora\/\" target=\"_blank\" rel=\"noopener\"><strong>\u201eVukov sabor\u201c<\/strong><\/a> u znak se\u010danja na velikana na\u0161e kulture, sakuplja\u010da narodnih pesama, pisca prvog re\u010dnika srpskog jezika, lingvistu i reformatora srpskog jezika najzaslu\u017enijeg za uvo\u0111enje narodnog jezika u knji\u017eevnost i uvo\u0111enje principa \u201epi\u0161i kao \u0161to govori\u0161, \u010ditaj kako je napisano\u201c.<\/p>\n<p>Ukoliko se u\u017eelite odmora u prirodi pro\u0161etajte obroncima <strong>Gu\u010deva<\/strong>, ili do samog vrha ove planine na kome se nalazi spomen-kosturnica podignuta u znak se\u0107anja na srpske i austrougarske borce koji su ovde poginuli u Prvom svetskom ratu. Sa obli\u017enjeg vidikovca pru\u017ea se zadivljuju\u0107 pogled na banju i okolinu.<\/p>\n<p>Za ljubitelje reke i strastvene pecaro\u0161e, uvek je tu <a href=\"http:\/\/www.serbia.com\/srpski\/posetite-srbiju\/prirodne-lepote\/reke-i-jezera\/drina-divlja-smaragdna-lepotica\/\" target=\"_blank\" rel=\"noopener\"><strong>Drina<\/strong><\/a>.<\/p>\n","protected":false},"excerpt":{"rendered":"<p>Na obali\u00a0Drine, u podno\u017eju planine Gu\u010devo le\u017ei Banja Kovilja\u010da, jedna od najlekovitijih i najpose\u0107enijih banja Srbije. Ova \u201ePodrinjska lepotica\u201c tokom veka postojanja ugostila je i \u010dlanove srpske dinastije Kara\u0111or\u0111evi\u0107, zahvaljuju\u0107i [&hellip;]<\/p>\n","protected":false},"author":9,"featured_media":32891,"parent":20468,"menu_order":0,"comment_status":"closed","ping_status":"closed","template":"","meta":{"_acf_changed":false,"inline_featured_image":false,"_monsterinsights_skip_tracking":false,"_monsterinsights_sitenote_active":false,"_monsterinsights_sitenote_note":"","_monsterinsights_sitenote_category":0,"footnotes":""},"categories":[1657],"tags":[],"class_list":["post-24796","page","type-page","status-publish","has-post-thumbnail","hentry","category-banje"],"acf":[],"yoast_head":"<!-- This site is optimized with the Yoast SEO plugin v23.8 - https:\/\/yoast.com\/wordpress\/plugins\/seo\/ -->\n<title>Banja Kovilja\u010da<\/title>\n<meta name=\"description\" content=\"Na obali Drine, u podno\u017eju planine Gu\u010devo le\u017ei Banja Kovilja\u010da, jedna od najlekovitijih i najpose\u0107enijih banja Srbije.\" \/>\n<meta name=\"robots\" content=\"index, follow, max-snippet:-1, max-image-preview:large, max-video-preview:-1\" \/>\n<link rel=\"canonical\" href=\"https:\/\/serbia.com\/srpski\/posetite-srbiju\/prirodne-lepote\/banje\/banja-koviljaca\/\" \/>\n<meta property=\"og:locale\" content=\"en_US\" \/>\n<meta property=\"og:type\" content=\"article\" \/>\n<meta property=\"og:title\" content=\"Banja Kovilja\u010da\" \/>\n<meta property=\"og:description\" content=\"Na obali Drine, u podno\u017eju planine Gu\u010devo le\u017ei Banja Kovilja\u010da, jedna od najlekovitijih i najpose\u0107enijih banja Srbije.\" \/>\n<meta property=\"og:url\" content=\"https:\/\/serbia.com\/srpski\/posetite-srbiju\/prirodne-lepote\/banje\/banja-koviljaca\/\" \/>\n<meta property=\"og:site_name\" content=\"Serbia.com\" \/>\n<meta property=\"article:modified_time\" content=\"2024-10-20T18:04:20+00:00\" \/>\n<meta property=\"og:image\" content=\"https:\/\/serbia.com\/wp-content\/uploads\/2015\/05\/Banja-park-1.jpg\" \/>\n\t<meta property=\"og:image:width\" content=\"1600\" \/>\n\t<meta property=\"og:image:height\" content=\"610\" \/>\n\t<meta property=\"og:image:type\" content=\"image\/jpeg\" \/>\n<meta name=\"twitter:label1\" content=\"Est. reading time\" \/>\n\t<meta name=\"twitter:data1\" content=\"4 minutes\" \/>\n<script type=\"application\/ld+json\" class=\"yoast-schema-graph\">{\"@context\":\"https:\/\/schema.org\",\"@graph\":[{\"@type\":\"WebPage\",\"@id\":\"https:\/\/serbia.com\/srpski\/posetite-srbiju\/prirodne-lepote\/banje\/banja-koviljaca\/\",\"url\":\"https:\/\/serbia.com\/srpski\/posetite-srbiju\/prirodne-lepote\/banje\/banja-koviljaca\/\",\"name\":\"Banja Kovilja\u010da\",\"isPartOf\":{\"@id\":\"https:\/\/serbia.com\/#website\"},\"primaryImageOfPage\":{\"@id\":\"https:\/\/serbia.com\/srpski\/posetite-srbiju\/prirodne-lepote\/banje\/banja-koviljaca\/#primaryimage\"},\"image\":{\"@id\":\"https:\/\/serbia.com\/srpski\/posetite-srbiju\/prirodne-lepote\/banje\/banja-koviljaca\/#primaryimage\"},\"thumbnailUrl\":\"https:\/\/serbia.com\/wp-content\/uploads\/2015\/05\/Banja-park-1.jpg\",\"datePublished\":\"2014-04-08T14:01:28+00:00\",\"dateModified\":\"2024-10-20T18:04:20+00:00\",\"description\":\"Na obali Drine, u podno\u017eju planine Gu\u010devo le\u017ei Banja Kovilja\u010da, jedna od najlekovitijih i najpose\u0107enijih banja Srbije.\",\"breadcrumb\":{\"@id\":\"https:\/\/serbia.com\/srpski\/posetite-srbiju\/prirodne-lepote\/banje\/banja-koviljaca\/#breadcrumb\"},\"inLanguage\":\"srpski\",\"potentialAction\":[{\"@type\":\"ReadAction\",\"target\":[\"https:\/\/serbia.com\/srpski\/posetite-srbiju\/prirodne-lepote\/banje\/banja-koviljaca\/\"]}]},{\"@type\":\"ImageObject\",\"inLanguage\":\"srpski\",\"@id\":\"https:\/\/serbia.com\/srpski\/posetite-srbiju\/prirodne-lepote\/banje\/banja-koviljaca\/#primaryimage\",\"url\":\"https:\/\/serbia.com\/wp-content\/uploads\/2015\/05\/Banja-park-1.jpg\",\"contentUrl\":\"https:\/\/serbia.com\/wp-content\/uploads\/2015\/05\/Banja-park-1.jpg\",\"width\":1600,\"height\":610},{\"@type\":\"BreadcrumbList\",\"@id\":\"https:\/\/serbia.com\/srpski\/posetite-srbiju\/prirodne-lepote\/banje\/banja-koviljaca\/#breadcrumb\",\"itemListElement\":[{\"@type\":\"ListItem\",\"position\":1,\"name\":\"Home\",\"item\":\"https:\/\/serbia.com\/srpski\/\"},{\"@type\":\"ListItem\",\"position\":2,\"name\":\"Poseti Srbiju\",\"item\":\"https:\/\/serbia.com\/srpski\/posetite-srbiju\/\"},{\"@type\":\"ListItem\",\"position\":3,\"name\":\"Prirodne lepote\",\"item\":\"https:\/\/serbia.com\/srpski\/posetite-srbiju\/prirodne-lepote\/\"},{\"@type\":\"ListItem\",\"position\":4,\"name\":\"Banje\",\"item\":\"https:\/\/serbia.com\/srpski\/posetite-srbiju\/prirodne-lepote\/banje\/\"},{\"@type\":\"ListItem\",\"position\":5,\"name\":\"Banja Kovilja\u010da\"}]},{\"@type\":\"WebSite\",\"@id\":\"https:\/\/serbia.com\/#website\",\"url\":\"https:\/\/serbia.com\/\",\"name\":\"Serbia.com\",\"description\":\"Your Gateway to Serbia\",\"potentialAction\":[{\"@type\":\"SearchAction\",\"target\":{\"@type\":\"EntryPoint\",\"urlTemplate\":\"https:\/\/serbia.com\/?s={search_term_string}\"},\"query-input\":{\"@type\":\"PropertyValueSpecification\",\"valueRequired\":true,\"valueName\":\"search_term_string\"}}],\"inLanguage\":\"srpski\"}]}<\/script>\n<!-- \/ Yoast SEO plugin. -->","yoast_head_json":{"title":"Banja Kovilja\u010da","description":"Na obali Drine, u podno\u017eju planine Gu\u010devo le\u017ei Banja Kovilja\u010da, jedna od najlekovitijih i najpose\u0107enijih banja Srbije.","robots":{"index":"index","follow":"follow","max-snippet":"max-snippet:-1","max-image-preview":"max-image-preview:large","max-video-preview":"max-video-preview:-1"},"canonical":"https:\/\/serbia.com\/srpski\/posetite-srbiju\/prirodne-lepote\/banje\/banja-koviljaca\/","og_locale":"en_US","og_type":"article","og_title":"Banja Kovilja\u010da","og_description":"Na obali Drine, u podno\u017eju planine Gu\u010devo le\u017ei Banja Kovilja\u010da, jedna od najlekovitijih i najpose\u0107enijih banja Srbije.","og_url":"https:\/\/serbia.com\/srpski\/posetite-srbiju\/prirodne-lepote\/banje\/banja-koviljaca\/","og_site_name":"Serbia.com","article_modified_time":"2024-10-20T18:04:20+00:00","og_image":[{"width":1600,"height":610,"url":"https:\/\/serbia.com\/wp-content\/uploads\/2015\/05\/Banja-park-1.jpg","type":"image\/jpeg"}],"twitter_misc":{"Est. reading time":"4 minutes"},"schema":{"@context":"https:\/\/schema.org","@graph":[{"@type":"WebPage","@id":"https:\/\/serbia.com\/srpski\/posetite-srbiju\/prirodne-lepote\/banje\/banja-koviljaca\/","url":"https:\/\/serbia.com\/srpski\/posetite-srbiju\/prirodne-lepote\/banje\/banja-koviljaca\/","name":"Banja Kovilja\u010da","isPartOf":{"@id":"https:\/\/serbia.com\/#website"},"primaryImageOfPage":{"@id":"https:\/\/serbia.com\/srpski\/posetite-srbiju\/prirodne-lepote\/banje\/banja-koviljaca\/#primaryimage"},"image":{"@id":"https:\/\/serbia.com\/srpski\/posetite-srbiju\/prirodne-lepote\/banje\/banja-koviljaca\/#primaryimage"},"thumbnailUrl":"https:\/\/serbia.com\/wp-content\/uploads\/2015\/05\/Banja-park-1.jpg","datePublished":"2014-04-08T14:01:28+00:00","dateModified":"2024-10-20T18:04:20+00:00","description":"Na obali Drine, u podno\u017eju planine Gu\u010devo le\u017ei Banja Kovilja\u010da, jedna od najlekovitijih i najpose\u0107enijih banja Srbije.","breadcrumb":{"@id":"https:\/\/serbia.com\/srpski\/posetite-srbiju\/prirodne-lepote\/banje\/banja-koviljaca\/#breadcrumb"},"inLanguage":"srpski","potentialAction":[{"@type":"ReadAction","target":["https:\/\/serbia.com\/srpski\/posetite-srbiju\/prirodne-lepote\/banje\/banja-koviljaca\/"]}]},{"@type":"ImageObject","inLanguage":"srpski","@id":"https:\/\/serbia.com\/srpski\/posetite-srbiju\/prirodne-lepote\/banje\/banja-koviljaca\/#primaryimage","url":"https:\/\/serbia.com\/wp-content\/uploads\/2015\/05\/Banja-park-1.jpg","contentUrl":"https:\/\/serbia.com\/wp-content\/uploads\/2015\/05\/Banja-park-1.jpg","width":1600,"height":610},{"@type":"BreadcrumbList","@id":"https:\/\/serbia.com\/srpski\/posetite-srbiju\/prirodne-lepote\/banje\/banja-koviljaca\/#breadcrumb","itemListElement":[{"@type":"ListItem","position":1,"name":"Home","item":"https:\/\/serbia.com\/srpski\/"},{"@type":"ListItem","position":2,"name":"Poseti Srbiju","item":"https:\/\/serbia.com\/srpski\/posetite-srbiju\/"},{"@type":"ListItem","position":3,"name":"Prirodne lepote","item":"https:\/\/serbia.com\/srpski\/posetite-srbiju\/prirodne-lepote\/"},{"@type":"ListItem","position":4,"name":"Banje","item":"https:\/\/serbia.com\/srpski\/posetite-srbiju\/prirodne-lepote\/banje\/"},{"@type":"ListItem","position":5,"name":"Banja Kovilja\u010da"}]},{"@type":"WebSite","@id":"https:\/\/serbia.com\/#website","url":"https:\/\/serbia.com\/","name":"Serbia.com","description":"Your Gateway to Serbia","potentialAction":[{"@type":"SearchAction","target":{"@type":"EntryPoint","urlTemplate":"https:\/\/serbia.com\/?s={search_term_string}"},"query-input":{"@type":"PropertyValueSpecification","valueRequired":true,"valueName":"search_term_string"}}],"inLanguage":"srpski"}]}},"_links":{"self":[{"href":"https:\/\/serbia.com\/srpski\/wp-json\/wp\/v2\/pages\/24796"}],"collection":[{"href":"https:\/\/serbia.com\/srpski\/wp-json\/wp\/v2\/pages"}],"about":[{"href":"https:\/\/serbia.com\/srpski\/wp-json\/wp\/v2\/types\/page"}],"author":[{"embeddable":true,"href":"https:\/\/serbia.com\/srpski\/wp-json\/wp\/v2\/users\/9"}],"replies":[{"embeddable":true,"href":"https:\/\/serbia.com\/srpski\/wp-json\/wp\/v2\/comments?post=24796"}],"version-history":[{"count":1,"href":"https:\/\/serbia.com\/srpski\/wp-json\/wp\/v2\/pages\/24796\/revisions"}],"predecessor-version":[{"id":55749,"href":"https:\/\/serbia.com\/srpski\/wp-json\/wp\/v2\/pages\/24796\/revisions\/55749"}],"up":[{"embeddable":true,"href":"https:\/\/serbia.com\/srpski\/wp-json\/wp\/v2\/pages\/20468"}],"wp:featuredmedia":[{"embeddable":true,"href":"https:\/\/serbia.com\/srpski\/wp-json\/wp\/v2\/media\/32891"}],"wp:attachment":[{"href":"https:\/\/serbia.com\/srpski\/wp-json\/wp\/v2\/media?parent=24796"}],"wp:term":[{"taxonomy":"category","embeddable":true,"href":"https:\/\/serbia.com\/srpski\/wp-json\/wp\/v2\/categories?post=24796"},{"taxonomy":"post_tag","embeddable":true,"href":"https:\/\/serbia.com\/srpski\/wp-json\/wp\/v2\/tags?post=24796"}],"curies":[{"name":"wp","href":"https:\/\/api.w.org\/{rel}","templated":true}]}}