{"id":24794,"date":"2014-04-08T15:57:03","date_gmt":"2014-04-08T13:57:03","guid":{"rendered":"http:\/\/www.serbia.com\/?page_id=24794"},"modified":"2024-10-20T20:03:33","modified_gmt":"2024-10-20T18:03:33","slug":"sokobanja","status":"publish","type":"page","link":"https:\/\/serbia.com\/srpski\/posetite-srbiju\/prirodne-lepote\/banje\/sokobanja\/","title":{"rendered":"Sokobanja"},"content":{"rendered":"<h4>Sme\u0161tena izme\u0111u dve planine, Sokobanja, pored brojnih izvora lekovitih voda, predstavlja i pravu vazdu\u0161nu oazu.<\/h4>\n<p>Legenda o lekovitoj vodi koju poseduje Sokobanja ka\u017ee da je gospodar Soko grada zadobio te\u017eu povredu posle pada sa konja, pa je, dok je le\u017eao na zemlji iznenada \u010duo klokot vode i video sokola kako slomljeno krilo stavlja u vodu. Krilo se odmah zale\u010dilo pa je velmo\u017ea odlu\u010dio da se okupa u kladencu, posle \u010dega je ozdravio. Tako se pro\u010duo glas o vodi koja isceljuje, a koja se nalazi u kotlini izme\u0111u <strong>planina Ozren<\/strong> i <a href=\"http:\/\/www.serbia.com\/srpski\/posetite-srbiju\/prirodne-lepote\/planine\/rtanj-misteriozna-lepotica-piramidalnog-oblika\/\" target=\"_blank\" rel=\"noopener\"><strong>Rtanj<\/strong><\/a>.<\/p>\n<p>Banju pominju razni umni ljudi iz pro\u0161losti \u2013 Konstantin Filozof u biografiji <strong>despota<\/strong> <a href=\"http:\/\/www.serbia.com\/srpski\/despot-stefan-lazarevic-zmajev-vitez\/\" target=\"_blank\" rel=\"noopener\">Stefana Lazarevi\u0107a<\/a>, turski putopisac <strong>Evlija \u010celebija<\/strong>, turski geograf <strong>Had\u017ei Kalfa<\/strong>, <a href=\"http:\/\/www.serbia.com\/srpski\/vuk-stefanovic-karadzic-otac-savremenog-srpskog-jezika\/\"><strong>Vuk Karad\u017ei\u0107<\/strong><\/a>, putopisac<strong> Feliks Kanic<\/strong>\u2026<\/p>\n<p>Sokobanja se nalazi u jugoisto\u010dnoj Srbiji i jedna je od <strong>najpose\u0107enijih banja ove zemlje<\/strong>. Kroz vekove, Sokobanja je menjala svoj naziv \u2013 zvala se Balnea, Banja, Velika Banja, Aleksina\u010dka Banja, Sokol Banja, a od 1859. godine dobila je ime Sokobanja po istorijskom Soko gradu, koji je sru\u0161en 1416. godine.<\/p>\n<p>Jedinstveni polo\u017eaj ove banje na padinama planine Ozren, i blizina planine Rtanj, doprinose njenim posebnim karakteristikama.<\/p>\n<p>Banja je okru\u017eena prirodnim lepotama kakve su <strong>reka Moravica<\/strong>, <strong>Bovansko jezero<\/strong>, kao i <strong>najve\u0107i vodopad u Srbiji \u2013 <a href=\"_wp_link_placeholder\" data-wplink-edit=\"true\">Ripaljka<\/a><\/strong>. U blizini banje se nalaze brojna izleti\u0161ta, ali i kulturne atrakcije i istorijski spomenici, kao \u0161to su srednjovekovni gradovi <strong>Soko grad<\/strong>, <strong>Bovan<\/strong> i <a href=\"http:\/\/www.serbia.com\/srpski\/selo-vrmdza-fenomen-privlacne-sile-rtnja\/\" target=\"_blank\" rel=\"noopener\"><strong>Vrmd\u017ea<\/strong><\/a>. Nad banjom se uzdi\u017ee strma stena na kojoj je podignut Soko grad, kamena utvrda iz srednjeg veka.<\/p>\n<p>U samom centru Sokobanje se nalazi <strong>Milo\u0161ev konak<\/strong> koji je podigao knez Milo\u0161 Obrenovi\u0107 u 19. veku.<\/p>\n<p>Tako\u0111e, tu je i <strong>staro tursko kupatilo, amam iz 15. veka<\/strong>. \u010celebija pi\u0161e da je<em> \u201ckupatilo vrlo impozantno, u dobroj gra\u0111evini, s kupolama pokrivenim olovom, sa \u0161edrvanom i sobama za kupanje\u201d<\/em>. Ima i posebno kupatilo <em>\u201csamo za \u017eene, sa toplom vodom u koju se ne mo\u017ee u\u0107i dok se prvo ne prome\u0161a sa hladnom vodom.\u201d<\/em> U banju su tada dolazili gosti iz Turske i Male Azije.<\/p>\n<p><strong>Sokobanja je bogata<\/strong> <strong>prirodnim lekovitim izvorima, odnosno termomineralnim vodama i gasom<\/strong>. Banja se odlikuje i \u010distim planinskim vazduhom i umereno-kontinentalnom klimom. Poznato je da je Sokobanja oduvek bila mesto za prevenciju i le\u010denje brojnih oboljenja.<\/p>\n<p>Sokobanju \u0107ete posetiti i zbog bogatog sportsko-rekreativnog sadr\u017eaja. Tereni za tenis, mali i veliki fudbal, ko\u0161arku, zatim streljane i rekreativni centri, zadovolji\u0107e sve va\u0161e \u017eelje i potrebe za rekreacijom i aktivnim odmorom. Tu su i bogata lovi\u0161ta na obroncima okolnih planina, a mo\u017ee se i\u0107i i na pecanje na Moravici, Bovanskom i Vrmd\u017eanskom jezeru.<\/p>\n<p>Posetiocima avanturisti\u010dkog duha omogu\u0107eni su brojni planinarski izleti, kao i odlazak u pe\u0107ine u blizini banje. Tokom godine u Sokobanji se odr\u017eavaju i brojne kulturno-umetni\u010dke manifestacije, kao \u0161to su <strong>\u201ePrva harmonika Srbije\u201c,<\/strong> <strong>umetni\u010dka kolonija \u201eSokograd\u201c<\/strong> i <strong>\u201eBanjsko kulturno leto\u201c<\/strong>.<\/p>\n<p>Danas je Sokobanja jedno od najpose\u0107enijih mesta u na\u0161oj zemlji i smatra se jednom od sedam najatraktivnijih turisti\u010dkih destinacija u Srbiji.<\/p>\n<p>Umiruju\u0107e dejstvo kontinentalne klime, visoka koncentracija kiseonika, ozona i negativnih jona u vazduhu, odsustvo aero zaga\u0111enja, malo magle i vetrovitih dana, prisustvo specifi\u010dnih elemenata u vazduhu i oligomineralnim vodama, predstavljaju Sokobanju kao idealno mesto za banjsko-klimatski tretman.<\/p>\n<h4>Gde je Sokobanja i kako do nje sti\u0107i?<\/h4>\n<p>Ve\u0107i gradovi u blizini Sokobanje su Aleksinac (30 km), Boljevac (27 km) i Knja\u017eevac (47 km). Preko Aleksinca je Sokobanja povezana sa auto-putem E-75 <a href=\"http:\/\/www.serbia.com\/srpski\/posetite-srbiju\/gradovi\/beograd\/\" target=\"_blank\" rel=\"noopener\">Beograd<\/a>&#8211;<a href=\"http:\/\/www.serbia.com\/srpski\/posetite-srbiju\/gradovi\/nis\/\" target=\"_blank\" rel=\"noopener\">Ni\u0161<\/a>, a njime i sa svim ostalim krajevima Srbije.<\/p>\n<p>Ni\u0161 se nalazi na svega 60 km od banje, a sa autobuske stanice u Ni\u0161u, \u010desti su polasci prema Sokobanji. Beograd je udaljen od banje 240 km, i tako\u0111e postoji veliki broj polazaka ka njoj sa beogradske autobuske stanice.<\/p>\n<h4>Kada ste ve\u0107 ovde, ne propustite\u2026<\/h4>\n<p>Na samo 2 km isto\u010dno od Sokbanje nalazi se <strong>Soko grad, srednjevekovno utvr\u0111enje<\/strong> poznato i kao Sokolac.<\/p>\n<p>Od prirodnih lepota u ovom kraju ne propustite <strong>Sesala\u010dku<\/strong>, <strong>Samar<\/strong> i <strong>Cerjansku pe\u0107inu<\/strong>.<\/p>\n","protected":false},"excerpt":{"rendered":"<p>Sme\u0161tena izme\u0111u dve planine, Sokobanja, pored brojnih izvora lekovitih voda, predstavlja i pravu vazdu\u0161nu oazu. Legenda o lekovitoj vodi koju poseduje Sokobanja ka\u017ee da je gospodar Soko grada zadobio te\u017eu [&hellip;]<\/p>\n","protected":false},"author":9,"featured_media":32983,"parent":20468,"menu_order":0,"comment_status":"closed","ping_status":"closed","template":"","meta":{"_acf_changed":false,"inline_featured_image":false,"_monsterinsights_skip_tracking":false,"_monsterinsights_sitenote_active":false,"_monsterinsights_sitenote_note":"","_monsterinsights_sitenote_category":0,"footnotes":""},"categories":[1657],"tags":[],"class_list":["post-24794","page","type-page","status-publish","has-post-thumbnail","hentry","category-banje"],"acf":[],"yoast_head":"<!-- This site is optimized with the Yoast SEO plugin v23.8 - https:\/\/yoast.com\/wordpress\/plugins\/seo\/ -->\n<title>Sokobanja - Serbia.com<\/title>\n<meta name=\"description\" content=\"Sme\u0161tena izme\u0111u dve planine, Sokobanja, pored brojnih izvora lekovitih voda, predstavlja i pravu vazdu\u0161nu oazu.\" \/>\n<meta name=\"robots\" content=\"index, follow, max-snippet:-1, max-image-preview:large, max-video-preview:-1\" \/>\n<link rel=\"canonical\" href=\"https:\/\/serbia.com\/srpski\/posetite-srbiju\/prirodne-lepote\/banje\/sokobanja\/\" \/>\n<meta property=\"og:locale\" content=\"en_US\" \/>\n<meta property=\"og:type\" content=\"article\" \/>\n<meta property=\"og:title\" content=\"Sokobanja - Serbia.com\" \/>\n<meta property=\"og:description\" content=\"Sme\u0161tena izme\u0111u dve planine, Sokobanja, pored brojnih izvora lekovitih voda, predstavlja i pravu vazdu\u0161nu oazu.\" \/>\n<meta property=\"og:url\" content=\"https:\/\/serbia.com\/srpski\/posetite-srbiju\/prirodne-lepote\/banje\/sokobanja\/\" \/>\n<meta property=\"og:site_name\" content=\"Serbia.com\" \/>\n<meta property=\"article:modified_time\" content=\"2024-10-20T18:03:33+00:00\" \/>\n<meta property=\"og:image\" content=\"https:\/\/serbia.com\/wp-content\/uploads\/2015\/05\/sokobanja.jpg\" \/>\n\t<meta property=\"og:image:width\" content=\"1600\" \/>\n\t<meta property=\"og:image:height\" content=\"740\" \/>\n\t<meta property=\"og:image:type\" content=\"image\/jpeg\" \/>\n<meta name=\"twitter:label1\" content=\"Est. reading time\" \/>\n\t<meta name=\"twitter:data1\" content=\"3 minutes\" \/>\n<script type=\"application\/ld+json\" class=\"yoast-schema-graph\">{\"@context\":\"https:\/\/schema.org\",\"@graph\":[{\"@type\":\"WebPage\",\"@id\":\"https:\/\/serbia.com\/srpski\/posetite-srbiju\/prirodne-lepote\/banje\/sokobanja\/\",\"url\":\"https:\/\/serbia.com\/srpski\/posetite-srbiju\/prirodne-lepote\/banje\/sokobanja\/\",\"name\":\"Sokobanja - Serbia.com\",\"isPartOf\":{\"@id\":\"https:\/\/serbia.com\/#website\"},\"primaryImageOfPage\":{\"@id\":\"https:\/\/serbia.com\/srpski\/posetite-srbiju\/prirodne-lepote\/banje\/sokobanja\/#primaryimage\"},\"image\":{\"@id\":\"https:\/\/serbia.com\/srpski\/posetite-srbiju\/prirodne-lepote\/banje\/sokobanja\/#primaryimage\"},\"thumbnailUrl\":\"https:\/\/serbia.com\/wp-content\/uploads\/2015\/05\/sokobanja.jpg\",\"datePublished\":\"2014-04-08T13:57:03+00:00\",\"dateModified\":\"2024-10-20T18:03:33+00:00\",\"description\":\"Sme\u0161tena izme\u0111u dve planine, Sokobanja, pored brojnih izvora lekovitih voda, predstavlja i pravu vazdu\u0161nu oazu.\",\"breadcrumb\":{\"@id\":\"https:\/\/serbia.com\/srpski\/posetite-srbiju\/prirodne-lepote\/banje\/sokobanja\/#breadcrumb\"},\"inLanguage\":\"srpski\",\"potentialAction\":[{\"@type\":\"ReadAction\",\"target\":[\"https:\/\/serbia.com\/srpski\/posetite-srbiju\/prirodne-lepote\/banje\/sokobanja\/\"]}]},{\"@type\":\"ImageObject\",\"inLanguage\":\"srpski\",\"@id\":\"https:\/\/serbia.com\/srpski\/posetite-srbiju\/prirodne-lepote\/banje\/sokobanja\/#primaryimage\",\"url\":\"https:\/\/serbia.com\/wp-content\/uploads\/2015\/05\/sokobanja.jpg\",\"contentUrl\":\"https:\/\/serbia.com\/wp-content\/uploads\/2015\/05\/sokobanja.jpg\",\"width\":1600,\"height\":740},{\"@type\":\"BreadcrumbList\",\"@id\":\"https:\/\/serbia.com\/srpski\/posetite-srbiju\/prirodne-lepote\/banje\/sokobanja\/#breadcrumb\",\"itemListElement\":[{\"@type\":\"ListItem\",\"position\":1,\"name\":\"Home\",\"item\":\"https:\/\/serbia.com\/srpski\/\"},{\"@type\":\"ListItem\",\"position\":2,\"name\":\"Poseti Srbiju\",\"item\":\"https:\/\/serbia.com\/srpski\/posetite-srbiju\/\"},{\"@type\":\"ListItem\",\"position\":3,\"name\":\"Prirodne lepote\",\"item\":\"https:\/\/serbia.com\/srpski\/posetite-srbiju\/prirodne-lepote\/\"},{\"@type\":\"ListItem\",\"position\":4,\"name\":\"Banje\",\"item\":\"https:\/\/serbia.com\/srpski\/posetite-srbiju\/prirodne-lepote\/banje\/\"},{\"@type\":\"ListItem\",\"position\":5,\"name\":\"Sokobanja\"}]},{\"@type\":\"WebSite\",\"@id\":\"https:\/\/serbia.com\/#website\",\"url\":\"https:\/\/serbia.com\/\",\"name\":\"Serbia.com\",\"description\":\"Your Gateway to Serbia\",\"potentialAction\":[{\"@type\":\"SearchAction\",\"target\":{\"@type\":\"EntryPoint\",\"urlTemplate\":\"https:\/\/serbia.com\/?s={search_term_string}\"},\"query-input\":{\"@type\":\"PropertyValueSpecification\",\"valueRequired\":true,\"valueName\":\"search_term_string\"}}],\"inLanguage\":\"srpski\"}]}<\/script>\n<!-- \/ Yoast SEO plugin. -->","yoast_head_json":{"title":"Sokobanja - Serbia.com","description":"Sme\u0161tena izme\u0111u dve planine, Sokobanja, pored brojnih izvora lekovitih voda, predstavlja i pravu vazdu\u0161nu oazu.","robots":{"index":"index","follow":"follow","max-snippet":"max-snippet:-1","max-image-preview":"max-image-preview:large","max-video-preview":"max-video-preview:-1"},"canonical":"https:\/\/serbia.com\/srpski\/posetite-srbiju\/prirodne-lepote\/banje\/sokobanja\/","og_locale":"en_US","og_type":"article","og_title":"Sokobanja - Serbia.com","og_description":"Sme\u0161tena izme\u0111u dve planine, Sokobanja, pored brojnih izvora lekovitih voda, predstavlja i pravu vazdu\u0161nu oazu.","og_url":"https:\/\/serbia.com\/srpski\/posetite-srbiju\/prirodne-lepote\/banje\/sokobanja\/","og_site_name":"Serbia.com","article_modified_time":"2024-10-20T18:03:33+00:00","og_image":[{"width":1600,"height":740,"url":"https:\/\/serbia.com\/wp-content\/uploads\/2015\/05\/sokobanja.jpg","type":"image\/jpeg"}],"twitter_misc":{"Est. reading time":"3 minutes"},"schema":{"@context":"https:\/\/schema.org","@graph":[{"@type":"WebPage","@id":"https:\/\/serbia.com\/srpski\/posetite-srbiju\/prirodne-lepote\/banje\/sokobanja\/","url":"https:\/\/serbia.com\/srpski\/posetite-srbiju\/prirodne-lepote\/banje\/sokobanja\/","name":"Sokobanja - Serbia.com","isPartOf":{"@id":"https:\/\/serbia.com\/#website"},"primaryImageOfPage":{"@id":"https:\/\/serbia.com\/srpski\/posetite-srbiju\/prirodne-lepote\/banje\/sokobanja\/#primaryimage"},"image":{"@id":"https:\/\/serbia.com\/srpski\/posetite-srbiju\/prirodne-lepote\/banje\/sokobanja\/#primaryimage"},"thumbnailUrl":"https:\/\/serbia.com\/wp-content\/uploads\/2015\/05\/sokobanja.jpg","datePublished":"2014-04-08T13:57:03+00:00","dateModified":"2024-10-20T18:03:33+00:00","description":"Sme\u0161tena izme\u0111u dve planine, Sokobanja, pored brojnih izvora lekovitih voda, predstavlja i pravu vazdu\u0161nu oazu.","breadcrumb":{"@id":"https:\/\/serbia.com\/srpski\/posetite-srbiju\/prirodne-lepote\/banje\/sokobanja\/#breadcrumb"},"inLanguage":"srpski","potentialAction":[{"@type":"ReadAction","target":["https:\/\/serbia.com\/srpski\/posetite-srbiju\/prirodne-lepote\/banje\/sokobanja\/"]}]},{"@type":"ImageObject","inLanguage":"srpski","@id":"https:\/\/serbia.com\/srpski\/posetite-srbiju\/prirodne-lepote\/banje\/sokobanja\/#primaryimage","url":"https:\/\/serbia.com\/wp-content\/uploads\/2015\/05\/sokobanja.jpg","contentUrl":"https:\/\/serbia.com\/wp-content\/uploads\/2015\/05\/sokobanja.jpg","width":1600,"height":740},{"@type":"BreadcrumbList","@id":"https:\/\/serbia.com\/srpski\/posetite-srbiju\/prirodne-lepote\/banje\/sokobanja\/#breadcrumb","itemListElement":[{"@type":"ListItem","position":1,"name":"Home","item":"https:\/\/serbia.com\/srpski\/"},{"@type":"ListItem","position":2,"name":"Poseti Srbiju","item":"https:\/\/serbia.com\/srpski\/posetite-srbiju\/"},{"@type":"ListItem","position":3,"name":"Prirodne lepote","item":"https:\/\/serbia.com\/srpski\/posetite-srbiju\/prirodne-lepote\/"},{"@type":"ListItem","position":4,"name":"Banje","item":"https:\/\/serbia.com\/srpski\/posetite-srbiju\/prirodne-lepote\/banje\/"},{"@type":"ListItem","position":5,"name":"Sokobanja"}]},{"@type":"WebSite","@id":"https:\/\/serbia.com\/#website","url":"https:\/\/serbia.com\/","name":"Serbia.com","description":"Your Gateway to Serbia","potentialAction":[{"@type":"SearchAction","target":{"@type":"EntryPoint","urlTemplate":"https:\/\/serbia.com\/?s={search_term_string}"},"query-input":{"@type":"PropertyValueSpecification","valueRequired":true,"valueName":"search_term_string"}}],"inLanguage":"srpski"}]}},"_links":{"self":[{"href":"https:\/\/serbia.com\/srpski\/wp-json\/wp\/v2\/pages\/24794"}],"collection":[{"href":"https:\/\/serbia.com\/srpski\/wp-json\/wp\/v2\/pages"}],"about":[{"href":"https:\/\/serbia.com\/srpski\/wp-json\/wp\/v2\/types\/page"}],"author":[{"embeddable":true,"href":"https:\/\/serbia.com\/srpski\/wp-json\/wp\/v2\/users\/9"}],"replies":[{"embeddable":true,"href":"https:\/\/serbia.com\/srpski\/wp-json\/wp\/v2\/comments?post=24794"}],"version-history":[{"count":1,"href":"https:\/\/serbia.com\/srpski\/wp-json\/wp\/v2\/pages\/24794\/revisions"}],"predecessor-version":[{"id":55748,"href":"https:\/\/serbia.com\/srpski\/wp-json\/wp\/v2\/pages\/24794\/revisions\/55748"}],"up":[{"embeddable":true,"href":"https:\/\/serbia.com\/srpski\/wp-json\/wp\/v2\/pages\/20468"}],"wp:featuredmedia":[{"embeddable":true,"href":"https:\/\/serbia.com\/srpski\/wp-json\/wp\/v2\/media\/32983"}],"wp:attachment":[{"href":"https:\/\/serbia.com\/srpski\/wp-json\/wp\/v2\/media?parent=24794"}],"wp:term":[{"taxonomy":"category","embeddable":true,"href":"https:\/\/serbia.com\/srpski\/wp-json\/wp\/v2\/categories?post=24794"},{"taxonomy":"post_tag","embeddable":true,"href":"https:\/\/serbia.com\/srpski\/wp-json\/wp\/v2\/tags?post=24794"}],"curies":[{"name":"wp","href":"https:\/\/api.w.org\/{rel}","templated":true}]}}