{"id":20997,"date":"2014-02-27T02:10:55","date_gmt":"2014-02-27T01:10:55","guid":{"rendered":"http:\/\/www.serbia.com\/?page_id=20997"},"modified":"2014-05-22T16:52:14","modified_gmt":"2014-05-22T14:52:14","slug":"top-atrakcije","status":"publish","type":"page","link":"https:\/\/serbia.com\/srpski\/posetite-srbiju\/gradovi\/beograd\/top-atrakcije\/","title":{"rendered":"Top atrakcije"},"content":{"rendered":"<h4><strong>Beogradska tvr\u0111ava i park Kalemegdan<\/strong><\/h4>\n<p><a href=\"http:\/\/www.serbia.com\/wp-content\/uploads\/2014\/02\/Kalemegdan118964361.jpg\"><img loading=\"lazy\" decoding=\"async\" class=\"aligncenter wp-image-28612 size-full\" src=\"http:\/\/www.serbia.com\/wp-content\/uploads\/2014\/02\/Kalemegdan118964361.jpg\" alt=\"Kalemegdan\" width=\"735\" height=\"382\" srcset=\"https:\/\/serbia.com\/wp-content\/uploads\/2014\/02\/Kalemegdan118964361.jpg 735w, https:\/\/serbia.com\/wp-content\/uploads\/2014\/02\/Kalemegdan118964361-300x155.jpg 300w\" sizes=\"(max-width: 735px) 100vw, 735px\" \/><\/a><\/p>\n<p>Beogradska tvr\u0111ava, gra\u0111ena na belom grebenu iznad u\u0161\u0107a<a title=\"Reka Sava, ispomo\u0107 Zevsu\" href=\"http:\/\/www.serbia.com\/srpski\/reka-sava-ispomoc-zevsu-2\/\" target=\"_blank\"> Save<\/a> u <a title=\"Dunav, mesto spajanja i razdvajanja\" href=\"http:\/\/www.serbia.com\/srpski\/dunav-mesto-spajanja-i-razdvajanja-2\/\" target=\"_blank\">Dunav<\/a>, vi\u0161e puta ru\u0161ena i ponovo podizana tokom 16 vekova, danas je za\u0161titni znak glavnog grada Srbije.<\/p>\n<p>Gra\u0111ena je u dugom rasponu izme\u0111u 2. i 18. veka. Sve vojske, narodi i osvaja\u010di koji su prolazili ovim prostorima, ostavljali su svog traga, pa se Beogradska tvr\u0111ava mo\u017ee di\u010diti nekolicinom slojeva koje koji su podigli: Rimljani, Srbi, Turci, Austrougari.<\/p>\n<p>Dana\u0161nja Beogradska tvr\u0111ava obuhvata Gornji i Donji grad i polje ispred same tvr\u0111ave koje su Turci nazvali \u201c<a title=\"Beogradska tvr\u0111ava: Put stopama istorije\" href=\"http:\/\/www.serbia.com\/srpski\/beogradska-tvrdava-put-stopama-istorije-2\/\" target=\"_blank\"><strong>Kalemegdan<\/strong><\/a>\u201d, spojiv\u0161i re\u010d \u201ckale\u201d, \u0161to zna\u010di grad, tvr\u0111ava i \u201cmegdan\u201d \u2013 tursku re\u010d za polje. Danas, najlep\u0161i i najve\u0107i park srpske prestonice nekada je bio polje na kome je sa\u010dekivan neprijatelj.<\/p>\n<h4><strong>Knez Mihailova ulica<\/strong><\/h4>\n<p><a href=\"http:\/\/www.serbia.com\/wp-content\/uploads\/2014\/02\/IMG_19471.jpg\"><img loading=\"lazy\" decoding=\"async\" class=\"aligncenter wp-image-28615 size-full\" src=\"http:\/\/www.serbia.com\/wp-content\/uploads\/2014\/02\/IMG_19471.jpg\" alt=\"Knez Mihailova ulica\" width=\"736\" height=\"315\" srcset=\"https:\/\/serbia.com\/wp-content\/uploads\/2014\/02\/IMG_19471.jpg 736w, https:\/\/serbia.com\/wp-content\/uploads\/2014\/02\/IMG_19471-300x128.jpg 300w\" sizes=\"(max-width: 736px) 100vw, 736px\" \/><\/a><\/p>\n<p>Knez Mihailova ulica je glavna ulica Beograda, pe\u0161a\u010dka zona u koja se prote\u017ee od Terazija do ulaza u park Kalemegdan. Povezana je sa Trgom republike na kome se nalazi Spomenik knezu Mihailu i Narodni muzej. Ovo je naj\u017eivlja ulica u Beogradu u kojoj je sme\u0161teno mno\u0161vo prodavnica i kafi\u0107a, mesta za u\u017eivanje i opu\u0161tanje.U njenom okru\u017eenju naleze se kulturni centri, ambasade, fakulteti, zatim brojne galerije i muzeji poput Etnografskog muzeja, Konaka kneginje Ljubice, Muzeja primenjene umetnosti, Galerije fresaka&#8230; Tako\u0111e, u njenoj blizini nalazi se i palata Patrijar\u0161ije, centra crkvene vlasti Srpske pravoslavne crkve, Muzej srpske pravoslavne crkve i Saborna crkva.<\/p>\n<h4><strong>Boemska \u010detvrt- Skadarlija<\/strong><\/h4>\n<p><a href=\"http:\/\/www.serbia.com\/wp-content\/uploads\/2014\/02\/Skadarlija_Beograd_1.jpg\"><img loading=\"lazy\" decoding=\"async\" class=\"aligncenter wp-image-28617 size-full\" src=\"http:\/\/www.serbia.com\/wp-content\/uploads\/2014\/02\/Skadarlija_Beograd_1.jpg\" alt=\"Skadarlija_Beograd_\" width=\"736\" height=\"300\" srcset=\"https:\/\/serbia.com\/wp-content\/uploads\/2014\/02\/Skadarlija_Beograd_1.jpg 736w, https:\/\/serbia.com\/wp-content\/uploads\/2014\/02\/Skadarlija_Beograd_1-300x122.jpg 300w\" sizes=\"(max-width: 736px) 100vw, 736px\" \/><\/a><\/p>\n<p>Pariz ima Monmartr, a Beograd Skadarliju! Skadarska ulica ili Skadarlija, oduvek je bila steci\u0161te boema i umetnika, onih koji su voleli dobru pesmu, odli\u010dno vino i jo\u0161 bolju <a title=\"Tradicionalna kuhinja\" href=\"http:\/\/www.serbia.com\/srpski\/o-srbiji\/tradicionalna-kuhinja\/\" target=\"_blank\">hranu<\/a>. Kaldrmisana strma ulica sa najstarijim i najpoznatijim <a title=\"Kafana, centar \u017eivota u Srbiji\" href=\"http:\/\/www.serbia.com\/srpski\/kafana-centar-zivota-u-srbiji\/\" target=\"_blank\">kafanama<\/a> u gardu, koja i danas odzvanja starogradskom muzikom, jedna je od najve\u0107ih turisti\u010dkih atrakcija glavnog grada i ponos Beogra\u0111ana. Skadarlija je \u010duvar starog duha Beograda i mesto koje se ne propu\u0161ta.<\/p>\n<h4><strong>Hram Svetog Save<\/strong><\/h4>\n<p><a href=\"http:\/\/www.serbia.com\/wp-content\/uploads\/2014\/02\/hram-svetog-save.jpg\"><img loading=\"lazy\" decoding=\"async\" class=\"aligncenter wp-image-28621 size-full\" src=\"http:\/\/www.serbia.com\/wp-content\/uploads\/2014\/02\/hram-svetog-save.jpg\" alt=\"hram svetog save\" width=\"736\" height=\"294\" srcset=\"https:\/\/serbia.com\/wp-content\/uploads\/2014\/02\/hram-svetog-save.jpg 736w, https:\/\/serbia.com\/wp-content\/uploads\/2014\/02\/hram-svetog-save-300x119.jpg 300w\" sizes=\"(max-width: 736px) 100vw, 736px\" \/><\/a><\/p>\n<p>Hram Svetog Save je najve\u0107i pravoslavni hram na Balkanu i jedan od najve\u0107ih pravoslavnih hramova na svetu. Nalazi se na Vra\u010daru, a zbog svoje veli\u010dine vidi se iz mnogih delova Beograda. Podignut je na mestu na kome je, prema mi\u0161ljenju mnogih stru\u010dnjaka, Sinan pa\u0161a 1595. godine spalio mo\u0161ti svetog Save, osniva\u010da Srpske pravoslavne crkve. Izgradnja crkve je finansirana isklju\u010divo dobrovoljnim prilozima.<\/p>\n<h4><strong>Zemun<\/strong><\/h4>\n<p><a href=\"http:\/\/www.serbia.com\/wp-content\/uploads\/2014\/02\/Pogled-na-Dunav-sa-Gardosa1.jpg\"><img loading=\"lazy\" decoding=\"async\" class=\"aligncenter wp-image-28623 size-full\" src=\"http:\/\/www.serbia.com\/wp-content\/uploads\/2014\/02\/Pogled-na-Dunav-sa-Gardosa1.jpg\" alt=\"Pogled-na-Dunav-sa-Gardosa\" width=\"736\" height=\"294\" srcset=\"https:\/\/serbia.com\/wp-content\/uploads\/2014\/02\/Pogled-na-Dunav-sa-Gardosa1.jpg 736w, https:\/\/serbia.com\/wp-content\/uploads\/2014\/02\/Pogled-na-Dunav-sa-Gardosa1-300x119.jpg 300w\" sizes=\"(max-width: 736px) 100vw, 736px\" \/><\/a><\/p>\n<p>Zemun je nekada bio najlep\u0161i pograni\u010dni grad Austrije, danas je naj\u0161armantniji deo Beograda, nepokolebljivi \u010duvar autenti\u010dne atmosfere prohujalih vremena koji drsko zavodi posetioce glavnog grada.<\/p>\n<p>Sme\u0161ten na desnoj obali Dunava, <a title=\"Zemun\" href=\"http:\/\/www.serbia.com\/srpski\/zemun-2\/\" target=\"_blank\">Zemun<\/a> mami poglede neobi\u010dnom lepotom i duhom starine koji se mo\u017ee primetiti u svakoj ulici, svakom sokaku ovog istorijskog dela grada. Du\u0161a Zemuna spava u staroj \u010detvrti, Gardo\u0161u, nadvijenom nad plavim Dunavom sa \u010duvenom \u201cMilenijumskom kulom\u201d podignutom 1896. godine u sklopu proslave 1000. godina od doseljavanja Ma\u0111ara u Panonsku niziju. Strmoglave kaldrmisane ulice Gardo\u0161a obru\u0161avaju se ka najlep\u0161em beogradskom \u0161etali\u0161tu uz <a title=\"Dunav, mesto spajanja i razdvajanja\" href=\"http:\/\/www.serbia.com\/srpski\/dunav-mesto-spajanja-i-razdvajanja-2\/\" target=\"_blank\">Dunav,<\/a> Zemunskom keju na kome se nalazi mno\u0161tvo ribljih restorana kao i popularnih <a title=\"Splavovi, epicentri dobrog provoda\" href=\"http:\/\/www.serbia.com\/srpski\/splavovi-epicentri-dobrog-provoda\/\" target=\"_blank\">splavova<\/a>.<\/p>\n<h4><strong>Dvorski kompleks<\/strong><\/h4>\n<p><a href=\"http:\/\/www.serbia.com\/wp-content\/uploads\/2014\/02\/dvor-21.jpg\"><img loading=\"lazy\" decoding=\"async\" class=\"aligncenter wp-image-28625 size-full\" src=\"http:\/\/www.serbia.com\/wp-content\/uploads\/2014\/02\/dvor-21.jpg\" alt=\"dvor-2\" width=\"734\" height=\"362\" srcset=\"https:\/\/serbia.com\/wp-content\/uploads\/2014\/02\/dvor-21.jpg 734w, https:\/\/serbia.com\/wp-content\/uploads\/2014\/02\/dvor-21-300x147.jpg 300w\" sizes=\"(max-width: 734px) 100vw, 734px\" \/><\/a><\/p>\n<p><a title=\"Tragom srpskih vladarskih porodica: \u201eKraljevska ruta\u201c\" href=\"http:\/\/www.serbia.com\/srpski\/tragom-srpskih-vladarskih-porodica-kraljevska-ruta\/\" target=\"_blank\">Kompleks dvorova<\/a> srpske kraljevske porodice Kara\u0111or\u0111evi\u0107, koji obuhvata Kraljev dvor, Beli dvor, kapelu Sv. Andreja Prvozvanog i prate\u0107e objekte, sme\u0161ten je na najvi\u0161em bre\u017euljku Dedinja, luksuznog beogradskog naselja. Porodica Kara\u0111or\u0111evi\u0107 i danas \u017eivi u delu dvora, a drugi deo otvoren je za posetioce. kraljevski dvorski kompleks ima veli\u010danstven pogled na Beograd i <a title=\"Planina Avala, pogled na Beograd iz oblaka\" href=\"http:\/\/www.serbia.com\/srpski\/planina-avala-pogled-na-beograd-iz-oblaka-3\/\" target=\"_blank\">Avalu<\/a>, a najstarije zdanje u njemu je Kraljevski dvor.<\/p>\n<h4><strong>Ada Ciganlija<\/strong><\/h4>\n<p><a href=\"http:\/\/www.serbia.com\/wp-content\/uploads\/2014\/02\/Ada-Ciganlija1.jpg\"><img loading=\"lazy\" decoding=\"async\" class=\"aligncenter wp-image-28627 size-full\" src=\"http:\/\/www.serbia.com\/wp-content\/uploads\/2014\/02\/Ada-Ciganlija1.jpg\" alt=\"Ada Ciganlija\" width=\"735\" height=\"400\" srcset=\"https:\/\/serbia.com\/wp-content\/uploads\/2014\/02\/Ada-Ciganlija1.jpg 735w, https:\/\/serbia.com\/wp-content\/uploads\/2014\/02\/Ada-Ciganlija1-300x163.jpg 300w\" sizes=\"(max-width: 735px) 100vw, 735px\" \/><\/a><\/p>\n<p>Ada Ciganlija je nekada\u0161nje ostrvo, a danas poluostrvo na reci Savi. Obrasla gustom listopadnom \u0161umom, sa pla\u017eama nalik morskim, Ada je najve\u0107e, najlep\u0161e i najpose\u0107enije izleti\u0161te, kupali\u0161te i odmarali\u0161te Beogra\u0111ana. Gotovo ceo Beograd se preko leta preseli na Adu. Tamo se nalazi mno\u0161tvo kafi\u0107a i restorana, no\u0107nih klubova, sportskih terena\u2026<\/p>\n<h4><strong>Avala<\/strong><\/h4>\n<p><a href=\"http:\/\/www.serbia.com\/wp-content\/uploads\/2014\/02\/Avala-248279151.jpg\"><img loading=\"lazy\" decoding=\"async\" class=\"aligncenter wp-image-28629 size-full\" src=\"http:\/\/www.serbia.com\/wp-content\/uploads\/2014\/02\/Avala-248279151.jpg\" alt=\"Avala 24827915\" width=\"735\" height=\"450\" srcset=\"https:\/\/serbia.com\/wp-content\/uploads\/2014\/02\/Avala-248279151.jpg 735w, https:\/\/serbia.com\/wp-content\/uploads\/2014\/02\/Avala-248279151-300x183.jpg 300w\" sizes=\"(max-width: 735px) 100vw, 735px\" \/><\/a><\/p>\n<p>Na svega desetak kilometara od Beograda uzdi\u017ee se iz ravnice <a title=\"Planina Avala, pogled na Beograd iz oblaka\" href=\"http:\/\/www.serbia.com\/srpski\/planina-avala-pogled-na-beograd-iz-oblaka-3\/\" target=\"_blank\">Avala<\/a>, kupasta planina obavijena velom misterije i legendi. Danas omiljeno izleti\u0161te Beogra\u0111ana a nekada mo\u0107no upori\u0161te civilizacija koje su se smenjivale na ovom tlu, Avala je oduvek budila znati\u017eelju ljudi koji su u njenom podno\u017eju \u017eiveli, kao i brojnih istra\u017eiva\u010da. Listopadna i borova park-\u0161uma sa 8 izvora \u010diste planinske vode danas je zakonom za\u0161ti\u0107eno prirodno bogatstvo Srbije i idealna destinacija za izlet ili piknik.<\/p>\n<p>Na vrhu Avale nalazi se jedan od simbola Beograda i njegove okoline \u2013 Avalski toranj visine 204,8 m. Prvobitni Avalski toranj sru\u0161en je u NATO bombardovanju 1999. godine. Poput svog prethodinika, dana\u0161nji toranj je najvi\u0161a gra\u0111evina na Balkanu.<\/p>\n<p>Na vrhu Avale nalazi se i Spomenik neznanom junaku. To je monumentalni kompleks na \u010dijem se nalazi 8 karijatida u narodnim no\u0161njama, koje simboli\u0161u ujedinjenje svih nacionalnosti u Kraljevini Jugoslaviji.<\/p>\n<h4><strong>\u017divot na beogradskim rekama<\/strong><\/h4>\n<p><a href=\"http:\/\/www.serbia.com\/wp-content\/uploads\/2014\/02\/Sava-i-Dunav-usce.jpg\"><img loading=\"lazy\" decoding=\"async\" class=\"aligncenter wp-image-28631 size-full\" src=\"http:\/\/www.serbia.com\/wp-content\/uploads\/2014\/02\/Sava-i-Dunav-usce.jpg\" alt=\"Sava i Dunav usce\" width=\"735\" height=\"359\" srcset=\"https:\/\/serbia.com\/wp-content\/uploads\/2014\/02\/Sava-i-Dunav-usce.jpg 735w, https:\/\/serbia.com\/wp-content\/uploads\/2014\/02\/Sava-i-Dunav-usce-300x146.jpg 300w\" sizes=\"(max-width: 735px) 100vw, 735px\" \/><\/a><\/p>\n<p>Kroz Beograd proti\u010du dve velike reke Sava i Dunav, koje se sjedinjuju na U\u0161\u0107u u senci <a title=\"Beogradska tvr\u0111ava: Put stopama istorije\" href=\"http:\/\/www.serbia.com\/srpski\/beogradska-tvrdava-put-stopama-istorije-2\/\" target=\"_blank\">Beogradske tvr\u0111ave<\/a>. Jedna od najve\u0107ih specifi\u010dnosti Beograda je \u017eivot na rekama. Preko dana, njihove obale su glavna \u0161etali\u0161ta i odmarali\u0161ta Beogra\u0111ana, gde se ispijaju kafe, u\u017eiva u ribljim specijalitetima, kupa I sun\u010da, bavi sportom\u2026 No\u0107u, obale ovih reka odzvanjaju od muzike koja dopire sa plutaju\u0107ih klubova- <a title=\"Splavovi, epicentri dobrog provoda\" href=\"http:\/\/www.serbia.com\/srpski\/splavovi-epicentri-dobrog-provoda\/\" target=\"_blank\">splavova<\/a>, po kojima je Beograd nadaleko poznat. Oni su najzaslu\u017eniji za to \u0161to Beograd nosi titulu grada sa najboljim no\u0107nim \u017eivotom u Evropi.<\/p>\n<p>&nbsp;<\/p>\n","protected":false},"excerpt":{"rendered":"<p>Beogradska tvr\u0111ava i park Kalemegdan Beogradska tvr\u0111ava, gra\u0111ena na belom grebenu iznad u\u0161\u0107a Save u Dunav, vi\u0161e puta ru\u0161ena i ponovo podizana tokom 16 vekova, danas je za\u0161titni znak glavnog [&hellip;]<\/p>\n","protected":false},"author":9,"featured_media":52585,"parent":20438,"menu_order":0,"comment_status":"closed","ping_status":"open","template":"","meta":{"_acf_changed":false,"inline_featured_image":false,"_monsterinsights_skip_tracking":false,"_monsterinsights_sitenote_active":false,"_monsterinsights_sitenote_note":"","_monsterinsights_sitenote_category":0,"footnotes":""},"categories":[],"tags":[],"class_list":["post-20997","page","type-page","status-publish","has-post-thumbnail","hentry"],"acf":[],"yoast_head":"<!-- This site is optimized with the Yoast SEO plugin v23.8 - https:\/\/yoast.com\/wordpress\/plugins\/seo\/ -->\n<title>Top atrakcije - Serbia.com<\/title>\n<meta name=\"robots\" content=\"index, follow, max-snippet:-1, max-image-preview:large, max-video-preview:-1\" \/>\n<link rel=\"canonical\" href=\"https:\/\/serbia.com\/srpski\/posetite-srbiju\/gradovi\/beograd\/top-atrakcije\/\" \/>\n<meta property=\"og:locale\" content=\"en_US\" \/>\n<meta property=\"og:type\" content=\"article\" \/>\n<meta property=\"og:title\" content=\"Top atrakcije - Serbia.com\" \/>\n<meta property=\"og:description\" content=\"Beogradska tvr\u0111ava i park Kalemegdan Beogradska tvr\u0111ava, gra\u0111ena na belom grebenu iznad u\u0161\u0107a Save u Dunav, vi\u0161e puta ru\u0161ena i ponovo podizana tokom 16 vekova, danas je za\u0161titni znak glavnog [&hellip;]\" \/>\n<meta property=\"og:url\" content=\"https:\/\/serbia.com\/srpski\/posetite-srbiju\/gradovi\/beograd\/top-atrakcije\/\" \/>\n<meta property=\"og:site_name\" content=\"Serbia.com\" \/>\n<meta property=\"article:modified_time\" content=\"2014-05-22T14:52:14+00:00\" \/>\n<meta property=\"og:image\" content=\"https:\/\/serbia.com\/wp-content\/uploads\/2024\/05\/pexels-borishamer-13656552-scaled.jpg\" \/>\n\t<meta property=\"og:image:width\" content=\"2560\" \/>\n\t<meta property=\"og:image:height\" content=\"1707\" \/>\n\t<meta property=\"og:image:type\" content=\"image\/jpeg\" \/>\n<meta name=\"twitter:label1\" content=\"Est. reading time\" \/>\n\t<meta name=\"twitter:data1\" content=\"5 minutes\" \/>\n<script type=\"application\/ld+json\" class=\"yoast-schema-graph\">{\"@context\":\"https:\/\/schema.org\",\"@graph\":[{\"@type\":\"WebPage\",\"@id\":\"https:\/\/serbia.com\/srpski\/posetite-srbiju\/gradovi\/beograd\/top-atrakcije\/\",\"url\":\"https:\/\/serbia.com\/srpski\/posetite-srbiju\/gradovi\/beograd\/top-atrakcije\/\",\"name\":\"Top atrakcije - Serbia.com\",\"isPartOf\":{\"@id\":\"https:\/\/serbia.com\/#website\"},\"primaryImageOfPage\":{\"@id\":\"https:\/\/serbia.com\/srpski\/posetite-srbiju\/gradovi\/beograd\/top-atrakcije\/#primaryimage\"},\"image\":{\"@id\":\"https:\/\/serbia.com\/srpski\/posetite-srbiju\/gradovi\/beograd\/top-atrakcije\/#primaryimage\"},\"thumbnailUrl\":\"https:\/\/serbia.com\/wp-content\/uploads\/2024\/05\/pexels-borishamer-13656552-scaled.jpg\",\"datePublished\":\"2014-02-27T01:10:55+00:00\",\"dateModified\":\"2014-05-22T14:52:14+00:00\",\"breadcrumb\":{\"@id\":\"https:\/\/serbia.com\/srpski\/posetite-srbiju\/gradovi\/beograd\/top-atrakcije\/#breadcrumb\"},\"inLanguage\":\"srpski\",\"potentialAction\":[{\"@type\":\"ReadAction\",\"target\":[\"https:\/\/serbia.com\/srpski\/posetite-srbiju\/gradovi\/beograd\/top-atrakcije\/\"]}]},{\"@type\":\"ImageObject\",\"inLanguage\":\"srpski\",\"@id\":\"https:\/\/serbia.com\/srpski\/posetite-srbiju\/gradovi\/beograd\/top-atrakcije\/#primaryimage\",\"url\":\"https:\/\/serbia.com\/wp-content\/uploads\/2024\/05\/pexels-borishamer-13656552-scaled.jpg\",\"contentUrl\":\"https:\/\/serbia.com\/wp-content\/uploads\/2024\/05\/pexels-borishamer-13656552-scaled.jpg\",\"width\":2560,\"height\":1707},{\"@type\":\"BreadcrumbList\",\"@id\":\"https:\/\/serbia.com\/srpski\/posetite-srbiju\/gradovi\/beograd\/top-atrakcije\/#breadcrumb\",\"itemListElement\":[{\"@type\":\"ListItem\",\"position\":1,\"name\":\"Home\",\"item\":\"https:\/\/serbia.com\/srpski\/\"},{\"@type\":\"ListItem\",\"position\":2,\"name\":\"Poseti Srbiju\",\"item\":\"https:\/\/serbia.com\/srpski\/posetite-srbiju\/\"},{\"@type\":\"ListItem\",\"position\":3,\"name\":\"Gradovi\",\"item\":\"https:\/\/serbia.com\/srpski\/posetite-srbiju\/gradovi\/\"},{\"@type\":\"ListItem\",\"position\":4,\"name\":\"Beograd\",\"item\":\"https:\/\/serbia.com\/srpski\/posetite-srbiju\/gradovi\/beograd\/\"},{\"@type\":\"ListItem\",\"position\":5,\"name\":\"Top atrakcije\"}]},{\"@type\":\"WebSite\",\"@id\":\"https:\/\/serbia.com\/#website\",\"url\":\"https:\/\/serbia.com\/\",\"name\":\"Serbia.com\",\"description\":\"Your Gateway to Serbia\",\"potentialAction\":[{\"@type\":\"SearchAction\",\"target\":{\"@type\":\"EntryPoint\",\"urlTemplate\":\"https:\/\/serbia.com\/?s={search_term_string}\"},\"query-input\":{\"@type\":\"PropertyValueSpecification\",\"valueRequired\":true,\"valueName\":\"search_term_string\"}}],\"inLanguage\":\"srpski\"}]}<\/script>\n<!-- \/ Yoast SEO plugin. -->","yoast_head_json":{"title":"Top atrakcije - Serbia.com","robots":{"index":"index","follow":"follow","max-snippet":"max-snippet:-1","max-image-preview":"max-image-preview:large","max-video-preview":"max-video-preview:-1"},"canonical":"https:\/\/serbia.com\/srpski\/posetite-srbiju\/gradovi\/beograd\/top-atrakcije\/","og_locale":"en_US","og_type":"article","og_title":"Top atrakcije - Serbia.com","og_description":"Beogradska tvr\u0111ava i park Kalemegdan Beogradska tvr\u0111ava, gra\u0111ena na belom grebenu iznad u\u0161\u0107a Save u Dunav, vi\u0161e puta ru\u0161ena i ponovo podizana tokom 16 vekova, danas je za\u0161titni znak glavnog [&hellip;]","og_url":"https:\/\/serbia.com\/srpski\/posetite-srbiju\/gradovi\/beograd\/top-atrakcije\/","og_site_name":"Serbia.com","article_modified_time":"2014-05-22T14:52:14+00:00","og_image":[{"width":2560,"height":1707,"url":"https:\/\/serbia.com\/wp-content\/uploads\/2024\/05\/pexels-borishamer-13656552-scaled.jpg","type":"image\/jpeg"}],"twitter_misc":{"Est. reading time":"5 minutes"},"schema":{"@context":"https:\/\/schema.org","@graph":[{"@type":"WebPage","@id":"https:\/\/serbia.com\/srpski\/posetite-srbiju\/gradovi\/beograd\/top-atrakcije\/","url":"https:\/\/serbia.com\/srpski\/posetite-srbiju\/gradovi\/beograd\/top-atrakcije\/","name":"Top atrakcije - Serbia.com","isPartOf":{"@id":"https:\/\/serbia.com\/#website"},"primaryImageOfPage":{"@id":"https:\/\/serbia.com\/srpski\/posetite-srbiju\/gradovi\/beograd\/top-atrakcije\/#primaryimage"},"image":{"@id":"https:\/\/serbia.com\/srpski\/posetite-srbiju\/gradovi\/beograd\/top-atrakcije\/#primaryimage"},"thumbnailUrl":"https:\/\/serbia.com\/wp-content\/uploads\/2024\/05\/pexels-borishamer-13656552-scaled.jpg","datePublished":"2014-02-27T01:10:55+00:00","dateModified":"2014-05-22T14:52:14+00:00","breadcrumb":{"@id":"https:\/\/serbia.com\/srpski\/posetite-srbiju\/gradovi\/beograd\/top-atrakcije\/#breadcrumb"},"inLanguage":"srpski","potentialAction":[{"@type":"ReadAction","target":["https:\/\/serbia.com\/srpski\/posetite-srbiju\/gradovi\/beograd\/top-atrakcije\/"]}]},{"@type":"ImageObject","inLanguage":"srpski","@id":"https:\/\/serbia.com\/srpski\/posetite-srbiju\/gradovi\/beograd\/top-atrakcije\/#primaryimage","url":"https:\/\/serbia.com\/wp-content\/uploads\/2024\/05\/pexels-borishamer-13656552-scaled.jpg","contentUrl":"https:\/\/serbia.com\/wp-content\/uploads\/2024\/05\/pexels-borishamer-13656552-scaled.jpg","width":2560,"height":1707},{"@type":"BreadcrumbList","@id":"https:\/\/serbia.com\/srpski\/posetite-srbiju\/gradovi\/beograd\/top-atrakcije\/#breadcrumb","itemListElement":[{"@type":"ListItem","position":1,"name":"Home","item":"https:\/\/serbia.com\/srpski\/"},{"@type":"ListItem","position":2,"name":"Poseti Srbiju","item":"https:\/\/serbia.com\/srpski\/posetite-srbiju\/"},{"@type":"ListItem","position":3,"name":"Gradovi","item":"https:\/\/serbia.com\/srpski\/posetite-srbiju\/gradovi\/"},{"@type":"ListItem","position":4,"name":"Beograd","item":"https:\/\/serbia.com\/srpski\/posetite-srbiju\/gradovi\/beograd\/"},{"@type":"ListItem","position":5,"name":"Top atrakcije"}]},{"@type":"WebSite","@id":"https:\/\/serbia.com\/#website","url":"https:\/\/serbia.com\/","name":"Serbia.com","description":"Your Gateway to Serbia","potentialAction":[{"@type":"SearchAction","target":{"@type":"EntryPoint","urlTemplate":"https:\/\/serbia.com\/?s={search_term_string}"},"query-input":{"@type":"PropertyValueSpecification","valueRequired":true,"valueName":"search_term_string"}}],"inLanguage":"srpski"}]}},"_links":{"self":[{"href":"https:\/\/serbia.com\/srpski\/wp-json\/wp\/v2\/pages\/20997"}],"collection":[{"href":"https:\/\/serbia.com\/srpski\/wp-json\/wp\/v2\/pages"}],"about":[{"href":"https:\/\/serbia.com\/srpski\/wp-json\/wp\/v2\/types\/page"}],"author":[{"embeddable":true,"href":"https:\/\/serbia.com\/srpski\/wp-json\/wp\/v2\/users\/9"}],"replies":[{"embeddable":true,"href":"https:\/\/serbia.com\/srpski\/wp-json\/wp\/v2\/comments?post=20997"}],"version-history":[{"count":0,"href":"https:\/\/serbia.com\/srpski\/wp-json\/wp\/v2\/pages\/20997\/revisions"}],"up":[{"embeddable":true,"href":"https:\/\/serbia.com\/srpski\/wp-json\/wp\/v2\/pages\/20438"}],"wp:featuredmedia":[{"embeddable":true,"href":"https:\/\/serbia.com\/srpski\/wp-json\/wp\/v2\/media\/52585"}],"wp:attachment":[{"href":"https:\/\/serbia.com\/srpski\/wp-json\/wp\/v2\/media?parent=20997"}],"wp:term":[{"taxonomy":"category","embeddable":true,"href":"https:\/\/serbia.com\/srpski\/wp-json\/wp\/v2\/categories?post=20997"},{"taxonomy":"post_tag","embeddable":true,"href":"https:\/\/serbia.com\/srpski\/wp-json\/wp\/v2\/tags?post=20997"}],"curies":[{"name":"wp","href":"https:\/\/api.w.org\/{rel}","templated":true}]}}