{"id":20773,"date":"2014-02-27T01:26:31","date_gmt":"2014-02-27T00:26:31","guid":{"rendered":"http:\/\/www.serbia.com\/?page_id=20773"},"modified":"2016-02-24T16:09:51","modified_gmt":"2016-02-24T15:09:51","slug":"narod-srbije","status":"publish","type":"page","link":"https:\/\/serbia.com\/srpski\/o-srbiji\/narod-srbije\/","title":{"rendered":"Narod Srbije"},"content":{"rendered":"<p>Kada bi morale da se izdvoje dve kolektivne crte naroda Srbije, onda bi to sigurno bile temperamentnost i gostoljubivost. Zahvaljuju\u0107i tim osobinama va\u0161ih doma\u0107ina, u Srbiji \u0107ete se uvek dobro provesti i ose\u0107ati kao kod ku\u0107e.<\/p>\n<p>Srbija je dom pripadnika oko 40 razli\u010ditih nacionalnosti od kojih je svaka ostavila svoj trag u kolektivnom duhu naroda.<\/p>\n<p>Bez Kosova i Metohije ukupan broj stanovnika Srbije iznosi 7.120.666.<\/p>\n<p>Ve\u0107insko stanovni\u0161tvo \u010dine Srbi \u2013 82,86 odsto, a brojnije nacionalne manjine su: Ma\u0111ari (3,91 odsto), Bo\u0161njaci (1,82 odsto), Romi (1,44 odsto) Jugosloveni (1,08 odsto), Hrvati (0,94 odsto), Crnogorci (0,92 odsto), Albanci (0,82 odsto) i drugi. Najve\u0107i broj manjina \u017eivi u Vojvodini.<\/p>\n<p><em><strong>Jezik, pismo i vera<\/strong><\/em><\/p>\n<p>Zvani\u010dni jezik je srpski, a zvani\u010dno pismo \u0107irilica. Kako se Srbija odlikuje regijama koje su etni\u010dki vrlo raznovrsne, u multinacionalnim sredinama u upotrebi su i ma\u0111arski, slova\u010dki, rumunski, hrvatski\u2026 U \u0161kolama se u\u010di i veoma je rasprostranjeno i latini\u010dno pismo.<\/p>\n<p>Srpski jezik pripada grupi ju\u017enoslovenskih jezika. Posle reforme koju je izvr\u0161io <a title=\"Vuk Stefanovi\u0107 Karad\u017ei\u0107, otac savremenog srpskog jezika\" href=\"http:\/\/www.serbia.com\/srpski\/vuk-stefanovic-karadzic-otac-savremenog-srpskog-jezika\/\">Vuk Karad\u017ei\u0107<\/a> 1868. godine, srpska \u0107irilica ima 30 slova, a u\u010di se po principu \u2013 <em>pi\u0161i kao \u0161to govori\u0161, \u010ditaj kao \u0161to je napisano<\/em>.<\/p>\n<p>Stanovni\u0161tvo u Srbiji je najve\u0107im delom pravoslavne veroispovesti (84,98 odsto). Slede rimokatolici (5,48 odsto), muslimani (3,2 odsto), protestanti (1,08 odsto), a prisutne su i druge religije.<\/p>\n<p>Srbija nema dr\u017eavnu religiju \u2013 verski praznici se ne tretiraju kad dr\u017eavni.<\/p>\n<p><em><strong>Gostoprimstvo, glavna karakteristika srpskog naroda<\/strong><\/em><\/p>\n<p>Gostoprimstvo kao da je uro\u0111eno narodu Srbije, a osmeh, srda\u010dnost i dobro raspolo\u017eenje glavna su karakteristika doma\u0107ina i garant dobrog provoda i u\u017eivanja. U Srbiji je gostoprimstvo uobi\u010dajeno pa \u010desto taj topao i srda\u010dan do\u010dek i prisnost iznad uobi\u010dajne iznenadi mnoge goste i ostane im u najlep\u0161em se\u0107anju. Zato se ne iznenadite kada vas u Srbiji poljube \u010dak tri puta, jer ovde je to obi\u010daj, a kada pijete pi\u0107e uzviknite \u201c\u017diveli!\u201d kako biste doma\u0107inima uzvratili ljubaznost na najbolji na\u010din.<\/p>\n<p><em><strong>Narod koji voli festivale i slavlja<\/strong><\/em><\/p>\n<p>U Srbiji za veselje uvek ima razloga. Pa i kada ga nema, temperamentan i veseo srpski narod uvek na\u0111e put do \u0161ale i na\u010din da se proveseli. Tradicionalne <a title=\"Festivali i manifestacije\" href=\"http:\/\/www.serbia.com\/srpski\/posetite-srbiju\/kulturne-atrakcije\/festivali-i-manifestacije\/\" target=\"_blank\">manifestacije<\/a> koje obiluju zabavom, <a title=\"Muzika\" href=\"http:\/\/www.serbia.com\/srpski\/o-srbiji\/kultura\/muzika\/\">muzikom<\/a> i <a title=\"Tradicionalna kuhinja\" href=\"http:\/\/www.serbia.com\/srpski\/o-srbiji\/tradicionalna-kuhinja\/\">gurmanlukom<\/a> su pravo mesto za upoznavanje razigranog temperamenta stanovnika Srbije.<\/p>\n","protected":false},"excerpt":{"rendered":"<p>Kada bi morale da se izdvoje dve kolektivne crte naroda Srbije, onda bi to sigurno bile temperamentnost i gostoljubivost. Zahvaljuju\u0107i tim osobinama va\u0161ih doma\u0107ina, u Srbiji \u0107ete se uvek dobro [&hellip;]<\/p>\n","protected":false},"author":17,"featured_media":30643,"parent":20144,"menu_order":0,"comment_status":"closed","ping_status":"open","template":"","meta":{"_acf_changed":false,"inline_featured_image":false,"_monsterinsights_skip_tracking":false,"_monsterinsights_sitenote_active":false,"_monsterinsights_sitenote_note":"","_monsterinsights_sitenote_category":0,"footnotes":""},"categories":[1642],"tags":[],"class_list":["post-20773","page","type-page","status-publish","has-post-thumbnail","hentry","category-poznati-srbi"],"acf":[],"yoast_head":"<!-- This site is optimized with the Yoast SEO plugin v27.4 - https:\/\/yoast.com\/product\/yoast-seo-wordpress\/ -->\n<title>Narod Srbije - Serbia.com<\/title>\n<meta name=\"robots\" content=\"index, follow, max-snippet:-1, max-image-preview:large, max-video-preview:-1\" \/>\n<link rel=\"canonical\" href=\"https:\/\/serbia.com\/srpski\/o-srbiji\/narod-srbije\/\" \/>\n<meta property=\"og:locale\" content=\"en_US\" \/>\n<meta property=\"og:type\" content=\"article\" \/>\n<meta property=\"og:title\" content=\"Narod Srbije - Serbia.com\" \/>\n<meta property=\"og:description\" content=\"Kada bi morale da se izdvoje dve kolektivne crte naroda Srbije, onda bi to sigurno bile temperamentnost i gostoljubivost. Zahvaljuju\u0107i tim osobinama va\u0161ih doma\u0107ina, u Srbiji \u0107ete se uvek dobro [&hellip;]\" \/>\n<meta property=\"og:url\" content=\"https:\/\/serbia.com\/srpski\/o-srbiji\/narod-srbije\/\" \/>\n<meta property=\"og:site_name\" content=\"Serbia.com\" \/>\n<meta property=\"article:modified_time\" content=\"2016-02-24T15:09:51+00:00\" \/>\n<meta property=\"og:image\" content=\"https:\/\/serbia.com\/wp-content\/uploads\/2015\/04\/Vratna_kanjon_instrumenti_narodna_no_nja_.jpg\" \/>\n\t<meta property=\"og:image:width\" content=\"1600\" \/>\n\t<meta property=\"og:image:height\" content=\"805\" \/>\n\t<meta property=\"og:image:type\" content=\"image\/jpeg\" \/>\n<meta name=\"twitter:label1\" content=\"Est. reading time\" \/>\n\t<meta name=\"twitter:data1\" content=\"2 minutes\" \/>\n<script type=\"application\/ld+json\" class=\"yoast-schema-graph\">{\"@context\":\"https:\\\/\\\/schema.org\",\"@graph\":[{\"@type\":\"WebPage\",\"@id\":\"https:\\\/\\\/serbia.com\\\/srpski\\\/o-srbiji\\\/narod-srbije\\\/\",\"url\":\"https:\\\/\\\/serbia.com\\\/srpski\\\/o-srbiji\\\/narod-srbije\\\/\",\"name\":\"Narod Srbije - Serbia.com\",\"isPartOf\":{\"@id\":\"https:\\\/\\\/serbia.com\\\/#website\"},\"primaryImageOfPage\":{\"@id\":\"https:\\\/\\\/serbia.com\\\/srpski\\\/o-srbiji\\\/narod-srbije\\\/#primaryimage\"},\"image\":{\"@id\":\"https:\\\/\\\/serbia.com\\\/srpski\\\/o-srbiji\\\/narod-srbije\\\/#primaryimage\"},\"thumbnailUrl\":\"https:\\\/\\\/serbia.com\\\/wp-content\\\/uploads\\\/2015\\\/04\\\/Vratna_kanjon_instrumenti_narodna_no_nja_.jpg\",\"datePublished\":\"2014-02-27T00:26:31+00:00\",\"dateModified\":\"2016-02-24T15:09:51+00:00\",\"breadcrumb\":{\"@id\":\"https:\\\/\\\/serbia.com\\\/srpski\\\/o-srbiji\\\/narod-srbije\\\/#breadcrumb\"},\"inLanguage\":\"srpski\",\"potentialAction\":[{\"@type\":\"ReadAction\",\"target\":[\"https:\\\/\\\/serbia.com\\\/srpski\\\/o-srbiji\\\/narod-srbije\\\/\"]}]},{\"@type\":\"ImageObject\",\"inLanguage\":\"srpski\",\"@id\":\"https:\\\/\\\/serbia.com\\\/srpski\\\/o-srbiji\\\/narod-srbije\\\/#primaryimage\",\"url\":\"https:\\\/\\\/serbia.com\\\/wp-content\\\/uploads\\\/2015\\\/04\\\/Vratna_kanjon_instrumenti_narodna_no_nja_.jpg\",\"contentUrl\":\"https:\\\/\\\/serbia.com\\\/wp-content\\\/uploads\\\/2015\\\/04\\\/Vratna_kanjon_instrumenti_narodna_no_nja_.jpg\",\"width\":1600,\"height\":805},{\"@type\":\"BreadcrumbList\",\"@id\":\"https:\\\/\\\/serbia.com\\\/srpski\\\/o-srbiji\\\/narod-srbije\\\/#breadcrumb\",\"itemListElement\":[{\"@type\":\"ListItem\",\"position\":1,\"name\":\"Home\",\"item\":\"https:\\\/\\\/serbia.com\\\/srpski\\\/\"},{\"@type\":\"ListItem\",\"position\":2,\"name\":\"O Srbiji\",\"item\":\"https:\\\/\\\/serbia.com\\\/srpski\\\/o-srbiji\\\/\"},{\"@type\":\"ListItem\",\"position\":3,\"name\":\"Narod Srbije\"}]},{\"@type\":\"WebSite\",\"@id\":\"https:\\\/\\\/serbia.com\\\/#website\",\"url\":\"https:\\\/\\\/serbia.com\\\/\",\"name\":\"Serbia.com\",\"description\":\"Your Gateway to Serbia\",\"potentialAction\":[{\"@type\":\"SearchAction\",\"target\":{\"@type\":\"EntryPoint\",\"urlTemplate\":\"https:\\\/\\\/serbia.com\\\/?s={search_term_string}\"},\"query-input\":{\"@type\":\"PropertyValueSpecification\",\"valueRequired\":true,\"valueName\":\"search_term_string\"}}],\"inLanguage\":\"srpski\"}]}<\/script>\n<!-- \/ Yoast SEO plugin. -->","yoast_head_json":{"title":"Narod Srbije - Serbia.com","robots":{"index":"index","follow":"follow","max-snippet":"max-snippet:-1","max-image-preview":"max-image-preview:large","max-video-preview":"max-video-preview:-1"},"canonical":"https:\/\/serbia.com\/srpski\/o-srbiji\/narod-srbije\/","og_locale":"en_US","og_type":"article","og_title":"Narod Srbije - Serbia.com","og_description":"Kada bi morale da se izdvoje dve kolektivne crte naroda Srbije, onda bi to sigurno bile temperamentnost i gostoljubivost. Zahvaljuju\u0107i tim osobinama va\u0161ih doma\u0107ina, u Srbiji \u0107ete se uvek dobro [&hellip;]","og_url":"https:\/\/serbia.com\/srpski\/o-srbiji\/narod-srbije\/","og_site_name":"Serbia.com","article_modified_time":"2016-02-24T15:09:51+00:00","og_image":[{"width":1600,"height":805,"url":"https:\/\/serbia.com\/wp-content\/uploads\/2015\/04\/Vratna_kanjon_instrumenti_narodna_no_nja_.jpg","type":"image\/jpeg"}],"twitter_misc":{"Est. reading time":"2 minutes"},"schema":{"@context":"https:\/\/schema.org","@graph":[{"@type":"WebPage","@id":"https:\/\/serbia.com\/srpski\/o-srbiji\/narod-srbije\/","url":"https:\/\/serbia.com\/srpski\/o-srbiji\/narod-srbije\/","name":"Narod Srbije - Serbia.com","isPartOf":{"@id":"https:\/\/serbia.com\/#website"},"primaryImageOfPage":{"@id":"https:\/\/serbia.com\/srpski\/o-srbiji\/narod-srbije\/#primaryimage"},"image":{"@id":"https:\/\/serbia.com\/srpski\/o-srbiji\/narod-srbije\/#primaryimage"},"thumbnailUrl":"https:\/\/serbia.com\/wp-content\/uploads\/2015\/04\/Vratna_kanjon_instrumenti_narodna_no_nja_.jpg","datePublished":"2014-02-27T00:26:31+00:00","dateModified":"2016-02-24T15:09:51+00:00","breadcrumb":{"@id":"https:\/\/serbia.com\/srpski\/o-srbiji\/narod-srbije\/#breadcrumb"},"inLanguage":"srpski","potentialAction":[{"@type":"ReadAction","target":["https:\/\/serbia.com\/srpski\/o-srbiji\/narod-srbije\/"]}]},{"@type":"ImageObject","inLanguage":"srpski","@id":"https:\/\/serbia.com\/srpski\/o-srbiji\/narod-srbije\/#primaryimage","url":"https:\/\/serbia.com\/wp-content\/uploads\/2015\/04\/Vratna_kanjon_instrumenti_narodna_no_nja_.jpg","contentUrl":"https:\/\/serbia.com\/wp-content\/uploads\/2015\/04\/Vratna_kanjon_instrumenti_narodna_no_nja_.jpg","width":1600,"height":805},{"@type":"BreadcrumbList","@id":"https:\/\/serbia.com\/srpski\/o-srbiji\/narod-srbije\/#breadcrumb","itemListElement":[{"@type":"ListItem","position":1,"name":"Home","item":"https:\/\/serbia.com\/srpski\/"},{"@type":"ListItem","position":2,"name":"O Srbiji","item":"https:\/\/serbia.com\/srpski\/o-srbiji\/"},{"@type":"ListItem","position":3,"name":"Narod Srbije"}]},{"@type":"WebSite","@id":"https:\/\/serbia.com\/#website","url":"https:\/\/serbia.com\/","name":"Serbia.com","description":"Your Gateway to Serbia","potentialAction":[{"@type":"SearchAction","target":{"@type":"EntryPoint","urlTemplate":"https:\/\/serbia.com\/?s={search_term_string}"},"query-input":{"@type":"PropertyValueSpecification","valueRequired":true,"valueName":"search_term_string"}}],"inLanguage":"srpski"}]}},"brizy_media":[],"_links":{"self":[{"href":"https:\/\/serbia.com\/srpski\/wp-json\/wp\/v2\/pages\/20773","targetHints":{"allow":["GET"]}}],"collection":[{"href":"https:\/\/serbia.com\/srpski\/wp-json\/wp\/v2\/pages"}],"about":[{"href":"https:\/\/serbia.com\/srpski\/wp-json\/wp\/v2\/types\/page"}],"author":[{"embeddable":true,"href":"https:\/\/serbia.com\/srpski\/wp-json\/wp\/v2\/users\/17"}],"replies":[{"embeddable":true,"href":"https:\/\/serbia.com\/srpski\/wp-json\/wp\/v2\/comments?post=20773"}],"version-history":[{"count":0,"href":"https:\/\/serbia.com\/srpski\/wp-json\/wp\/v2\/pages\/20773\/revisions"}],"up":[{"embeddable":true,"href":"https:\/\/serbia.com\/srpski\/wp-json\/wp\/v2\/pages\/20144"}],"wp:featuredmedia":[{"embeddable":true,"href":"https:\/\/serbia.com\/srpski\/wp-json\/wp\/v2\/media\/30643"}],"wp:attachment":[{"href":"https:\/\/serbia.com\/srpski\/wp-json\/wp\/v2\/media?parent=20773"}],"wp:term":[{"taxonomy":"category","embeddable":true,"href":"https:\/\/serbia.com\/srpski\/wp-json\/wp\/v2\/categories?post=20773"},{"taxonomy":"post_tag","embeddable":true,"href":"https:\/\/serbia.com\/srpski\/wp-json\/wp\/v2\/tags?post=20773"}],"curies":[{"name":"wp","href":"https:\/\/api.w.org\/{rel}","templated":true}]}}