{"id":20547,"date":"2014-02-26T23:40:54","date_gmt":"2014-02-26T22:40:54","guid":{"rendered":"http:\/\/www.serbia.com\/?page_id=20547"},"modified":"2014-02-26T23:43:46","modified_gmt":"2014-02-26T22:43:46","slug":"drzavni-praznici","status":"publish","type":"page","link":"https:\/\/serbia.com\/srpski\/posetite-srbiju\/putovanje\/korisne-informacije\/drzavni-praznici\/","title":{"rendered":"Dr\u017eavni praznici"},"content":{"rendered":"<p><strong>Dr\u017eavni i verski praznici u Srbiji su, kao i svuda u svetu, neradni dani.<\/strong><\/p>\n<p>&nbsp;<\/p>\n<p>U Republici Srbiji neradni su slede\u0107i praznici:<\/p>\n<p>&nbsp;<\/p>\n<p>&#8211; 1. i 2. januar \u2013 Nova godina<\/p>\n<p>&nbsp;<\/p>\n<p>&#8211; 7. januar \u2013 prvi dan pravoslavnog Bo\u017ei\u0107a<\/p>\n<p>&nbsp;<\/p>\n<p>&#8211; 15. februar \u2013 Sretenje, Dan dr\u017eavnosti Srbije (neradna su dva dana)<\/p>\n<p>&nbsp;<\/p>\n<p>&#8211; 1. maj \u2013 Praznik rada (neradna su dva dana)<\/p>\n<p>&nbsp;<\/p>\n<p>&#8211; 11. novembar \u2013 Dan primirja u Prvom svetskom ratu<\/p>\n<p>&nbsp;<\/p>\n<p>&#8211; Pravoslavni Uskrs \u2013 od Velikog petka do drugog dana Uskrsa<\/p>\n<p>&nbsp;<\/p>\n<p>Ovom danima rade samo de\u017eurni objekti.<\/p>\n<p>&nbsp;<\/p>\n<p>Pored ovih, gra\u0111ani Srbije imaju pravo na neradne dane za verske praznike u zavisnosti od svoje veroispovesti i to:<\/p>\n<p>&nbsp;<\/p>\n<p>&#8211; za hri\u0161\u0107ane \u2013 prvi dan Bo\u017ei\u0107a i Uskr\u0161nji praznici<\/p>\n<p>&nbsp;<\/p>\n<p>&#8211; za muslimane \u2013 prvi dan Ramazanskog bajrama i Kurban-bajrama<\/p>\n<p>&nbsp;<\/p>\n<p>&#8211; za Jevreje \u2013 prvi dan Jom Kipura<\/p>\n<p>&nbsp;<\/p>\n<p><strong>Praznici koji se obele\u017eavaju, ali nisu neradni dani su:<\/strong><\/p>\n<p>&nbsp;<\/p>\n<p>&#8211; 27. januar \u2013 Sveti Sava, Dan duhovnosti (neradan dan u \u0161kolama)<\/p>\n<p>&nbsp;<\/p>\n<p>&#8211; 9. maj \u2013 Dan pobede<\/p>\n<p>&nbsp;<\/p>\n<p>&#8211; 28. jun \u2013 Vidovdan (neradan dan u \u0161kolama)<\/p>\n","protected":false},"excerpt":{"rendered":"<p>Dr\u017eavni i verski praznici u Srbiji su, kao i svuda u svetu, neradni dani. &nbsp; U Republici Srbiji neradni su slede\u0107i praznici: &nbsp; &#8211; 1. i 2. januar \u2013 Nova [&hellip;]<\/p>\n","protected":false},"author":9,"featured_media":42265,"parent":20401,"menu_order":0,"comment_status":"closed","ping_status":"open","template":"","meta":{"_acf_changed":false,"inline_featured_image":false,"_monsterinsights_skip_tracking":false,"_monsterinsights_sitenote_active":false,"_monsterinsights_sitenote_note":"","_monsterinsights_sitenote_category":0,"footnotes":""},"categories":[1250],"tags":[],"class_list":["post-20547","page","type-page","status-publish","has-post-thumbnail","hentry","category-putovanje-srbija"],"acf":[],"yoast_head":"<!-- This site is optimized with the Yoast SEO plugin v23.8 - https:\/\/yoast.com\/wordpress\/plugins\/seo\/ -->\n<title>Dr\u017eavni praznici - Serbia.com<\/title>\n<meta name=\"robots\" content=\"index, follow, max-snippet:-1, max-image-preview:large, max-video-preview:-1\" \/>\n<link rel=\"canonical\" href=\"https:\/\/serbia.com\/srpski\/posetite-srbiju\/putovanje\/korisne-informacije\/drzavni-praznici\/\" \/>\n<meta property=\"og:locale\" content=\"en_US\" \/>\n<meta property=\"og:type\" content=\"article\" \/>\n<meta property=\"og:title\" content=\"Dr\u017eavni praznici - Serbia.com\" \/>\n<meta property=\"og:description\" content=\"Dr\u017eavni i verski praznici u Srbiji su, kao i svuda u svetu, neradni dani. &nbsp; U Republici Srbiji neradni su slede\u0107i praznici: &nbsp; &#8211; 1. i 2. januar \u2013 Nova [&hellip;]\" \/>\n<meta property=\"og:url\" content=\"https:\/\/serbia.com\/srpski\/posetite-srbiju\/putovanje\/korisne-informacije\/drzavni-praznici\/\" \/>\n<meta property=\"og:site_name\" content=\"Serbia.com\" \/>\n<meta property=\"article:modified_time\" content=\"2014-02-26T22:43:46+00:00\" \/>\n<meta property=\"og:image\" content=\"https:\/\/serbia.com\/wp-content\/uploads\/2015\/12\/hram-boris-bajcetic-e1717158441725.jpg\" \/>\n\t<meta property=\"og:image:width\" content=\"800\" \/>\n\t<meta property=\"og:image:height\" content=\"483\" \/>\n\t<meta property=\"og:image:type\" content=\"image\/jpeg\" \/>\n<meta name=\"twitter:label1\" content=\"Est. reading time\" \/>\n\t<meta name=\"twitter:data1\" content=\"1 minute\" \/>\n<script type=\"application\/ld+json\" class=\"yoast-schema-graph\">{\"@context\":\"https:\/\/schema.org\",\"@graph\":[{\"@type\":\"WebPage\",\"@id\":\"https:\/\/serbia.com\/srpski\/posetite-srbiju\/putovanje\/korisne-informacije\/drzavni-praznici\/\",\"url\":\"https:\/\/serbia.com\/srpski\/posetite-srbiju\/putovanje\/korisne-informacije\/drzavni-praznici\/\",\"name\":\"Dr\u017eavni praznici - Serbia.com\",\"isPartOf\":{\"@id\":\"https:\/\/serbia.com\/#website\"},\"primaryImageOfPage\":{\"@id\":\"https:\/\/serbia.com\/srpski\/posetite-srbiju\/putovanje\/korisne-informacije\/drzavni-praznici\/#primaryimage\"},\"image\":{\"@id\":\"https:\/\/serbia.com\/srpski\/posetite-srbiju\/putovanje\/korisne-informacije\/drzavni-praznici\/#primaryimage\"},\"thumbnailUrl\":\"https:\/\/serbia.com\/wp-content\/uploads\/2015\/12\/hram-boris-bajcetic-e1717158441725.jpg\",\"datePublished\":\"2014-02-26T22:40:54+00:00\",\"dateModified\":\"2014-02-26T22:43:46+00:00\",\"breadcrumb\":{\"@id\":\"https:\/\/serbia.com\/srpski\/posetite-srbiju\/putovanje\/korisne-informacije\/drzavni-praznici\/#breadcrumb\"},\"inLanguage\":\"srpski\",\"potentialAction\":[{\"@type\":\"ReadAction\",\"target\":[\"https:\/\/serbia.com\/srpski\/posetite-srbiju\/putovanje\/korisne-informacije\/drzavni-praznici\/\"]}]},{\"@type\":\"ImageObject\",\"inLanguage\":\"srpski\",\"@id\":\"https:\/\/serbia.com\/srpski\/posetite-srbiju\/putovanje\/korisne-informacije\/drzavni-praznici\/#primaryimage\",\"url\":\"https:\/\/serbia.com\/wp-content\/uploads\/2015\/12\/hram-boris-bajcetic-e1717158441725.jpg\",\"contentUrl\":\"https:\/\/serbia.com\/wp-content\/uploads\/2015\/12\/hram-boris-bajcetic-e1717158441725.jpg\",\"width\":800,\"height\":483},{\"@type\":\"BreadcrumbList\",\"@id\":\"https:\/\/serbia.com\/srpski\/posetite-srbiju\/putovanje\/korisne-informacije\/drzavni-praznici\/#breadcrumb\",\"itemListElement\":[{\"@type\":\"ListItem\",\"position\":1,\"name\":\"Home\",\"item\":\"https:\/\/serbia.com\/srpski\/\"},{\"@type\":\"ListItem\",\"position\":2,\"name\":\"Poseti Srbiju\",\"item\":\"https:\/\/serbia.com\/srpski\/posetite-srbiju\/\"},{\"@type\":\"ListItem\",\"position\":3,\"name\":\"Putovanje\",\"item\":\"https:\/\/serbia.com\/srpski\/posetite-srbiju\/putovanje\/\"},{\"@type\":\"ListItem\",\"position\":4,\"name\":\"Korisne informacije\",\"item\":\"https:\/\/serbia.com\/srpski\/posetite-srbiju\/putovanje\/korisne-informacije\/\"},{\"@type\":\"ListItem\",\"position\":5,\"name\":\"Dr\u017eavni praznici\"}]},{\"@type\":\"WebSite\",\"@id\":\"https:\/\/serbia.com\/#website\",\"url\":\"https:\/\/serbia.com\/\",\"name\":\"Serbia.com\",\"description\":\"Your Gateway to Serbia\",\"potentialAction\":[{\"@type\":\"SearchAction\",\"target\":{\"@type\":\"EntryPoint\",\"urlTemplate\":\"https:\/\/serbia.com\/?s={search_term_string}\"},\"query-input\":{\"@type\":\"PropertyValueSpecification\",\"valueRequired\":true,\"valueName\":\"search_term_string\"}}],\"inLanguage\":\"srpski\"}]}<\/script>\n<!-- \/ Yoast SEO plugin. -->","yoast_head_json":{"title":"Dr\u017eavni praznici - Serbia.com","robots":{"index":"index","follow":"follow","max-snippet":"max-snippet:-1","max-image-preview":"max-image-preview:large","max-video-preview":"max-video-preview:-1"},"canonical":"https:\/\/serbia.com\/srpski\/posetite-srbiju\/putovanje\/korisne-informacije\/drzavni-praznici\/","og_locale":"en_US","og_type":"article","og_title":"Dr\u017eavni praznici - Serbia.com","og_description":"Dr\u017eavni i verski praznici u Srbiji su, kao i svuda u svetu, neradni dani. &nbsp; U Republici Srbiji neradni su slede\u0107i praznici: &nbsp; &#8211; 1. i 2. januar \u2013 Nova [&hellip;]","og_url":"https:\/\/serbia.com\/srpski\/posetite-srbiju\/putovanje\/korisne-informacije\/drzavni-praznici\/","og_site_name":"Serbia.com","article_modified_time":"2014-02-26T22:43:46+00:00","og_image":[{"width":800,"height":483,"url":"https:\/\/serbia.com\/wp-content\/uploads\/2015\/12\/hram-boris-bajcetic-e1717158441725.jpg","type":"image\/jpeg"}],"twitter_misc":{"Est. reading time":"1 minute"},"schema":{"@context":"https:\/\/schema.org","@graph":[{"@type":"WebPage","@id":"https:\/\/serbia.com\/srpski\/posetite-srbiju\/putovanje\/korisne-informacije\/drzavni-praznici\/","url":"https:\/\/serbia.com\/srpski\/posetite-srbiju\/putovanje\/korisne-informacije\/drzavni-praznici\/","name":"Dr\u017eavni praznici - Serbia.com","isPartOf":{"@id":"https:\/\/serbia.com\/#website"},"primaryImageOfPage":{"@id":"https:\/\/serbia.com\/srpski\/posetite-srbiju\/putovanje\/korisne-informacije\/drzavni-praznici\/#primaryimage"},"image":{"@id":"https:\/\/serbia.com\/srpski\/posetite-srbiju\/putovanje\/korisne-informacije\/drzavni-praznici\/#primaryimage"},"thumbnailUrl":"https:\/\/serbia.com\/wp-content\/uploads\/2015\/12\/hram-boris-bajcetic-e1717158441725.jpg","datePublished":"2014-02-26T22:40:54+00:00","dateModified":"2014-02-26T22:43:46+00:00","breadcrumb":{"@id":"https:\/\/serbia.com\/srpski\/posetite-srbiju\/putovanje\/korisne-informacije\/drzavni-praznici\/#breadcrumb"},"inLanguage":"srpski","potentialAction":[{"@type":"ReadAction","target":["https:\/\/serbia.com\/srpski\/posetite-srbiju\/putovanje\/korisne-informacije\/drzavni-praznici\/"]}]},{"@type":"ImageObject","inLanguage":"srpski","@id":"https:\/\/serbia.com\/srpski\/posetite-srbiju\/putovanje\/korisne-informacije\/drzavni-praznici\/#primaryimage","url":"https:\/\/serbia.com\/wp-content\/uploads\/2015\/12\/hram-boris-bajcetic-e1717158441725.jpg","contentUrl":"https:\/\/serbia.com\/wp-content\/uploads\/2015\/12\/hram-boris-bajcetic-e1717158441725.jpg","width":800,"height":483},{"@type":"BreadcrumbList","@id":"https:\/\/serbia.com\/srpski\/posetite-srbiju\/putovanje\/korisne-informacije\/drzavni-praznici\/#breadcrumb","itemListElement":[{"@type":"ListItem","position":1,"name":"Home","item":"https:\/\/serbia.com\/srpski\/"},{"@type":"ListItem","position":2,"name":"Poseti Srbiju","item":"https:\/\/serbia.com\/srpski\/posetite-srbiju\/"},{"@type":"ListItem","position":3,"name":"Putovanje","item":"https:\/\/serbia.com\/srpski\/posetite-srbiju\/putovanje\/"},{"@type":"ListItem","position":4,"name":"Korisne informacije","item":"https:\/\/serbia.com\/srpski\/posetite-srbiju\/putovanje\/korisne-informacije\/"},{"@type":"ListItem","position":5,"name":"Dr\u017eavni praznici"}]},{"@type":"WebSite","@id":"https:\/\/serbia.com\/#website","url":"https:\/\/serbia.com\/","name":"Serbia.com","description":"Your Gateway to Serbia","potentialAction":[{"@type":"SearchAction","target":{"@type":"EntryPoint","urlTemplate":"https:\/\/serbia.com\/?s={search_term_string}"},"query-input":{"@type":"PropertyValueSpecification","valueRequired":true,"valueName":"search_term_string"}}],"inLanguage":"srpski"}]}},"_links":{"self":[{"href":"https:\/\/serbia.com\/srpski\/wp-json\/wp\/v2\/pages\/20547"}],"collection":[{"href":"https:\/\/serbia.com\/srpski\/wp-json\/wp\/v2\/pages"}],"about":[{"href":"https:\/\/serbia.com\/srpski\/wp-json\/wp\/v2\/types\/page"}],"author":[{"embeddable":true,"href":"https:\/\/serbia.com\/srpski\/wp-json\/wp\/v2\/users\/9"}],"replies":[{"embeddable":true,"href":"https:\/\/serbia.com\/srpski\/wp-json\/wp\/v2\/comments?post=20547"}],"version-history":[{"count":0,"href":"https:\/\/serbia.com\/srpski\/wp-json\/wp\/v2\/pages\/20547\/revisions"}],"up":[{"embeddable":true,"href":"https:\/\/serbia.com\/srpski\/wp-json\/wp\/v2\/pages\/20401"}],"wp:featuredmedia":[{"embeddable":true,"href":"https:\/\/serbia.com\/srpski\/wp-json\/wp\/v2\/media\/42265"}],"wp:attachment":[{"href":"https:\/\/serbia.com\/srpski\/wp-json\/wp\/v2\/media?parent=20547"}],"wp:term":[{"taxonomy":"category","embeddable":true,"href":"https:\/\/serbia.com\/srpski\/wp-json\/wp\/v2\/categories?post=20547"},{"taxonomy":"post_tag","embeddable":true,"href":"https:\/\/serbia.com\/srpski\/wp-json\/wp\/v2\/tags?post=20547"}],"curies":[{"name":"wp","href":"https:\/\/api.w.org\/{rel}","templated":true}]}}