{"id":20522,"date":"2014-02-26T23:26:50","date_gmt":"2014-02-26T22:26:50","guid":{"rendered":"http:\/\/www.serbia.com\/?page_id=20522"},"modified":"2014-02-26T23:26:50","modified_gmt":"2014-02-26T22:26:50","slug":"vazni-telefoni","status":"publish","type":"page","link":"https:\/\/serbia.com\/srpski\/posetite-srbiju\/putovanje\/korisne-informacije\/vazni-telefoni\/","title":{"rendered":"Va\u017eni telefoni"},"content":{"rendered":"<p>Telefonski brojevi za hitne intervencije i obave\u0161tenja u Srbiji<\/p>\n<p><strong>Specijalne slu\u017ebe:<\/strong><\/p>\n<p>Policija \u2013 192<\/p>\n<p>&nbsp;<\/p>\n<p>Vatrogasci \u2013 193<\/p>\n<p>&nbsp;<\/p>\n<p>Hitna pomo\u0107 \u2013 194<\/p>\n<p>&nbsp;<\/p>\n<p>Ta\u010dno vreme \u2013 95<\/p>\n<p>&nbsp;<\/p>\n<p>Predaja telegrama telefonom \u2013 96<\/p>\n<p>&nbsp;<\/p>\n<p>Prijava me\u0111unarodnih razgovora \u2013 901<\/p>\n<p>&nbsp;<\/p>\n<p>Vojna hitna pomo\u0107 \u2013 976<\/p>\n<p>&nbsp;<\/p>\n<p>Prijava telefonskih smetnji \u2013 977<\/p>\n<p>&nbsp;<\/p>\n<p>Centar za obave\u0161tavanje \u2013 985<\/p>\n<p>&nbsp;<\/p>\n<p>AMSS pomo\u0107 na putu \u2013 987<\/p>\n<p>&nbsp;<\/p>\n<p>Brojevi telefona \u2013 988<\/p>\n<p>&nbsp;<\/p>\n<p>Slu\u017eba bu\u0111enja \u2013 9811<\/p>\n<p>&nbsp;<\/p>\n<p>Razna obave\u0161tenja \u2013 9812<\/p>\n<p>&nbsp;<\/p>\n<p>Vojna policija \u2013 9860<\/p>\n<p>&nbsp;<\/p>\n<p><strong>Govorni automati:<\/strong><\/p>\n<p>&nbsp;<\/p>\n<p>Pravoslavni verski praznici i obi\u010daji \u2013 9822<\/p>\n<p>&nbsp;<\/p>\n<p>Meteorolo\u0161ki podaci \u2013 9823<\/p>\n<p>&nbsp;<\/p>\n<p>Loto i sportska prognoza \u2013 9844<\/p>\n","protected":false},"excerpt":{"rendered":"<p>Telefonski brojevi za hitne intervencije i obave\u0161tenja u Srbiji Specijalne slu\u017ebe: Policija \u2013 192 &nbsp; Vatrogasci \u2013 193 &nbsp; Hitna pomo\u0107 \u2013 194 &nbsp; Ta\u010dno vreme \u2013 95 &nbsp; Predaja [&hellip;]<\/p>\n","protected":false},"author":9,"featured_media":53145,"parent":20401,"menu_order":0,"comment_status":"closed","ping_status":"open","template":"","meta":{"_acf_changed":false,"inline_featured_image":false,"_monsterinsights_skip_tracking":false,"_monsterinsights_sitenote_active":false,"_monsterinsights_sitenote_note":"","_monsterinsights_sitenote_category":0,"footnotes":""},"categories":[1250],"tags":[],"class_list":["post-20522","page","type-page","status-publish","has-post-thumbnail","hentry","category-putovanje-srbija"],"acf":[],"yoast_head":"<!-- This site is optimized with the Yoast SEO plugin v23.8 - https:\/\/yoast.com\/wordpress\/plugins\/seo\/ -->\n<title>Va\u017eni telefoni - Serbia.com<\/title>\n<meta name=\"robots\" content=\"index, follow, max-snippet:-1, max-image-preview:large, max-video-preview:-1\" \/>\n<link rel=\"canonical\" href=\"https:\/\/serbia.com\/srpski\/posetite-srbiju\/putovanje\/korisne-informacije\/vazni-telefoni\/\" \/>\n<meta property=\"og:locale\" content=\"en_US\" \/>\n<meta property=\"og:type\" content=\"article\" \/>\n<meta property=\"og:title\" content=\"Va\u017eni telefoni - Serbia.com\" \/>\n<meta property=\"og:description\" content=\"Telefonski brojevi za hitne intervencije i obave\u0161tenja u Srbiji Specijalne slu\u017ebe: Policija \u2013 192 &nbsp; Vatrogasci \u2013 193 &nbsp; Hitna pomo\u0107 \u2013 194 &nbsp; Ta\u010dno vreme \u2013 95 &nbsp; Predaja [&hellip;]\" \/>\n<meta property=\"og:url\" content=\"https:\/\/serbia.com\/srpski\/posetite-srbiju\/putovanje\/korisne-informacije\/vazni-telefoni\/\" \/>\n<meta property=\"og:site_name\" content=\"Serbia.com\" \/>\n<meta property=\"og:image\" content=\"https:\/\/serbia.com\/wp-content\/uploads\/2024\/05\/jonas-leupe-WargGLQW_Yk-unsplash-scaled-e1717158673142.jpg\" \/>\n\t<meta property=\"og:image:width\" content=\"2560\" \/>\n\t<meta property=\"og:image:height\" content=\"1707\" \/>\n\t<meta property=\"og:image:type\" content=\"image\/jpeg\" \/>\n<script type=\"application\/ld+json\" class=\"yoast-schema-graph\">{\"@context\":\"https:\/\/schema.org\",\"@graph\":[{\"@type\":\"WebPage\",\"@id\":\"https:\/\/serbia.com\/srpski\/posetite-srbiju\/putovanje\/korisne-informacije\/vazni-telefoni\/\",\"url\":\"https:\/\/serbia.com\/srpski\/posetite-srbiju\/putovanje\/korisne-informacije\/vazni-telefoni\/\",\"name\":\"Va\u017eni telefoni - Serbia.com\",\"isPartOf\":{\"@id\":\"https:\/\/serbia.com\/#website\"},\"primaryImageOfPage\":{\"@id\":\"https:\/\/serbia.com\/srpski\/posetite-srbiju\/putovanje\/korisne-informacije\/vazni-telefoni\/#primaryimage\"},\"image\":{\"@id\":\"https:\/\/serbia.com\/srpski\/posetite-srbiju\/putovanje\/korisne-informacije\/vazni-telefoni\/#primaryimage\"},\"thumbnailUrl\":\"https:\/\/serbia.com\/wp-content\/uploads\/2024\/05\/jonas-leupe-WargGLQW_Yk-unsplash-scaled-e1717158673142.jpg\",\"datePublished\":\"2014-02-26T22:26:50+00:00\",\"dateModified\":\"2014-02-26T22:26:50+00:00\",\"breadcrumb\":{\"@id\":\"https:\/\/serbia.com\/srpski\/posetite-srbiju\/putovanje\/korisne-informacije\/vazni-telefoni\/#breadcrumb\"},\"inLanguage\":\"srpski\",\"potentialAction\":[{\"@type\":\"ReadAction\",\"target\":[\"https:\/\/serbia.com\/srpski\/posetite-srbiju\/putovanje\/korisne-informacije\/vazni-telefoni\/\"]}]},{\"@type\":\"ImageObject\",\"inLanguage\":\"srpski\",\"@id\":\"https:\/\/serbia.com\/srpski\/posetite-srbiju\/putovanje\/korisne-informacije\/vazni-telefoni\/#primaryimage\",\"url\":\"https:\/\/serbia.com\/wp-content\/uploads\/2024\/05\/jonas-leupe-WargGLQW_Yk-unsplash-scaled-e1717158673142.jpg\",\"contentUrl\":\"https:\/\/serbia.com\/wp-content\/uploads\/2024\/05\/jonas-leupe-WargGLQW_Yk-unsplash-scaled-e1717158673142.jpg\",\"width\":2560,\"height\":1707},{\"@type\":\"BreadcrumbList\",\"@id\":\"https:\/\/serbia.com\/srpski\/posetite-srbiju\/putovanje\/korisne-informacije\/vazni-telefoni\/#breadcrumb\",\"itemListElement\":[{\"@type\":\"ListItem\",\"position\":1,\"name\":\"Home\",\"item\":\"https:\/\/serbia.com\/srpski\/\"},{\"@type\":\"ListItem\",\"position\":2,\"name\":\"Poseti Srbiju\",\"item\":\"https:\/\/serbia.com\/srpski\/posetite-srbiju\/\"},{\"@type\":\"ListItem\",\"position\":3,\"name\":\"Putovanje\",\"item\":\"https:\/\/serbia.com\/srpski\/posetite-srbiju\/putovanje\/\"},{\"@type\":\"ListItem\",\"position\":4,\"name\":\"Korisne informacije\",\"item\":\"https:\/\/serbia.com\/srpski\/posetite-srbiju\/putovanje\/korisne-informacije\/\"},{\"@type\":\"ListItem\",\"position\":5,\"name\":\"Va\u017eni telefoni\"}]},{\"@type\":\"WebSite\",\"@id\":\"https:\/\/serbia.com\/#website\",\"url\":\"https:\/\/serbia.com\/\",\"name\":\"Serbia.com\",\"description\":\"Your Gateway to Serbia\",\"potentialAction\":[{\"@type\":\"SearchAction\",\"target\":{\"@type\":\"EntryPoint\",\"urlTemplate\":\"https:\/\/serbia.com\/?s={search_term_string}\"},\"query-input\":{\"@type\":\"PropertyValueSpecification\",\"valueRequired\":true,\"valueName\":\"search_term_string\"}}],\"inLanguage\":\"srpski\"}]}<\/script>\n<!-- \/ Yoast SEO plugin. -->","yoast_head_json":{"title":"Va\u017eni telefoni - Serbia.com","robots":{"index":"index","follow":"follow","max-snippet":"max-snippet:-1","max-image-preview":"max-image-preview:large","max-video-preview":"max-video-preview:-1"},"canonical":"https:\/\/serbia.com\/srpski\/posetite-srbiju\/putovanje\/korisne-informacije\/vazni-telefoni\/","og_locale":"en_US","og_type":"article","og_title":"Va\u017eni telefoni - Serbia.com","og_description":"Telefonski brojevi za hitne intervencije i obave\u0161tenja u Srbiji Specijalne slu\u017ebe: Policija \u2013 192 &nbsp; Vatrogasci \u2013 193 &nbsp; Hitna pomo\u0107 \u2013 194 &nbsp; Ta\u010dno vreme \u2013 95 &nbsp; Predaja [&hellip;]","og_url":"https:\/\/serbia.com\/srpski\/posetite-srbiju\/putovanje\/korisne-informacije\/vazni-telefoni\/","og_site_name":"Serbia.com","og_image":[{"width":2560,"height":1707,"url":"https:\/\/serbia.com\/wp-content\/uploads\/2024\/05\/jonas-leupe-WargGLQW_Yk-unsplash-scaled-e1717158673142.jpg","type":"image\/jpeg"}],"schema":{"@context":"https:\/\/schema.org","@graph":[{"@type":"WebPage","@id":"https:\/\/serbia.com\/srpski\/posetite-srbiju\/putovanje\/korisne-informacije\/vazni-telefoni\/","url":"https:\/\/serbia.com\/srpski\/posetite-srbiju\/putovanje\/korisne-informacije\/vazni-telefoni\/","name":"Va\u017eni telefoni - Serbia.com","isPartOf":{"@id":"https:\/\/serbia.com\/#website"},"primaryImageOfPage":{"@id":"https:\/\/serbia.com\/srpski\/posetite-srbiju\/putovanje\/korisne-informacije\/vazni-telefoni\/#primaryimage"},"image":{"@id":"https:\/\/serbia.com\/srpski\/posetite-srbiju\/putovanje\/korisne-informacije\/vazni-telefoni\/#primaryimage"},"thumbnailUrl":"https:\/\/serbia.com\/wp-content\/uploads\/2024\/05\/jonas-leupe-WargGLQW_Yk-unsplash-scaled-e1717158673142.jpg","datePublished":"2014-02-26T22:26:50+00:00","dateModified":"2014-02-26T22:26:50+00:00","breadcrumb":{"@id":"https:\/\/serbia.com\/srpski\/posetite-srbiju\/putovanje\/korisne-informacije\/vazni-telefoni\/#breadcrumb"},"inLanguage":"srpski","potentialAction":[{"@type":"ReadAction","target":["https:\/\/serbia.com\/srpski\/posetite-srbiju\/putovanje\/korisne-informacije\/vazni-telefoni\/"]}]},{"@type":"ImageObject","inLanguage":"srpski","@id":"https:\/\/serbia.com\/srpski\/posetite-srbiju\/putovanje\/korisne-informacije\/vazni-telefoni\/#primaryimage","url":"https:\/\/serbia.com\/wp-content\/uploads\/2024\/05\/jonas-leupe-WargGLQW_Yk-unsplash-scaled-e1717158673142.jpg","contentUrl":"https:\/\/serbia.com\/wp-content\/uploads\/2024\/05\/jonas-leupe-WargGLQW_Yk-unsplash-scaled-e1717158673142.jpg","width":2560,"height":1707},{"@type":"BreadcrumbList","@id":"https:\/\/serbia.com\/srpski\/posetite-srbiju\/putovanje\/korisne-informacije\/vazni-telefoni\/#breadcrumb","itemListElement":[{"@type":"ListItem","position":1,"name":"Home","item":"https:\/\/serbia.com\/srpski\/"},{"@type":"ListItem","position":2,"name":"Poseti Srbiju","item":"https:\/\/serbia.com\/srpski\/posetite-srbiju\/"},{"@type":"ListItem","position":3,"name":"Putovanje","item":"https:\/\/serbia.com\/srpski\/posetite-srbiju\/putovanje\/"},{"@type":"ListItem","position":4,"name":"Korisne informacije","item":"https:\/\/serbia.com\/srpski\/posetite-srbiju\/putovanje\/korisne-informacije\/"},{"@type":"ListItem","position":5,"name":"Va\u017eni telefoni"}]},{"@type":"WebSite","@id":"https:\/\/serbia.com\/#website","url":"https:\/\/serbia.com\/","name":"Serbia.com","description":"Your Gateway to Serbia","potentialAction":[{"@type":"SearchAction","target":{"@type":"EntryPoint","urlTemplate":"https:\/\/serbia.com\/?s={search_term_string}"},"query-input":{"@type":"PropertyValueSpecification","valueRequired":true,"valueName":"search_term_string"}}],"inLanguage":"srpski"}]}},"_links":{"self":[{"href":"https:\/\/serbia.com\/srpski\/wp-json\/wp\/v2\/pages\/20522"}],"collection":[{"href":"https:\/\/serbia.com\/srpski\/wp-json\/wp\/v2\/pages"}],"about":[{"href":"https:\/\/serbia.com\/srpski\/wp-json\/wp\/v2\/types\/page"}],"author":[{"embeddable":true,"href":"https:\/\/serbia.com\/srpski\/wp-json\/wp\/v2\/users\/9"}],"replies":[{"embeddable":true,"href":"https:\/\/serbia.com\/srpski\/wp-json\/wp\/v2\/comments?post=20522"}],"version-history":[{"count":0,"href":"https:\/\/serbia.com\/srpski\/wp-json\/wp\/v2\/pages\/20522\/revisions"}],"up":[{"embeddable":true,"href":"https:\/\/serbia.com\/srpski\/wp-json\/wp\/v2\/pages\/20401"}],"wp:featuredmedia":[{"embeddable":true,"href":"https:\/\/serbia.com\/srpski\/wp-json\/wp\/v2\/media\/53145"}],"wp:attachment":[{"href":"https:\/\/serbia.com\/srpski\/wp-json\/wp\/v2\/media?parent=20522"}],"wp:term":[{"taxonomy":"category","embeddable":true,"href":"https:\/\/serbia.com\/srpski\/wp-json\/wp\/v2\/categories?post=20522"},{"taxonomy":"post_tag","embeddable":true,"href":"https:\/\/serbia.com\/srpski\/wp-json\/wp\/v2\/tags?post=20522"}],"curies":[{"name":"wp","href":"https:\/\/api.w.org\/{rel}","templated":true}]}}