{"id":20473,"date":"2014-02-26T22:37:59","date_gmt":"2014-02-26T21:37:59","guid":{"rendered":"http:\/\/www.serbia.com\/?page_id=20473"},"modified":"2024-10-20T20:28:12","modified_gmt":"2024-10-20T18:28:12","slug":"vinski-putevi","status":"publish","type":"page","link":"https:\/\/serbia.com\/srpski\/posetite-srbiju\/provedi-se\/vinski-putevi\/","title":{"rendered":"Vinski putevi"},"content":{"rendered":"<p style=\"text-align: justify;\">Vinski putevi, koje je vekovna tradicija vinogradarstva u Srbiji ocrtala na mapi na\u0161e zemlje, idealna su destinacija kada se po\u017eeli dobro vino.<\/p>\n<p style=\"text-align: justify;\">Geografski polo\u017eaj i klimatski uslovi Srbije omogu\u0107ili su \u017eiteljima gotovo svih delova zemlje da uzgajaju vinovu lozu. U Srbiji postoji oko 700 vrsta vina. Od <a title=\"Pali\u0107, jezero napravljeno od suza\" href=\"http:\/\/www.serbia.com\/srpski\/posetite-srbiju\/prirodne-lepote\/reke-i-jezera\/palic-jezero-napravljeno-od-suza\/\" target=\"_blank\" rel=\"noopener\">Pali\u0107a<\/a> na krajnjem severu zemlje, do Metohije na jugu, obele\u017eeni su vinski putevi, njih devet, koji skrivaju vinske podrume sa najlep\u0161im vinima.<\/p>\n<p style=\"text-align: justify;\">Na plodnim padinama <a title=\"Fru\u0161ka gora \u2013 nekada ostrvo, danas planina\" href=\"http:\/\/www.serbia.com\/srpski\/posetite-srbiju\/prirodne-lepote\/planine\/fruska-gora-nekada-ostrvo-danas-planina\/\" target=\"_blank\" rel=\"noopener\">Fru\u0161ke Gore<\/a> prote\u017eu se dugi vinogradi sa najsla\u0111im gro\u017e\u0111em opevanim u pesmama srpskih pesnika. Oko njih se vekovima formirao <strong><a title=\"Vinski put Fru\u0161ka gora\" href=\"http:\/\/www.serbia.com\/srpski\/posetite-srbiju\/provedi-se\/vinski-putevi\/vinski-put-fruska-gora\/\" target=\"_blank\" rel=\"noopener\">Vinski put Fru\u0161ka Gora<\/a><\/strong>.<\/p>\n<p style=\"text-align: justify;\">Najtra\u017eenija fru\u0161kogorska vina: plemenka, fru\u0161kogorski rizling, italijanski rizling, buvije, i autenti\u010dno vino ovog kraja \u2013 <a title=\"Bermet, omiljeno vino evropskih dvorova\" href=\"http:\/\/www.serbia.com\/srpski\/bermet-omiljeno-vino-evropskih-dvorova-4\/\" target=\"_blank\" rel=\"noopener\">bermet<\/a>, mogu se probati u oko 60 podruma vina u <a title=\"Sremski Karlovci, grad vina, duhovnosti i kulture\" href=\"http:\/\/www.serbia.com\/srpski\/posetite-srbiju\/gradovi\/sremski-karlovci-grad-vina-duhovnosti-i-kulture\/\" target=\"_blank\" rel=\"noopener\">Sremskim Karlovcima<\/a> i mestima oko ovog grada, a najpoznatiji su Ki\u0161, \u017divanovi\u0107, Dulkin, Merc, Do\u0161en, Aleks, Kosovi\u0107\u2026<\/p>\n<p style=\"text-align: justify;\">Nestalo praistorijsko Panonsko more ostavilo je suboti\u010dkom kraju pe\u0161\u010dano zemlji\u0161te veoma plodno za gajenje vinove loze od koje se prave najbolja \u201cvina sa peska\u201d. Italijanski rizling, kaberne i sovinjon mogu se probati u kraju na kome se prostire<strong> <a title=\"Vinski put Pali\u0107\" href=\"http:\/\/www.serbia.com\/srpski\/posetite-srbiju\/provedi-se\/vinski-putevi\/vinski-put-palic\/\" target=\"_blank\" rel=\"noopener\">Vinski put Pali\u0107<\/a><\/strong> u vinarijama Zvonko Bogdan, DiBonis, Vinariji Kosa i drugim.<\/p>\n<p style=\"text-align: justify;\">Kraj u kome se dodiruju Vr\u0161a\u010dke planine i blaga banatska ravnica, nalazi se pod vinogradima izme\u0111u kojih prolazi Vinski put Vr\u0161ac. Gro\u017e\u0111e iz banatskih vinograda se preta\u010de u najlep\u0161a vina ovog kraja: muskat otonel, \u0161ardone, pino bjanko, rajnski i italijanski rizling, banatski rizling, smederevka, \u017eupljanka i kreaca.<\/p>\n<p style=\"text-align: justify;\">Pored vina \u201cVr\u0161a\u010dkih vinograda\u201d, najkvalitetnija vina ovog kraja se mogu na\u0107i u podrumima: Kostov, Vinik, Nedin, Stoj\u0161i\u0107, Rab, Guduri\u010dka pri\u010da, As.<\/p>\n<p style=\"text-align: justify;\">Gde bi se drugo mogao nalaziti podrum vina kraljevske porodice Kara\u0111or\u0111evi\u0107, nego na <a title=\"Oplenac, plodno brdo srpske istorije\" href=\"http:\/\/www.serbia.com\/srpski\/posetite-srbiju\/prirodne-lepote\/jedinstvena-priroda\/oplenac\/\" target=\"_blank\" rel=\"noopener\">Oplencu<\/a>, na Vinskom putu \u0160umadije?<\/p>\n<p style=\"text-align: justify;\">Na pobr\u0111ima <a href=\"https:\/\/serbia.com\/srpski\/planinska-avantura-na-kosmaju-ideje-za-obilaske-aktivnosti-i-odmor\/\">Kosmaja<\/a>, Rudnika i Ven\u010daca, s Prokopom i Oplencem, od davnina su ljudi uzgajali autohtone sorte prokupac, vranac i smederevku. Danas ih mo\u017eemo probati u brojnim vinarijama od kojih se isti\u010du Jeli\u0107, Aleksandrovi\u0107 i Radovanovi\u0107.<\/p>\n<p style=\"text-align: justify;\">Najpoznatiji put vina u centralnoj Srbiji je Vinski put \u017dupa, sme\u0161ten u slivu Zapadne <a href=\"http:\/\/www.serbia.com\/srpski\/posetite-srbiju\/prirodne-lepote\/reke-i-jezera\/morava-kolevka-srpske-drzave\/\" target=\"_blank\" rel=\"noopener\">Morave<\/a> i njenih pritoka, u kotlini izme\u0111u <a title=\"Kopaonik, sun\u010dana planina puna srebra\" href=\"http:\/\/www.serbia.com\/srpski\/posetite-srbiju\/prirodne-lepote\/planine\/kopaonik-suncana-planina-puna-srebra\/\" target=\"_blank\" rel=\"noopener\">Kopaonika<\/a>, \u017deljina, Jastrepca i <a href=\"http:\/\/www.serbia.com\/srpski\/37789\/\" target=\"_blank\" rel=\"noopener\">Go\u010da<\/a>.<\/p>\n<p style=\"text-align: justify;\">Tradiciju pravljenja najkvalitetnijih vina \u017dupe: tamjanke, prokupca, \u0161ardonea, rajnskog rizlinga, italijanskog rizlinga, rozea \u010duvaju vinarije Ivanovi\u0107, Vinska ku\u0107a Mini\u0107a, Podrumi Radenkovi\u0107, Bra\u0107a Rajkovi\u0107, Kosta Botunjac i drugi.<\/p>\n<p style=\"text-align: justify;\">Vinski put <a href=\"http:\/\/www.serbia.com\/srpski\/posetite-srbiju\/gradovi\/smederevo-grad-sa-dusom-u-tvrdavi\/\" target=\"_blank\" rel=\"noopener\">Smederevo<\/a> oivi\u010den <a title=\"Dunav, mesto spajanja i razdvajanja\" href=\"http:\/\/www.serbia.com\/srpski\/posetite-srbiju\/prirodne-lepote\/reke-i-jezera\/dunav-mesto-spajanja-i-razdvajanja\/\" target=\"_blank\" rel=\"noopener\">Dunavom<\/a> sa jedne i Velikom <a href=\"http:\/\/www.serbia.com\/srpski\/posetite-srbiju\/prirodne-lepote\/reke-i-jezera\/morava-kolevka-srpske-drzave\/\" target=\"_blank\" rel=\"noopener\">Moravom<\/a> sa druge strane nalazi se na tlu idealnom za gajenje vrste gro\u017e\u0111a smederevka, pa se zato u ovom kraju naj\u010de\u0161\u0107e proizvodi upravo vino smedervka, ali i italijanski rizling, sovinjon, semijon i tramina koji se mogu probati u podrumima Radovanovi\u0107, \u017divkovi\u0107 i Janko.<\/p>\n<p style=\"text-align: justify;\"><a title=\"Vinski put Negotin\" href=\"http:\/\/www.serbia.com\/srpski\/posetite-srbiju\/provedi-se\/vinski-putevi\/vinski-put-negotin\/\" target=\"_blank\" rel=\"noopener\">Vinski put Negotin<\/a> je sredi\u0161te vinskog turizma Isto\u010dne Srbije poznat po <strong><a href=\"http:\/\/www.serbia.com\/srpski\/rajacke-pivnice-mesto-u-kome-stanuju-vina\/\" target=\"_blank\" rel=\"noopener\">Raja\u010dkim pimnicama<\/a><\/strong> \u2013 komleksu 270 vinskih podruma iz 18. veka. Ove pimnice se danas vi\u0161e ne grade, ali neke vinarije su ih preuredile i u njima je mogu\u0107e degustirati vina sa negotinskih vinograda: prokupac, bagrinu, za\u010dinak, vranac, smederevku, italijanski rizling, sovinjon i semijon.<\/p>\n<p style=\"text-align: justify;\">Topla leta, hladne zime i veliki broj sun\u010danih dana pogoduju vinovoj lozi. Upravo takva klima je u Knja\u017eevcu oko koga se jo\u0161 u doba Rimljana sadillo gro\u017e\u0111e, a danas je tim tragom formiran Vinski put Knja\u017eevac.<\/p>\n<p style=\"text-align: justify;\">U ovom kraju su najzastupljenije crne sorte: crni burgundac, prokupac, plovdina, italijanski rizling i bela smederevka a najpoznatiji podrumi ovih vina su Jovi\u0107 i Isakov.<\/p>\n<p style=\"text-align: justify;\">Drevno vinogradarstvo juga Srbije jo\u0161 u doba Nemanji\u0107a, crtalo je Vinski put Kosovo i Metohija. Danas su najpoznatije vinarije ovog kraja Vinica Petrovi\u0107 iz Velike Ho\u010de, kao i Vinarija Anti\u0107 iz Orahovca koje pripremaju vina od sorti: italijanski rizling, rajniski rizling, crni burgundac, vranac, sovinjon, kaberne.<\/p>\n<p><strong>Da pogledate ponudu vinskih tura, kliknite <a href=\"http:\/\/tours\" data-wplink-url-error=\"true\">OVDE<\/a>.<\/strong><\/p>\n","protected":false},"excerpt":{"rendered":"<p>Vinski putevi, koje je vekovna tradicija vinogradarstva u Srbiji ocrtala na mapi na\u0161e zemlje, idealna su destinacija kada se po\u017eeli dobro vino. Geografski polo\u017eaj i klimatski uslovi Srbije omogu\u0107ili su [&hellip;]<\/p>\n","protected":false},"author":9,"featured_media":47596,"parent":22545,"menu_order":0,"comment_status":"closed","ping_status":"open","template":"","meta":{"_acf_changed":false,"inline_featured_image":false,"_monsterinsights_skip_tracking":false,"_monsterinsights_sitenote_active":false,"_monsterinsights_sitenote_note":"","_monsterinsights_sitenote_category":0,"footnotes":""},"categories":[1678],"tags":[],"class_list":["post-20473","page","type-page","status-publish","has-post-thumbnail","hentry","category-vinski-putevi"],"acf":[],"yoast_head":"<!-- This site is optimized with the Yoast SEO plugin v27.4 - https:\/\/yoast.com\/product\/yoast-seo-wordpress\/ -->\n<title>Vinski putevi - Serbia.com<\/title>\n<meta name=\"robots\" content=\"index, follow, max-snippet:-1, max-image-preview:large, max-video-preview:-1\" \/>\n<link rel=\"canonical\" href=\"https:\/\/serbia.com\/srpski\/posetite-srbiju\/provedi-se\/vinski-putevi\/\" \/>\n<meta property=\"og:locale\" content=\"en_US\" \/>\n<meta property=\"og:type\" content=\"article\" \/>\n<meta property=\"og:title\" content=\"Vinski putevi - Serbia.com\" \/>\n<meta property=\"og:description\" content=\"Vinski putevi, koje je vekovna tradicija vinogradarstva u Srbiji ocrtala na mapi na\u0161e zemlje, idealna su destinacija kada se po\u017eeli dobro vino. Geografski polo\u017eaj i klimatski uslovi Srbije omogu\u0107ili su [&hellip;]\" \/>\n<meta property=\"og:url\" content=\"https:\/\/serbia.com\/srpski\/posetite-srbiju\/provedi-se\/vinski-putevi\/\" \/>\n<meta property=\"og:site_name\" content=\"Serbia.com\" \/>\n<meta property=\"article:modified_time\" content=\"2024-10-20T18:28:12+00:00\" \/>\n<meta property=\"og:image\" content=\"https:\/\/serbia.com\/wp-content\/uploads\/2016\/03\/oplenac-naslovna.jpg\" \/>\n\t<meta property=\"og:image:width\" content=\"800\" \/>\n\t<meta property=\"og:image:height\" content=\"533\" \/>\n\t<meta property=\"og:image:type\" content=\"image\/jpeg\" \/>\n<meta name=\"twitter:label1\" content=\"Est. reading time\" \/>\n\t<meta name=\"twitter:data1\" content=\"3 minutes\" \/>\n<script type=\"application\/ld+json\" class=\"yoast-schema-graph\">{\"@context\":\"https:\\\/\\\/schema.org\",\"@graph\":[{\"@type\":\"WebPage\",\"@id\":\"https:\\\/\\\/serbia.com\\\/srpski\\\/posetite-srbiju\\\/provedi-se\\\/vinski-putevi\\\/\",\"url\":\"https:\\\/\\\/serbia.com\\\/srpski\\\/posetite-srbiju\\\/provedi-se\\\/vinski-putevi\\\/\",\"name\":\"Vinski putevi - Serbia.com\",\"isPartOf\":{\"@id\":\"https:\\\/\\\/serbia.com\\\/#website\"},\"primaryImageOfPage\":{\"@id\":\"https:\\\/\\\/serbia.com\\\/srpski\\\/posetite-srbiju\\\/provedi-se\\\/vinski-putevi\\\/#primaryimage\"},\"image\":{\"@id\":\"https:\\\/\\\/serbia.com\\\/srpski\\\/posetite-srbiju\\\/provedi-se\\\/vinski-putevi\\\/#primaryimage\"},\"thumbnailUrl\":\"https:\\\/\\\/serbia.com\\\/wp-content\\\/uploads\\\/2016\\\/03\\\/oplenac-naslovna.jpg\",\"datePublished\":\"2014-02-26T21:37:59+00:00\",\"dateModified\":\"2024-10-20T18:28:12+00:00\",\"breadcrumb\":{\"@id\":\"https:\\\/\\\/serbia.com\\\/srpski\\\/posetite-srbiju\\\/provedi-se\\\/vinski-putevi\\\/#breadcrumb\"},\"inLanguage\":\"srpski\",\"potentialAction\":[{\"@type\":\"ReadAction\",\"target\":[\"https:\\\/\\\/serbia.com\\\/srpski\\\/posetite-srbiju\\\/provedi-se\\\/vinski-putevi\\\/\"]}]},{\"@type\":\"ImageObject\",\"inLanguage\":\"srpski\",\"@id\":\"https:\\\/\\\/serbia.com\\\/srpski\\\/posetite-srbiju\\\/provedi-se\\\/vinski-putevi\\\/#primaryimage\",\"url\":\"https:\\\/\\\/serbia.com\\\/wp-content\\\/uploads\\\/2016\\\/03\\\/oplenac-naslovna.jpg\",\"contentUrl\":\"https:\\\/\\\/serbia.com\\\/wp-content\\\/uploads\\\/2016\\\/03\\\/oplenac-naslovna.jpg\",\"width\":800,\"height\":533,\"caption\":\"Oplenac Wine Route\"},{\"@type\":\"BreadcrumbList\",\"@id\":\"https:\\\/\\\/serbia.com\\\/srpski\\\/posetite-srbiju\\\/provedi-se\\\/vinski-putevi\\\/#breadcrumb\",\"itemListElement\":[{\"@type\":\"ListItem\",\"position\":1,\"name\":\"Home\",\"item\":\"https:\\\/\\\/serbia.com\\\/srpski\\\/srbija\\\/\"},{\"@type\":\"ListItem\",\"position\":2,\"name\":\"Poseti Srbiju\",\"item\":\"https:\\\/\\\/serbia.com\\\/srpski\\\/posetite-srbiju\\\/\"},{\"@type\":\"ListItem\",\"position\":3,\"name\":\"Provedi se\",\"item\":\"https:\\\/\\\/serbia.com\\\/srpski\\\/posetite-srbiju\\\/provedi-se\\\/\"},{\"@type\":\"ListItem\",\"position\":4,\"name\":\"Vinski putevi\"}]},{\"@type\":\"WebSite\",\"@id\":\"https:\\\/\\\/serbia.com\\\/#website\",\"url\":\"https:\\\/\\\/serbia.com\\\/\",\"name\":\"Serbia.com\",\"description\":\"Your Gateway to Serbia\",\"potentialAction\":[{\"@type\":\"SearchAction\",\"target\":{\"@type\":\"EntryPoint\",\"urlTemplate\":\"https:\\\/\\\/serbia.com\\\/?s={search_term_string}\"},\"query-input\":{\"@type\":\"PropertyValueSpecification\",\"valueRequired\":true,\"valueName\":\"search_term_string\"}}],\"inLanguage\":\"srpski\"}]}<\/script>\n<!-- \/ Yoast SEO plugin. -->","yoast_head_json":{"title":"Vinski putevi - Serbia.com","robots":{"index":"index","follow":"follow","max-snippet":"max-snippet:-1","max-image-preview":"max-image-preview:large","max-video-preview":"max-video-preview:-1"},"canonical":"https:\/\/serbia.com\/srpski\/posetite-srbiju\/provedi-se\/vinski-putevi\/","og_locale":"en_US","og_type":"article","og_title":"Vinski putevi - Serbia.com","og_description":"Vinski putevi, koje je vekovna tradicija vinogradarstva u Srbiji ocrtala na mapi na\u0161e zemlje, idealna su destinacija kada se po\u017eeli dobro vino. Geografski polo\u017eaj i klimatski uslovi Srbije omogu\u0107ili su [&hellip;]","og_url":"https:\/\/serbia.com\/srpski\/posetite-srbiju\/provedi-se\/vinski-putevi\/","og_site_name":"Serbia.com","article_modified_time":"2024-10-20T18:28:12+00:00","og_image":[{"width":800,"height":533,"url":"https:\/\/serbia.com\/wp-content\/uploads\/2016\/03\/oplenac-naslovna.jpg","type":"image\/jpeg"}],"twitter_misc":{"Est. reading time":"3 minutes"},"schema":{"@context":"https:\/\/schema.org","@graph":[{"@type":"WebPage","@id":"https:\/\/serbia.com\/srpski\/posetite-srbiju\/provedi-se\/vinski-putevi\/","url":"https:\/\/serbia.com\/srpski\/posetite-srbiju\/provedi-se\/vinski-putevi\/","name":"Vinski putevi - Serbia.com","isPartOf":{"@id":"https:\/\/serbia.com\/#website"},"primaryImageOfPage":{"@id":"https:\/\/serbia.com\/srpski\/posetite-srbiju\/provedi-se\/vinski-putevi\/#primaryimage"},"image":{"@id":"https:\/\/serbia.com\/srpski\/posetite-srbiju\/provedi-se\/vinski-putevi\/#primaryimage"},"thumbnailUrl":"https:\/\/serbia.com\/wp-content\/uploads\/2016\/03\/oplenac-naslovna.jpg","datePublished":"2014-02-26T21:37:59+00:00","dateModified":"2024-10-20T18:28:12+00:00","breadcrumb":{"@id":"https:\/\/serbia.com\/srpski\/posetite-srbiju\/provedi-se\/vinski-putevi\/#breadcrumb"},"inLanguage":"srpski","potentialAction":[{"@type":"ReadAction","target":["https:\/\/serbia.com\/srpski\/posetite-srbiju\/provedi-se\/vinski-putevi\/"]}]},{"@type":"ImageObject","inLanguage":"srpski","@id":"https:\/\/serbia.com\/srpski\/posetite-srbiju\/provedi-se\/vinski-putevi\/#primaryimage","url":"https:\/\/serbia.com\/wp-content\/uploads\/2016\/03\/oplenac-naslovna.jpg","contentUrl":"https:\/\/serbia.com\/wp-content\/uploads\/2016\/03\/oplenac-naslovna.jpg","width":800,"height":533,"caption":"Oplenac Wine Route"},{"@type":"BreadcrumbList","@id":"https:\/\/serbia.com\/srpski\/posetite-srbiju\/provedi-se\/vinski-putevi\/#breadcrumb","itemListElement":[{"@type":"ListItem","position":1,"name":"Home","item":"https:\/\/serbia.com\/srpski\/srbija\/"},{"@type":"ListItem","position":2,"name":"Poseti Srbiju","item":"https:\/\/serbia.com\/srpski\/posetite-srbiju\/"},{"@type":"ListItem","position":3,"name":"Provedi se","item":"https:\/\/serbia.com\/srpski\/posetite-srbiju\/provedi-se\/"},{"@type":"ListItem","position":4,"name":"Vinski putevi"}]},{"@type":"WebSite","@id":"https:\/\/serbia.com\/#website","url":"https:\/\/serbia.com\/","name":"Serbia.com","description":"Your Gateway to Serbia","potentialAction":[{"@type":"SearchAction","target":{"@type":"EntryPoint","urlTemplate":"https:\/\/serbia.com\/?s={search_term_string}"},"query-input":{"@type":"PropertyValueSpecification","valueRequired":true,"valueName":"search_term_string"}}],"inLanguage":"srpski"}]}},"brizy_media":[],"_links":{"self":[{"href":"https:\/\/serbia.com\/srpski\/wp-json\/wp\/v2\/pages\/20473","targetHints":{"allow":["GET"]}}],"collection":[{"href":"https:\/\/serbia.com\/srpski\/wp-json\/wp\/v2\/pages"}],"about":[{"href":"https:\/\/serbia.com\/srpski\/wp-json\/wp\/v2\/types\/page"}],"author":[{"embeddable":true,"href":"https:\/\/serbia.com\/srpski\/wp-json\/wp\/v2\/users\/9"}],"replies":[{"embeddable":true,"href":"https:\/\/serbia.com\/srpski\/wp-json\/wp\/v2\/comments?post=20473"}],"version-history":[{"count":2,"href":"https:\/\/serbia.com\/srpski\/wp-json\/wp\/v2\/pages\/20473\/revisions"}],"predecessor-version":[{"id":55773,"href":"https:\/\/serbia.com\/srpski\/wp-json\/wp\/v2\/pages\/20473\/revisions\/55773"}],"up":[{"embeddable":true,"href":"https:\/\/serbia.com\/srpski\/wp-json\/wp\/v2\/pages\/22545"}],"wp:featuredmedia":[{"embeddable":true,"href":"https:\/\/serbia.com\/srpski\/wp-json\/wp\/v2\/media\/47596"}],"wp:attachment":[{"href":"https:\/\/serbia.com\/srpski\/wp-json\/wp\/v2\/media?parent=20473"}],"wp:term":[{"taxonomy":"category","embeddable":true,"href":"https:\/\/serbia.com\/srpski\/wp-json\/wp\/v2\/categories?post=20473"},{"taxonomy":"post_tag","embeddable":true,"href":"https:\/\/serbia.com\/srpski\/wp-json\/wp\/v2\/tags?post=20473"}],"curies":[{"name":"wp","href":"https:\/\/api.w.org\/{rel}","templated":true}]}}