{"id":20470,"date":"2014-02-26T22:36:16","date_gmt":"2014-02-26T21:36:16","guid":{"rendered":"http:\/\/www.serbia.com\/?page_id=20470"},"modified":"2024-10-20T12:45:53","modified_gmt":"2024-10-20T10:45:53","slug":"jedinstvena-priroda","status":"publish","type":"page","link":"https:\/\/serbia.com\/srpski\/posetite-srbiju\/prirodne-lepote\/jedinstvena-priroda\/","title":{"rendered":"Jedinstvena priroda"},"content":{"rendered":"<p>Jedinstvena priroda, koju \u010dini oko 3.000 biljnih i veliki broj \u017eivotinjskih vrsta, svrstali su Srbiju u svetske centre biolo\u0161ke raznovrsnosti. Floru ove zemlje \u010dini oko 3.000 biljnih vrsta, od kojih neke \u017eive samo u Srbiji, a veliki broj \u017eivotinja uvr\u0161\u0107en je u svetske atlase prirodnih retkosti.<\/p>\n<p>Ovde iznad planinskih vrhova jo\u0161 uvek kru\u017ee orlovi odavno nestali iz ostalih krajeva Evrope, iz skrivenih oboda potoka izviruju retki cvetovi, a jeleni jure beskrajnim ravnicama severa. na <a title=\"Planine\" href=\"http:\/\/www.serbia.com\/srpski\/posetite-srbiju\/sta-videti\/prirodne-lepote\/planine\/\">planinama<\/a> se mogu sresti vukovi, ali i stidljivi \u0161areni tvor. Jedinstvena priroda Srbije, njene lepote i posebnosti, me\u0111unarodno su priznate pa je Srbija svrstana me\u0111u 159 centara svetske biolo\u0161ke raznovrsnosti.<\/p>\n<p>U ovo se mo\u017eete uveriti ako posetite jedan od pet nacionalnih parkova na teritoriji Srbije kao i jednu od poslednjih evropskih pustinja, <a title=\"Deliblatska pe\u0161\u010dara \u2013 evropska Sahara\" href=\"http:\/\/www.serbia.com\/srpski\/deliblatska-pescara-evropska-sahara\/\">Deliblatsku pe\u0161\u010daru<\/a>, koja se nalazi na severu zemlje. Ova strana vam otkriva pri\u010de o retkim prirodnim pojavama, predelima , biljnim i \u017eivotinjskim vrstama \u010diji je ponosni dom Srbija.<\/p>\n","protected":false},"excerpt":{"rendered":"<p>Jedinstvena priroda, koju \u010dini oko 3.000 biljnih i veliki broj \u017eivotinjskih vrsta, svrstali su Srbiju u svetske centre biolo\u0161ke raznovrsnosti. Floru ove zemlje \u010dini oko 3.000 biljnih vrsta, od kojih [&hellip;]<\/p>\n","protected":false},"author":9,"featured_media":45337,"parent":20459,"menu_order":0,"comment_status":"closed","ping_status":"open","template":"","meta":{"_acf_changed":false,"inline_featured_image":false,"_monsterinsights_skip_tracking":false,"_monsterinsights_sitenote_active":false,"_monsterinsights_sitenote_note":"","_monsterinsights_sitenote_category":0,"footnotes":""},"categories":[1661],"tags":[],"class_list":["post-20470","page","type-page","status-publish","has-post-thumbnail","hentry","category-jedinstvena-priroda-prirodne-lepote-sta-posetiti"],"acf":[],"brizy_media":[],"_links":{"self":[{"href":"https:\/\/serbia.com\/srpski\/wp-json\/wp\/v2\/pages\/20470","targetHints":{"allow":["GET"]}}],"collection":[{"href":"https:\/\/serbia.com\/srpski\/wp-json\/wp\/v2\/pages"}],"about":[{"href":"https:\/\/serbia.com\/srpski\/wp-json\/wp\/v2\/types\/page"}],"author":[{"embeddable":true,"href":"https:\/\/serbia.com\/srpski\/wp-json\/wp\/v2\/users\/9"}],"replies":[{"embeddable":true,"href":"https:\/\/serbia.com\/srpski\/wp-json\/wp\/v2\/comments?post=20470"}],"version-history":[{"count":1,"href":"https:\/\/serbia.com\/srpski\/wp-json\/wp\/v2\/pages\/20470\/revisions"}],"predecessor-version":[{"id":55655,"href":"https:\/\/serbia.com\/srpski\/wp-json\/wp\/v2\/pages\/20470\/revisions\/55655"}],"up":[{"embeddable":true,"href":"https:\/\/serbia.com\/srpski\/wp-json\/wp\/v2\/pages\/20459"}],"wp:featuredmedia":[{"embeddable":true,"href":"https:\/\/serbia.com\/srpski\/wp-json\/wp\/v2\/media\/45337"}],"wp:attachment":[{"href":"https:\/\/serbia.com\/srpski\/wp-json\/wp\/v2\/media?parent=20470"}],"wp:term":[{"taxonomy":"category","embeddable":true,"href":"https:\/\/serbia.com\/srpski\/wp-json\/wp\/v2\/categories?post=20470"},{"taxonomy":"post_tag","embeddable":true,"href":"https:\/\/serbia.com\/srpski\/wp-json\/wp\/v2\/tags?post=20470"}],"curies":[{"name":"wp","href":"https:\/\/api.w.org\/{rel}","templated":true}]}}