{"id":20456,"date":"2014-02-26T22:24:40","date_gmt":"2014-02-26T21:24:40","guid":{"rendered":"http:\/\/www.serbia.com\/?page_id=20456"},"modified":"2024-10-20T13:25:04","modified_gmt":"2024-10-20T11:25:04","slug":"dvorci-i-tvrdave","status":"publish","type":"page","link":"https:\/\/serbia.com\/srpski\/posetite-srbiju\/kulturne-atrakcije\/dvorci-i-tvrdave\/","title":{"rendered":"Dvorci i tvr\u0111ave"},"content":{"rendered":"<p>\u010cuvari tajni, tvr\u0111ave i dvorci \u0161irom Srbije svedo\u010de o burnoj pro\u0161losti, ali i o druga\u010dijem na\u010dinu \u017eivota, romanti\u010dnim ljubavima, dvobojima, ratovima\u2026<\/p>\n<p>Drevne tvr\u0111ave, sazidane kao odbrana od spoljnih opasnosti i neprijatelja, uru\u0161io je zub vremena, ali im nije oduzeo mistiku i vrednost. Njih sedam, koje se prostiru du\u017e <a href=\"http:\/\/www.serbia.com\/srpski\/posetite-srbiju\/prirodne-lepote\/reke-i-jezera\/dunav-mesto-spajanja-i-razdvajanja\/\" target=\"_blank\" rel=\"noopener\">Dunava<\/a> od Ba\u010dke do <a href=\"http:\/\/www.serbia.com\/srpski\/posetite-srbiju\/prirodne-lepote\/reke-i-jezera\/derdap-magicni-spoj-prirode-i-kulture\/\" target=\"_blank\" rel=\"noopener\">\u0110erdapa<\/a>, predstavljaju neke od najmo\u0107nijih evropskih utvr\u0111enja \u2013 <a title=\"Petrovaradinska tvr\u0111ava, Gibraltar na Dunavu\" href=\"http:\/\/www.serbia.com\/srpski\/posetite-srbiju\/kulturne-atrakcije\/dvorci-i-tvrdave\/petrovaradinska-tvrdava-gibraltar-na-dunavu\/\" target=\"_blank\" rel=\"noopener\">Petrovaradinska<\/a>, <a title=\"Beogradska tvr\u0111ava: Put stopama istorije\" href=\"http:\/\/www.serbia.com\/srpski\/posetite-srbiju\/kulturne-atrakcije\/dvorci-i-tvrdave\/beogradska-tvrdava-put-stopama-istorije\/\" target=\"_blank\" rel=\"noopener\">Beogradska<\/a>, <a title=\"Smederevo, grad sa du\u0161om u tvr\u0111avi\" href=\"http:\/\/www.serbia.com\/srpski\/posetite-srbiju\/kulturne-atrakcije\/dvorci-i-tvrdave\/smederevska-tvrdava-grad-proklete-jerine\/\" target=\"_blank\" rel=\"noopener\">Smederevska<\/a>, <a title=\"Tvr\u0111ava Golubac: \u010cuvar Dunava\" href=\"http:\/\/www.serbia.com\/srpski\/posetite-srbiju\/kulturne-atrakcije\/dvorci-i-tvrdave\/golubac\/\" target=\"_blank\" rel=\"noopener\">Goluba\u010dka tvr\u0111ava<\/a>\u2026<\/p>\n<p>Mnoge od ovih tvr\u0111ava imaju tajanstvene podzemne odaje \u010diji vla\u017eni zidovi \u010duvaju neobi\u010dne pri\u010de. Neke od njih ispri\u010da\u0107e vam vo\u0111e puta, ali mnoge su ostale ve\u010dita tajna. Ova misti\u010dna mesta sa legendama isklesanim u kamenu, postala su predmet istra\u017eivanja mnogih svetskih istra\u017eiva\u010da i ambijenti za snimanje filmova.<\/p>\n<p>Ako \u017eelite bajkovito i romanti\u010dno putovanje, zavirite u stare dvorce Srbije, njihove odaje i bujne parkove u kojima jo\u0161 lebde mnoge neostvarene ljubavi, dvoboji zbog \u010dasti i neprospavane boemske no\u0107i.<\/p>\n<p>Dvorce su najvi\u0161e gradile imu\u0107ne i uticajne porodice u periodu od 17. do po\u010detka 20. veka, naro\u010dito u Vojvodini, gde ih ima ukupno 72. Oni su svedo\u010dili o plemi\u0107kom statusu, bogatstvu i zna\u010daju vlasnika.<\/p>\n<p>Najlep\u0161e dvorce podizali su \u010dlanovi <a title=\"Dvorac Fantast, mesto iz bajke\" href=\"http:\/\/www.serbia.com\/srpski\/posetite-srbiju\/kulturne-atrakcije\/dvorci-i-tvrdave\/dvorac-fantast\/\" target=\"_blank\" rel=\"noopener\">porodice Dun\u0111erski<\/a>, a pri\u010da se da je prilikom otvaranja jednog od njih, svoj prvi kocert odr\u017eao devetogodi\u0161nji de\u010dak, koga je doveo grof Esterhazi, a koji je kasnije svetu postao poznat kao Franc List.<\/p>\n<p>Stoga ne \u010dekajte, ve\u0107 se upustite u uzbudljivu avanturu otkrivanja ovih ve\u010ditih \u010duvara tajni.<\/p>\n","protected":false},"excerpt":{"rendered":"<p>\u010cuvari tajni, tvr\u0111ave i dvorci \u0161irom Srbije svedo\u010de o burnoj pro\u0161losti, ali i o druga\u010dijem na\u010dinu \u017eivota, romanti\u010dnim ljubavima, dvobojima, ratovima\u2026 Drevne tvr\u0111ave, sazidane kao odbrana od spoljnih opasnosti i [&hellip;]<\/p>\n","protected":false},"author":9,"featured_media":30132,"parent":20449,"menu_order":0,"comment_status":"closed","ping_status":"open","template":"","meta":{"_acf_changed":false,"inline_featured_image":false,"_monsterinsights_skip_tracking":false,"_monsterinsights_sitenote_active":false,"_monsterinsights_sitenote_note":"","_monsterinsights_sitenote_category":0,"footnotes":""},"categories":[1666],"tags":[],"class_list":["post-20456","page","type-page","status-publish","has-post-thumbnail","hentry","category-dvorci-tvrdjave"],"acf":[],"brizy_media":[],"_links":{"self":[{"href":"https:\/\/serbia.com\/srpski\/wp-json\/wp\/v2\/pages\/20456","targetHints":{"allow":["GET"]}}],"collection":[{"href":"https:\/\/serbia.com\/srpski\/wp-json\/wp\/v2\/pages"}],"about":[{"href":"https:\/\/serbia.com\/srpski\/wp-json\/wp\/v2\/types\/page"}],"author":[{"embeddable":true,"href":"https:\/\/serbia.com\/srpski\/wp-json\/wp\/v2\/users\/9"}],"replies":[{"embeddable":true,"href":"https:\/\/serbia.com\/srpski\/wp-json\/wp\/v2\/comments?post=20456"}],"version-history":[{"count":1,"href":"https:\/\/serbia.com\/srpski\/wp-json\/wp\/v2\/pages\/20456\/revisions"}],"predecessor-version":[{"id":55667,"href":"https:\/\/serbia.com\/srpski\/wp-json\/wp\/v2\/pages\/20456\/revisions\/55667"}],"up":[{"embeddable":true,"href":"https:\/\/serbia.com\/srpski\/wp-json\/wp\/v2\/pages\/20449"}],"wp:featuredmedia":[{"embeddable":true,"href":"https:\/\/serbia.com\/srpski\/wp-json\/wp\/v2\/media\/30132"}],"wp:attachment":[{"href":"https:\/\/serbia.com\/srpski\/wp-json\/wp\/v2\/media?parent=20456"}],"wp:term":[{"taxonomy":"category","embeddable":true,"href":"https:\/\/serbia.com\/srpski\/wp-json\/wp\/v2\/categories?post=20456"},{"taxonomy":"post_tag","embeddable":true,"href":"https:\/\/serbia.com\/srpski\/wp-json\/wp\/v2\/tags?post=20456"}],"curies":[{"name":"wp","href":"https:\/\/api.w.org\/{rel}","templated":true}]}}