{"id":20454,"date":"2014-02-26T22:22:45","date_gmt":"2014-02-26T21:22:45","guid":{"rendered":"http:\/\/www.serbia.com\/?page_id=20454"},"modified":"2024-10-20T12:59:34","modified_gmt":"2024-10-20T10:59:34","slug":"manastiri-i-crkve","status":"publish","type":"page","link":"https:\/\/serbia.com\/srpski\/posetite-srbiju\/kulturne-atrakcije\/manastiri-i-crkve\/","title":{"rendered":"Manastiri i crkve"},"content":{"rendered":"<p>Srednjovekovni manastiri i crkve, koji svedo\u010de o usponu i padu srpske carevine a zatim i dr\u017eave, deo su kulture kojim se Srbija ponosi.<\/p>\n<p>Svojim polo\u017eajem na raskr\u0161\u0107u Istoka i Zapada, Srbija je oduvek bila mesto susreta naroda koji su za sobom ostavljali autenti\u010dne tragove duhovne kulture. Me\u0111utim, ono \u010dime se Srbija di\u010di, jesu njeni manastiri \u2013 od <a title=\"Studenica, manastir dragocenih fresaka\" href=\"http:\/\/www.serbia.com\/srpski\/posetite-srbiju\/kulturne-atrakcije\/manastiri-i-crkve\/studenica-manastir-dragocenih-fresaka\/\" target=\"_blank\" rel=\"noopener\">Studenice<\/a> i <a title=\"Manastir Sopo\u0107ani\" href=\"http:\/\/www.serbia.com\/srpski\/posetite-srbiju\/kulturne-atrakcije\/manastiri-i-crkve\/manastir-sopocani\/\" target=\"_blank\" rel=\"noopener\">Sopo\u0107ana<\/a> do Pe\u0107ke patrijar\u0161ije; od <a href=\"https:\/\/serbia.com\/srpski\/16-srednjovekovnih-dragulja-vodic-kroz-manastire-fruske-gore\/\">fru\u0161kogorskih manastira<\/a> do <a href=\"http:\/\/www.serbia.com\/srpski\/manastir-manasija-biser-srpske-srednjovekovne-kulture\/\" target=\"_blank\" rel=\"noopener\">Manasij<\/a>e, Ravanice i <a href=\"http:\/\/www.serbia.com\/srpski\/manastir-zica-pet-dobrih-razloga-zbog-kojih-je-treba-posetiti\/\" target=\"_blank\" rel=\"noopener\">\u017di\u010de<\/a>.<\/p>\n<p>Podizani tokom srednjeg veka, ovi manastiri i danas svedo\u010de o usponu i padu srpskog carstva, a zatim i dr\u017eave. Gradili su ih vladari u slavu svecima, ali i kao svoja ve\u010dna kona\u010di\u0161ta.<\/p>\n<p>Vladari srednjovekovne srpske dinastije Nemanji\u0107 podigli su neke od najlep\u0161ih manastirskih kompleksa, me\u0111u kojima je zasigurno najzna\u010dajniji <a title=\"Hilandar, manastir u dr\u017eavi pravoslavnih monaha\" href=\"http:\/\/www.serbia.com\/srpski\/hilandar-manastir-u-drzavi-pravoslavnih-monaha-2\/\">Hilandar<\/a>, sagra\u0111en u 12. veku na Svetoj Gori, i koji se nalazi na listi svetske ba\u0161tine organizacije UNESCO.<\/p>\n<p>Srpski manastiri se odlikuju bogatim i reprezentativnim <a title=\"Freske \u2013 slikarstvo bez premca\" href=\"http:\/\/www.serbia.com\/srpski\/freske-slikarstvo-bez-premca-2\/\">freskama<\/a> i zidnim slikarstvom. Prve kompozicije dominiraju monumentalno\u0161\u0107u i jednostavno\u0161\u0107u linija.<\/p>\n<p>Freske su prikazivale \u017eivote svetaca i ktitora tih zadu\u017ebina. Jedna od najpoznatijih fresaka je <a title=\"\u201eBeli an\u0111eo\u201c kao simbol Evrope\" href=\"http:\/\/www.serbia.com\/srpski\/beli-andeo-kao-simbol-evrope\/\">Beli an\u0111eo<\/a>, deo ve\u0107e kompozicije iz crkve Vaznesenja Hristovog u manastiru <a title=\"Manastir Mile\u0161eva, \u010duvar srednjovekovnih freski vanvremenske lepote\" href=\"http:\/\/www.serbia.com\/srpski\/posetite-srbiju\/kulturne-atrakcije\/manastiri-i-crkve\/manastir-mileseva-cuvar-srednjovekovnih-freski-vanvremenske-lepote\/\" target=\"_blank\" rel=\"noopener\">Mile\u0161eva<\/a>, koju je UNESCO stavio na listu svetske za\u0161ti\u0107ene ba\u0161tine. Ta freska poslata je u svemir kao predstavnik kulture stanovnika planete Zemlje.<\/p>\n","protected":false},"excerpt":{"rendered":"<p>Srednjovekovni manastiri i crkve, koji svedo\u010de o usponu i padu srpske carevine a zatim i dr\u017eave, deo su kulture kojim se Srbija ponosi. Svojim polo\u017eajem na raskr\u0161\u0107u Istoka i Zapada, [&hellip;]<\/p>\n","protected":false},"author":9,"featured_media":31843,"parent":20449,"menu_order":0,"comment_status":"closed","ping_status":"open","template":"","meta":{"_acf_changed":false,"inline_featured_image":false,"_monsterinsights_skip_tracking":false,"_monsterinsights_sitenote_active":false,"_monsterinsights_sitenote_note":"","_monsterinsights_sitenote_category":0,"footnotes":""},"categories":[1667],"tags":[],"class_list":["post-20454","page","type-page","status-publish","has-post-thumbnail","hentry","category-manastiri-crkve-kulturne-atrakcije-sta-posetiti"],"acf":[],"yoast_head":"<!-- This site is optimized with the Yoast SEO plugin v27.4 - https:\/\/yoast.com\/product\/yoast-seo-wordpress\/ -->\n<title>Manastiri i crkve - Serbia.com<\/title>\n<meta name=\"robots\" content=\"index, follow, max-snippet:-1, max-image-preview:large, max-video-preview:-1\" \/>\n<link rel=\"canonical\" href=\"https:\/\/serbia.com\/srpski\/posetite-srbiju\/kulturne-atrakcije\/manastiri-i-crkve\/\" \/>\n<meta property=\"og:locale\" content=\"en_US\" \/>\n<meta property=\"og:type\" content=\"article\" \/>\n<meta property=\"og:title\" content=\"Manastiri i crkve - Serbia.com\" \/>\n<meta property=\"og:description\" content=\"Srednjovekovni manastiri i crkve, koji svedo\u010de o usponu i padu srpske carevine a zatim i dr\u017eave, deo su kulture kojim se Srbija ponosi. Svojim polo\u017eajem na raskr\u0161\u0107u Istoka i Zapada, [&hellip;]\" \/>\n<meta property=\"og:url\" content=\"https:\/\/serbia.com\/srpski\/posetite-srbiju\/kulturne-atrakcije\/manastiri-i-crkve\/\" \/>\n<meta property=\"og:site_name\" content=\"Serbia.com\" \/>\n<meta property=\"article:modified_time\" content=\"2024-10-20T10:59:34+00:00\" \/>\n<meta property=\"og:image\" content=\"https:\/\/serbia.com\/wp-content\/uploads\/2015\/05\/studenica1.jpg\" \/>\n\t<meta property=\"og:image:width\" content=\"1600\" \/>\n\t<meta property=\"og:image:height\" content=\"961\" \/>\n\t<meta property=\"og:image:type\" content=\"image\/jpeg\" \/>\n<meta name=\"twitter:label1\" content=\"Est. reading time\" \/>\n\t<meta name=\"twitter:data1\" content=\"2 minutes\" \/>\n<script type=\"application\/ld+json\" class=\"yoast-schema-graph\">{\"@context\":\"https:\\\/\\\/schema.org\",\"@graph\":[{\"@type\":\"WebPage\",\"@id\":\"https:\\\/\\\/serbia.com\\\/srpski\\\/posetite-srbiju\\\/kulturne-atrakcije\\\/manastiri-i-crkve\\\/\",\"url\":\"https:\\\/\\\/serbia.com\\\/srpski\\\/posetite-srbiju\\\/kulturne-atrakcije\\\/manastiri-i-crkve\\\/\",\"name\":\"Manastiri i crkve - Serbia.com\",\"isPartOf\":{\"@id\":\"https:\\\/\\\/serbia.com\\\/#website\"},\"primaryImageOfPage\":{\"@id\":\"https:\\\/\\\/serbia.com\\\/srpski\\\/posetite-srbiju\\\/kulturne-atrakcije\\\/manastiri-i-crkve\\\/#primaryimage\"},\"image\":{\"@id\":\"https:\\\/\\\/serbia.com\\\/srpski\\\/posetite-srbiju\\\/kulturne-atrakcije\\\/manastiri-i-crkve\\\/#primaryimage\"},\"thumbnailUrl\":\"https:\\\/\\\/serbia.com\\\/wp-content\\\/uploads\\\/2015\\\/05\\\/studenica1.jpg\",\"datePublished\":\"2014-02-26T21:22:45+00:00\",\"dateModified\":\"2024-10-20T10:59:34+00:00\",\"breadcrumb\":{\"@id\":\"https:\\\/\\\/serbia.com\\\/srpski\\\/posetite-srbiju\\\/kulturne-atrakcije\\\/manastiri-i-crkve\\\/#breadcrumb\"},\"inLanguage\":\"srpski\",\"potentialAction\":[{\"@type\":\"ReadAction\",\"target\":[\"https:\\\/\\\/serbia.com\\\/srpski\\\/posetite-srbiju\\\/kulturne-atrakcije\\\/manastiri-i-crkve\\\/\"]}]},{\"@type\":\"ImageObject\",\"inLanguage\":\"srpski\",\"@id\":\"https:\\\/\\\/serbia.com\\\/srpski\\\/posetite-srbiju\\\/kulturne-atrakcije\\\/manastiri-i-crkve\\\/#primaryimage\",\"url\":\"https:\\\/\\\/serbia.com\\\/wp-content\\\/uploads\\\/2015\\\/05\\\/studenica1.jpg\",\"contentUrl\":\"https:\\\/\\\/serbia.com\\\/wp-content\\\/uploads\\\/2015\\\/05\\\/studenica1.jpg\",\"width\":1600,\"height\":961},{\"@type\":\"BreadcrumbList\",\"@id\":\"https:\\\/\\\/serbia.com\\\/srpski\\\/posetite-srbiju\\\/kulturne-atrakcije\\\/manastiri-i-crkve\\\/#breadcrumb\",\"itemListElement\":[{\"@type\":\"ListItem\",\"position\":1,\"name\":\"Home\",\"item\":\"https:\\\/\\\/serbia.com\\\/srpski\\\/\"},{\"@type\":\"ListItem\",\"position\":2,\"name\":\"Poseti Srbiju\",\"item\":\"https:\\\/\\\/serbia.com\\\/srpski\\\/posetite-srbiju\\\/\"},{\"@type\":\"ListItem\",\"position\":3,\"name\":\"Kulturne atrakcije\",\"item\":\"https:\\\/\\\/serbia.com\\\/srpski\\\/posetite-srbiju\\\/kulturne-atrakcije\\\/\"},{\"@type\":\"ListItem\",\"position\":4,\"name\":\"Manastiri i crkve\"}]},{\"@type\":\"WebSite\",\"@id\":\"https:\\\/\\\/serbia.com\\\/#website\",\"url\":\"https:\\\/\\\/serbia.com\\\/\",\"name\":\"Serbia.com\",\"description\":\"Your Gateway to Serbia\",\"potentialAction\":[{\"@type\":\"SearchAction\",\"target\":{\"@type\":\"EntryPoint\",\"urlTemplate\":\"https:\\\/\\\/serbia.com\\\/?s={search_term_string}\"},\"query-input\":{\"@type\":\"PropertyValueSpecification\",\"valueRequired\":true,\"valueName\":\"search_term_string\"}}],\"inLanguage\":\"srpski\"}]}<\/script>\n<!-- \/ Yoast SEO plugin. -->","yoast_head_json":{"title":"Manastiri i crkve - Serbia.com","robots":{"index":"index","follow":"follow","max-snippet":"max-snippet:-1","max-image-preview":"max-image-preview:large","max-video-preview":"max-video-preview:-1"},"canonical":"https:\/\/serbia.com\/srpski\/posetite-srbiju\/kulturne-atrakcije\/manastiri-i-crkve\/","og_locale":"en_US","og_type":"article","og_title":"Manastiri i crkve - Serbia.com","og_description":"Srednjovekovni manastiri i crkve, koji svedo\u010de o usponu i padu srpske carevine a zatim i dr\u017eave, deo su kulture kojim se Srbija ponosi. Svojim polo\u017eajem na raskr\u0161\u0107u Istoka i Zapada, [&hellip;]","og_url":"https:\/\/serbia.com\/srpski\/posetite-srbiju\/kulturne-atrakcije\/manastiri-i-crkve\/","og_site_name":"Serbia.com","article_modified_time":"2024-10-20T10:59:34+00:00","og_image":[{"width":1600,"height":961,"url":"https:\/\/serbia.com\/wp-content\/uploads\/2015\/05\/studenica1.jpg","type":"image\/jpeg"}],"twitter_misc":{"Est. reading time":"2 minutes"},"schema":{"@context":"https:\/\/schema.org","@graph":[{"@type":"WebPage","@id":"https:\/\/serbia.com\/srpski\/posetite-srbiju\/kulturne-atrakcije\/manastiri-i-crkve\/","url":"https:\/\/serbia.com\/srpski\/posetite-srbiju\/kulturne-atrakcije\/manastiri-i-crkve\/","name":"Manastiri i crkve - Serbia.com","isPartOf":{"@id":"https:\/\/serbia.com\/#website"},"primaryImageOfPage":{"@id":"https:\/\/serbia.com\/srpski\/posetite-srbiju\/kulturne-atrakcije\/manastiri-i-crkve\/#primaryimage"},"image":{"@id":"https:\/\/serbia.com\/srpski\/posetite-srbiju\/kulturne-atrakcije\/manastiri-i-crkve\/#primaryimage"},"thumbnailUrl":"https:\/\/serbia.com\/wp-content\/uploads\/2015\/05\/studenica1.jpg","datePublished":"2014-02-26T21:22:45+00:00","dateModified":"2024-10-20T10:59:34+00:00","breadcrumb":{"@id":"https:\/\/serbia.com\/srpski\/posetite-srbiju\/kulturne-atrakcije\/manastiri-i-crkve\/#breadcrumb"},"inLanguage":"srpski","potentialAction":[{"@type":"ReadAction","target":["https:\/\/serbia.com\/srpski\/posetite-srbiju\/kulturne-atrakcije\/manastiri-i-crkve\/"]}]},{"@type":"ImageObject","inLanguage":"srpski","@id":"https:\/\/serbia.com\/srpski\/posetite-srbiju\/kulturne-atrakcije\/manastiri-i-crkve\/#primaryimage","url":"https:\/\/serbia.com\/wp-content\/uploads\/2015\/05\/studenica1.jpg","contentUrl":"https:\/\/serbia.com\/wp-content\/uploads\/2015\/05\/studenica1.jpg","width":1600,"height":961},{"@type":"BreadcrumbList","@id":"https:\/\/serbia.com\/srpski\/posetite-srbiju\/kulturne-atrakcije\/manastiri-i-crkve\/#breadcrumb","itemListElement":[{"@type":"ListItem","position":1,"name":"Home","item":"https:\/\/serbia.com\/srpski\/"},{"@type":"ListItem","position":2,"name":"Poseti Srbiju","item":"https:\/\/serbia.com\/srpski\/posetite-srbiju\/"},{"@type":"ListItem","position":3,"name":"Kulturne atrakcije","item":"https:\/\/serbia.com\/srpski\/posetite-srbiju\/kulturne-atrakcije\/"},{"@type":"ListItem","position":4,"name":"Manastiri i crkve"}]},{"@type":"WebSite","@id":"https:\/\/serbia.com\/#website","url":"https:\/\/serbia.com\/","name":"Serbia.com","description":"Your Gateway to Serbia","potentialAction":[{"@type":"SearchAction","target":{"@type":"EntryPoint","urlTemplate":"https:\/\/serbia.com\/?s={search_term_string}"},"query-input":{"@type":"PropertyValueSpecification","valueRequired":true,"valueName":"search_term_string"}}],"inLanguage":"srpski"}]}},"brizy_media":[],"_links":{"self":[{"href":"https:\/\/serbia.com\/srpski\/wp-json\/wp\/v2\/pages\/20454","targetHints":{"allow":["GET"]}}],"collection":[{"href":"https:\/\/serbia.com\/srpski\/wp-json\/wp\/v2\/pages"}],"about":[{"href":"https:\/\/serbia.com\/srpski\/wp-json\/wp\/v2\/types\/page"}],"author":[{"embeddable":true,"href":"https:\/\/serbia.com\/srpski\/wp-json\/wp\/v2\/users\/9"}],"replies":[{"embeddable":true,"href":"https:\/\/serbia.com\/srpski\/wp-json\/wp\/v2\/comments?post=20454"}],"version-history":[{"count":1,"href":"https:\/\/serbia.com\/srpski\/wp-json\/wp\/v2\/pages\/20454\/revisions"}],"predecessor-version":[{"id":55666,"href":"https:\/\/serbia.com\/srpski\/wp-json\/wp\/v2\/pages\/20454\/revisions\/55666"}],"up":[{"embeddable":true,"href":"https:\/\/serbia.com\/srpski\/wp-json\/wp\/v2\/pages\/20449"}],"wp:featuredmedia":[{"embeddable":true,"href":"https:\/\/serbia.com\/srpski\/wp-json\/wp\/v2\/media\/31843"}],"wp:attachment":[{"href":"https:\/\/serbia.com\/srpski\/wp-json\/wp\/v2\/media?parent=20454"}],"wp:term":[{"taxonomy":"category","embeddable":true,"href":"https:\/\/serbia.com\/srpski\/wp-json\/wp\/v2\/categories?post=20454"},{"taxonomy":"post_tag","embeddable":true,"href":"https:\/\/serbia.com\/srpski\/wp-json\/wp\/v2\/tags?post=20454"}],"curies":[{"name":"wp","href":"https:\/\/api.w.org\/{rel}","templated":true}]}}