{"id":20451,"date":"2014-02-26T22:18:40","date_gmt":"2014-02-26T21:18:40","guid":{"rendered":"http:\/\/www.serbia.com\/?page_id=20451"},"modified":"2024-10-20T12:58:17","modified_gmt":"2024-10-20T10:58:17","slug":"arheoloska-nalazista","status":"publish","type":"page","link":"https:\/\/serbia.com\/srpski\/posetite-srbiju\/kulturne-atrakcije\/arheoloska-nalazista\/","title":{"rendered":"Arheolo\u0161ka nalazi\u0161ta"},"content":{"rendered":"<p style=\"text-align: justify;\">Arheolo\u0161ka nalazi\u0161ta u Srbiji otkrivaju da je ova zemlja nekada bila <strong>dom drevnih civilizacija<\/strong>, mesto ro\u0111enja 16 rimskih careva, a na kratko se u njoj nalazila <strong>prestonica Isto\u010dnog Rimskog Carstva<\/strong>.<\/p>\n<p style=\"text-align: justify;\">Osim predanja i hronika, i brojna arheolo\u0161ka nalazi\u0161ta na teritoriji dana\u0161nje Srbije dokazuju da je ovaj region oduvek bio pozornica na kojoj su se odigravali burni istorijski doga\u0111aji, od kojih su mnogi ve\u0107 postali svojevrsni <a href=\"http:\/\/www.serbia.com\/srpski\/mitovi-i-legende-mesavina-tradicija-2\/\" target=\"_blank\" rel=\"noopener\">mitovi i legende<\/a>.<\/p>\n<p style=\"text-align: justify;\">Ovo je teritorija na kojoj su drevne civilizacije na\u0161le svoj dom, a najstarija svedo\u010danstva o ljudskom prisustvu datiraju od pre <strong>40.000 godina<\/strong>.<\/p>\n<p style=\"text-align: justify;\">Neke od najrazvijenijih i najkompleksnijih praistorijskih <a title=\"Kultura\" href=\"http:\/\/www.serbia.com\/srpski\/o-srbiji\/kultura\/\">kultura<\/a> \u017eivele su na obalama ovda\u0161njih reka, pre svega na <a title=\"Dunav, mesto spajanja i razdvajanja\" href=\"http:\/\/www.serbia.com\/srpski\/posetite-srbiju\/prirodne-lepote\/reke-i-jezera\/dunav-mesto-spajanja-i-razdvajanja\/\" target=\"_blank\" rel=\"noopener\">Dunavu<\/a>.<\/p>\n<p style=\"text-align: justify;\">Tu su na\u0111eni ostaci kulture <a href=\"http:\/\/www.serbia.com\/srpski\/posetite-srbiju\/kulturne-atrakcije\/arheoloska-nalazista\/lepenski-vir-najstarije-urbano-naselje-u-evropi\/\" target=\"_blank\" rel=\"noopener\">Lepenskog Vira<\/a>, iz 7. milenijuma pre nove ere, i <a href=\"http:\/\/www.serbia.com\/srpski\/posetite-srbiju\/kulturne-atrakcije\/arheoloska-nalazista\/vinca-kolevka-evropske-civilizacije\/\" target=\"_blank\" rel=\"noopener\">Vin\u010danske kulture<\/a>, nadomak <a title=\"Beograd\" href=\"http:\/\/www.serbia.com\/srpski\/posetite-srbiju\/gradovi\/beograd\/\" target=\"_blank\" rel=\"noopener\">Beograda<\/a>, koja predstavlja tehnolo\u0161ki najnapredniju praistorijsku kulturu.<\/p>\n<p style=\"text-align: justify;\">Tokom turobnih vremena teritorija dana\u0161nje Srbije postala je centar zbivanja anti\u010dkog sveta. Na tlu Srbije ro\u0111eno je <strong>16 rimskih careva<\/strong>, me\u0111u njima i car Konstantin \u2013 prvi rimski car koji je Milanskim ediktom prekinuo progon hri\u0161\u0107ana.<\/p>\n<p style=\"text-align: justify;\">Nicali su gradovi, akvadukti i hramovi, a njihovi tragovi i arheolo\u0161ka nalazi\u0161ta na kojima su otkriveni i danas podse\u0107aju na uspone starih civilizacija. Jedan od tih gradova \u2013 Sirmium, danas <a href=\"http:\/\/www.serbia.com\/srpski\/sremska-mitrovica-u-top-10-gradova-buducnosti\/\" target=\"_blank\" rel=\"noopener\">Sremska Mitrovica<\/a>, nekad je bio prestonica Isto\u010dnog Rimskog Carstva.<\/p>\n<p style=\"text-align: justify;\">O praistorijskim tragovima \u017eivota na ovim prostorima svedo\u010de i prona\u0111eni fosilni ostaci \u017eivotinja \u2013 na <a href=\"http:\/\/www.serbia.com\/srpski\/posetite-srbiju\/prirodne-lepote\/planine\/stara-planina-prirodni-rezervat-u-dve-drzave\/\" target=\"_blank\" rel=\"noopener\">Staroj planini<\/a> na\u0111eni su fosili dinosaurusa stari oko 200 miliona godina, u Viminaciumu kod Kostolca prona\u0111en je <strong>skelet mamuta<\/strong> star oko milion godina, a u jednom naselju Beograda, koji le\u017ei na dve reke, i <strong>zub ajkule<\/strong>.<\/p>\n<p style=\"text-align: justify;\">Ova strana vas vodi u uzbudljivu <strong>\u201carheolo\u0161ku \u0161etnju\u201d<\/strong> kroz Srbiju.<\/p>\n","protected":false},"excerpt":{"rendered":"<p>Arheolo\u0161ka nalazi\u0161ta u Srbiji otkrivaju da je ova zemlja nekada bila dom drevnih civilizacija, mesto ro\u0111enja 16 rimskih careva, a na kratko se u njoj nalazila prestonica Isto\u010dnog Rimskog Carstva. [&hellip;]<\/p>\n","protected":false},"author":9,"featured_media":30099,"parent":20449,"menu_order":0,"comment_status":"closed","ping_status":"open","template":"","meta":{"_acf_changed":false,"inline_featured_image":false,"_monsterinsights_skip_tracking":false,"_monsterinsights_sitenote_active":false,"_monsterinsights_sitenote_note":"","_monsterinsights_sitenote_category":0,"footnotes":""},"categories":[1671,1662],"tags":[],"class_list":["post-20451","page","type-page","status-publish","has-post-thumbnail","hentry","category-arheoloska-nalazista","category-kulturne-atrakcije-sta-posetiti"],"acf":[],"yoast_head":"<!-- This site is optimized with the Yoast SEO plugin v23.8 - https:\/\/yoast.com\/wordpress\/plugins\/seo\/ -->\n<title>Arheolo\u0161ka nalazi\u0161ta - Serbia.com<\/title>\n<meta name=\"robots\" content=\"index, follow, max-snippet:-1, max-image-preview:large, max-video-preview:-1\" \/>\n<link rel=\"canonical\" href=\"https:\/\/serbia.com\/srpski\/posetite-srbiju\/kulturne-atrakcije\/arheoloska-nalazista\/\" \/>\n<meta property=\"og:locale\" content=\"en_US\" \/>\n<meta property=\"og:type\" content=\"article\" \/>\n<meta property=\"og:title\" content=\"Arheolo\u0161ka nalazi\u0161ta - Serbia.com\" \/>\n<meta property=\"og:description\" content=\"Arheolo\u0161ka nalazi\u0161ta u Srbiji otkrivaju da je ova zemlja nekada bila dom drevnih civilizacija, mesto ro\u0111enja 16 rimskih careva, a na kratko se u njoj nalazila prestonica Isto\u010dnog Rimskog Carstva. [&hellip;]\" \/>\n<meta property=\"og:url\" content=\"https:\/\/serbia.com\/srpski\/posetite-srbiju\/kulturne-atrakcije\/arheoloska-nalazista\/\" \/>\n<meta property=\"og:site_name\" content=\"Serbia.com\" \/>\n<meta property=\"article:modified_time\" content=\"2024-10-20T10:58:17+00:00\" \/>\n<meta property=\"og:image\" content=\"https:\/\/serbia.com\/wp-content\/uploads\/2015\/03\/Lepenski_vir_5serbiaa.jpg\" \/>\n\t<meta property=\"og:image:width\" content=\"1600\" \/>\n\t<meta property=\"og:image:height\" content=\"932\" \/>\n\t<meta property=\"og:image:type\" content=\"image\/jpeg\" \/>\n<meta name=\"twitter:label1\" content=\"Est. reading time\" \/>\n\t<meta name=\"twitter:data1\" content=\"2 minutes\" \/>\n<script type=\"application\/ld+json\" class=\"yoast-schema-graph\">{\"@context\":\"https:\/\/schema.org\",\"@graph\":[{\"@type\":\"WebPage\",\"@id\":\"https:\/\/serbia.com\/srpski\/posetite-srbiju\/kulturne-atrakcije\/arheoloska-nalazista\/\",\"url\":\"https:\/\/serbia.com\/srpski\/posetite-srbiju\/kulturne-atrakcije\/arheoloska-nalazista\/\",\"name\":\"Arheolo\u0161ka nalazi\u0161ta - Serbia.com\",\"isPartOf\":{\"@id\":\"https:\/\/serbia.com\/#website\"},\"primaryImageOfPage\":{\"@id\":\"https:\/\/serbia.com\/srpski\/posetite-srbiju\/kulturne-atrakcije\/arheoloska-nalazista\/#primaryimage\"},\"image\":{\"@id\":\"https:\/\/serbia.com\/srpski\/posetite-srbiju\/kulturne-atrakcije\/arheoloska-nalazista\/#primaryimage\"},\"thumbnailUrl\":\"https:\/\/serbia.com\/wp-content\/uploads\/2015\/03\/Lepenski_vir_5serbiaa.jpg\",\"datePublished\":\"2014-02-26T21:18:40+00:00\",\"dateModified\":\"2024-10-20T10:58:17+00:00\",\"breadcrumb\":{\"@id\":\"https:\/\/serbia.com\/srpski\/posetite-srbiju\/kulturne-atrakcije\/arheoloska-nalazista\/#breadcrumb\"},\"inLanguage\":\"srpski\",\"potentialAction\":[{\"@type\":\"ReadAction\",\"target\":[\"https:\/\/serbia.com\/srpski\/posetite-srbiju\/kulturne-atrakcije\/arheoloska-nalazista\/\"]}]},{\"@type\":\"ImageObject\",\"inLanguage\":\"srpski\",\"@id\":\"https:\/\/serbia.com\/srpski\/posetite-srbiju\/kulturne-atrakcije\/arheoloska-nalazista\/#primaryimage\",\"url\":\"https:\/\/serbia.com\/wp-content\/uploads\/2015\/03\/Lepenski_vir_5serbiaa.jpg\",\"contentUrl\":\"https:\/\/serbia.com\/wp-content\/uploads\/2015\/03\/Lepenski_vir_5serbiaa.jpg\",\"width\":1600,\"height\":932},{\"@type\":\"BreadcrumbList\",\"@id\":\"https:\/\/serbia.com\/srpski\/posetite-srbiju\/kulturne-atrakcije\/arheoloska-nalazista\/#breadcrumb\",\"itemListElement\":[{\"@type\":\"ListItem\",\"position\":1,\"name\":\"Home\",\"item\":\"https:\/\/serbia.com\/srpski\/\"},{\"@type\":\"ListItem\",\"position\":2,\"name\":\"Poseti Srbiju\",\"item\":\"https:\/\/serbia.com\/srpski\/posetite-srbiju\/\"},{\"@type\":\"ListItem\",\"position\":3,\"name\":\"Kulturne atrakcije\",\"item\":\"https:\/\/serbia.com\/srpski\/posetite-srbiju\/kulturne-atrakcije\/\"},{\"@type\":\"ListItem\",\"position\":4,\"name\":\"Arheolo\u0161ka nalazi\u0161ta\"}]},{\"@type\":\"WebSite\",\"@id\":\"https:\/\/serbia.com\/#website\",\"url\":\"https:\/\/serbia.com\/\",\"name\":\"Serbia.com\",\"description\":\"Your Gateway to Serbia\",\"potentialAction\":[{\"@type\":\"SearchAction\",\"target\":{\"@type\":\"EntryPoint\",\"urlTemplate\":\"https:\/\/serbia.com\/?s={search_term_string}\"},\"query-input\":{\"@type\":\"PropertyValueSpecification\",\"valueRequired\":true,\"valueName\":\"search_term_string\"}}],\"inLanguage\":\"srpski\"}]}<\/script>\n<!-- \/ Yoast SEO plugin. -->","yoast_head_json":{"title":"Arheolo\u0161ka nalazi\u0161ta - Serbia.com","robots":{"index":"index","follow":"follow","max-snippet":"max-snippet:-1","max-image-preview":"max-image-preview:large","max-video-preview":"max-video-preview:-1"},"canonical":"https:\/\/serbia.com\/srpski\/posetite-srbiju\/kulturne-atrakcije\/arheoloska-nalazista\/","og_locale":"en_US","og_type":"article","og_title":"Arheolo\u0161ka nalazi\u0161ta - Serbia.com","og_description":"Arheolo\u0161ka nalazi\u0161ta u Srbiji otkrivaju da je ova zemlja nekada bila dom drevnih civilizacija, mesto ro\u0111enja 16 rimskih careva, a na kratko se u njoj nalazila prestonica Isto\u010dnog Rimskog Carstva. [&hellip;]","og_url":"https:\/\/serbia.com\/srpski\/posetite-srbiju\/kulturne-atrakcije\/arheoloska-nalazista\/","og_site_name":"Serbia.com","article_modified_time":"2024-10-20T10:58:17+00:00","og_image":[{"width":1600,"height":932,"url":"https:\/\/serbia.com\/wp-content\/uploads\/2015\/03\/Lepenski_vir_5serbiaa.jpg","type":"image\/jpeg"}],"twitter_misc":{"Est. reading time":"2 minutes"},"schema":{"@context":"https:\/\/schema.org","@graph":[{"@type":"WebPage","@id":"https:\/\/serbia.com\/srpski\/posetite-srbiju\/kulturne-atrakcije\/arheoloska-nalazista\/","url":"https:\/\/serbia.com\/srpski\/posetite-srbiju\/kulturne-atrakcije\/arheoloska-nalazista\/","name":"Arheolo\u0161ka nalazi\u0161ta - Serbia.com","isPartOf":{"@id":"https:\/\/serbia.com\/#website"},"primaryImageOfPage":{"@id":"https:\/\/serbia.com\/srpski\/posetite-srbiju\/kulturne-atrakcije\/arheoloska-nalazista\/#primaryimage"},"image":{"@id":"https:\/\/serbia.com\/srpski\/posetite-srbiju\/kulturne-atrakcije\/arheoloska-nalazista\/#primaryimage"},"thumbnailUrl":"https:\/\/serbia.com\/wp-content\/uploads\/2015\/03\/Lepenski_vir_5serbiaa.jpg","datePublished":"2014-02-26T21:18:40+00:00","dateModified":"2024-10-20T10:58:17+00:00","breadcrumb":{"@id":"https:\/\/serbia.com\/srpski\/posetite-srbiju\/kulturne-atrakcije\/arheoloska-nalazista\/#breadcrumb"},"inLanguage":"srpski","potentialAction":[{"@type":"ReadAction","target":["https:\/\/serbia.com\/srpski\/posetite-srbiju\/kulturne-atrakcije\/arheoloska-nalazista\/"]}]},{"@type":"ImageObject","inLanguage":"srpski","@id":"https:\/\/serbia.com\/srpski\/posetite-srbiju\/kulturne-atrakcije\/arheoloska-nalazista\/#primaryimage","url":"https:\/\/serbia.com\/wp-content\/uploads\/2015\/03\/Lepenski_vir_5serbiaa.jpg","contentUrl":"https:\/\/serbia.com\/wp-content\/uploads\/2015\/03\/Lepenski_vir_5serbiaa.jpg","width":1600,"height":932},{"@type":"BreadcrumbList","@id":"https:\/\/serbia.com\/srpski\/posetite-srbiju\/kulturne-atrakcije\/arheoloska-nalazista\/#breadcrumb","itemListElement":[{"@type":"ListItem","position":1,"name":"Home","item":"https:\/\/serbia.com\/srpski\/"},{"@type":"ListItem","position":2,"name":"Poseti Srbiju","item":"https:\/\/serbia.com\/srpski\/posetite-srbiju\/"},{"@type":"ListItem","position":3,"name":"Kulturne atrakcije","item":"https:\/\/serbia.com\/srpski\/posetite-srbiju\/kulturne-atrakcije\/"},{"@type":"ListItem","position":4,"name":"Arheolo\u0161ka nalazi\u0161ta"}]},{"@type":"WebSite","@id":"https:\/\/serbia.com\/#website","url":"https:\/\/serbia.com\/","name":"Serbia.com","description":"Your Gateway to Serbia","potentialAction":[{"@type":"SearchAction","target":{"@type":"EntryPoint","urlTemplate":"https:\/\/serbia.com\/?s={search_term_string}"},"query-input":{"@type":"PropertyValueSpecification","valueRequired":true,"valueName":"search_term_string"}}],"inLanguage":"srpski"}]}},"_links":{"self":[{"href":"https:\/\/serbia.com\/srpski\/wp-json\/wp\/v2\/pages\/20451"}],"collection":[{"href":"https:\/\/serbia.com\/srpski\/wp-json\/wp\/v2\/pages"}],"about":[{"href":"https:\/\/serbia.com\/srpski\/wp-json\/wp\/v2\/types\/page"}],"author":[{"embeddable":true,"href":"https:\/\/serbia.com\/srpski\/wp-json\/wp\/v2\/users\/9"}],"replies":[{"embeddable":true,"href":"https:\/\/serbia.com\/srpski\/wp-json\/wp\/v2\/comments?post=20451"}],"version-history":[{"count":1,"href":"https:\/\/serbia.com\/srpski\/wp-json\/wp\/v2\/pages\/20451\/revisions"}],"predecessor-version":[{"id":55665,"href":"https:\/\/serbia.com\/srpski\/wp-json\/wp\/v2\/pages\/20451\/revisions\/55665"}],"up":[{"embeddable":true,"href":"https:\/\/serbia.com\/srpski\/wp-json\/wp\/v2\/pages\/20449"}],"wp:featuredmedia":[{"embeddable":true,"href":"https:\/\/serbia.com\/srpski\/wp-json\/wp\/v2\/media\/30099"}],"wp:attachment":[{"href":"https:\/\/serbia.com\/srpski\/wp-json\/wp\/v2\/media?parent=20451"}],"wp:term":[{"taxonomy":"category","embeddable":true,"href":"https:\/\/serbia.com\/srpski\/wp-json\/wp\/v2\/categories?post=20451"},{"taxonomy":"post_tag","embeddable":true,"href":"https:\/\/serbia.com\/srpski\/wp-json\/wp\/v2\/tags?post=20451"}],"curies":[{"name":"wp","href":"https:\/\/api.w.org\/{rel}","templated":true}]}}