{"id":20271,"date":"2014-02-26T19:36:16","date_gmt":"2014-02-26T18:36:16","guid":{"rendered":"http:\/\/www.serbia.com\/?page_id=20271"},"modified":"2024-06-04T16:05:17","modified_gmt":"2024-06-04T14:05:17","slug":"tradicionalna-kuhinja","status":"publish","type":"page","link":"https:\/\/serbia.com\/srpski\/o-srbiji\/tradicionalna-kuhinja\/","title":{"rendered":"Tradicionalna kuhinja"},"content":{"rendered":"<h2>Srpska tradicionalna kuhinja obuhvata riznicu ukusa i mirisa nastalu me\u0161avinom uticaja raznih naroda koji su prolazili ovuda i \u017eiveli na ovim prostorima.<\/h2>\n<p>Kao i u kulturi uop\u0161te, ova fuzija razli\u010ditih uticaja rezultirala je originalno\u0161\u0107u, pa bogata srpska trpeza nudi nezaboravne ukuse koji se samo u Srbiji mogu osetiti.<\/p>\n<p>Srpsku kuhinju karakteri\u0161e veoma raznovrsna, jaka i za\u010dinjena hrana, za koju bi se grubo moglo re\u0107i da je kombinacija gr\u010dke, bugarske, turske i ma\u0111arske kuhinje. U njoj preovladava upotreba mesa, testa, povr\u0107a i mle\u010dnih proizvoda.<\/p>\n<p>Spremanje hrane je poseban deo srpske tradicije i kulture. U srpskim selima kuhinja se nazivala jo\u0161 i \u201eku\u0107a\u201c, a centralni deo je bilo ognji\u0161te, koje je predstavljalo va\u017eno, kultno mesto, pored koga se odigravao svakodnevni \u017eivot i okupljala cela porodica.<\/p>\n<p>Specijaliteti koje morate probati u Srbiji: <a title=\"Burek, najpopularniji doru\u010dak u Srbiji\" href=\"http:\/\/www.serbia.com\/srpski\/burek-najpopularniji-dorucak-u-srbiji\/\">burek<\/a>, <a title=\"Gibanica, pita kakve nigde nema\" href=\"http:\/\/www.serbia.com\/srpski\/gibanica-pita-kakve-nigde-nema\/\">gibanica<\/a>, <a title=\"Leskovac, dom najboljeg ro\u0161tilja na svetu\" href=\"http:\/\/www.serbia.com\/srpski\/leskovac-dom-najboljeg-rostilja-na-svetu\/\">meso sa ro\u0161tilja<\/a>, <a title=\"Prase na ra\u017enju\" href=\"http:\/\/www.serbia.com\/srpski\/prase-na-raznju\/\">pe\u010denje<\/a>, <a title=\"Kara\u0111or\u0111eva \u0161nicla, srpski izum velikog kuvara\" href=\"http:\/\/www.serbia.com\/srpski\/karadordeva-snicla-srpski-izum-velikog-kuvara\/\">Kara\u0111or\u0111eva \u0161nicla<\/a>, <a title=\"Sarma, jelo koje nikada ne dosadi\" href=\"http:\/\/www.serbia.com\/srpski\/sarma-jelo-koje-nikada-ne-dosadi-2\/\">sarma<\/a>, gula\u0161, \u0111uve\u010d, musaka, mu\u0107kalica, \u010dvarci, <a title=\"Kajmak, nezamenljivo dobar\" href=\"http:\/\/www.serbia.com\/srpski\/kajmak-nezamenljivo-dobar-3\/\">kajmak<\/a>, pr\u0161uta, kiselo mleko.<\/p>\n<p>Ispijanje kafe je vekovna tradicija u Srbiji, pa stoga ne propustite doma\u0107u kafu uz baklavu, vanilice ili rahat lokum, dok \u0107e vam ljubazni doma\u0107ini u svojim domovima najpre ponuditi slatko i vodu.<\/p>\n<p>Za nacionalno vo\u0107e se u Srbiji smatra \u0161ljiva od koje se pravi nadaleko \u010duvena rakija- <a title=\"\u0160ljivovica, kraljica srpskih rakija\" href=\"http:\/\/www.serbia.com\/srpski\/sljivovica-kraljica-srpskih-rakija\/\">\u0161ljivovica<\/a>, koja je na neki na\u010din postala jedan od simbola Srbije. Nemojte oti\u0107i iz Srbije, a da ne popijete bar jednu.<\/p>\n<p>Za mnoge specijalitete srpske nacionalne kuhinje ne postoji korektna re\u010d u re\u010dnicima stranih jezika a ni ukus sa kojim se mogu uporediti. Stoga je najbolje do\u0107i i isprobati ih. Ali pre toga, na ovoj strani prona\u0111ite pri\u010de o srpskim jelima koja \u017eelite da probate, kao i recepte za njih, jer, ko zna, mo\u017eda po\u017eelite da ih i sami napravite negde, miljama daleko od Srbije!<\/p>\n","protected":false},"excerpt":{"rendered":"<p>Srpska tradicionalna kuhinja obuhvata riznicu ukusa i mirisa nastalu me\u0161avinom uticaja raznih naroda koji su prolazili ovuda i \u017eiveli na ovim prostorima. Kao i u kulturi uop\u0161te, ova fuzija razli\u010ditih [&hellip;]<\/p>\n","protected":false},"author":9,"featured_media":16535,"parent":20144,"menu_order":0,"comment_status":"closed","ping_status":"open","template":"","meta":{"_acf_changed":false,"inline_featured_image":false,"_monsterinsights_skip_tracking":false,"_monsterinsights_sitenote_active":false,"_monsterinsights_sitenote_note":"","_monsterinsights_sitenote_category":0,"footnotes":""},"categories":[972],"tags":[765],"class_list":["post-20271","page","type-page","status-publish","has-post-thumbnail","hentry","category-tradicionalna-kuhinja-o-srbiji","tag-tradicionalna-kuhinja-srpski"],"acf":[],"yoast_head":"<!-- This site is optimized with the Yoast SEO plugin v27.4 - https:\/\/yoast.com\/product\/yoast-seo-wordpress\/ -->\n<title>Tradicionalna kuhinja - Serbia.com<\/title>\n<meta name=\"description\" content=\"Srpska tradicionalna kuhinja obuhvata riznicu ukusa i mirisa nastalu me\u0161avinom uticaja raznih naroda koji su prolazili ovuda i \u017eiveli na ovim prostorima.Kao i u kulturi uop\u0161te, ova fuzija razli\u010ditih uticaja rezultirala je originalno\u0161\u0107u, pa bogata srpska trpeza nudi nezaboravne ukuse koji se samo u Srbiji mogu osetiti.\" \/>\n<meta name=\"robots\" content=\"index, follow, max-snippet:-1, max-image-preview:large, max-video-preview:-1\" \/>\n<link rel=\"canonical\" href=\"https:\/\/serbia.com\/srpski\/o-srbiji\/tradicionalna-kuhinja\/\" \/>\n<meta property=\"og:locale\" content=\"en_US\" \/>\n<meta property=\"og:type\" content=\"article\" \/>\n<meta property=\"og:title\" content=\"Tradicionalna kuhinja - Serbia.com\" \/>\n<meta property=\"og:description\" content=\"Srpska tradicionalna kuhinja obuhvata riznicu ukusa i mirisa nastalu me\u0161avinom uticaja raznih naroda koji su prolazili ovuda i \u017eiveli na ovim prostorima.Kao i u kulturi uop\u0161te, ova fuzija razli\u010ditih uticaja rezultirala je originalno\u0161\u0107u, pa bogata srpska trpeza nudi nezaboravne ukuse koji se samo u Srbiji mogu osetiti.\" \/>\n<meta property=\"og:url\" content=\"https:\/\/serbia.com\/srpski\/o-srbiji\/tradicionalna-kuhinja\/\" \/>\n<meta property=\"og:site_name\" content=\"Serbia.com\" \/>\n<meta property=\"article:modified_time\" content=\"2024-06-04T14:05:17+00:00\" \/>\n<meta property=\"og:image\" content=\"https:\/\/serbia.com\/wp-content\/uploads\/2012\/11\/61-food-dish-hrana-kuhinja-cuisine-gibanica-cheese-pie-rajac-mountain-planina-harvest-kosidba-rajcu.jpg\" \/>\n\t<meta property=\"og:image:width\" content=\"800\" \/>\n\t<meta property=\"og:image:height\" content=\"534\" \/>\n\t<meta property=\"og:image:type\" content=\"image\/jpeg\" \/>\n<meta name=\"twitter:label1\" content=\"Est. reading time\" \/>\n\t<meta name=\"twitter:data1\" content=\"2 minutes\" \/>\n<script type=\"application\/ld+json\" class=\"yoast-schema-graph\">{\"@context\":\"https:\\\/\\\/schema.org\",\"@graph\":[{\"@type\":\"WebPage\",\"@id\":\"https:\\\/\\\/serbia.com\\\/srpski\\\/o-srbiji\\\/tradicionalna-kuhinja\\\/\",\"url\":\"https:\\\/\\\/serbia.com\\\/srpski\\\/o-srbiji\\\/tradicionalna-kuhinja\\\/\",\"name\":\"Tradicionalna kuhinja - Serbia.com\",\"isPartOf\":{\"@id\":\"https:\\\/\\\/serbia.com\\\/#website\"},\"primaryImageOfPage\":{\"@id\":\"https:\\\/\\\/serbia.com\\\/srpski\\\/o-srbiji\\\/tradicionalna-kuhinja\\\/#primaryimage\"},\"image\":{\"@id\":\"https:\\\/\\\/serbia.com\\\/srpski\\\/o-srbiji\\\/tradicionalna-kuhinja\\\/#primaryimage\"},\"thumbnailUrl\":\"https:\\\/\\\/serbia.com\\\/wp-content\\\/uploads\\\/2012\\\/11\\\/61-food-dish-hrana-kuhinja-cuisine-gibanica-cheese-pie-rajac-mountain-planina-harvest-kosidba-rajcu.jpg\",\"datePublished\":\"2014-02-26T18:36:16+00:00\",\"dateModified\":\"2024-06-04T14:05:17+00:00\",\"description\":\"Srpska tradicionalna kuhinja obuhvata riznicu ukusa i mirisa nastalu me\u0161avinom uticaja raznih naroda koji su prolazili ovuda i \u017eiveli na ovim prostorima.Kao i u kulturi uop\u0161te, ova fuzija razli\u010ditih uticaja rezultirala je originalno\u0161\u0107u, pa bogata srpska trpeza nudi nezaboravne ukuse koji se samo u Srbiji mogu osetiti.\",\"breadcrumb\":{\"@id\":\"https:\\\/\\\/serbia.com\\\/srpski\\\/o-srbiji\\\/tradicionalna-kuhinja\\\/#breadcrumb\"},\"inLanguage\":\"srpski\",\"potentialAction\":[{\"@type\":\"ReadAction\",\"target\":[\"https:\\\/\\\/serbia.com\\\/srpski\\\/o-srbiji\\\/tradicionalna-kuhinja\\\/\"]}]},{\"@type\":\"ImageObject\",\"inLanguage\":\"srpski\",\"@id\":\"https:\\\/\\\/serbia.com\\\/srpski\\\/o-srbiji\\\/tradicionalna-kuhinja\\\/#primaryimage\",\"url\":\"https:\\\/\\\/serbia.com\\\/wp-content\\\/uploads\\\/2012\\\/11\\\/61-food-dish-hrana-kuhinja-cuisine-gibanica-cheese-pie-rajac-mountain-planina-harvest-kosidba-rajcu.jpg\",\"contentUrl\":\"https:\\\/\\\/serbia.com\\\/wp-content\\\/uploads\\\/2012\\\/11\\\/61-food-dish-hrana-kuhinja-cuisine-gibanica-cheese-pie-rajac-mountain-planina-harvest-kosidba-rajcu.jpg\",\"width\":800,\"height\":534},{\"@type\":\"BreadcrumbList\",\"@id\":\"https:\\\/\\\/serbia.com\\\/srpski\\\/o-srbiji\\\/tradicionalna-kuhinja\\\/#breadcrumb\",\"itemListElement\":[{\"@type\":\"ListItem\",\"position\":1,\"name\":\"Home\",\"item\":\"https:\\\/\\\/serbia.com\\\/srpski\\\/srbija\\\/\"},{\"@type\":\"ListItem\",\"position\":2,\"name\":\"O Srbiji\",\"item\":\"https:\\\/\\\/serbia.com\\\/srpski\\\/o-srbiji\\\/\"},{\"@type\":\"ListItem\",\"position\":3,\"name\":\"Tradicionalna kuhinja\"}]},{\"@type\":\"WebSite\",\"@id\":\"https:\\\/\\\/serbia.com\\\/#website\",\"url\":\"https:\\\/\\\/serbia.com\\\/\",\"name\":\"Serbia.com\",\"description\":\"Your Gateway to Serbia\",\"potentialAction\":[{\"@type\":\"SearchAction\",\"target\":{\"@type\":\"EntryPoint\",\"urlTemplate\":\"https:\\\/\\\/serbia.com\\\/?s={search_term_string}\"},\"query-input\":{\"@type\":\"PropertyValueSpecification\",\"valueRequired\":true,\"valueName\":\"search_term_string\"}}],\"inLanguage\":\"srpski\"}]}<\/script>\n<!-- \/ Yoast SEO plugin. -->","yoast_head_json":{"title":"Tradicionalna kuhinja - Serbia.com","description":"Srpska tradicionalna kuhinja obuhvata riznicu ukusa i mirisa nastalu me\u0161avinom uticaja raznih naroda koji su prolazili ovuda i \u017eiveli na ovim prostorima.Kao i u kulturi uop\u0161te, ova fuzija razli\u010ditih uticaja rezultirala je originalno\u0161\u0107u, pa bogata srpska trpeza nudi nezaboravne ukuse koji se samo u Srbiji mogu osetiti.","robots":{"index":"index","follow":"follow","max-snippet":"max-snippet:-1","max-image-preview":"max-image-preview:large","max-video-preview":"max-video-preview:-1"},"canonical":"https:\/\/serbia.com\/srpski\/o-srbiji\/tradicionalna-kuhinja\/","og_locale":"en_US","og_type":"article","og_title":"Tradicionalna kuhinja - Serbia.com","og_description":"Srpska tradicionalna kuhinja obuhvata riznicu ukusa i mirisa nastalu me\u0161avinom uticaja raznih naroda koji su prolazili ovuda i \u017eiveli na ovim prostorima.Kao i u kulturi uop\u0161te, ova fuzija razli\u010ditih uticaja rezultirala je originalno\u0161\u0107u, pa bogata srpska trpeza nudi nezaboravne ukuse koji se samo u Srbiji mogu osetiti.","og_url":"https:\/\/serbia.com\/srpski\/o-srbiji\/tradicionalna-kuhinja\/","og_site_name":"Serbia.com","article_modified_time":"2024-06-04T14:05:17+00:00","og_image":[{"width":800,"height":534,"url":"https:\/\/serbia.com\/wp-content\/uploads\/2012\/11\/61-food-dish-hrana-kuhinja-cuisine-gibanica-cheese-pie-rajac-mountain-planina-harvest-kosidba-rajcu.jpg","type":"image\/jpeg"}],"twitter_misc":{"Est. reading time":"2 minutes"},"schema":{"@context":"https:\/\/schema.org","@graph":[{"@type":"WebPage","@id":"https:\/\/serbia.com\/srpski\/o-srbiji\/tradicionalna-kuhinja\/","url":"https:\/\/serbia.com\/srpski\/o-srbiji\/tradicionalna-kuhinja\/","name":"Tradicionalna kuhinja - Serbia.com","isPartOf":{"@id":"https:\/\/serbia.com\/#website"},"primaryImageOfPage":{"@id":"https:\/\/serbia.com\/srpski\/o-srbiji\/tradicionalna-kuhinja\/#primaryimage"},"image":{"@id":"https:\/\/serbia.com\/srpski\/o-srbiji\/tradicionalna-kuhinja\/#primaryimage"},"thumbnailUrl":"https:\/\/serbia.com\/wp-content\/uploads\/2012\/11\/61-food-dish-hrana-kuhinja-cuisine-gibanica-cheese-pie-rajac-mountain-planina-harvest-kosidba-rajcu.jpg","datePublished":"2014-02-26T18:36:16+00:00","dateModified":"2024-06-04T14:05:17+00:00","description":"Srpska tradicionalna kuhinja obuhvata riznicu ukusa i mirisa nastalu me\u0161avinom uticaja raznih naroda koji su prolazili ovuda i \u017eiveli na ovim prostorima.Kao i u kulturi uop\u0161te, ova fuzija razli\u010ditih uticaja rezultirala je originalno\u0161\u0107u, pa bogata srpska trpeza nudi nezaboravne ukuse koji se samo u Srbiji mogu osetiti.","breadcrumb":{"@id":"https:\/\/serbia.com\/srpski\/o-srbiji\/tradicionalna-kuhinja\/#breadcrumb"},"inLanguage":"srpski","potentialAction":[{"@type":"ReadAction","target":["https:\/\/serbia.com\/srpski\/o-srbiji\/tradicionalna-kuhinja\/"]}]},{"@type":"ImageObject","inLanguage":"srpski","@id":"https:\/\/serbia.com\/srpski\/o-srbiji\/tradicionalna-kuhinja\/#primaryimage","url":"https:\/\/serbia.com\/wp-content\/uploads\/2012\/11\/61-food-dish-hrana-kuhinja-cuisine-gibanica-cheese-pie-rajac-mountain-planina-harvest-kosidba-rajcu.jpg","contentUrl":"https:\/\/serbia.com\/wp-content\/uploads\/2012\/11\/61-food-dish-hrana-kuhinja-cuisine-gibanica-cheese-pie-rajac-mountain-planina-harvest-kosidba-rajcu.jpg","width":800,"height":534},{"@type":"BreadcrumbList","@id":"https:\/\/serbia.com\/srpski\/o-srbiji\/tradicionalna-kuhinja\/#breadcrumb","itemListElement":[{"@type":"ListItem","position":1,"name":"Home","item":"https:\/\/serbia.com\/srpski\/srbija\/"},{"@type":"ListItem","position":2,"name":"O Srbiji","item":"https:\/\/serbia.com\/srpski\/o-srbiji\/"},{"@type":"ListItem","position":3,"name":"Tradicionalna kuhinja"}]},{"@type":"WebSite","@id":"https:\/\/serbia.com\/#website","url":"https:\/\/serbia.com\/","name":"Serbia.com","description":"Your Gateway to Serbia","potentialAction":[{"@type":"SearchAction","target":{"@type":"EntryPoint","urlTemplate":"https:\/\/serbia.com\/?s={search_term_string}"},"query-input":{"@type":"PropertyValueSpecification","valueRequired":true,"valueName":"search_term_string"}}],"inLanguage":"srpski"}]}},"brizy_media":[],"_links":{"self":[{"href":"https:\/\/serbia.com\/srpski\/wp-json\/wp\/v2\/pages\/20271","targetHints":{"allow":["GET"]}}],"collection":[{"href":"https:\/\/serbia.com\/srpski\/wp-json\/wp\/v2\/pages"}],"about":[{"href":"https:\/\/serbia.com\/srpski\/wp-json\/wp\/v2\/types\/page"}],"author":[{"embeddable":true,"href":"https:\/\/serbia.com\/srpski\/wp-json\/wp\/v2\/users\/9"}],"replies":[{"embeddable":true,"href":"https:\/\/serbia.com\/srpski\/wp-json\/wp\/v2\/comments?post=20271"}],"version-history":[{"count":1,"href":"https:\/\/serbia.com\/srpski\/wp-json\/wp\/v2\/pages\/20271\/revisions"}],"predecessor-version":[{"id":53238,"href":"https:\/\/serbia.com\/srpski\/wp-json\/wp\/v2\/pages\/20271\/revisions\/53238"}],"up":[{"embeddable":true,"href":"https:\/\/serbia.com\/srpski\/wp-json\/wp\/v2\/pages\/20144"}],"wp:featuredmedia":[{"embeddable":true,"href":"https:\/\/serbia.com\/srpski\/wp-json\/wp\/v2\/media\/16535"}],"wp:attachment":[{"href":"https:\/\/serbia.com\/srpski\/wp-json\/wp\/v2\/media?parent=20271"}],"wp:term":[{"taxonomy":"category","embeddable":true,"href":"https:\/\/serbia.com\/srpski\/wp-json\/wp\/v2\/categories?post=20271"},{"taxonomy":"post_tag","embeddable":true,"href":"https:\/\/serbia.com\/srpski\/wp-json\/wp\/v2\/tags?post=20271"}],"curies":[{"name":"wp","href":"https:\/\/api.w.org\/{rel}","templated":true}]}}