{"id":20196,"date":"2014-02-26T19:05:17","date_gmt":"2014-02-26T18:05:17","guid":{"rendered":"http:\/\/www.serbia.com\/?page_id=20196"},"modified":"2024-06-04T16:01:48","modified_gmt":"2024-06-04T14:01:48","slug":"da-li-ste-znali","status":"publish","type":"page","link":"https:\/\/serbia.com\/srpski\/o-srbiji\/da-li-ste-znali\/","title":{"rendered":"Da li ste znali?"},"content":{"rendered":"<h2>Ova strana vam donosi mnogo zanimljivih informacija i pri\u010da o Srbiji koje do sada niste znali. Pre nego \u0161to odete dalje, preispitajte svoje znanje.<\/h2>\n<p>Da li ste znali da je:<\/p>\n<p>\u2022 U Srbiji ro\u0111eno \u010dak 16 rimskih imperatora!<\/p>\n<p>\u2022 Beogradski Hram <a href=\"http:\/\/www.serbia.com\/srpski\/o-srbiji\/poznati-srbi\/istorijske-licnosti\/sveti-sava\/\">Svetog Save<\/a> jedan od najve\u0107ih pravoslavnih hramova na svetu!<\/p>\n<p>Hram se gradio isklju\u010divo od dobrovoljnih priloga i mada jo\u0161 nije u potpunosti zavr\u0161en, predstavlja jedan od najpoznatijih simbola <a href=\"http:\/\/www.serbia.com\/srpski\/posetite-srbiju\/gradovi\/beograd\/\" target=\"_blank\" rel=\"noopener\">Beograda<\/a>. Ukupna visina Hrama iznosi 82 metra, sa kupolom visine 70 metara i pozla\u0107enim krstom od 12 metara, a uz to prisutno je jo\u0161 18 pozla\u0107enih krstova i 49 zvona razli\u010ditih veli\u010dina;<\/p>\n<p>\u2022 Dana\u0161nja <a href=\"http:\/\/www.serbia.com\/srpski\/sremska-mitrovica-u-top-10-gradova-buducnosti\/\" target=\"_blank\" rel=\"noopener\">Sremska Mitrovica<\/a>, a nekada\u0161nji Sirmijum, svoj vrhunac do\u017eivela je u tre\u0107em veku kada je imala status jedne od \u010detiri prestonice poznog Rimskog carstva.<\/p>\n<p>\u2022 Sjenica (poznata i kao srpski Sibir) \u010desto najhladnije naseljeno mesto u Evropi sa rekordnom zabele\u017eenom minimalnom temperaturom od \u010dak -39 stepeni celzijusa!<\/p>\n<p>\u2022 Freska \u201e<a title=\"\u201eBeli an\u0111eo\u201c kao simbol Evrope\" href=\"http:\/\/www.serbia.com\/srpski\/beli-andeo-kao-simbol-evrope\/\">Beli an\u0111eo<\/a>\u201c iz srpskog <a href=\"http:\/\/www.serbia.com\/srpski\/posetite-srbiju\/kulturne-atrakcije\/manastiri-i-crkve\/manastir-mileseva-cuvar-srednjovekovnih-freski-vanvremenske-lepote\/\" target=\"_blank\" rel=\"noopener\">manastira Mile\u0161eva<\/a> bila me\u0111u prvim kadrovima koji su predstavili Evropu Severnoj Americi u prvom satelitskom prenosu video signala izme\u0111u dva kontinenta, 1963. godine.<\/p>\n<p>\u2022 <a title=\"Manastir Sopo\u0107ani\" href=\"http:\/\/www.serbia.com\/srpski\/posetite-srbiju\/kulturne-atrakcije\/manastiri-i-crkve\/manastir-sopocani\/\" target=\"_blank\" rel=\"noopener\">Manastir Sopo\u0107ani<\/a> poznat je po freskama koje se smatraju prete\u010dom italijanske renesanse;<\/p>\n<p>\u2022 <a title=\"Deliblatska pe\u0161\u010dara \u2013 evropska Sahara\" href=\"http:\/\/www.serbia.com\/srpski\/posetite-srbiju\/prirodne-lepote\/jedinstvena-priroda\/deliblatska-pescara-evropska-sahara\/\" target=\"_blank\" rel=\"noopener\">Deliblatska pe\u0161\u010dara<\/a> najve\u0107a kontinentalna pe\u0161\u010dara Evrope;<\/p>\n<p>\u2022 Srbija nakon Rusije najve\u0107i proizvo\u0111a\u010d malina na svetu. Na oko 15.000 hektara, Srbija gaji oko tre\u0107inu svih malina koje se proizvedu u svetu.<\/p>\n","protected":false},"excerpt":{"rendered":"<p>Ova strana vam donosi mnogo zanimljivih informacija i pri\u010da o Srbiji koje do sada niste znali. Pre nego \u0161to odete dalje, preispitajte svoje znanje. Da li ste znali da je: [&hellip;]<\/p>\n","protected":false},"author":9,"featured_media":34533,"parent":20144,"menu_order":0,"comment_status":"closed","ping_status":"open","template":"","meta":{"_acf_changed":false,"inline_featured_image":false,"_monsterinsights_skip_tracking":false,"_monsterinsights_sitenote_active":false,"_monsterinsights_sitenote_note":"","_monsterinsights_sitenote_category":0,"footnotes":""},"categories":[1643],"tags":[],"class_list":["post-20196","page","type-page","status-publish","has-post-thumbnail","hentry","category-da-li-ste-vec-znali"],"acf":[],"yoast_head":"<!-- This site is optimized with the Yoast SEO plugin v27.4 - https:\/\/yoast.com\/product\/yoast-seo-wordpress\/ -->\n<title>Da li ste znali? - Serbia.com<\/title>\n<meta name=\"description\" content=\"\u2022 U Srbiji ro\u0111eno \u010dak 16 rimskih imperatora!\u2022 Beogradski Hram Svetog Save jedan od najve\u0107ih pravoslavnih hramova na svetu!Hram se gradio isklju\u010divo od dobrovoljnih priloga i mada jo\u0161 nije u potpunosti zavr\u0161en, predstavlja jedan od najpoznatijih simbola Beograda. Ukupna visina Hrama iznosi 82 metra, sa kupolom visine 70 metara i pozla\u0107enim krstom od 12 metara, a uz to prisutno je jo\u0161 18 pozla\u0107enih krstova i 49 zvona razli\u010ditih veli\u010dina;\u2022 Dana\u0161nja Sremska Mitrovica, a nekada\u0161nji Sirmijum, svoj vrhunac do\u017eivela je u tre\u0107em veku kada je imala status jedne od \u010detiri prestonice poznog Rimskog carstva.\" \/>\n<meta name=\"robots\" content=\"index, follow, max-snippet:-1, max-image-preview:large, max-video-preview:-1\" \/>\n<link rel=\"canonical\" href=\"https:\/\/serbia.com\/srpski\/o-srbiji\/da-li-ste-znali\/\" \/>\n<meta property=\"og:locale\" content=\"en_US\" \/>\n<meta property=\"og:type\" content=\"article\" \/>\n<meta property=\"og:title\" content=\"Da li ste znali? - Serbia.com\" \/>\n<meta property=\"og:description\" content=\"\u2022 U Srbiji ro\u0111eno \u010dak 16 rimskih imperatora!\u2022 Beogradski Hram Svetog Save jedan od najve\u0107ih pravoslavnih hramova na svetu!Hram se gradio isklju\u010divo od dobrovoljnih priloga i mada jo\u0161 nije u potpunosti zavr\u0161en, predstavlja jedan od najpoznatijih simbola Beograda. Ukupna visina Hrama iznosi 82 metra, sa kupolom visine 70 metara i pozla\u0107enim krstom od 12 metara, a uz to prisutno je jo\u0161 18 pozla\u0107enih krstova i 49 zvona razli\u010ditih veli\u010dina;\u2022 Dana\u0161nja Sremska Mitrovica, a nekada\u0161nji Sirmijum, svoj vrhunac do\u017eivela je u tre\u0107em veku kada je imala status jedne od \u010detiri prestonice poznog Rimskog carstva.\" \/>\n<meta property=\"og:url\" content=\"https:\/\/serbia.com\/srpski\/o-srbiji\/da-li-ste-znali\/\" \/>\n<meta property=\"og:site_name\" content=\"Serbia.com\" \/>\n<meta property=\"article:modified_time\" content=\"2024-06-04T14:01:48+00:00\" \/>\n<meta property=\"og:image\" content=\"https:\/\/serbia.com\/wp-content\/uploads\/2015\/06\/hram-sv-save1.jpg\" \/>\n\t<meta property=\"og:image:width\" content=\"1600\" \/>\n\t<meta property=\"og:image:height\" content=\"706\" \/>\n\t<meta property=\"og:image:type\" content=\"image\/jpeg\" \/>\n<meta name=\"twitter:label1\" content=\"Est. reading time\" \/>\n\t<meta name=\"twitter:data1\" content=\"2 minutes\" \/>\n<script type=\"application\/ld+json\" class=\"yoast-schema-graph\">{\"@context\":\"https:\\\/\\\/schema.org\",\"@graph\":[{\"@type\":\"WebPage\",\"@id\":\"https:\\\/\\\/serbia.com\\\/srpski\\\/o-srbiji\\\/da-li-ste-znali\\\/\",\"url\":\"https:\\\/\\\/serbia.com\\\/srpski\\\/o-srbiji\\\/da-li-ste-znali\\\/\",\"name\":\"Da li ste znali? - Serbia.com\",\"isPartOf\":{\"@id\":\"https:\\\/\\\/serbia.com\\\/#website\"},\"primaryImageOfPage\":{\"@id\":\"https:\\\/\\\/serbia.com\\\/srpski\\\/o-srbiji\\\/da-li-ste-znali\\\/#primaryimage\"},\"image\":{\"@id\":\"https:\\\/\\\/serbia.com\\\/srpski\\\/o-srbiji\\\/da-li-ste-znali\\\/#primaryimage\"},\"thumbnailUrl\":\"https:\\\/\\\/serbia.com\\\/wp-content\\\/uploads\\\/2015\\\/06\\\/hram-sv-save1.jpg\",\"datePublished\":\"2014-02-26T18:05:17+00:00\",\"dateModified\":\"2024-06-04T14:01:48+00:00\",\"description\":\"\u2022 U Srbiji ro\u0111eno \u010dak 16 rimskih imperatora!\u2022 Beogradski Hram Svetog Save jedan od najve\u0107ih pravoslavnih hramova na svetu!Hram se gradio isklju\u010divo od dobrovoljnih priloga i mada jo\u0161 nije u potpunosti zavr\u0161en, predstavlja jedan od najpoznatijih simbola Beograda. Ukupna visina Hrama iznosi 82 metra, sa kupolom visine 70 metara i pozla\u0107enim krstom od 12 metara, a uz to prisutno je jo\u0161 18 pozla\u0107enih krstova i 49 zvona razli\u010ditih veli\u010dina;\u2022 Dana\u0161nja Sremska Mitrovica, a nekada\u0161nji Sirmijum, svoj vrhunac do\u017eivela je u tre\u0107em veku kada je imala status jedne od \u010detiri prestonice poznog Rimskog carstva.\",\"breadcrumb\":{\"@id\":\"https:\\\/\\\/serbia.com\\\/srpski\\\/o-srbiji\\\/da-li-ste-znali\\\/#breadcrumb\"},\"inLanguage\":\"srpski\",\"potentialAction\":[{\"@type\":\"ReadAction\",\"target\":[\"https:\\\/\\\/serbia.com\\\/srpski\\\/o-srbiji\\\/da-li-ste-znali\\\/\"]}]},{\"@type\":\"ImageObject\",\"inLanguage\":\"srpski\",\"@id\":\"https:\\\/\\\/serbia.com\\\/srpski\\\/o-srbiji\\\/da-li-ste-znali\\\/#primaryimage\",\"url\":\"https:\\\/\\\/serbia.com\\\/wp-content\\\/uploads\\\/2015\\\/06\\\/hram-sv-save1.jpg\",\"contentUrl\":\"https:\\\/\\\/serbia.com\\\/wp-content\\\/uploads\\\/2015\\\/06\\\/hram-sv-save1.jpg\",\"width\":1600,\"height\":706},{\"@type\":\"BreadcrumbList\",\"@id\":\"https:\\\/\\\/serbia.com\\\/srpski\\\/o-srbiji\\\/da-li-ste-znali\\\/#breadcrumb\",\"itemListElement\":[{\"@type\":\"ListItem\",\"position\":1,\"name\":\"Home\",\"item\":\"https:\\\/\\\/serbia.com\\\/srpski\\\/srbija\\\/\"},{\"@type\":\"ListItem\",\"position\":2,\"name\":\"O Srbiji\",\"item\":\"https:\\\/\\\/serbia.com\\\/srpski\\\/o-srbiji\\\/\"},{\"@type\":\"ListItem\",\"position\":3,\"name\":\"Da li ste znali?\"}]},{\"@type\":\"WebSite\",\"@id\":\"https:\\\/\\\/serbia.com\\\/#website\",\"url\":\"https:\\\/\\\/serbia.com\\\/\",\"name\":\"Serbia.com\",\"description\":\"Your Gateway to Serbia\",\"potentialAction\":[{\"@type\":\"SearchAction\",\"target\":{\"@type\":\"EntryPoint\",\"urlTemplate\":\"https:\\\/\\\/serbia.com\\\/?s={search_term_string}\"},\"query-input\":{\"@type\":\"PropertyValueSpecification\",\"valueRequired\":true,\"valueName\":\"search_term_string\"}}],\"inLanguage\":\"srpski\"}]}<\/script>\n<!-- \/ Yoast SEO plugin. -->","yoast_head_json":{"title":"Da li ste znali? - Serbia.com","description":"\u2022 U Srbiji ro\u0111eno \u010dak 16 rimskih imperatora!\u2022 Beogradski Hram Svetog Save jedan od najve\u0107ih pravoslavnih hramova na svetu!Hram se gradio isklju\u010divo od dobrovoljnih priloga i mada jo\u0161 nije u potpunosti zavr\u0161en, predstavlja jedan od najpoznatijih simbola Beograda. Ukupna visina Hrama iznosi 82 metra, sa kupolom visine 70 metara i pozla\u0107enim krstom od 12 metara, a uz to prisutno je jo\u0161 18 pozla\u0107enih krstova i 49 zvona razli\u010ditih veli\u010dina;\u2022 Dana\u0161nja Sremska Mitrovica, a nekada\u0161nji Sirmijum, svoj vrhunac do\u017eivela je u tre\u0107em veku kada je imala status jedne od \u010detiri prestonice poznog Rimskog carstva.","robots":{"index":"index","follow":"follow","max-snippet":"max-snippet:-1","max-image-preview":"max-image-preview:large","max-video-preview":"max-video-preview:-1"},"canonical":"https:\/\/serbia.com\/srpski\/o-srbiji\/da-li-ste-znali\/","og_locale":"en_US","og_type":"article","og_title":"Da li ste znali? - Serbia.com","og_description":"\u2022 U Srbiji ro\u0111eno \u010dak 16 rimskih imperatora!\u2022 Beogradski Hram Svetog Save jedan od najve\u0107ih pravoslavnih hramova na svetu!Hram se gradio isklju\u010divo od dobrovoljnih priloga i mada jo\u0161 nije u potpunosti zavr\u0161en, predstavlja jedan od najpoznatijih simbola Beograda. Ukupna visina Hrama iznosi 82 metra, sa kupolom visine 70 metara i pozla\u0107enim krstom od 12 metara, a uz to prisutno je jo\u0161 18 pozla\u0107enih krstova i 49 zvona razli\u010ditih veli\u010dina;\u2022 Dana\u0161nja Sremska Mitrovica, a nekada\u0161nji Sirmijum, svoj vrhunac do\u017eivela je u tre\u0107em veku kada je imala status jedne od \u010detiri prestonice poznog Rimskog carstva.","og_url":"https:\/\/serbia.com\/srpski\/o-srbiji\/da-li-ste-znali\/","og_site_name":"Serbia.com","article_modified_time":"2024-06-04T14:01:48+00:00","og_image":[{"width":1600,"height":706,"url":"https:\/\/serbia.com\/wp-content\/uploads\/2015\/06\/hram-sv-save1.jpg","type":"image\/jpeg"}],"twitter_misc":{"Est. reading time":"2 minutes"},"schema":{"@context":"https:\/\/schema.org","@graph":[{"@type":"WebPage","@id":"https:\/\/serbia.com\/srpski\/o-srbiji\/da-li-ste-znali\/","url":"https:\/\/serbia.com\/srpski\/o-srbiji\/da-li-ste-znali\/","name":"Da li ste znali? - Serbia.com","isPartOf":{"@id":"https:\/\/serbia.com\/#website"},"primaryImageOfPage":{"@id":"https:\/\/serbia.com\/srpski\/o-srbiji\/da-li-ste-znali\/#primaryimage"},"image":{"@id":"https:\/\/serbia.com\/srpski\/o-srbiji\/da-li-ste-znali\/#primaryimage"},"thumbnailUrl":"https:\/\/serbia.com\/wp-content\/uploads\/2015\/06\/hram-sv-save1.jpg","datePublished":"2014-02-26T18:05:17+00:00","dateModified":"2024-06-04T14:01:48+00:00","description":"\u2022 U Srbiji ro\u0111eno \u010dak 16 rimskih imperatora!\u2022 Beogradski Hram Svetog Save jedan od najve\u0107ih pravoslavnih hramova na svetu!Hram se gradio isklju\u010divo od dobrovoljnih priloga i mada jo\u0161 nije u potpunosti zavr\u0161en, predstavlja jedan od najpoznatijih simbola Beograda. Ukupna visina Hrama iznosi 82 metra, sa kupolom visine 70 metara i pozla\u0107enim krstom od 12 metara, a uz to prisutno je jo\u0161 18 pozla\u0107enih krstova i 49 zvona razli\u010ditih veli\u010dina;\u2022 Dana\u0161nja Sremska Mitrovica, a nekada\u0161nji Sirmijum, svoj vrhunac do\u017eivela je u tre\u0107em veku kada je imala status jedne od \u010detiri prestonice poznog Rimskog carstva.","breadcrumb":{"@id":"https:\/\/serbia.com\/srpski\/o-srbiji\/da-li-ste-znali\/#breadcrumb"},"inLanguage":"srpski","potentialAction":[{"@type":"ReadAction","target":["https:\/\/serbia.com\/srpski\/o-srbiji\/da-li-ste-znali\/"]}]},{"@type":"ImageObject","inLanguage":"srpski","@id":"https:\/\/serbia.com\/srpski\/o-srbiji\/da-li-ste-znali\/#primaryimage","url":"https:\/\/serbia.com\/wp-content\/uploads\/2015\/06\/hram-sv-save1.jpg","contentUrl":"https:\/\/serbia.com\/wp-content\/uploads\/2015\/06\/hram-sv-save1.jpg","width":1600,"height":706},{"@type":"BreadcrumbList","@id":"https:\/\/serbia.com\/srpski\/o-srbiji\/da-li-ste-znali\/#breadcrumb","itemListElement":[{"@type":"ListItem","position":1,"name":"Home","item":"https:\/\/serbia.com\/srpski\/srbija\/"},{"@type":"ListItem","position":2,"name":"O Srbiji","item":"https:\/\/serbia.com\/srpski\/o-srbiji\/"},{"@type":"ListItem","position":3,"name":"Da li ste znali?"}]},{"@type":"WebSite","@id":"https:\/\/serbia.com\/#website","url":"https:\/\/serbia.com\/","name":"Serbia.com","description":"Your Gateway to Serbia","potentialAction":[{"@type":"SearchAction","target":{"@type":"EntryPoint","urlTemplate":"https:\/\/serbia.com\/?s={search_term_string}"},"query-input":{"@type":"PropertyValueSpecification","valueRequired":true,"valueName":"search_term_string"}}],"inLanguage":"srpski"}]}},"brizy_media":[],"_links":{"self":[{"href":"https:\/\/serbia.com\/srpski\/wp-json\/wp\/v2\/pages\/20196","targetHints":{"allow":["GET"]}}],"collection":[{"href":"https:\/\/serbia.com\/srpski\/wp-json\/wp\/v2\/pages"}],"about":[{"href":"https:\/\/serbia.com\/srpski\/wp-json\/wp\/v2\/types\/page"}],"author":[{"embeddable":true,"href":"https:\/\/serbia.com\/srpski\/wp-json\/wp\/v2\/users\/9"}],"replies":[{"embeddable":true,"href":"https:\/\/serbia.com\/srpski\/wp-json\/wp\/v2\/comments?post=20196"}],"version-history":[{"count":1,"href":"https:\/\/serbia.com\/srpski\/wp-json\/wp\/v2\/pages\/20196\/revisions"}],"predecessor-version":[{"id":53235,"href":"https:\/\/serbia.com\/srpski\/wp-json\/wp\/v2\/pages\/20196\/revisions\/53235"}],"up":[{"embeddable":true,"href":"https:\/\/serbia.com\/srpski\/wp-json\/wp\/v2\/pages\/20144"}],"wp:featuredmedia":[{"embeddable":true,"href":"https:\/\/serbia.com\/srpski\/wp-json\/wp\/v2\/media\/34533"}],"wp:attachment":[{"href":"https:\/\/serbia.com\/srpski\/wp-json\/wp\/v2\/media?parent=20196"}],"wp:term":[{"taxonomy":"category","embeddable":true,"href":"https:\/\/serbia.com\/srpski\/wp-json\/wp\/v2\/categories?post=20196"},{"taxonomy":"post_tag","embeddable":true,"href":"https:\/\/serbia.com\/srpski\/wp-json\/wp\/v2\/tags?post=20196"}],"curies":[{"name":"wp","href":"https:\/\/api.w.org\/{rel}","templated":true}]}}