{"id":20179,"date":"2014-02-26T18:54:37","date_gmt":"2014-02-26T17:54:37","guid":{"rendered":"http:\/\/www.serbia.com\/?page_id=20179"},"modified":"2024-06-04T16:14:16","modified_gmt":"2024-06-04T14:14:16","slug":"film","status":"publish","type":"page","link":"https:\/\/serbia.com\/srpski\/o-srbiji\/kultura\/film\/","title":{"rendered":"Film"},"content":{"rendered":"<h2>Interesantan mnogim svetskim filmskim velikanima, srpski film se mo\u017ee opisati kao neobi\u010dna i atipi\u010dna, ali pre svega originalna umetnost.<\/h2>\n<p>Brojna inostrana priznanja smestila su srpsku kinematografiju me\u0111u va\u017enije u Evropi.<\/p>\n<p>Jo\u0161 pre Drugog svetskog rata u Srbiji je snimljeno 12 filmova. Prvi srpski film \u201c\u017divot i dela besmrtnog vo\u017eda Kara\u0111or\u0111a\u201d datira iz 1911. godine. Od tada, pa kroz ceo jedan vek srpski film se razvijao veoma brzo \u010demu je doprineo razvoj tehnologije kao i vrhunski glumci i re\u017eiseri inspirisani uglavnom burnim de\u0161avanjima na Balkanu u tom periodu.<\/p>\n<p>Jedna od najpopularnijih i najzna\u010dajnijih etapa u istoriji srpskog filma jeste tradicija \u201epartizanskog filma\u201c u kojoj su stvorena neka od najboljih ostvarenja srpske i jugoslovenske kinematografije. Poznate su i urnebesne komedije sjajne generacije jugoslovenskih komi\u010dara \u201860-ih \u2013\u2018 80-ih godina. Poslednju deceniju 20. veka pratio je raspad Jugoslavije i gra\u0111anski ratovi koji su obele\u017eili i srpske filmove u tim godinama.<\/p>\n<p>Generalno, srpski film se odlikuje realisti\u010dno\u0161\u0107u i veoma \u010desto surovim, \u201ccrnim\u201d humorom, \u0161to je posledica ratova i te\u0161kog na\u010dina \u017eivota u pojedinim periodima u Srbiji i regionu. Oni oslikavaju poznatu karakternu crtu srpskog naroda da i u najgorim godinama i situacijama ljudi uvek na\u0111u put do smeha, pa makar i kroz suze.<\/p>\n<p>A uz srpske filmove se mo\u017ee jednako smejati i plakati, ali jedno je sigurno: nikoga ne ostavljaju ravnodu\u0161nim. \u010cak su mnogi citati iz filmova stekli kultni status i u\u0161li u svakodnevnu komunikaciju stanovnika Srbije ali i regiona. Sli\u010dno je i sa televizijom \u2013 neke serije su obele\u017eile \u017eivote \u010ditavih generacija i danas imaju vernu publiku koja im se rado vra\u0107a.<\/p>\n<p>Re\u017eiseri iz Srbije osvajali su nagrade na presti\u017enim festivalima u Evropi: Zlatni lav u Veneciji za film \u201cSje\u0107a\u0161 li se Doli Bel?\u201d <a title=\"Emir Kusturica, umetnik, graditelj i antiglobalista\" href=\"http:\/\/www.serbia.com\/srpski\/emir-kusturica-umetnik-graditelj-i-antiglobalista-2\/\">Emira Kusturice<\/a>, nominacija za Oskara za film \u201cSkuplja\u010di perja\u201d Aleksandra Sa\u0161e Petrovi\u0107a, a jedan od najboljih srpskih filmova svih vremena \u201cKo to tamo peva\u201d Slobodana \u0160ijana je osvojio nagradu publike u Kanu.<\/p>\n<p>U Srbiji se odr\u017eava nekoliko filmskih festivala me\u0111u kojima je najstariji beogradski FEST sa tradicijom dugom ve\u0107 40 godina. Emir Kusturica je 2008. godine osnovao filmski festival \u201c<a href=\"http:\/\/www.serbia.com\/srpski\/danas-pocinje-kustendorf\/\" target=\"_blank\" rel=\"noopener\">Kustendorf<\/a>\u201d koji se odigrava svakog januara u \u010darobnom etno selu <a title=\"\u010carobno selo Drvengrad\" href=\"http:\/\/www.serbia.com\/srpski\/posetite-srbiju\/prirodne-lepote\/etno-sela\/carobno-selo-drvengrad\/\" target=\"_blank\" rel=\"noopener\">Drvengrad<\/a> i koji svake godine posete velika imena svetskog glumi\u0161ta.<\/p>\n<p>Ri\u010dard Barton, Elizabet Tejlor, Robert de Niro, Nikita Mihalkov, D\u017eek Niklson, Kirk Daglas, Sisi Spejsik, Frensis Ford Kopola, Rejf Fajns, D\u017eoni Dep, D\u017eim D\u017earmu\u0161, D\u017eerard Batler samo su neki od poznatih umetnika koji su bili akteri i gosti srpskog filma i festivala.<\/p>\n<p>Srpska filmska umetnost \u0107e vam svojom autenti\u010dno\u0161\u0107u i originalno\u0161\u0107u zasigurno ponuditi nezaboravno filmsko iskustvo. Zato, po\u0111ite po njega!<\/p>\n","protected":false},"excerpt":{"rendered":"<p>Interesantan mnogim svetskim filmskim velikanima, srpski film se mo\u017ee opisati kao neobi\u010dna i atipi\u010dna, ali pre svega originalna umetnost. Brojna inostrana priznanja smestila su srpsku kinematografiju me\u0111u va\u017enije u Evropi. [&hellip;]<\/p>\n","protected":false},"author":9,"featured_media":43089,"parent":20159,"menu_order":0,"comment_status":"closed","ping_status":"open","template":"","meta":{"_acf_changed":false,"inline_featured_image":false,"_monsterinsights_skip_tracking":false,"_monsterinsights_sitenote_active":false,"_monsterinsights_sitenote_note":"","_monsterinsights_sitenote_category":0,"footnotes":""},"categories":[976],"tags":[],"region":[],"class_list":["post-20179","page","type-page","status-publish","has-post-thumbnail","hentry","category-film-i-tv"],"acf":[],"yoast_head":"<!-- This site is optimized with the Yoast SEO plugin v27.5 - https:\/\/yoast.com\/product\/yoast-seo-wordpress\/ -->\n<title>Film - Serbia.com<\/title>\n<meta name=\"robots\" content=\"index, follow, max-snippet:-1, max-image-preview:large, max-video-preview:-1\" \/>\n<link rel=\"canonical\" href=\"https:\/\/serbia.com\/srpski\/o-srbiji\/kultura\/film\/\" \/>\n<meta property=\"og:locale\" content=\"en_US\" \/>\n<meta property=\"og:type\" content=\"article\" \/>\n<meta property=\"og:title\" content=\"Film - Serbia.com\" \/>\n<meta property=\"og:description\" content=\"Interesantan mnogim svetskim filmskim velikanima, srpski film se mo\u017ee opisati kao neobi\u010dna i atipi\u010dna, ali pre svega originalna umetnost. Brojna inostrana priznanja smestila su srpsku kinematografiju me\u0111u va\u017enije u Evropi. [&hellip;]\" \/>\n<meta property=\"og:url\" content=\"https:\/\/serbia.com\/srpski\/o-srbiji\/kultura\/film\/\" \/>\n<meta property=\"og:site_name\" content=\"Serbia.com\" \/>\n<meta property=\"article:modified_time\" content=\"2024-06-04T14:14:16+00:00\" \/>\n<meta property=\"og:image\" content=\"https:\/\/serbia.com\/wp-content\/uploads\/2015\/12\/grafit-ko-to-tamo-peva-u-sao-paulu.jpg\" \/>\n\t<meta property=\"og:image:width\" content=\"800\" \/>\n\t<meta property=\"og:image:height\" content=\"496\" \/>\n\t<meta property=\"og:image:type\" content=\"image\/jpeg\" \/>\n<meta name=\"twitter:label1\" content=\"Est. reading time\" \/>\n\t<meta name=\"twitter:data1\" content=\"3 minutes\" \/>\n<script type=\"application\/ld+json\" class=\"yoast-schema-graph\">{\"@context\":\"https:\\\/\\\/schema.org\",\"@graph\":[{\"@type\":\"WebPage\",\"@id\":\"https:\\\/\\\/serbia.com\\\/srpski\\\/o-srbiji\\\/kultura\\\/film\\\/\",\"url\":\"https:\\\/\\\/serbia.com\\\/srpski\\\/o-srbiji\\\/kultura\\\/film\\\/\",\"name\":\"Film - Serbia.com\",\"isPartOf\":{\"@id\":\"https:\\\/\\\/serbia.com\\\/#website\"},\"primaryImageOfPage\":{\"@id\":\"https:\\\/\\\/serbia.com\\\/srpski\\\/o-srbiji\\\/kultura\\\/film\\\/#primaryimage\"},\"image\":{\"@id\":\"https:\\\/\\\/serbia.com\\\/srpski\\\/o-srbiji\\\/kultura\\\/film\\\/#primaryimage\"},\"thumbnailUrl\":\"https:\\\/\\\/serbia.com\\\/wp-content\\\/uploads\\\/2015\\\/12\\\/grafit-ko-to-tamo-peva-u-sao-paulu.jpg\",\"datePublished\":\"2014-02-26T17:54:37+00:00\",\"dateModified\":\"2024-06-04T14:14:16+00:00\",\"breadcrumb\":{\"@id\":\"https:\\\/\\\/serbia.com\\\/srpski\\\/o-srbiji\\\/kultura\\\/film\\\/#breadcrumb\"},\"inLanguage\":\"srpski\",\"potentialAction\":[{\"@type\":\"ReadAction\",\"target\":[\"https:\\\/\\\/serbia.com\\\/srpski\\\/o-srbiji\\\/kultura\\\/film\\\/\"]}]},{\"@type\":\"ImageObject\",\"inLanguage\":\"srpski\",\"@id\":\"https:\\\/\\\/serbia.com\\\/srpski\\\/o-srbiji\\\/kultura\\\/film\\\/#primaryimage\",\"url\":\"https:\\\/\\\/serbia.com\\\/wp-content\\\/uploads\\\/2015\\\/12\\\/grafit-ko-to-tamo-peva-u-sao-paulu.jpg\",\"contentUrl\":\"https:\\\/\\\/serbia.com\\\/wp-content\\\/uploads\\\/2015\\\/12\\\/grafit-ko-to-tamo-peva-u-sao-paulu.jpg\",\"width\":800,\"height\":496},{\"@type\":\"BreadcrumbList\",\"@id\":\"https:\\\/\\\/serbia.com\\\/srpski\\\/o-srbiji\\\/kultura\\\/film\\\/#breadcrumb\",\"itemListElement\":[{\"@type\":\"ListItem\",\"position\":1,\"name\":\"Home\",\"item\":\"https:\\\/\\\/serbia.com\\\/srpski\\\/\"},{\"@type\":\"ListItem\",\"position\":2,\"name\":\"O Srbiji\",\"item\":\"https:\\\/\\\/serbia.com\\\/srpski\\\/o-srbiji\\\/\"},{\"@type\":\"ListItem\",\"position\":3,\"name\":\"Kultura\",\"item\":\"https:\\\/\\\/serbia.com\\\/srpski\\\/o-srbiji\\\/kultura\\\/\"},{\"@type\":\"ListItem\",\"position\":4,\"name\":\"Film\"}]},{\"@type\":\"WebSite\",\"@id\":\"https:\\\/\\\/serbia.com\\\/#website\",\"url\":\"https:\\\/\\\/serbia.com\\\/\",\"name\":\"Serbia.com\",\"description\":\"Your Gateway to Serbia\",\"potentialAction\":[{\"@type\":\"SearchAction\",\"target\":{\"@type\":\"EntryPoint\",\"urlTemplate\":\"https:\\\/\\\/serbia.com\\\/?s={search_term_string}\"},\"query-input\":{\"@type\":\"PropertyValueSpecification\",\"valueRequired\":true,\"valueName\":\"search_term_string\"}}],\"inLanguage\":\"srpski\"}]}<\/script>\n<!-- \/ Yoast SEO plugin. -->","yoast_head_json":{"title":"Film - Serbia.com","robots":{"index":"index","follow":"follow","max-snippet":"max-snippet:-1","max-image-preview":"max-image-preview:large","max-video-preview":"max-video-preview:-1"},"canonical":"https:\/\/serbia.com\/srpski\/o-srbiji\/kultura\/film\/","og_locale":"en_US","og_type":"article","og_title":"Film - Serbia.com","og_description":"Interesantan mnogim svetskim filmskim velikanima, srpski film se mo\u017ee opisati kao neobi\u010dna i atipi\u010dna, ali pre svega originalna umetnost. Brojna inostrana priznanja smestila su srpsku kinematografiju me\u0111u va\u017enije u Evropi. [&hellip;]","og_url":"https:\/\/serbia.com\/srpski\/o-srbiji\/kultura\/film\/","og_site_name":"Serbia.com","article_modified_time":"2024-06-04T14:14:16+00:00","og_image":[{"width":800,"height":496,"url":"https:\/\/serbia.com\/wp-content\/uploads\/2015\/12\/grafit-ko-to-tamo-peva-u-sao-paulu.jpg","type":"image\/jpeg"}],"twitter_misc":{"Est. reading time":"3 minutes"},"schema":{"@context":"https:\/\/schema.org","@graph":[{"@type":"WebPage","@id":"https:\/\/serbia.com\/srpski\/o-srbiji\/kultura\/film\/","url":"https:\/\/serbia.com\/srpski\/o-srbiji\/kultura\/film\/","name":"Film - Serbia.com","isPartOf":{"@id":"https:\/\/serbia.com\/#website"},"primaryImageOfPage":{"@id":"https:\/\/serbia.com\/srpski\/o-srbiji\/kultura\/film\/#primaryimage"},"image":{"@id":"https:\/\/serbia.com\/srpski\/o-srbiji\/kultura\/film\/#primaryimage"},"thumbnailUrl":"https:\/\/serbia.com\/wp-content\/uploads\/2015\/12\/grafit-ko-to-tamo-peva-u-sao-paulu.jpg","datePublished":"2014-02-26T17:54:37+00:00","dateModified":"2024-06-04T14:14:16+00:00","breadcrumb":{"@id":"https:\/\/serbia.com\/srpski\/o-srbiji\/kultura\/film\/#breadcrumb"},"inLanguage":"srpski","potentialAction":[{"@type":"ReadAction","target":["https:\/\/serbia.com\/srpski\/o-srbiji\/kultura\/film\/"]}]},{"@type":"ImageObject","inLanguage":"srpski","@id":"https:\/\/serbia.com\/srpski\/o-srbiji\/kultura\/film\/#primaryimage","url":"https:\/\/serbia.com\/wp-content\/uploads\/2015\/12\/grafit-ko-to-tamo-peva-u-sao-paulu.jpg","contentUrl":"https:\/\/serbia.com\/wp-content\/uploads\/2015\/12\/grafit-ko-to-tamo-peva-u-sao-paulu.jpg","width":800,"height":496},{"@type":"BreadcrumbList","@id":"https:\/\/serbia.com\/srpski\/o-srbiji\/kultura\/film\/#breadcrumb","itemListElement":[{"@type":"ListItem","position":1,"name":"Home","item":"https:\/\/serbia.com\/srpski\/"},{"@type":"ListItem","position":2,"name":"O Srbiji","item":"https:\/\/serbia.com\/srpski\/o-srbiji\/"},{"@type":"ListItem","position":3,"name":"Kultura","item":"https:\/\/serbia.com\/srpski\/o-srbiji\/kultura\/"},{"@type":"ListItem","position":4,"name":"Film"}]},{"@type":"WebSite","@id":"https:\/\/serbia.com\/#website","url":"https:\/\/serbia.com\/","name":"Serbia.com","description":"Your Gateway to Serbia","potentialAction":[{"@type":"SearchAction","target":{"@type":"EntryPoint","urlTemplate":"https:\/\/serbia.com\/?s={search_term_string}"},"query-input":{"@type":"PropertyValueSpecification","valueRequired":true,"valueName":"search_term_string"}}],"inLanguage":"srpski"}]}},"brizy_media":[],"_links":{"self":[{"href":"https:\/\/serbia.com\/srpski\/wp-json\/wp\/v2\/pages\/20179","targetHints":{"allow":["GET"]}}],"collection":[{"href":"https:\/\/serbia.com\/srpski\/wp-json\/wp\/v2\/pages"}],"about":[{"href":"https:\/\/serbia.com\/srpski\/wp-json\/wp\/v2\/types\/page"}],"author":[{"embeddable":true,"href":"https:\/\/serbia.com\/srpski\/wp-json\/wp\/v2\/users\/9"}],"replies":[{"embeddable":true,"href":"https:\/\/serbia.com\/srpski\/wp-json\/wp\/v2\/comments?post=20179"}],"version-history":[{"count":1,"href":"https:\/\/serbia.com\/srpski\/wp-json\/wp\/v2\/pages\/20179\/revisions"}],"predecessor-version":[{"id":53248,"href":"https:\/\/serbia.com\/srpski\/wp-json\/wp\/v2\/pages\/20179\/revisions\/53248"}],"up":[{"embeddable":true,"href":"https:\/\/serbia.com\/srpski\/wp-json\/wp\/v2\/pages\/20159"}],"wp:featuredmedia":[{"embeddable":true,"href":"https:\/\/serbia.com\/srpski\/wp-json\/wp\/v2\/media\/43089"}],"wp:attachment":[{"href":"https:\/\/serbia.com\/srpski\/wp-json\/wp\/v2\/media?parent=20179"}],"wp:term":[{"taxonomy":"category","embeddable":true,"href":"https:\/\/serbia.com\/srpski\/wp-json\/wp\/v2\/categories?post=20179"},{"taxonomy":"post_tag","embeddable":true,"href":"https:\/\/serbia.com\/srpski\/wp-json\/wp\/v2\/tags?post=20179"},{"taxonomy":"region","embeddable":true,"href":"https:\/\/serbia.com\/srpski\/wp-json\/wp\/v2\/region?post=20179"}],"curies":[{"name":"wp","href":"https:\/\/api.w.org\/{rel}","templated":true}]}}