{"id":20159,"date":"2014-02-26T18:47:45","date_gmt":"2014-02-26T17:47:45","guid":{"rendered":"http:\/\/www.serbia.com\/?page_id=20159"},"modified":"2024-06-04T15:53:48","modified_gmt":"2024-06-04T13:53:48","slug":"kultura","status":"publish","type":"page","link":"https:\/\/serbia.com\/srpski\/o-srbiji\/kultura\/","title":{"rendered":"Kultura"},"content":{"rendered":"<h2>Srpska kultura je, na raskrsnici balkanskih puteva, svojim tvorevinama vekovima \u010duvala identitet i autenti\u010dnost Srbije i njenog naroda.<\/h2>\n<p style=\"text-align: justify;\">Sme\u0161tena na raskrsnici glavnih balkanskih puteva, Srbija je u nasle\u0111e dobila izuzetno kulturno bogatstvo. Me\u0111u ostacima civilizacija starih desetinama vekova nalaze se tragovi naroda koji su \u017eiveli na ovim prostorima pre 40.000 godina, impozantno rimsko nasle\u0111e, kao i srednjevekovno materijalno i <a href=\"http:\/\/www.serbia.com\/srpski\/o-srbiji\/kultura\/nematerijalno-kulturno-nasledje-srbije\/\" target=\"_blank\" rel=\"noopener\">nematerijalno kulturno bogatstvo<\/a>. Svi narodi koji su boravili ili borave na tlu Srbije utkali su ne\u0161to svoje u srpsku kulturnu ba\u0161tinu \u010dine\u0107i je jo\u0161 vrednijom i interesantnijom.<\/p>\n<p style=\"text-align: justify;\">Tokom praistorije na teritoriji Srbije stvarene su neke od najkompleksnijih praistorijskih kultura: kultura <a title=\"Lepenski vir, najstarije urbano naselje u Evropi\" href=\"http:\/\/www.serbia.com\/srpski\/posetite-srbiju\/kulturne-atrakcije\/arheoloska-nalazista\/lepenski-vir-najstarije-urbano-naselje-u-evropi\/\" target=\"_blank\" rel=\"noopener\">Lepenskog Vira<\/a>, zatim Star\u010deva\u010dka kultura i <a title=\"Vin\u010da, kolevka evropske civilizacije\" href=\"http:\/\/www.serbia.com\/srpski\/posetite-srbiju\/kulturne-atrakcije\/arheoloska-nalazista\/vinca-kolevka-evropske-civilizacije\/\" target=\"_blank\" rel=\"noopener\">Vin\u010danska kultura<\/a>. Sve ove civilizacije ostavile su za sobom veliki dar kako Srbiji, tako i \u010ditavom \u010dove\u010danstvu, a <a href=\"http:\/\/www.serbia.com\/srpski\/posetite-srbiju\/kulturne-atrakcije\/arheoloska-nalazista\/\" target=\"_blank\" rel=\"noopener\">arheolo\u0161ka nalazi\u0161ta<\/a> koja se nalaze na teritoriji Srbije privla\u010de veliki broj turista.<\/p>\n<p style=\"text-align: justify;\">Ipak, od srednjeg veka, ta\u010dnije od perioda vladavine Stefana Nemanje (12.vek) i njegovih naslednika po\u010dinje ubrzani razvoj kulture koja se oblikovala uglavnom pod uticajem Vizantije. Me\u0111utim, \u010dak ni tada nisu prekinute veze s katoli\u010dkim Zapadom. U Srbiji je, u primorju, uz pravoslavnu, stalno postojala i katoli\u010dka crkva. Preko nje i primorskih gradova strujao je zapadni uticaj prema unutra\u0161njosti Balkana i dalje na istok.<\/p>\n<p style=\"text-align: justify;\">Prvi pisani kulturni spomenik \u0107irili\u010dnim pismom je \u201c<a title=\"Miroslavljevo jevan\u0111elje, knjiga pisana zlatom\" href=\"http:\/\/www.serbia.com\/srpski\/miroslavljevo-jevandelje-knjiga-pisana-zlatom-2\/\">Miroslavljevo Jevan\u0111elje<\/a>\u201d iz 12. veka pisano zlatom na belom pergamentu, koje je UNESCO uvrstio me\u0111u najzna\u010dajnija dela svetske dokumentacione ba\u0161tine.<\/p>\n<p style=\"text-align: justify;\">Usled ja\u010danja hri\u0161\u0107anstva i nakon dobijanja autokefalnosti srske crkve, Nemanji\u0107i su gradili manastire i to u vizantijskom stilu od kojih se mnogi nalaze <a href=\"http:\/\/www.serbia.com\/srpski\/srpski-spomenici-pod-zastitom-unesco\/\">pod za\u0161titom organizacije UNESCO<\/a>. Na njihovim zidovima nalaze se <a title=\"Freske \u2013 slikarstvo bez premca\" href=\"http:\/\/www.serbia.com\/srpski\/freske-slikarstvo-bez-premca-2\/\">freske<\/a> koje spadaju me\u0111u najlep\u0161e na svetu. Osim \u017eivota svetaca, njima je ispisana i svojevrsna <a href=\"http:\/\/www.serbia.com\/srpski\/o-srbiji\/istorija\/\">istorija<\/a> doga\u0111aja sa ovih prostora.<\/p>\n<p style=\"text-align: justify;\">U Srbiji je u 14. veku nastala prva \u017eenska stru\u010dna \u0161kola u Evropi, a u istom veku Srbija je imala knji\u017eevnicu, monahinju Jefimiju, \u010dija dela predstavljaju bisere srednjovekovne knji\u017eevnosti.<\/p>\n<p style=\"text-align: justify;\">Za vreme turske vladavine ovim prostorima, razvila se usmena epska i lirska <a href=\"http:\/\/www.serbia.com\/srpski\/o-srbiji\/kultura\/knjizevnost\/\">knji\u017eevnost<\/a> izuzetne lepote. Ona se prenosila sa \u201ckolena na koleno\u201d, usmenim putem, a najlep\u0161e su je pevali i pripovedali narodni peva\u010di uz gusle. Narodne pesme, pri\u010de i verovanja, prikupio je i objavio <a title=\"Vuk Stefanovi\u0107 Karad\u017ei\u0107, otac savremenog srpskog jezika\" href=\"http:\/\/www.serbia.com\/srpski\/vuk-stefanovic-karadzic-otac-savremenog-srpskog-jezika\/\">Vuk Karad\u017ei\u0107<\/a>, koji je reformisao srpsko pismo napisav\u0161i \u201cPismenicu spskoga jezika\u201d (1814.) delo poznato kao prva srpska gramatika.<\/p>\n<p style=\"text-align: justify;\">U riznici srpske kulture posebno mesto pripada knji\u017eevnosti. Me\u0111u koricama knjiga srpskih pisaca u poslednjih nekoliko vekova sa\u010duvane su pri\u010de o nekada\u0161njim prilikama u Srbiji, o patnjama naroda, o mentalitetima ljudi iz razli\u010ditih krajeva\u2026 \u010cak je svetsku knje\u017eevnost 20. veka obele\u017eio roman \u201cNa Drini \u0106uprija\u201d srpskog pisca, <a title=\"Ivo Andri\u0107, jedini srpski nobelovac\" href=\"http:\/\/www.serbia.com\/srpski\/ivo-andric-nobelovac-2\/\">Iva Andri\u0107a<\/a> za koji je dobio Nobelovu nagradu, 1961. godine.<\/p>\n<p style=\"text-align: justify;\">Va\u017ean deo materijalne kulture Srbije pored izuzetno vrednog freskoslikarstva koje krasi zidove srpskih manastira, \u010dine i dela poznatih slikara poput Save \u0160umanovi\u0107a, <a title=\"Paja Jovanovi\u0107, slikar istorije Srbije\" href=\"http:\/\/www.serbia.com\/srpski\/paja-jovanovic-slikar-istorije-srbije\/\">Paje Jovanovi\u0107a<\/a> i Uro\u0161a Predi\u0107a.<\/p>\n<p style=\"text-align: justify;\"><a title=\"Muzika\" href=\"http:\/\/www.serbia.com\/srpski\/o-srbiji\/kultura\/muzika\/\">Muzika<\/a> je neizostavan segment kulturnog bogatstva Srbije, a ogleda se najvi\u0161e u pesmi i igri sa ovih prostora. Narodna igra Srbije je <a href=\"http:\/\/www.serbia.com\/srpski\/o-srbiji\/kultura\/etno-naslede\/narodna-igra\/\" target=\"_blank\" rel=\"noopener\">kolo<\/a>, \u010dija se izvedba razlikuje od regiona do regiona, dok su <a href=\"http:\/\/www.serbia.com\/srpski\/narodni-instrumenti-2\/\">narodni instrumenti<\/a>: <a href=\"http:\/\/www.serbia.com\/srpski\/o-srbiji\/kultura\/nematerijalno-kulturno-nasledje-srbije\/nematerijalno-kulturno-naslede-kao-cuvar-srpskog-identiteta\/pevanje-uz-gusle\/\" target=\"_blank\" rel=\"noopener\">gusle<\/a> i <a href=\"http:\/\/www.serbia.com\/srpski\/o-srbiji\/kultura\/nematerijalno-kulturno-nasledje-srbije\/nematerijalno-kulturno-naslede-kao-cuvar-srpskog-identiteta\/frulaska-praksa\/\" target=\"_blank\" rel=\"noopener\">frul<\/a>a, a u Vojvodini tamburica. U Srbiji je tako\u0111e veoma popularna i truba.<\/p>\n<p style=\"text-align: justify;\">Okosnicu srpske kulture \u010dini <a title=\"Etno nasle\u0111e\" href=\"http:\/\/www.serbia.com\/srpski\/o-srbiji\/kultura\/etno-naslede\/\">etno nasle\u0111e<\/a>, bogata i jedinstvena tradicija zemlje koja se ogleda u obi\u010dajima i vrednostima karaktreristi\u010dnim samo za ovo podneblje. Jedna od takvih je pravoslavni <a title=\"Slava, srpska posebnost od davnina\" href=\"http:\/\/www.serbia.com\/srpski\/slava-srpska-posebnost-od-davnina-2\/\">obi\u010daj slavljenja porodi\u010dnog sveca<\/a> koja \u0107e se uskoro na\u0107i na reprezentativnoj listi <a title=\"Nematerijalno kulturno nasledje Srbije\" href=\"http:\/\/www.serbia.com\/srpski\/o-srbiji\/kultura\/nematerijalno-kulturno-nasledje-srbije\/\">nematerijalnog kulturnog nasledja<\/a> \u010dove\u010danstva koju formira organizacija UNESCO.<\/p>\n<p style=\"text-align: justify;\">U brojkama, listu nepokretnih kulturnih dobara Srbije \u010dini 2109 spomenika <a title=\"Kultura\" href=\"http:\/\/www.serbia.com\/srpski\/o-srbiji\/kultura\/\">kulture<\/a>, 72 prostorno kulturno-istorijskih celina, 167 <a title=\"Arheolo\u0161ka nalazi\u0161ta\" href=\"http:\/\/www.serbia.com\/srpski\/posetite-srbiju\/sta-videti\/kulturne-atrakcije\/arheoloska-nalazista\/\">arheolo\u0161kih nalazi\u0161ta<\/a> i 71 znamenito mesto. U Srbiji postoji oko 250 centara za kulturu, 160 biblioteka i oko 100 <a title=\"Muzeji\" href=\"http:\/\/www.serbia.com\/srpski\/posetite-srbiju\/sta-raditi\/muzeji\/\">muzeja<\/a>.<\/p>\n<p style=\"text-align: justify;\">Kultura je oduvek bila va\u017ean deo srpskog identiteta, koji je u nekim te\u0161kim istorijskim periodima jedino kroz nju postojao i opstajao. Danas se kultura Srbije razvija vi\u0161e pod uticajem kulturnih tekovina Zapada sa te\u017enjom ka o\u010duvanju kulturne jedinstvenosti ovog podneblja.<\/p>\n","protected":false},"excerpt":{"rendered":"<p>Srpska kultura je, na raskrsnici balkanskih puteva, svojim tvorevinama vekovima \u010duvala identitet i autenti\u010dnost Srbije i njenog naroda. Sme\u0161tena na raskrsnici glavnih balkanskih puteva, Srbija je u nasle\u0111e dobila izuzetno [&hellip;]<\/p>\n","protected":false},"author":9,"featured_media":48878,"parent":20144,"menu_order":0,"comment_status":"closed","ping_status":"open","template":"","meta":{"_acf_changed":false,"inline_featured_image":false,"_monsterinsights_skip_tracking":false,"_monsterinsights_sitenote_active":false,"_monsterinsights_sitenote_note":"","_monsterinsights_sitenote_category":0,"footnotes":""},"categories":[975,1662],"tags":[],"class_list":["post-20159","page","type-page","status-publish","has-post-thumbnail","hentry","category-kultura-otkrijte-srbiju","category-kulturne-atrakcije-sta-posetiti"],"acf":[],"yoast_head":"<!-- This site is optimized with the Yoast SEO plugin v27.4 - https:\/\/yoast.com\/product\/yoast-seo-wordpress\/ -->\n<title>Srpska kuktura<\/title>\n<meta name=\"robots\" content=\"index, follow, max-snippet:-1, max-image-preview:large, max-video-preview:-1\" \/>\n<link rel=\"canonical\" href=\"https:\/\/serbia.com\/srpski\/o-srbiji\/kultura\/\" \/>\n<meta property=\"og:locale\" content=\"en_US\" \/>\n<meta property=\"og:type\" content=\"article\" \/>\n<meta property=\"og:title\" content=\"Srpska kuktura\" \/>\n<meta property=\"og:description\" content=\"Srpska kultura je, na raskrsnici balkanskih puteva, svojim tvorevinama vekovima \u010duvala identitet i autenti\u010dnost Srbije i njenog naroda. Sme\u0161tena na raskrsnici glavnih balkanskih puteva, Srbija je u nasle\u0111e dobila izuzetno [&hellip;]\" \/>\n<meta property=\"og:url\" content=\"https:\/\/serbia.com\/srpski\/o-srbiji\/kultura\/\" \/>\n<meta property=\"og:site_name\" content=\"Serbia.com\" \/>\n<meta property=\"article:modified_time\" content=\"2024-06-04T13:53:48+00:00\" \/>\n<meta property=\"og:image\" content=\"https:\/\/serbia.com\/wp-content\/uploads\/2016\/03\/Kalemegdan-Aca-Matic-2.jpg\" \/>\n\t<meta property=\"og:image:width\" content=\"1600\" \/>\n\t<meta property=\"og:image:height\" content=\"1066\" \/>\n\t<meta property=\"og:image:type\" content=\"image\/jpeg\" \/>\n<meta name=\"twitter:label1\" content=\"Est. reading time\" \/>\n\t<meta name=\"twitter:data1\" content=\"3 minutes\" \/>\n<script type=\"application\/ld+json\" class=\"yoast-schema-graph\">{\"@context\":\"https:\\\/\\\/schema.org\",\"@graph\":[{\"@type\":\"WebPage\",\"@id\":\"https:\\\/\\\/serbia.com\\\/srpski\\\/o-srbiji\\\/kultura\\\/\",\"url\":\"https:\\\/\\\/serbia.com\\\/srpski\\\/o-srbiji\\\/kultura\\\/\",\"name\":\"Srpska kuktura\",\"isPartOf\":{\"@id\":\"https:\\\/\\\/serbia.com\\\/#website\"},\"primaryImageOfPage\":{\"@id\":\"https:\\\/\\\/serbia.com\\\/srpski\\\/o-srbiji\\\/kultura\\\/#primaryimage\"},\"image\":{\"@id\":\"https:\\\/\\\/serbia.com\\\/srpski\\\/o-srbiji\\\/kultura\\\/#primaryimage\"},\"thumbnailUrl\":\"https:\\\/\\\/serbia.com\\\/wp-content\\\/uploads\\\/2016\\\/03\\\/Kalemegdan-Aca-Matic-2.jpg\",\"datePublished\":\"2014-02-26T17:47:45+00:00\",\"dateModified\":\"2024-06-04T13:53:48+00:00\",\"breadcrumb\":{\"@id\":\"https:\\\/\\\/serbia.com\\\/srpski\\\/o-srbiji\\\/kultura\\\/#breadcrumb\"},\"inLanguage\":\"srpski\",\"potentialAction\":[{\"@type\":\"ReadAction\",\"target\":[\"https:\\\/\\\/serbia.com\\\/srpski\\\/o-srbiji\\\/kultura\\\/\"]}]},{\"@type\":\"ImageObject\",\"inLanguage\":\"srpski\",\"@id\":\"https:\\\/\\\/serbia.com\\\/srpski\\\/o-srbiji\\\/kultura\\\/#primaryimage\",\"url\":\"https:\\\/\\\/serbia.com\\\/wp-content\\\/uploads\\\/2016\\\/03\\\/Kalemegdan-Aca-Matic-2.jpg\",\"contentUrl\":\"https:\\\/\\\/serbia.com\\\/wp-content\\\/uploads\\\/2016\\\/03\\\/Kalemegdan-Aca-Matic-2.jpg\",\"width\":1600,\"height\":1066},{\"@type\":\"BreadcrumbList\",\"@id\":\"https:\\\/\\\/serbia.com\\\/srpski\\\/o-srbiji\\\/kultura\\\/#breadcrumb\",\"itemListElement\":[{\"@type\":\"ListItem\",\"position\":1,\"name\":\"Home\",\"item\":\"https:\\\/\\\/serbia.com\\\/srpski\\\/srbija\\\/\"},{\"@type\":\"ListItem\",\"position\":2,\"name\":\"O Srbiji\",\"item\":\"https:\\\/\\\/serbia.com\\\/srpski\\\/o-srbiji\\\/\"},{\"@type\":\"ListItem\",\"position\":3,\"name\":\"Kultura\"}]},{\"@type\":\"WebSite\",\"@id\":\"https:\\\/\\\/serbia.com\\\/#website\",\"url\":\"https:\\\/\\\/serbia.com\\\/\",\"name\":\"Serbia.com\",\"description\":\"Your Gateway to Serbia\",\"potentialAction\":[{\"@type\":\"SearchAction\",\"target\":{\"@type\":\"EntryPoint\",\"urlTemplate\":\"https:\\\/\\\/serbia.com\\\/?s={search_term_string}\"},\"query-input\":{\"@type\":\"PropertyValueSpecification\",\"valueRequired\":true,\"valueName\":\"search_term_string\"}}],\"inLanguage\":\"srpski\"}]}<\/script>\n<!-- \/ Yoast SEO plugin. -->","yoast_head_json":{"title":"Srpska kuktura","robots":{"index":"index","follow":"follow","max-snippet":"max-snippet:-1","max-image-preview":"max-image-preview:large","max-video-preview":"max-video-preview:-1"},"canonical":"https:\/\/serbia.com\/srpski\/o-srbiji\/kultura\/","og_locale":"en_US","og_type":"article","og_title":"Srpska kuktura","og_description":"Srpska kultura je, na raskrsnici balkanskih puteva, svojim tvorevinama vekovima \u010duvala identitet i autenti\u010dnost Srbije i njenog naroda. Sme\u0161tena na raskrsnici glavnih balkanskih puteva, Srbija je u nasle\u0111e dobila izuzetno [&hellip;]","og_url":"https:\/\/serbia.com\/srpski\/o-srbiji\/kultura\/","og_site_name":"Serbia.com","article_modified_time":"2024-06-04T13:53:48+00:00","og_image":[{"width":1600,"height":1066,"url":"https:\/\/serbia.com\/wp-content\/uploads\/2016\/03\/Kalemegdan-Aca-Matic-2.jpg","type":"image\/jpeg"}],"twitter_misc":{"Est. reading time":"3 minutes"},"schema":{"@context":"https:\/\/schema.org","@graph":[{"@type":"WebPage","@id":"https:\/\/serbia.com\/srpski\/o-srbiji\/kultura\/","url":"https:\/\/serbia.com\/srpski\/o-srbiji\/kultura\/","name":"Srpska kuktura","isPartOf":{"@id":"https:\/\/serbia.com\/#website"},"primaryImageOfPage":{"@id":"https:\/\/serbia.com\/srpski\/o-srbiji\/kultura\/#primaryimage"},"image":{"@id":"https:\/\/serbia.com\/srpski\/o-srbiji\/kultura\/#primaryimage"},"thumbnailUrl":"https:\/\/serbia.com\/wp-content\/uploads\/2016\/03\/Kalemegdan-Aca-Matic-2.jpg","datePublished":"2014-02-26T17:47:45+00:00","dateModified":"2024-06-04T13:53:48+00:00","breadcrumb":{"@id":"https:\/\/serbia.com\/srpski\/o-srbiji\/kultura\/#breadcrumb"},"inLanguage":"srpski","potentialAction":[{"@type":"ReadAction","target":["https:\/\/serbia.com\/srpski\/o-srbiji\/kultura\/"]}]},{"@type":"ImageObject","inLanguage":"srpski","@id":"https:\/\/serbia.com\/srpski\/o-srbiji\/kultura\/#primaryimage","url":"https:\/\/serbia.com\/wp-content\/uploads\/2016\/03\/Kalemegdan-Aca-Matic-2.jpg","contentUrl":"https:\/\/serbia.com\/wp-content\/uploads\/2016\/03\/Kalemegdan-Aca-Matic-2.jpg","width":1600,"height":1066},{"@type":"BreadcrumbList","@id":"https:\/\/serbia.com\/srpski\/o-srbiji\/kultura\/#breadcrumb","itemListElement":[{"@type":"ListItem","position":1,"name":"Home","item":"https:\/\/serbia.com\/srpski\/srbija\/"},{"@type":"ListItem","position":2,"name":"O Srbiji","item":"https:\/\/serbia.com\/srpski\/o-srbiji\/"},{"@type":"ListItem","position":3,"name":"Kultura"}]},{"@type":"WebSite","@id":"https:\/\/serbia.com\/#website","url":"https:\/\/serbia.com\/","name":"Serbia.com","description":"Your Gateway to Serbia","potentialAction":[{"@type":"SearchAction","target":{"@type":"EntryPoint","urlTemplate":"https:\/\/serbia.com\/?s={search_term_string}"},"query-input":{"@type":"PropertyValueSpecification","valueRequired":true,"valueName":"search_term_string"}}],"inLanguage":"srpski"}]}},"brizy_media":[],"_links":{"self":[{"href":"https:\/\/serbia.com\/srpski\/wp-json\/wp\/v2\/pages\/20159","targetHints":{"allow":["GET"]}}],"collection":[{"href":"https:\/\/serbia.com\/srpski\/wp-json\/wp\/v2\/pages"}],"about":[{"href":"https:\/\/serbia.com\/srpski\/wp-json\/wp\/v2\/types\/page"}],"author":[{"embeddable":true,"href":"https:\/\/serbia.com\/srpski\/wp-json\/wp\/v2\/users\/9"}],"replies":[{"embeddable":true,"href":"https:\/\/serbia.com\/srpski\/wp-json\/wp\/v2\/comments?post=20159"}],"version-history":[{"count":2,"href":"https:\/\/serbia.com\/srpski\/wp-json\/wp\/v2\/pages\/20159\/revisions"}],"predecessor-version":[{"id":53227,"href":"https:\/\/serbia.com\/srpski\/wp-json\/wp\/v2\/pages\/20159\/revisions\/53227"}],"up":[{"embeddable":true,"href":"https:\/\/serbia.com\/srpski\/wp-json\/wp\/v2\/pages\/20144"}],"wp:featuredmedia":[{"embeddable":true,"href":"https:\/\/serbia.com\/srpski\/wp-json\/wp\/v2\/media\/48878"}],"wp:attachment":[{"href":"https:\/\/serbia.com\/srpski\/wp-json\/wp\/v2\/media?parent=20159"}],"wp:term":[{"taxonomy":"category","embeddable":true,"href":"https:\/\/serbia.com\/srpski\/wp-json\/wp\/v2\/categories?post=20159"},{"taxonomy":"post_tag","embeddable":true,"href":"https:\/\/serbia.com\/srpski\/wp-json\/wp\/v2\/tags?post=20159"}],"curies":[{"name":"wp","href":"https:\/\/api.w.org\/{rel}","templated":true}]}}