{"id":10166,"date":"2013-05-27T02:18:20","date_gmt":"2013-05-27T00:18:20","guid":{"rendered":"http:\/\/162.211.81.4\/?page_id=10166"},"modified":"2013-05-27T02:29:12","modified_gmt":"2013-05-27T00:29:12","slug":"exclusive-sr","status":"publish","type":"page","link":"https:\/\/serbia.com\/srpski\/exclusive-sr\/","title":{"rendered":"Exclusive"},"content":{"rendered":"<p>Dolazite u Srbiju i \u017eelite da Vas neko sa\u010deka na aerodromu? Potreban Vam je rent-a-car ili pronala\u017eenje adekvatnog sme\u0161taja?<\/p>\n<p>\u017delite neki specifi\u010dan oblilazak nekog od gradova u Srbiji ili posetu nekog manastira ili prirodne destinacije?<\/p>\n<p>\u017delite neki suvenir ili ve\u010deru u restoranu ba\u0161 po Va\u0161oj volji?<\/p>\n<p>Potrebne su Vam karte za neki koncert ili sportsku manifestaciju? \u017delite da rezervi\u0161ete sebi mesto u nekom \u010duvenom no\u0107nom klubu?<\/p>\n<p>\u0160ta god da \u017eelite, za sve \u0161to Vam treba, mo\u017eete nam se obratiti putem <a title=\"Kontakt\" href=\"http:\/\/162.211.81.4\/srpski\/kontakt\/\">mejla<\/a>. Mi \u0107emo dati sve od sebe da Va\u0161e \u017eelje budu ispunjene!<\/p>\n","protected":false},"excerpt":{"rendered":"<p>Dolazite u Srbiju i \u017eelite da Vas neko sa\u010deka na aerodromu? Potreban Vam je rent-a-car ili pronala\u017eenje adekvatnog sme\u0161taja? \u017delite neki specifi\u010dan oblilazak nekog od gradova u Srbiji ili posetu [&hellip;]<\/p>\n","protected":false},"author":17,"featured_media":0,"parent":0,"menu_order":0,"comment_status":"open","ping_status":"open","template":"template-fullwidth.php","meta":{"_acf_changed":false,"inline_featured_image":false,"_monsterinsights_skip_tracking":false,"_monsterinsights_sitenote_active":false,"_monsterinsights_sitenote_note":"","_monsterinsights_sitenote_category":0,"footnotes":""},"categories":[],"tags":[],"class_list":["post-10166","page","type-page","status-publish","hentry"],"acf":[],"yoast_head":"<!-- This site is optimized with the Yoast SEO plugin v23.8 - https:\/\/yoast.com\/wordpress\/plugins\/seo\/ -->\n<title>Exclusive - Serbia.com<\/title>\n<meta name=\"robots\" content=\"index, follow, max-snippet:-1, max-image-preview:large, max-video-preview:-1\" \/>\n<link rel=\"canonical\" href=\"https:\/\/serbia.com\/srpski\/exclusive-sr\/\" \/>\n<meta property=\"og:locale\" content=\"en_US\" \/>\n<meta property=\"og:type\" content=\"article\" \/>\n<meta property=\"og:title\" content=\"Exclusive - Serbia.com\" \/>\n<meta property=\"og:description\" content=\"Dolazite u Srbiju i \u017eelite da Vas neko sa\u010deka na aerodromu? Potreban Vam je rent-a-car ili pronala\u017eenje adekvatnog sme\u0161taja? \u017delite neki specifi\u010dan oblilazak nekog od gradova u Srbiji ili posetu [&hellip;]\" \/>\n<meta property=\"og:url\" content=\"https:\/\/serbia.com\/srpski\/exclusive-sr\/\" \/>\n<meta property=\"og:site_name\" content=\"Serbia.com\" \/>\n<meta property=\"article:modified_time\" content=\"2013-05-27T00:29:12+00:00\" \/>\n<meta name=\"twitter:label1\" content=\"Est. reading time\" \/>\n\t<meta name=\"twitter:data1\" content=\"1 minute\" \/>\n<script type=\"application\/ld+json\" class=\"yoast-schema-graph\">{\"@context\":\"https:\/\/schema.org\",\"@graph\":[{\"@type\":\"WebPage\",\"@id\":\"https:\/\/serbia.com\/srpski\/exclusive-sr\/\",\"url\":\"https:\/\/serbia.com\/srpski\/exclusive-sr\/\",\"name\":\"Exclusive - Serbia.com\",\"isPartOf\":{\"@id\":\"https:\/\/serbia.com\/#website\"},\"datePublished\":\"2013-05-27T00:18:20+00:00\",\"dateModified\":\"2013-05-27T00:29:12+00:00\",\"breadcrumb\":{\"@id\":\"https:\/\/serbia.com\/srpski\/exclusive-sr\/#breadcrumb\"},\"inLanguage\":\"srpski\",\"potentialAction\":[{\"@type\":\"ReadAction\",\"target\":[\"https:\/\/serbia.com\/srpski\/exclusive-sr\/\"]}]},{\"@type\":\"BreadcrumbList\",\"@id\":\"https:\/\/serbia.com\/srpski\/exclusive-sr\/#breadcrumb\",\"itemListElement\":[{\"@type\":\"ListItem\",\"position\":1,\"name\":\"Home\",\"item\":\"https:\/\/serbia.com\/srpski\/\"},{\"@type\":\"ListItem\",\"position\":2,\"name\":\"Exclusive\"}]},{\"@type\":\"WebSite\",\"@id\":\"https:\/\/serbia.com\/#website\",\"url\":\"https:\/\/serbia.com\/\",\"name\":\"Serbia.com\",\"description\":\"Your Gateway to Serbia\",\"potentialAction\":[{\"@type\":\"SearchAction\",\"target\":{\"@type\":\"EntryPoint\",\"urlTemplate\":\"https:\/\/serbia.com\/?s={search_term_string}\"},\"query-input\":{\"@type\":\"PropertyValueSpecification\",\"valueRequired\":true,\"valueName\":\"search_term_string\"}}],\"inLanguage\":\"srpski\"}]}<\/script>\n<!-- \/ Yoast SEO plugin. -->","yoast_head_json":{"title":"Exclusive - Serbia.com","robots":{"index":"index","follow":"follow","max-snippet":"max-snippet:-1","max-image-preview":"max-image-preview:large","max-video-preview":"max-video-preview:-1"},"canonical":"https:\/\/serbia.com\/srpski\/exclusive-sr\/","og_locale":"en_US","og_type":"article","og_title":"Exclusive - Serbia.com","og_description":"Dolazite u Srbiju i \u017eelite da Vas neko sa\u010deka na aerodromu? Potreban Vam je rent-a-car ili pronala\u017eenje adekvatnog sme\u0161taja? \u017delite neki specifi\u010dan oblilazak nekog od gradova u Srbiji ili posetu [&hellip;]","og_url":"https:\/\/serbia.com\/srpski\/exclusive-sr\/","og_site_name":"Serbia.com","article_modified_time":"2013-05-27T00:29:12+00:00","twitter_misc":{"Est. reading time":"1 minute"},"schema":{"@context":"https:\/\/schema.org","@graph":[{"@type":"WebPage","@id":"https:\/\/serbia.com\/srpski\/exclusive-sr\/","url":"https:\/\/serbia.com\/srpski\/exclusive-sr\/","name":"Exclusive - Serbia.com","isPartOf":{"@id":"https:\/\/serbia.com\/#website"},"datePublished":"2013-05-27T00:18:20+00:00","dateModified":"2013-05-27T00:29:12+00:00","breadcrumb":{"@id":"https:\/\/serbia.com\/srpski\/exclusive-sr\/#breadcrumb"},"inLanguage":"srpski","potentialAction":[{"@type":"ReadAction","target":["https:\/\/serbia.com\/srpski\/exclusive-sr\/"]}]},{"@type":"BreadcrumbList","@id":"https:\/\/serbia.com\/srpski\/exclusive-sr\/#breadcrumb","itemListElement":[{"@type":"ListItem","position":1,"name":"Home","item":"https:\/\/serbia.com\/srpski\/"},{"@type":"ListItem","position":2,"name":"Exclusive"}]},{"@type":"WebSite","@id":"https:\/\/serbia.com\/#website","url":"https:\/\/serbia.com\/","name":"Serbia.com","description":"Your Gateway to Serbia","potentialAction":[{"@type":"SearchAction","target":{"@type":"EntryPoint","urlTemplate":"https:\/\/serbia.com\/?s={search_term_string}"},"query-input":{"@type":"PropertyValueSpecification","valueRequired":true,"valueName":"search_term_string"}}],"inLanguage":"srpski"}]}},"_links":{"self":[{"href":"https:\/\/serbia.com\/srpski\/wp-json\/wp\/v2\/pages\/10166"}],"collection":[{"href":"https:\/\/serbia.com\/srpski\/wp-json\/wp\/v2\/pages"}],"about":[{"href":"https:\/\/serbia.com\/srpski\/wp-json\/wp\/v2\/types\/page"}],"author":[{"embeddable":true,"href":"https:\/\/serbia.com\/srpski\/wp-json\/wp\/v2\/users\/17"}],"replies":[{"embeddable":true,"href":"https:\/\/serbia.com\/srpski\/wp-json\/wp\/v2\/comments?post=10166"}],"version-history":[{"count":0,"href":"https:\/\/serbia.com\/srpski\/wp-json\/wp\/v2\/pages\/10166\/revisions"}],"wp:attachment":[{"href":"https:\/\/serbia.com\/srpski\/wp-json\/wp\/v2\/media?parent=10166"}],"wp:term":[{"taxonomy":"category","embeddable":true,"href":"https:\/\/serbia.com\/srpski\/wp-json\/wp\/v2\/categories?post=10166"},{"taxonomy":"post_tag","embeddable":true,"href":"https:\/\/serbia.com\/srpski\/wp-json\/wp\/v2\/tags?post=10166"}],"curies":[{"name":"wp","href":"https:\/\/api.w.org\/{rel}","templated":true}]}}